[INFO] fetching crate enum_delegate 0.2.0...
[INFO] testing enum_delegate-0.2.0 against 1.99.0-beta.8+cargoflags=--release for beta-release-1.100-2
[INFO] extracting crate enum_delegate 0.2.0 into /workspace/builds/worker-6-tc1/source
[INFO] started tweaking crates.io crate enum_delegate 0.2.0
[INFO] removed 0 missing examples
[INFO] finished tweaking crates.io crate enum_delegate 0.2.0
[INFO] tweaked toml for crates.io crate enum_delegate 0.2.0 written to /workspace/builds/worker-6-tc1/source/Cargo.toml
[INFO] validating manifest of crates.io crate enum_delegate 0.2.0 on toolchain 1.99.0-beta.8
[INFO] running `Command { std: CARGO_HOME="/workspace/cargo-home" RUSTUP_HOME="/workspace/rustup-home" "/workspace/cargo-home/bin/cargo" "+1.99.0-beta.8" "metadata" "--manifest-path" "Cargo.toml" "--no-deps", kill_on_drop: false }`
[INFO] crate crates.io crate enum_delegate 0.2.0 already has a lockfile, it will not be regenerated
[INFO] running `Command { std: CARGO_HOME="/workspace/cargo-home" RUSTUP_HOME="/workspace/rustup-home" "/workspace/cargo-home/bin/cargo" "+1.99.0-beta.8" "fetch" "--manifest-path" "Cargo.toml", kill_on_drop: false }`
[INFO] [stderr]     Updating crates.io index
[INFO] [stderr]  Downloading crates ...
[INFO] [stderr]   Downloaded termcolor v1.1.3
[INFO] [stderr]   Downloaded toml v0.5.9
[INFO] [stderr]   Downloaded trybuild v1.0.71
[INFO] [stderr]   Downloaded impls v1.0.3
[INFO] [stderr]   Downloaded itoa v1.0.4
[INFO] [stderr]   Downloaded enum_delegate_lib v0.2.0
[INFO] [stderr]   Downloaded once_cell v1.16.0
[INFO] [stderr]   Downloaded ppv-lite86 v0.2.16
[INFO] [stderr]   Downloaded serde v1.0.147
[INFO] [stderr]   Downloaded quote v1.0.21
[INFO] [stderr]   Downloaded glob v0.3.0
[INFO] [stderr]   Downloaded getrandom v0.2.8
[INFO] [stderr]   Downloaded ryu v1.0.11
[INFO] [stderr]   Downloaded unicode-ident v1.0.5
[INFO] [stderr]   Downloaded proc-macro2 v1.0.47
[INFO] [stderr]   Downloaded serde_derive v1.0.147
[INFO] [stderr]   Downloaded serde_json v1.0.87
[INFO] [stderr]   Downloaded syn v1.0.103
[INFO] [stderr]   Downloaded libc v0.2.137
[INFO] running `Command { std: "docker" "create" "-v" "/var/lib/crater-agent-workspace/builds/worker-6-tc1/source:/opt/rustwide/workdir:ro,Z" "-v" "/var/lib/crater-agent-workspace/builds/worker-6-tc1/target:/opt/rustwide/target:rw,Z" "-v" "/var/lib/crater-agent-workspace/cargo-home:/opt/rustwide/cargo-home:ro,Z" "-v" "/var/lib/crater-agent-workspace/rustup-home:/opt/rustwide/rustup-home:ro,Z" "-m" "1610612736" "--network" "none" "ghcr.io/rust-lang/crates-build-env/linux@sha256:77db811e55d90add9212f6832c23229e3de5f1c1f9905e8cb07319ea15df73ac" "sleep" "infinity", kill_on_drop: false }`
[INFO] [stdout] 1fac4d672428427414908a24c59febaf0b12f29fff9449e688bd0b9777875289
[INFO] running `Command { std: "docker" "start" "1fac4d672428427414908a24c59febaf0b12f29fff9449e688bd0b9777875289", kill_on_drop: false }`
[INFO] running `Command { std: "docker" "inspect" "1fac4d672428427414908a24c59febaf0b12f29fff9449e688bd0b9777875289", kill_on_drop: false }`
[INFO] running `Command { std: "docker" "exec" "-e" "SOURCE_DIR=/opt/rustwide/workdir" "-e" "CARGO_HOME=/opt/rustwide/cargo-home" "-e" "RUSTUP_HOME=/opt/rustwide/rustup-home" "-e" "CARGO_TARGET_DIR=/opt/rustwide/target" "-w" "/opt/rustwide/workdir" "--user" "0:0" "1fac4d672428427414908a24c59febaf0b12f29fff9449e688bd0b9777875289" "/opt/rustwide/cargo-home/bin/cargo" "+1.99.0-beta.8" "metadata" "--no-deps" "--format-version=1", kill_on_drop: false }`
[INFO] running `Command { std: "docker" "inspect" "1fac4d672428427414908a24c59febaf0b12f29fff9449e688bd0b9777875289", kill_on_drop: false }`
[INFO] running `Command { std: "docker" "exec" "-e" "SOURCE_DIR=/opt/rustwide/workdir" "-e" "CARGO_HOME=/opt/rustwide/cargo-home" "-e" "RUSTUP_HOME=/opt/rustwide/rustup-home" "-e" "CARGO_TARGET_DIR=/opt/rustwide/target" "-e" "CARGO_INCREMENTAL=0" "-e" "RUST_BACKTRACE=full" "-e" "RUSTFLAGS=--cap-lints=warn" "-e" "RUSTDOCFLAGS=--cap-lints=warn" "-w" "/opt/rustwide/workdir" "--user" "0:0" "1fac4d672428427414908a24c59febaf0b12f29fff9449e688bd0b9777875289" "/opt/rustwide/cargo-home/bin/cargo" "+1.99.0-beta.8" "build" "--frozen" "--message-format=json" "--release", kill_on_drop: false }`
[INFO] [stderr]    Compiling libc v0.2.137
[INFO] [stderr]    Compiling proc-macro2 v1.0.47
[INFO] [stderr]    Compiling cfg-if v1.0.0
[INFO] [stderr]    Compiling quote v1.0.21
[INFO] [stderr]    Compiling unicode-ident v1.0.5
[INFO] [stderr]    Compiling syn v1.0.103
[INFO] [stderr]    Compiling ppv-lite86 v0.2.16
[INFO] [stderr]    Compiling getrandom v0.2.8
[INFO] [stderr]    Compiling rand_core v0.6.4
[INFO] [stderr]    Compiling rand_chacha v0.3.1
[INFO] [stderr]    Compiling rand v0.8.5
[INFO] [stderr]    Compiling enum_delegate_lib v0.2.0
[INFO] [stderr]    Compiling enum_delegate v0.2.0 (/opt/rustwide/workdir)
[INFO] [stderr]     Finished `release` profile [optimized] target(s) in 5.42s
[INFO] running `Command { std: "docker" "inspect" "1fac4d672428427414908a24c59febaf0b12f29fff9449e688bd0b9777875289", kill_on_drop: false }`
[INFO] running `Command { std: "docker" "exec" "-e" "SOURCE_DIR=/opt/rustwide/workdir" "-e" "CARGO_HOME=/opt/rustwide/cargo-home" "-e" "RUSTUP_HOME=/opt/rustwide/rustup-home" "-e" "CARGO_TARGET_DIR=/opt/rustwide/target" "-e" "CARGO_INCREMENTAL=0" "-e" "RUST_BACKTRACE=full" "-e" "RUSTFLAGS=--cap-lints=warn" "-e" "RUSTDOCFLAGS=--cap-lints=warn" "-w" "/opt/rustwide/workdir" "--user" "0:0" "1fac4d672428427414908a24c59febaf0b12f29fff9449e688bd0b9777875289" "/opt/rustwide/cargo-home/bin/cargo" "+1.99.0-beta.8" "test" "--frozen" "--no-run" "--message-format=json" "--release", kill_on_drop: false }`
[INFO] [stderr]    Compiling serde v1.0.147
[INFO] [stderr]    Compiling serde_json v1.0.87
[INFO] [stderr]    Compiling libc v0.2.137
[INFO] [stderr]    Compiling serde_derive v1.0.147
[INFO] [stderr]    Compiling trybuild v1.0.71
[INFO] [stderr]    Compiling proc-macro2 v1.0.47
[INFO] [stderr]    Compiling unicode-ident v1.0.5
[INFO] [stderr]    Compiling quote v1.0.21
[INFO] [stderr]    Compiling ppv-lite86 v0.2.16
[INFO] [stderr]    Compiling syn v1.0.103
[INFO] [stderr]    Compiling ryu v1.0.11
[INFO] [stderr]    Compiling itoa v1.0.4
[INFO] [stderr]    Compiling once_cell v1.16.0
[INFO] [stderr]    Compiling glob v0.3.0
[INFO] [stderr]    Compiling termcolor v1.1.3
[INFO] [stderr]    Compiling enum_delegate v0.2.0 (/opt/rustwide/workdir)
[INFO] [stderr]    Compiling impls v1.0.3
[INFO] [stderr]    Compiling getrandom v0.2.8
[INFO] [stderr]    Compiling rand_core v0.6.4
[INFO] [stderr]    Compiling rand_chacha v0.3.1
[INFO] [stderr]    Compiling rand v0.8.5
[INFO] [stderr]    Compiling toml v0.5.9
[INFO] [stderr]    Compiling enum_delegate_lib v0.2.0
[INFO] [stdout] warning: unused import: `CanThereOnlyBeOne`
[INFO] [stdout]  --> tests/two_traits_one_name.rs:5:15
[INFO] [stdout]   |
[INFO] [stdout] 5 |         trait CanThereOnlyBeOne {}
[INFO] [stdout]   |               ^^^^^^^^^^^^^^^^^
[INFO] [stdout]   |
[INFO] [stdout]   = note: `#[warn(unused_imports)]` (part of `#[warn(unused)]`) on by default
[INFO] [stdout] 
[INFO] [stdout] 
[INFO] [stdout] warning: unused import: `CanThereOnlyBeOne`
[INFO] [stdout]   --> tests/two_traits_one_name.rs:10:15
[INFO] [stdout]    |
[INFO] [stdout] 10 |         trait CanThereOnlyBeOne {}
[INFO] [stdout]    |               ^^^^^^^^^^^^^^^^^
[INFO] [stdout] 
[INFO] [stdout] 
[INFO] [stdout] warning: trait `CanThereOnlyBeOne` is never used
[INFO] [stdout]  --> tests/two_traits_one_name.rs:5:15
[INFO] [stdout]   |
[INFO] [stdout] 5 |         trait CanThereOnlyBeOne {}
[INFO] [stdout]   |               ^^^^^^^^^^^^^^^^^
[INFO] [stdout]   |
[INFO] [stdout]   = note: `#[warn(dead_code)]` (part of `#[warn(unused)]`) on by default
[INFO] [stdout] 
[INFO] [stdout] 
[INFO] [stdout] warning: trait `CanThereOnlyBeOne` is never used
[INFO] [stdout]   --> tests/two_traits_one_name.rs:10:15
[INFO] [stdout]    |
[INFO] [stdout] 10 |         trait CanThereOnlyBeOne {}
[INFO] [stdout]    |               ^^^^^^^^^^^^^^^^^
[INFO] [stdout] 
[INFO] [stdout] 
[INFO] [stdout] warning: trait `T` is never used
[INFO] [stdout]  --> tests/conversions.rs:6:7
[INFO] [stdout]   |
[INFO] [stdout] 6 | trait T {}
[INFO] [stdout]   |       ^
[INFO] [stdout]   |
[INFO] [stdout]   = note: `#[warn(dead_code)]` (part of `#[warn(unused)]`) on by default
[INFO] [stdout] 
[INFO] [stdout] 
[INFO] [stdout] warning: method `self_mut` is never used
[INFO] [stdout]  --> tests/self_flavors.rs:4:8
[INFO] [stdout]   |
[INFO] [stdout] 2 | trait Foo {
[INFO] [stdout]   |       --- method in this trait
[INFO] [stdout] 3 |     fn self_ref(&self) -> i32;
[INFO] [stdout] 4 |     fn self_mut(&mut self) -> i32;
[INFO] [stdout]   |        ^^^^^^^^
[INFO] [stdout]   |
[INFO] [stdout]   = note: `#[warn(dead_code)]` (part of `#[warn(unused)]`) on by default
[INFO] [stdout] 
[INFO] [stdout] 
[INFO] [stderr]     Finished `release` profile [optimized] target(s) in 35.81s
[INFO] running `Command { std: "docker" "inspect" "1fac4d672428427414908a24c59febaf0b12f29fff9449e688bd0b9777875289", kill_on_drop: false }`
[INFO] running `Command { std: "docker" "exec" "-e" "SOURCE_DIR=/opt/rustwide/workdir" "-e" "CARGO_HOME=/opt/rustwide/cargo-home" "-e" "RUSTUP_HOME=/opt/rustwide/rustup-home" "-e" "CARGO_TARGET_DIR=/opt/rustwide/target" "-e" "CARGO_INCREMENTAL=0" "-e" "RUST_BACKTRACE=full" "-e" "RUSTFLAGS=--cap-lints=warn" "-e" "RUSTDOCFLAGS=--cap-lints=warn" "-w" "/opt/rustwide/workdir" "--user" "0:0" "1fac4d672428427414908a24c59febaf0b12f29fff9449e688bd0b9777875289" "/opt/rustwide/cargo-home/bin/cargo" "+1.99.0-beta.8" "test" "--frozen" "--release", kill_on_drop: false }`
[INFO] [stderr] warning: method `self_mut` is never used
[INFO] [stderr]  --> tests/self_flavors.rs:4:8
[INFO] [stderr]   |
[INFO] [stderr] 2 | trait Foo {
[INFO] [stderr]   |       --- method in this trait
[INFO] [stderr] 3 |     fn self_ref(&self) -> i32;
[INFO] [stderr] 4 |     fn self_mut(&mut self) -> i32;
[INFO] [stderr]   |        ^^^^^^^^
[INFO] [stderr]   |
[INFO] [stderr]   = note: `#[warn(dead_code)]` (part of `#[warn(unused)]`) on by default
[INFO] [stderr] 
[INFO] [stderr] warning: `enum_delegate` (test "self_flavors") generated 1 warning
[INFO] [stderr] warning: unused import: `CanThereOnlyBeOne`
[INFO] [stderr]  --> tests/two_traits_one_name.rs:5:15
[INFO] [stderr]   |
[INFO] [stderr] 5 |         trait CanThereOnlyBeOne {}
[INFO] [stderr]   |               ^^^^^^^^^^^^^^^^^
[INFO] [stderr]   |
[INFO] [stderr]   = note: `#[warn(unused_imports)]` (part of `#[warn(unused)]`) on by default
[INFO] [stderr] 
[INFO] [stderr] warning: unused import: `CanThereOnlyBeOne`
[INFO] [stderr]   --> tests/two_traits_one_name.rs:10:15
[INFO] [stderr]    |
[INFO] [stderr] 10 |         trait CanThereOnlyBeOne {}
[INFO] [stderr]    |               ^^^^^^^^^^^^^^^^^
[INFO] [stderr] 
[INFO] [stderr] warning: trait `CanThereOnlyBeOne` is never used
[INFO] [stderr]  --> tests/two_traits_one_name.rs:5:15
[INFO] [stderr]   |
[INFO] [stderr] 5 |         trait CanThereOnlyBeOne {}
[INFO] [stderr]   |               ^^^^^^^^^^^^^^^^^
[INFO] [stderr]   |
[INFO] [stderr]   = note: `#[warn(dead_code)]` (part of `#[warn(unused)]`) on by default
[INFO] [stderr] 
[INFO] [stderr] warning: trait `CanThereOnlyBeOne` is never used
[INFO] [stderr]   --> tests/two_traits_one_name.rs:10:15
[INFO] [stderr]    |
[INFO] [stderr] 10 |         trait CanThereOnlyBeOne {}
[INFO] [stderr]    |               ^^^^^^^^^^^^^^^^^
[INFO] [stderr] 
[INFO] [stderr] warning: `enum_delegate` (test "two_traits_one_name") generated 4 warnings
[INFO] [stderr] warning: trait `T` is never used
[INFO] [stderr]  --> tests/conversions.rs:6:7
[INFO] [stderr]   |
[INFO] [stderr] 6 | trait T {}
[INFO] [stderr]   |       ^
[INFO] [stderr]   |
[INFO] [stderr]   = note: `#[warn(dead_code)]` (part of `#[warn(unused)]`) on by default
[INFO] [stderr] 
[INFO] [stderr] warning: `enum_delegate` (test "conversions") generated 1 warning
[INFO] [stderr]     Finished `release` profile [optimized] target(s) in 0.05s
[INFO] [stderr]      Running unittests src/lib.rs (/opt/rustwide/target/release/deps/enum_delegate-414be620a1622c78)
[INFO] [stdout] 
[INFO] [stdout] running 0 tests
[INFO] [stdout] 
[INFO] [stdout] test result: ok. 0 passed; 0 failed; 0 ignored; 0 measured; 0 filtered out; finished in 0.00s
[INFO] [stdout] 
[INFO] [stderr]      Running tests/associated_type.rs (/opt/rustwide/target/release/deps/associated_type-3456c0c592ee541c)
[INFO] [stdout] 
[INFO] [stdout] running 1 test
[INFO] [stdout] test test_implementation ... ok
[INFO] [stdout] 
[INFO] [stdout] test result: ok. 1 passed; 0 failed; 0 ignored; 0 measured; 0 filtered out; finished in 0.00s
[INFO] [stdout] 
[INFO] [stderr]      Running tests/associated_type_enum_wrap.rs (/opt/rustwide/target/release/deps/associated_type_enum_wrap-6825880db83149de)
[INFO] [stdout] 
[INFO] [stdout] running 1 test
[INFO] [stdout] test test_implementation ... ok
[INFO] [stdout] 
[INFO] [stdout] test result: ok. 1 passed; 0 failed; 0 ignored; 0 measured; 0 filtered out; finished in 0.00s
[INFO] [stdout] 
[INFO] [stderr]      Running tests/associated_type_enum_wrap_multiple.rs (/opt/rustwide/target/release/deps/associated_type_enum_wrap_multiple-3375134fac2f26d6)
[INFO] [stdout] 
[INFO] [stdout] running 1 test
[INFO] [stdout] test test_implementation ... ok
[INFO] [stdout] 
[INFO] [stdout] test result: ok. 1 passed; 0 failed; 0 ignored; 0 measured; 0 filtered out; finished in 0.00s
[INFO] [stdout] 
[INFO] [stderr]      Running tests/associated_type_explicit_same.rs (/opt/rustwide/target/release/deps/associated_type_explicit_same-fce31ba6b3c79426)
[INFO] [stdout] 
[INFO] [stdout] running 1 test
[INFO] [stderr]      Running tests/associated_type_multiple.rs (/opt/rustwide/target/release/deps/associated_type_multiple-32f3bf6ed012fe00)
[INFO] [stdout] test test_implementation ... ok
[INFO] [stdout] 
[INFO] [stdout] test result: ok. 1 passed; 0 failed; 0 ignored; 0 measured; 0 filtered out; finished in 0.00s
[INFO] [stdout] 
[INFO] [stdout] 
[INFO] [stdout] running 1 test
[INFO] [stdout] test test_implementation ... ok
[INFO] [stderr]      Running tests/basic.rs (/opt/rustwide/target/release/deps/basic-94b77f41959f57f8)
[INFO] [stdout] 
[INFO] [stdout] test result: ok. 1 passed; 0 failed; 0 ignored; 0 measured; 0 filtered out; finished in 0.00s
[INFO] [stdout] 
[INFO] [stdout] 
[INFO] [stdout] running 1 test
[INFO] [stdout] test test_implementation ... ok
[INFO] [stdout] 
[INFO] [stdout] test result: ok. 1 passed; 0 failed; 0 ignored; 0 measured; 0 filtered out; finished in 0.00s
[INFO] [stdout] 
[INFO] [stderr]      Running tests/basic_inline_enum.rs (/opt/rustwide/target/release/deps/basic_inline_enum-3e73515f43005cae)
[INFO] [stdout] 
[INFO] [stdout] running 1 test
[INFO] [stdout] test test_implementation ... ok
[INFO] [stdout] 
[INFO] [stdout] test result: ok. 1 passed; 0 failed; 0 ignored; 0 measured; 0 filtered out; finished in 0.00s
[INFO] [stdout] 
[INFO] [stderr]      Running tests/basic_inline_trait.rs (/opt/rustwide/target/release/deps/basic_inline_trait-37758be1d709f876)
[INFO] [stdout] 
[INFO] [stdout] running 1 test
[INFO] [stderr]      Running tests/conversions.rs (/opt/rustwide/target/release/deps/conversions-0373f1b8e9f05fe2)
[INFO] [stdout] test test_implementation ... ok
[INFO] [stdout] 
[INFO] [stdout] test result: ok. 1 passed; 0 failed; 0 ignored; 0 measured; 0 filtered out; finished in 0.00s
[INFO] [stdout] 
[INFO] [stdout] 
[INFO] [stdout] running 1 test
[INFO] [stdout] test test_convert ... ok
[INFO] [stdout] 
[INFO] [stdout] test result: ok. 1 passed; 0 failed; 0 ignored; 0 measured; 0 filtered out; finished in 0.00s
[INFO] [stdout] 
[INFO] [stderr]      Running tests/errors.rs (/opt/rustwide/target/release/deps/errors-49f5bca5011ad692)
[INFO] [stdout] 
[INFO] [stdout] running 1 test
[INFO] [stderr] warning: `/opt/rustwide/target/tests/enum_delegate/.cargo/config` is deprecated in favor of `config.toml`
[INFO] [stderr]   |
[INFO] [stderr]   = help: if you need to support cargo 1.38 or earlier, you can symlink `config` to `config.toml`
[INFO] [stderr]    Compiling libc v0.2.137
[INFO] [stderr]    Compiling proc-macro2 v1.0.47
[INFO] [stderr]    Compiling quote v1.0.21
[INFO] [stderr]    Compiling syn v1.0.103
[INFO] [stderr]    Compiling cfg-if v1.0.0
[INFO] [stderr]    Compiling unicode-ident v1.0.5
[INFO] [stderr]    Compiling ppv-lite86 v0.2.16
[INFO] [stderr]     Checking impls v1.0.3
[INFO] [stderr]    Compiling getrandom v0.2.8
[INFO] [stderr]     Checking rand_core v0.6.4
[INFO] [stderr]    Compiling rand_chacha v0.3.1
[INFO] [stderr]     Checking rand v0.8.5
[INFO] [stderr]     Checking enum_delegate_lib v0.2.0
[INFO] [stderr]    Compiling enum_delegate v0.2.0 (/opt/rustwide/workdir)
[INFO] [stderr]     Checking enum_delegate-tests v0.0.0 (/opt/rustwide/target/tests/enum_delegate)
[INFO] [stderr]     Finished `dev` profile [unoptimized + debuginfo] target(s) in 9.20s
[INFO] [stderr] 
[INFO] [stderr] 
[INFO] [stderr] test tests_error/associated_type_mismatch.rs ... mismatch
[INFO] [stderr] 
[INFO] [stderr] EXPECTED:
[INFO] [stderr] ┈┈┈┈┈┈┈┈┈┈┈┈┈┈┈┈┈┈┈┈┈┈┈┈┈┈┈┈┈┈┈┈┈┈┈┈┈┈┈┈┈┈┈┈┈┈┈┈┈┈┈┈┈┈┈┈┈┈┈┈
[INFO] [stderr] error[E0277]: the trait bound `(String, ()): EqualTypes` is not satisfied
[INFO] [stderr]   --> tests_error/associated_type_mismatch.rs:1:1
[INFO] [stderr]    |
[INFO] [stderr] 1  | / #[enum_delegate::register]
[INFO] [stderr] 2  | | trait Foo {
[INFO] [stderr]    | |_________^ the trait `EqualTypes` is not implemented for `(String, ())`
[INFO] [stderr] ...
[INFO] [stderr] 18 |   #[enum_delegate::implement(Foo)]
[INFO] [stderr]    |   -------------------------------- in this procedural macro expansion
[INFO] [stderr]    |
[INFO] [stderr]    = help: the trait `EqualTypes` is implemented for `(T, T)`
[INFO] [stderr]    = help: see issue #48214
[INFO] [stderr]    = note: this error originates in the macro `Foo` which comes from the expansion of the attribute macro `enum_delegate::implement` (in Nightly builds, run with -Z macro-backtrace for more info)
[INFO] [stderr] ┈┈┈┈┈┈┈┈┈┈┈┈┈┈┈┈┈┈┈┈┈┈┈┈┈┈┈┈┈┈┈┈┈┈┈┈┈┈┈┈┈┈┈┈┈┈┈┈┈┈┈┈┈┈┈┈┈┈┈┈
[INFO] [stderr] 
[INFO] [stderr] ACTUAL OUTPUT:
[INFO] [stderr] ┈┈┈┈┈┈┈┈┈┈┈┈┈┈┈┈┈┈┈┈┈┈┈┈┈┈┈┈┈┈┈┈┈┈┈┈┈┈┈┈┈┈┈┈┈┈┈┈┈┈┈┈┈┈┈┈┈┈┈┈
[INFO] [stderr] error[E0277]: the trait bound `(String, ()): EqualTypes` is not satisfied
[INFO] [stderr]  --> tests_error/associated_type_mismatch.rs:2:7
[INFO] [stderr]   |
[INFO] [stderr]  2 | trait Foo {
[INFO] [stderr]    |       ^^^ the trait `EqualTypes` is not implemented for `(String, ())`
[INFO] [stderr] ...
[INFO] [stderr] 18 | #[enum_delegate::implement(Foo)]
[INFO] [stderr]    | -------------------------------- in this attribute macro expansion
[INFO] [stderr]    |
[INFO] [stderr] help: the trait `EqualTypes` is implemented for `(T, T)`
[INFO] [stderr]   --> tests_error/associated_type_mismatch.rs:1:1
[INFO] [stderr]    |
[INFO] [stderr]  1 | #[enum_delegate::register]
[INFO] [stderr]    | ^^^^^^^^^^^^^^^^^^^^^^^^^^
[INFO] [stderr] ...
[INFO] [stderr] 18 | #[enum_delegate::implement(Foo)]
[INFO] [stderr]    | -------------------------------- in this attribute macro expansion
[INFO] [stderr]    = note: this error originates in the macro `Foo` which comes from the expansion of the attribute macro `enum_delegate::implement` (in Nightly builds, run with -Z macro-backtrace for more info)
[INFO] [stderr] ┈┈┈┈┈┈┈┈┈┈┈┈┈┈┈┈┈┈┈┈┈┈┈┈┈┈┈┈┈┈┈┈┈┈┈┈┈┈┈┈┈┈┈┈┈┈┈┈┈┈┈┈┈┈┈┈┈┈┈┈
[INFO] [stderr] note: If the actual output is the correct output you can bless it by rerunning
[INFO] [stderr]       your test with the environment variable TRYBUILD=overwrite
[INFO] [stderr] 
[INFO] [stderr] test tests_error/error_duplicate_argument.rs ... mismatch
[INFO] [stderr] 
[INFO] [stderr] EXPECTED:
[INFO] [stderr] ┈┈┈┈┈┈┈┈┈┈┈┈┈┈┈┈┈┈┈┈┈┈┈┈┈┈┈┈┈┈┈┈┈┈┈┈┈┈┈┈┈┈┈┈┈┈┈┈┈┈┈┈┈┈┈┈┈┈┈┈
[INFO] [stderr] error: First use of this argument. enum_delegate arguments can only be specified once per item
[INFO] [stderr]   --> tests_error/error_duplicate_argument.rs:3:21
[INFO] [stderr]    |
[INFO] [stderr] 3  |     #[enum_delegate(unify = "enum_wrap")]
[INFO] [stderr]    |                     ^^^^^
[INFO] [stderr] ...
[INFO] [stderr] 14 | #[enum_delegate::implement(Foo)]
[INFO] [stderr]    | -------------------------------- in this procedural macro expansion
[INFO] [stderr]    |
[INFO] [stderr]    = note: this error originates in the macro `Foo` which comes from the expansion of the attribute macro `enum_delegate::implement` (in Nightly builds, run with -Z macro-backtrace for more info)
[INFO] [stderr] 
[INFO] [stderr] error: Second use of this argument
[INFO] [stderr]   --> tests_error/error_duplicate_argument.rs:4:21
[INFO] [stderr]    |
[INFO] [stderr] 4  |     #[enum_delegate(unify = "enum_wrap")]
[INFO] [stderr]    |                     ^^^^^
[INFO] [stderr] ...
[INFO] [stderr] 14 | #[enum_delegate::implement(Foo)]
[INFO] [stderr]    | -------------------------------- in this procedural macro expansion
[INFO] [stderr]    |
[INFO] [stderr]    = note: this error originates in the macro `Foo` which comes from the expansion of the attribute macro `enum_delegate::implement` (in Nightly builds, run with -Z macro-backtrace for more info)
[INFO] [stderr] ┈┈┈┈┈┈┈┈┈┈┈┈┈┈┈┈┈┈┈┈┈┈┈┈┈┈┈┈┈┈┈┈┈┈┈┈┈┈┈┈┈┈┈┈┈┈┈┈┈┈┈┈┈┈┈┈┈┈┈┈
[INFO] [stderr] 
[INFO] [stderr] ACTUAL OUTPUT:
[INFO] [stderr] ┈┈┈┈┈┈┈┈┈┈┈┈┈┈┈┈┈┈┈┈┈┈┈┈┈┈┈┈┈┈┈┈┈┈┈┈┈┈┈┈┈┈┈┈┈┈┈┈┈┈┈┈┈┈┈┈┈┈┈┈
[INFO] [stderr] error: First use of this argument. enum_delegate arguments can only be specified once per item
[INFO] [stderr]  --> tests_error/error_duplicate_argument.rs:3:21
[INFO] [stderr]   |
[INFO] [stderr]  3 |     #[enum_delegate(unify = "enum_wrap")]
[INFO] [stderr]    |                     ^^^^^
[INFO] [stderr] ...
[INFO] [stderr] 14 | #[enum_delegate::implement(Foo)]
[INFO] [stderr]    | -------------------------------- in this attribute macro expansion
[INFO] [stderr]    |
[INFO] [stderr]    = note: this error originates in the macro `Foo` which comes from the expansion of the attribute macro `enum_delegate::implement` (in Nightly builds, run with -Z macro-backtrace for more info)
[INFO] [stderr] 
[INFO] [stderr] error: Second use of this argument
[INFO] [stderr]  --> tests_error/error_duplicate_argument.rs:4:21
[INFO] [stderr]   |
[INFO] [stderr]  4 |     #[enum_delegate(unify = "enum_wrap")]
[INFO] [stderr]    |                     ^^^^^
[INFO] [stderr] ...
[INFO] [stderr] 14 | #[enum_delegate::implement(Foo)]
[INFO] [stderr]    | -------------------------------- in this attribute macro expansion
[INFO] [stderr]    |
[INFO] [stderr]    = note: this error originates in the macro `Foo` which comes from the expansion of the attribute macro `enum_delegate::implement` (in Nightly builds, run with -Z macro-backtrace for more info)
[INFO] [stderr] ┈┈┈┈┈┈┈┈┈┈┈┈┈┈┈┈┈┈┈┈┈┈┈┈┈┈┈┈┈┈┈┈┈┈┈┈┈┈┈┈┈┈┈┈┈┈┈┈┈┈┈┈┈┈┈┈┈┈┈┈
[INFO] [stderr] note: If the actual output is the correct output you can bless it by rerunning
[INFO] [stderr]       your test with the environment variable TRYBUILD=overwrite
[INFO] [stderr] 
[INFO] [stderr] test tests_error/error_invalid_argument.rs ... mismatch
[INFO] [stderr] 
[INFO] [stderr] EXPECTED:
[INFO] [stderr] ┈┈┈┈┈┈┈┈┈┈┈┈┈┈┈┈┈┈┈┈┈┈┈┈┈┈┈┈┈┈┈┈┈┈┈┈┈┈┈┈┈┈┈┈┈┈┈┈┈┈┈┈┈┈┈┈┈┈┈┈
[INFO] [stderr] error: invalid enum_delegate attribute. Please see enum_delegate documentation for more information
[INFO] [stderr]   --> tests_error/error_invalid_argument.rs:3:5
[INFO] [stderr]    |
[INFO] [stderr] 3  |     #[enum_delegate(the earth is flat)]
[INFO] [stderr]    |     ^
[INFO] [stderr] ...
[INFO] [stderr] 13 | #[enum_delegate::implement(Foo)]
[INFO] [stderr]    | -------------------------------- in this procedural macro expansion
[INFO] [stderr]    |
[INFO] [stderr]    = note: this error originates in the macro `Foo` which comes from the expansion of the attribute macro `enum_delegate::implement` (in Nightly builds, run with -Z macro-backtrace for more info)
[INFO] [stderr] ┈┈┈┈┈┈┈┈┈┈┈┈┈┈┈┈┈┈┈┈┈┈┈┈┈┈┈┈┈┈┈┈┈┈┈┈┈┈┈┈┈┈┈┈┈┈┈┈┈┈┈┈┈┈┈┈┈┈┈┈
[INFO] [stderr] 
[INFO] [stderr] ACTUAL OUTPUT:
[INFO] [stderr] ┈┈┈┈┈┈┈┈┈┈┈┈┈┈┈┈┈┈┈┈┈┈┈┈┈┈┈┈┈┈┈┈┈┈┈┈┈┈┈┈┈┈┈┈┈┈┈┈┈┈┈┈┈┈┈┈┈┈┈┈
[INFO] [stderr] error: invalid enum_delegate attribute. Please see enum_delegate documentation for more information
[INFO] [stderr]  --> tests_error/error_invalid_argument.rs:3:5
[INFO] [stderr]   |
[INFO] [stderr]  3 |     #[enum_delegate(the earth is flat)]
[INFO] [stderr]    |     ^
[INFO] [stderr] ...
[INFO] [stderr] 13 | #[enum_delegate::implement(Foo)]
[INFO] [stderr]    | -------------------------------- in this attribute macro expansion
[INFO] [stderr]    |
[INFO] [stderr]    = note: this error originates in the macro `Foo` which comes from the expansion of the attribute macro `enum_delegate::implement` (in Nightly builds, run with -Z macro-backtrace for more info)
[INFO] [stderr] ┈┈┈┈┈┈┈┈┈┈┈┈┈┈┈┈┈┈┈┈┈┈┈┈┈┈┈┈┈┈┈┈┈┈┈┈┈┈┈┈┈┈┈┈┈┈┈┈┈┈┈┈┈┈┈┈┈┈┈┈
[INFO] [stderr] note: If the actual output is the correct output you can bless it by rerunning
[INFO] [stderr]       your test with the environment variable TRYBUILD=overwrite
[INFO] [stderr] 
[INFO] [stderr] test tests_error/error_invalid_variant.rs ... ok
[INFO] [stderr] test tests_error/error_no_receiver_arg.rs ... mismatch
[INFO] [stderr] 
[INFO] [stderr] EXPECTED:
[INFO] [stderr] ┈┈┈┈┈┈┈┈┈┈┈┈┈┈┈┈┈┈┈┈┈┈┈┈┈┈┈┈┈┈┈┈┈┈┈┈┈┈┈┈┈┈┈┈┈┈┈┈┈┈┈┈┈┈┈┈┈┈┈┈
[INFO] [stderr] error: enum_delegate requires all trait functions to take `self`, `&self` or `&mut self` as the first argument
[INFO] [stderr]   --> tests_error/error_no_receiver_arg.rs:3:5
[INFO] [stderr]    |
[INFO] [stderr] 3  |     fn selfless();
[INFO] [stderr]    |     ^^
[INFO] [stderr] ...
[INFO] [stderr] 12 | #[enum_delegate::implement(Foo)]
[INFO] [stderr]    | -------------------------------- in this procedural macro expansion
[INFO] [stderr]    |
[INFO] [stderr]    = note: this error originates in the macro `Foo` which comes from the expansion of the attribute macro `enum_delegate::implement` (in Nightly builds, run with -Z macro-backtrace for more info)
[INFO] [stderr] ┈┈┈┈┈┈┈┈┈┈┈┈┈┈┈┈┈┈┈┈┈┈┈┈┈┈┈┈┈┈┈┈┈┈┈┈┈┈┈┈┈┈┈┈┈┈┈┈┈┈┈┈┈┈┈┈┈┈┈┈
[INFO] [stderr] 
[INFO] [stderr] ACTUAL OUTPUT:
[INFO] [stderr] ┈┈┈┈┈┈┈┈┈┈┈┈┈┈┈┈┈┈┈┈┈┈┈┈┈┈┈┈┈┈┈┈┈┈┈┈┈┈┈┈┈┈┈┈┈┈┈┈┈┈┈┈┈┈┈┈┈┈┈┈
[INFO] [stderr] error: enum_delegate requires all trait functions to take `self`, `&self` or `&mut self` as the first argument
[INFO] [stderr]  --> tests_error/error_no_receiver_arg.rs:3:5
[INFO] [stderr]   |
[INFO] [stderr]  3 |     fn selfless();
[INFO] [stderr]    |     ^^
[INFO] [stderr] ...
[INFO] [stderr] 12 | #[enum_delegate::implement(Foo)]
[INFO] [stderr]    | -------------------------------- in this attribute macro expansion
[INFO] [stderr]    |
[INFO] [stderr]    = note: this error originates in the macro `Foo` which comes from the expansion of the attribute macro `enum_delegate::implement` (in Nightly builds, run with -Z macro-backtrace for more info)
[INFO] [stderr] ┈┈┈┈┈┈┈┈┈┈┈┈┈┈┈┈┈┈┈┈┈┈┈┈┈┈┈┈┈┈┈┈┈┈┈┈┈┈┈┈┈┈┈┈┈┈┈┈┈┈┈┈┈┈┈┈┈┈┈┈
[INFO] [stderr] note: If the actual output is the correct output you can bless it by rerunning
[INFO] [stderr]       your test with the environment variable TRYBUILD=overwrite
[INFO] [stderr] 
[INFO] [stderr] test tests_error/error_no_variants.rs ... ok
[INFO] [stderr] test tests_error/implement_conversions_argument.rs ... ok
[INFO] [stderr] test tests_error/no_such_trait.rs ... ok
[INFO] [stderr] test tests_error/trait_not_registered.rs ... ok
[INFO] [stderr] test tests_error/unsupported_generic.rs ... mismatch
[INFO] [stderr] 
[INFO] [stderr] EXPECTED:
[INFO] [stderr] ┈┈┈┈┈┈┈┈┈┈┈┈┈┈┈┈┈┈┈┈┈┈┈┈┈┈┈┈┈┈┈┈┈┈┈┈┈┈┈┈┈┈┈┈┈┈┈┈┈┈┈┈┈┈┈┈┈┈┈┈
[INFO] [stderr] error: enum_delegate does not currently support generics
[INFO] [stderr]   --> tests_error/unsupported_generic.rs:2:10
[INFO] [stderr]    |
[INFO] [stderr] 2  | trait Foo<T> {
[INFO] [stderr]    |          ^
[INFO] [stderr] ...
[INFO] [stderr] 11 | #[enum_delegate::implement(Foo)]
[INFO] [stderr]    | -------------------------------- in this procedural macro expansion
[INFO] [stderr]    |
[INFO] [stderr]    = note: this error originates in the macro `Foo` which comes from the expansion of the attribute macro `enum_delegate::implement` (in Nightly builds, run with -Z macro-backtrace for more info)
[INFO] [stderr] ┈┈┈┈┈┈┈┈┈┈┈┈┈┈┈┈┈┈┈┈┈┈┈┈┈┈┈┈┈┈┈┈┈┈┈┈┈┈┈┈┈┈┈┈┈┈┈┈┈┈┈┈┈┈┈┈┈┈┈┈
[INFO] [stderr] 
[INFO] [stderr] ACTUAL OUTPUT:
[INFO] [stderr] ┈┈┈┈┈┈┈┈┈┈┈┈┈┈┈┈┈┈┈┈┈┈┈┈┈┈┈┈┈┈┈┈┈┈┈┈┈┈┈┈┈┈┈┈┈┈┈┈┈┈┈┈┈┈┈┈┈┈┈┈
[INFO] [stderr] error: enum_delegate does not currently support generics
[INFO] [stderr]  --> tests_error/unsupported_generic.rs:2:10
[INFO] [stderr]   |
[INFO] [stderr]  2 | trait Foo<T> {
[INFO] [stderr]    |          ^
[INFO] [stderr] ...
[INFO] [stderr] 11 | #[enum_delegate::implement(Foo)]
[INFO] [stderr]    | -------------------------------- in this attribute macro expansion
[INFO] [stderr]    |
[INFO] [stderr]    = note: this error originates in the macro `Foo` which comes from the expansion of the attribute macro `enum_delegate::implement` (in Nightly builds, run with -Z macro-backtrace for more info)
[INFO] [stderr] 
[INFO] [stderr] warning: unused variable: `x`
[INFO] [stderr]  --> tests_error/unsupported_generic.rs:8:19
[INFO] [stderr]   |
[INFO] [stderr] 8 |     fn foo(&self, x: i32) {}
[INFO] [stderr]   |                   ^ help: if this is intentional, prefix it with an underscore: `_x`
[INFO] [stderr]   |
[INFO] [stderr]   = note: `#[warn(unused_variables)]` (part of `#[warn(unused)]`) on by default
[INFO] [stderr] ┈┈┈┈┈┈┈┈┈┈┈┈┈┈┈┈┈┈┈┈┈┈┈┈┈┈┈┈┈┈┈┈┈┈┈┈┈┈┈┈┈┈┈┈┈┈┈┈┈┈┈┈┈┈┈┈┈┈┈┈
[INFO] [stderr] note: If the actual output is the correct output you can bless it by rerunning
[INFO] [stderr]       your test with the environment variable TRYBUILD=overwrite
[INFO] [stderr] 
[INFO] [stderr] test tests_error/unsupported_supertrait.rs ... mismatch
[INFO] [stderr] 
[INFO] [stderr] EXPECTED:
[INFO] [stderr] ┈┈┈┈┈┈┈┈┈┈┈┈┈┈┈┈┈┈┈┈┈┈┈┈┈┈┈┈┈┈┈┈┈┈┈┈┈┈┈┈┈┈┈┈┈┈┈┈┈┈┈┈┈┈┈┈┈┈┈┈
[INFO] [stderr] error: enum_delegate does not currently support supertraits
[INFO] [stderr]  --> tests_error/unsupported_supertrait.rs:2:12
[INFO] [stderr]   |
[INFO] [stderr] 2 | trait Foo: Clone {}
[INFO] [stderr]   |            ^^^^^
[INFO] [stderr] ...
[INFO] [stderr] 8 | #[enum_delegate::implement(Foo)]
[INFO] [stderr]   | -------------------------------- in this procedural macro expansion
[INFO] [stderr]   |
[INFO] [stderr]   = note: this error originates in the macro `Foo` which comes from the expansion of the attribute macro `enum_delegate::implement` (in Nightly builds, run with -Z macro-backtrace for more info)
[INFO] [stderr] ┈┈┈┈┈┈┈┈┈┈┈┈┈┈┈┈┈┈┈┈┈┈┈┈┈┈┈┈┈┈┈┈┈┈┈┈┈┈┈┈┈┈┈┈┈┈┈┈┈┈┈┈┈┈┈┈┈┈┈┈
[INFO] [stderr] 
[INFO] [stderr] ACTUAL OUTPUT:
[INFO] [stderr] ┈┈┈┈┈┈┈┈┈┈┈┈┈┈┈┈┈┈┈┈┈┈┈┈┈┈┈┈┈┈┈┈┈┈┈┈┈┈┈┈┈┈┈┈┈┈┈┈┈┈┈┈┈┈┈┈┈┈┈┈
[INFO] [stderr] error: enum_delegate does not currently support supertraits
[INFO] [stderr]  --> tests_error/unsupported_supertrait.rs:2:12
[INFO] [stderr]   |
[INFO] [stderr] 2 | trait Foo: Clone {}
[INFO] [stderr]   |            ^^^^^
[INFO] [stderr] ...
[INFO] [stderr] 8 | #[enum_delegate::implement(Foo)]
[INFO] [stderr]   | -------------------------------- in this attribute macro expansion
[INFO] [stderr]   |
[INFO] [stderr]   = note: this error originates in the macro `Foo` which comes from the expansion of the attribute macro `enum_delegate::implement` (in Nightly builds, run with -Z macro-backtrace for more info)
[INFO] [stderr] ┈┈┈┈┈┈┈┈┈┈┈┈┈┈┈┈┈┈┈┈┈┈┈┈┈┈┈┈┈┈┈┈┈┈┈┈┈┈┈┈┈┈┈┈┈┈┈┈┈┈┈┈┈┈┈┈┈┈┈┈
[INFO] [stderr] note: If the actual output is the correct output you can bless it by rerunning
[INFO] [stderr]       your test with the environment variable TRYBUILD=overwrite
[INFO] [stderr] 
[INFO] [stderr] test tests_error/unsupported_trait_item.rs ... mismatch
[INFO] [stdout] test test_compile_errors ... FAILED
[INFO] [stderr] 
[INFO] [stdout] 
[INFO] [stderr] EXPECTED:
[INFO] [stdout] failures:
[INFO] [stderr] ┈┈┈┈┈┈┈┈┈┈┈┈┈┈┈┈┈┈┈┈┈┈┈┈┈┈┈┈┈┈┈┈┈┈┈┈┈┈┈┈┈┈┈┈┈┈┈┈┈┈┈┈┈┈┈┈┈┈┈┈
[INFO] [stdout] 
[INFO] [stderr] error: enum_delegate only supports methods and associated types in traits
[INFO] [stdout] ---- test_compile_errors stdout ----
[INFO] [stderr]   --> tests_error/unsupported_trait_item.rs:3:5
[INFO] [stdout] 
[INFO] [stderr]    |
[INFO] [stdout] thread 'test_compile_errors' (1661) panicked at /opt/rustwide/cargo-home/registry/src/index.crates.io-1949cf8c6b5b557f/trybuild-1.0.71/src/run.rs:101:13:
[INFO] [stderr] 3  |     const C: usize;
[INFO] [stdout] 7 of 12 tests failed
[INFO] [stderr]    |     ^^^^^
[INFO] [stdout] stack backtrace:
[INFO] [stderr] ...
[INFO] [stdout]    0:     0x5b38513272c1 - <<std[70759c8f55707aa4]::sys::backtrace::BacktraceLock>::print::DisplayBacktrace as core[df12db4294e9bfd3]::fmt::Display>::fmt
[INFO] [stderr] 12 | #[enum_delegate::implement(Foo)]
[INFO] [stdout]    1:     0x5b385133ccaa - core[df12db4294e9bfd3]::fmt::write
[INFO] [stderr]    | -------------------------------- in this procedural macro expansion
[INFO] [stdout]    2:     0x5b385132be0c - <alloc[2182bb758b4b3781]::vec::Vec<u8> as core[df12db4294e9bfd3]::io::write::Write>::write_fmt
[INFO] [stderr]    |
[INFO] [stdout]    3:     0x5b3851300646 - std[70759c8f55707aa4]::panicking::default_hook::{closure#0}
[INFO] [stderr]    = note: this error originates in the macro `Foo` which comes from the expansion of the attribute macro `enum_delegate::implement` (in Nightly builds, run with -Z macro-backtrace for more info)
[INFO] [stdout]    4:     0x5b385131e219 - std[70759c8f55707aa4]::panicking::default_hook
[INFO] [stderr] ┈┈┈┈┈┈┈┈┈┈┈┈┈┈┈┈┈┈┈┈┈┈┈┈┈┈┈┈┈┈┈┈┈┈┈┈┈┈┈┈┈┈┈┈┈┈┈┈┈┈┈┈┈┈┈┈┈┈┈┈
[INFO] [stdout]    5:     0x5b38512b83c0 - test[9d35eded1c95d3be]::test_main_inner::<test[9d35eded1c95d3be]::test_main_static::{closure#0}>::{closure#0}
[INFO] [stderr] 
[INFO] [stdout]    6:     0x5b385131e3d2 - std[70759c8f55707aa4]::panicking::panic_with_hook
[INFO] [stderr] ACTUAL OUTPUT:
[INFO] [stdout]    7:     0x5b38513006f2 - std[70759c8f55707aa4]::panicking::panic_handler::{closure#0}
[INFO] [stderr] ┈┈┈┈┈┈┈┈┈┈┈┈┈┈┈┈┈┈┈┈┈┈┈┈┈┈┈┈┈┈┈┈┈┈┈┈┈┈┈┈┈┈┈┈┈┈┈┈┈┈┈┈┈┈┈┈┈┈┈┈
[INFO] [stdout]    8:     0x5b38512f90f9 - std[70759c8f55707aa4]::sys::backtrace::__rust_end_short_backtrace::<std[70759c8f55707aa4]::panicking::panic_handler::{closure#0}, !>
[INFO] [stderr] error: enum_delegate only supports methods and associated types in traits
[INFO] [stdout]    9:     0x5b38513012ed - __rustc[8fa7c3cbc660c2b3]::rust_begin_unwind
[INFO] [stderr]  --> tests_error/unsupported_trait_item.rs:3:5
[INFO] [stdout]   10:     0x5b385133d3dc - core[df12db4294e9bfd3]::panicking::panic_fmt
[INFO] [stderr]   |
[INFO] [stdout]   11:     0x5b3851223893 - <trybuild[221baa0406c83c7a]::Runner>::run
[INFO] [stderr]  3 |     const C: usize;
[INFO] [stdout]   12:     0x5b3851226480 - <trybuild[221baa0406c83c7a]::TestCases as core[df12db4294e9bfd3]::ops::drop::Drop>::drop
[INFO] [stderr]    |     ^^^^^
[INFO] [stdout]   13:     0x5b385121f8f8 - errors[7fa4f893e47fe1c3]::test_compile_errors
[INFO] [stderr] ...
[INFO] [stdout]   14:     0x5b385121faf9 - <errors[7fa4f893e47fe1c3]::test_compile_errors::{closure#0} as core[df12db4294e9bfd3]::ops::function::FnOnce<()>>::call_once
[INFO] [stderr] 12 | #[enum_delegate::implement(Foo)]
[INFO] [stdout]   15:     0x5b38512ab6ab - test[9d35eded1c95d3be]::__rust_begin_short_backtrace::<core[df12db4294e9bfd3]::result::Result<(), alloc[2182bb758b4b3781]::string::String>, fn() -> core[df12db4294e9bfd3]::result::Result<(), alloc[2182bb758b4b3781]::string::String>>
[INFO] [stderr]    | -------------------------------- in this attribute macro expansion
[INFO] [stdout]   16:     0x5b38512b8d15 - test[9d35eded1c95d3be]::run_test::{closure#0}
[INFO] [stderr]    |
[INFO] [stdout]   17:     0x5b38512b25d4 - std[70759c8f55707aa4]::sys::backtrace::__rust_begin_short_backtrace::<test[9d35eded1c95d3be]::run_test::{closure#1}, ()>
[INFO] [stderr]    = note: this error originates in the macro `Foo` which comes from the expansion of the attribute macro `enum_delegate::implement` (in Nightly builds, run with -Z macro-backtrace for more info)
[INFO] [stdout]   18:     0x5b38512bbe72 - <std[70759c8f55707aa4]::thread::lifecycle::spawn_unchecked<test[9d35eded1c95d3be]::run_test::{closure#1}, ()>::{closure#1} as core[df12db4294e9bfd3]::ops::function::FnOnce<()>>::call_once::{shim:vtable#0}
[INFO] [stderr] ┈┈┈┈┈┈┈┈┈┈┈┈┈┈┈┈┈┈┈┈┈┈┈┈┈┈┈┈┈┈┈┈┈┈┈┈┈┈┈┈┈┈┈┈┈┈┈┈┈┈┈┈┈┈┈┈┈┈┈┈
[INFO] [stdout]   19:     0x5b3851326549 - <std[70759c8f55707aa4]::sys::thread::unix::Thread>::new::thread_start
[INFO] [stderr] note: If the actual output is the correct output you can bless it by rerunning
[INFO] [stdout]   20:     0x7323a30afdfa - <unknown>
[INFO] [stderr]       your test with the environment variable TRYBUILD=overwrite
[INFO] [stdout]   21:     0x7323a31433d4 - clone
[INFO] [stderr] 
[INFO] [stdout]   22:                0x0 - <unknown>
[INFO] [stderr] 
[INFO] [stdout] 
[INFO] [stderr] 
[INFO] [stdout] 
[INFO] [stdout] failures:
[INFO] [stdout]     test_compile_errors
[INFO] [stdout] 
[INFO] [stdout] test result: FAILED. 0 passed; 1 failed; 0 ignored; 0 measured; 0 filtered out; finished in 10.90s
[INFO] [stdout] 
[INFO] [stderr] error: test failed, to rerun pass `--test errors`
[INFO] running `Command { std: "docker" "inspect" "1fac4d672428427414908a24c59febaf0b12f29fff9449e688bd0b9777875289", kill_on_drop: false }`
[INFO] running `Command { std: "docker" "rm" "-f" "1fac4d672428427414908a24c59febaf0b12f29fff9449e688bd0b9777875289", kill_on_drop: false }`
[INFO] [stdout] 1fac4d672428427414908a24c59febaf0b12f29fff9449e688bd0b9777875289
