[INFO] fetching crate enum2schema 0.1.2...
[INFO] testing enum2schema-0.1.2 against 1.99.0-beta.8+cargoflags=--release for beta-release-1.100-2
[INFO] extracting crate enum2schema 0.1.2 into /workspace/builds/worker-6-tc1/source
[INFO] started tweaking crates.io crate enum2schema 0.1.2
[INFO] removed 0 missing examples
[INFO] removed 0 missing tests
[INFO] finished tweaking crates.io crate enum2schema 0.1.2
[INFO] tweaked toml for crates.io crate enum2schema 0.1.2 written to /workspace/builds/worker-6-tc1/source/Cargo.toml
[INFO] validating manifest of crates.io crate enum2schema 0.1.2 on toolchain 1.99.0-beta.8
[INFO] running `Command { std: CARGO_HOME="/workspace/cargo-home" RUSTUP_HOME="/workspace/rustup-home" "/workspace/cargo-home/bin/cargo" "+1.99.0-beta.8" "metadata" "--manifest-path" "Cargo.toml" "--no-deps", kill_on_drop: false }`
[INFO] crate crates.io crate enum2schema 0.1.2 already has a lockfile, it will not be regenerated
[INFO] running `Command { std: CARGO_HOME="/workspace/cargo-home" RUSTUP_HOME="/workspace/rustup-home" "/workspace/cargo-home/bin/cargo" "+1.99.0-beta.8" "fetch" "--manifest-path" "Cargo.toml", kill_on_drop: false }`
[INFO] [stderr]     Updating crates.io index
[INFO] [stderr]  Downloading crates ...
[INFO] [stderr]   Downloaded nalgebra-glm v0.20.0
[INFO] [stderr]   Downloaded enum2schema_derive v0.1.1
[INFO] [stderr]   Downloaded memchr v2.8.1
[INFO] [stderr]   Downloaded matrixmultiply v0.3.10
[INFO] [stderr]   Downloaded glam v0.14.0
[INFO] [stderr]   Downloaded glam v0.17.3
[INFO] [stderr]   Downloaded glam v0.15.2
[INFO] [stderr]   Downloaded glam v0.18.0
[INFO] [stderr]   Downloaded glam v0.16.0
[INFO] [stderr]   Downloaded glam v0.19.0
[INFO] [stderr]   Downloaded glam v0.20.5
[INFO] [stderr]   Downloaded glam v0.21.3
[INFO] [stderr]   Downloaded glam v0.23.0
[INFO] [stderr]   Downloaded glam v0.22.0
[INFO] [stderr]   Downloaded nalgebra v0.34.2
[INFO] [stderr]   Downloaded glam v0.25.0
[INFO] [stderr]   Downloaded glam v0.27.0
[INFO] [stderr]   Downloaded glam v0.28.0
[INFO] [stderr]   Downloaded glam v0.30.10
[INFO] [stderr]   Downloaded glam v0.32.1
[INFO] [stderr]   Downloaded glam v0.31.1
[INFO] running `Command { std: "docker" "create" "-v" "/var/lib/crater-agent-workspace/builds/worker-6-tc1/source:/opt/rustwide/workdir:ro,Z" "-v" "/var/lib/crater-agent-workspace/builds/worker-6-tc1/target:/opt/rustwide/target:rw,Z" "-v" "/var/lib/crater-agent-workspace/cargo-home:/opt/rustwide/cargo-home:ro,Z" "-v" "/var/lib/crater-agent-workspace/rustup-home:/opt/rustwide/rustup-home:ro,Z" "-m" "1610612736" "--network" "none" "ghcr.io/rust-lang/crates-build-env/linux@sha256:77db811e55d90add9212f6832c23229e3de5f1c1f9905e8cb07319ea15df73ac" "sleep" "infinity", kill_on_drop: false }`
[INFO] [stdout] bd05f5b5fc8c8fc03dd91c8ff768fc29e562f5b98f8f4814d2a079e396b70e0d
[INFO] running `Command { std: "docker" "start" "bd05f5b5fc8c8fc03dd91c8ff768fc29e562f5b98f8f4814d2a079e396b70e0d", kill_on_drop: false }`
[INFO] running `Command { std: "docker" "inspect" "bd05f5b5fc8c8fc03dd91c8ff768fc29e562f5b98f8f4814d2a079e396b70e0d", kill_on_drop: false }`
[INFO] running `Command { std: "docker" "exec" "-e" "SOURCE_DIR=/opt/rustwide/workdir" "-e" "CARGO_HOME=/opt/rustwide/cargo-home" "-e" "RUSTUP_HOME=/opt/rustwide/rustup-home" "-e" "CARGO_TARGET_DIR=/opt/rustwide/target" "-w" "/opt/rustwide/workdir" "--user" "0:0" "bd05f5b5fc8c8fc03dd91c8ff768fc29e562f5b98f8f4814d2a079e396b70e0d" "/opt/rustwide/cargo-home/bin/cargo" "+1.99.0-beta.8" "metadata" "--no-deps" "--format-version=1", kill_on_drop: false }`
[INFO] running `Command { std: "docker" "inspect" "bd05f5b5fc8c8fc03dd91c8ff768fc29e562f5b98f8f4814d2a079e396b70e0d", kill_on_drop: false }`
[INFO] running `Command { std: "docker" "exec" "-e" "SOURCE_DIR=/opt/rustwide/workdir" "-e" "CARGO_HOME=/opt/rustwide/cargo-home" "-e" "RUSTUP_HOME=/opt/rustwide/rustup-home" "-e" "CARGO_TARGET_DIR=/opt/rustwide/target" "-e" "CARGO_INCREMENTAL=0" "-e" "RUST_BACKTRACE=full" "-e" "RUSTFLAGS=--cap-lints=warn" "-e" "RUSTDOCFLAGS=--cap-lints=warn" "-w" "/opt/rustwide/workdir" "--user" "0:0" "bd05f5b5fc8c8fc03dd91c8ff768fc29e562f5b98f8f4814d2a079e396b70e0d" "/opt/rustwide/cargo-home/bin/cargo" "+1.99.0-beta.8" "build" "--frozen" "--message-format=json" "--release", kill_on_drop: false }`
[INFO] [stderr]    Compiling serde_core v1.0.228
[INFO] [stderr]    Compiling serde_json v1.0.150
[INFO] [stderr]    Compiling memchr v2.8.1
[INFO] [stderr]    Compiling syn v2.0.117
[INFO] [stderr]    Compiling enum2schema_derive v0.1.1
[INFO] [stderr]    Compiling enum2schema v0.1.2 (/opt/rustwide/workdir)
[INFO] [stderr]     Finished `release` profile [optimized] target(s) in 8.22s
[INFO] running `Command { std: "docker" "inspect" "bd05f5b5fc8c8fc03dd91c8ff768fc29e562f5b98f8f4814d2a079e396b70e0d", kill_on_drop: false }`
[INFO] running `Command { std: "docker" "exec" "-e" "SOURCE_DIR=/opt/rustwide/workdir" "-e" "CARGO_HOME=/opt/rustwide/cargo-home" "-e" "RUSTUP_HOME=/opt/rustwide/rustup-home" "-e" "CARGO_TARGET_DIR=/opt/rustwide/target" "-e" "CARGO_INCREMENTAL=0" "-e" "RUST_BACKTRACE=full" "-e" "RUSTFLAGS=--cap-lints=warn" "-e" "RUSTDOCFLAGS=--cap-lints=warn" "-w" "/opt/rustwide/workdir" "--user" "0:0" "bd05f5b5fc8c8fc03dd91c8ff768fc29e562f5b98f8f4814d2a079e396b70e0d" "/opt/rustwide/cargo-home/bin/cargo" "+1.99.0-beta.8" "test" "--frozen" "--no-run" "--message-format=json" "--release", kill_on_drop: false }`
[INFO] [stderr]    Compiling serde_json v1.0.150
[INFO] [stderr]    Compiling serde_derive v1.0.228
[INFO] [stderr]    Compiling enum2schema v0.1.2 (/opt/rustwide/workdir)
[INFO] [stderr]    Compiling serde v1.0.228
[INFO] [stderr]     Finished `release` profile [optimized] target(s) in 8.86s
[INFO] running `Command { std: "docker" "inspect" "bd05f5b5fc8c8fc03dd91c8ff768fc29e562f5b98f8f4814d2a079e396b70e0d", kill_on_drop: false }`
[INFO] running `Command { std: "docker" "exec" "-e" "SOURCE_DIR=/opt/rustwide/workdir" "-e" "CARGO_HOME=/opt/rustwide/cargo-home" "-e" "RUSTUP_HOME=/opt/rustwide/rustup-home" "-e" "CARGO_TARGET_DIR=/opt/rustwide/target" "-e" "CARGO_INCREMENTAL=0" "-e" "RUST_BACKTRACE=full" "-e" "RUSTFLAGS=--cap-lints=warn" "-e" "RUSTDOCFLAGS=--cap-lints=warn" "-w" "/opt/rustwide/workdir" "--user" "0:0" "bd05f5b5fc8c8fc03dd91c8ff768fc29e562f5b98f8f4814d2a079e396b70e0d" "/opt/rustwide/cargo-home/bin/cargo" "+1.99.0-beta.8" "test" "--frozen" "--release", kill_on_drop: false }`
[INFO] [stderr]     Finished `release` profile [optimized] target(s) in 0.03s
[INFO] [stderr]      Running unittests src/lib.rs (/opt/rustwide/target/release/deps/enum2schema-c0c1cf02fe7ed264)
[INFO] [stdout] 
[INFO] [stdout] running 0 tests
[INFO] [stdout] 
[INFO] [stdout] test result: ok. 0 passed; 0 failed; 0 ignored; 0 measured; 0 filtered out; finished in 0.00s
[INFO] [stdout] 
[INFO] [stderr]      Running tests/schema.rs (/opt/rustwide/target/release/deps/schema-aa36bfc6ddc48682)
[INFO] [stdout] 
[INFO] [stdout] running 33 tests
[INFO] [stdout] test component_bag_and_pair_list_schema_and_wire ... ok
[INFO] [stdout] test fixed_arrays_carry_their_length ... ok
[INFO] [stdout] test mcp_tool_descriptor_embeds_input_schema ... ok
[INFO] [stdout] test mcp_tool_io_descriptor_embeds_both_schemas ... ok
[INFO] [stdout] test empty_struct_omits_required ... ok
[INFO] [stdout] test override_fields_still_serialize ... ok
[INFO] [stdout] test event_rename_all_wire_format_matches_schema ... ok
[INFO] [stdout] test mixed_enum_yields_externally_tagged_forms ... FAILED
[INFO] [stdout] test generic_struct_wire_format_round_trips ... ok
[INFO] [stdout] test nested_types_wire_round_trip ... ok
[INFO] [stdout] test btreemap_is_object_with_additional_properties ... ok
[INFO] [stdout] test struct_descriptions_arrays_and_optional_fields ... ok
[INFO] [stdout] test settings_property_names_match_serde_wire_names ... ok
[INFO] [stdout] test unit_enum_yields_oneof_of_string_consts ... ok
[INFO] [stdout] test mixed_enum_wire_format_is_externally_tagged ... ok
[INFO] [stdout] test skipped_variant_still_serializes ... ok
[INFO] [stdout] test serde_rename_all_applies_to_variants ... ok
[INFO] [stdout] test serde_rename_default_and_schema_skip ... ok
[INFO] [stdout] test skip_omits_data_enum_variant ... ok
[INFO] [stdout] test smart_pointers_are_transparent ... ok
[INFO] [stdout] test string_enum_wire_format_matches_enum_list ... ok
[INFO] [stdout] test string_enum_yields_single_type_with_enum_list ... ok
[INFO] [stdout] test with_and_type_attributes_override_field_schemas ... ok
[INFO] [stdout] test with_override_applies_to_tuple_variant_field ... ok
[INFO] [stdout] test with_override_tuple_variant_wire_format_matches_tags ... ok
[INFO] [stdout] test unit_enum_wire_format_matches_schema_consts ... ok
[INFO] [stdout] test struct_wire_format_round_trips ... ok
[INFO] [stdout] test sets_are_unique_arrays ... ok
[INFO] [stdout] test nested_derived_types_recurse ... ok
[INFO] [stdout] test skip_omits_string_enum_variant ... ok
[INFO] [stdout] test value_tuple_and_map_leaf_schemas ... ok
[INFO] [stdout] test skipped_string_enum_variant_still_serializes ... ok
[INFO] [stdout] test generic_struct_uses_inner_schema ... ok
[INFO] [stdout] 
[INFO] [stdout] failures:
[INFO] [stdout] 
[INFO] [stdout] ---- mixed_enum_yields_externally_tagged_forms stdout ----
[INFO] [stdout] 
[INFO] [stdout] thread 'mixed_enum_yields_externally_tagged_forms' (489) panicked at tests/schema.rs:53:5:
[INFO] [stdout] assertion `left == right` failed
[INFO] [stdout]   left: Object {"description": String("A command for the worker."), "oneOf": Array [Object {"const": String("Stop"), "description": String("Stop everything."), "type": String("string")}, Object {"description": String("Move to a point."), "properties": Object {"Move": Object {"properties": Object {"x": Object {"type": String("number")}, "y": Object {"type": String("number")}}, "required": Array [String("x"), String("y")], "type": String("object")}}, "required": Array [String("Move")], "type": String("object")}, Object {"properties": Object {"Tag": Object {"type": String("string")}}, "required": Array [String("Tag")], "type": String("object")}, Object {"properties": Object {"Pair": Object {"items": Array [Object {"type": String("integer")}, Object {"type": String("integer")}], "maxItems": Number(2), "minItems": Number(2), "type": String("array")}}, "required": Array [String("Pair")], "type": String("object")}]}
[INFO] [stdout]  right: Object {"description": String("A command for the worker."), "oneOf": Array [Object {"const": String("Stop"), "description": String("Stop everything."), "type": String("string")}, Object {"description": String("Move to a point."), "properties": Object {"Move": Object {"properties": Object {"x": Object {"type": String("number")}, "y": Object {"type": String("number")}}, "required": Array [String("x"), String("y")], "type": String("object")}}, "required": Array [String("Move")], "type": String("object")}, Object {"properties": Object {"Tag": Object {"type": String("string")}}, "required": Array [String("Tag")], "type": String("object")}, Object {"properties": Object {"Pair": Object {"maxItems": Number(2), "minItems": Number(2), "prefixItems": Array [Object {"type": String("integer")}, Object {"type": String("integer")}], "type": String("array")}}, "required": Array [String("Pair")], "type": String("object")}]}
[INFO] [stdout] stack backtrace:
[INFO] [stdout]    0:     0x58b4bbbba261 - <<std[70759c8f55707aa4]::sys::backtrace::BacktraceLock>::print::DisplayBacktrace as core[df12db4294e9bfd3]::fmt::Display>::fmt
[INFO] [stdout]    1:     0x58b4bbbce70a - core[df12db4294e9bfd3]::fmt::write
[INFO] [stdout]    2:     0x58b4bbbbe6fc - <alloc[2182bb758b4b3781]::vec::Vec<u8> as core[df12db4294e9bfd3]::io::write::Write>::write_fmt
[INFO] [stdout]    3:     0x58b4bbb96856 - std[70759c8f55707aa4]::panicking::default_hook::{closure#0}
[INFO] [stdout]    4:     0x58b4bbbb29c9 - std[70759c8f55707aa4]::panicking::default_hook
[INFO] [stdout]    5:     0x58b4bbb468e0 - test[9d35eded1c95d3be]::test_main_inner::<test[9d35eded1c95d3be]::test_main_static::{closure#0}>::{closure#0}
[INFO] [stdout]    6:     0x58b4bbbb2b82 - std[70759c8f55707aa4]::panicking::panic_with_hook
[INFO] [stdout]    7:     0x58b4bbb96902 - std[70759c8f55707aa4]::panicking::panic_handler::{closure#0}
[INFO] [stdout]    8:     0x58b4bbb8f689 - std[70759c8f55707aa4]::sys::backtrace::__rust_end_short_backtrace::<std[70759c8f55707aa4]::panicking::panic_handler::{closure#0}, !>
[INFO] [stdout]    9:     0x58b4bbb974fd - __rustc[8fa7c3cbc660c2b3]::rust_begin_unwind
[INFO] [stdout]   10:     0x58b4bbbcee3c - core[df12db4294e9bfd3]::panicking::panic_fmt
[INFO] [stdout]   11:     0x58b4bbbced53 - core[df12db4294e9bfd3]::panicking::assert_failed_inner
[INFO] [stdout]   12:     0x58b4bbb35f6e - core[df12db4294e9bfd3]::panicking::assert_failed::<serde_json[2d15cd3a8bddf1ec]::value::Value, serde_json[2d15cd3a8bddf1ec]::value::Value>
[INFO] [stdout]   13:     0x58b4bbb27ae7 - <schema[dd1282ce09ecfc2a]::mixed_enum_yields_externally_tagged_forms::{closure#0} as core[df12db4294e9bfd3]::ops::function::FnOnce<()>>::call_once
[INFO] [stdout]   14:     0x58b4bbb39bcb - test[9d35eded1c95d3be]::__rust_begin_short_backtrace::<core[df12db4294e9bfd3]::result::Result<(), alloc[2182bb758b4b3781]::string::String>, fn() -> core[df12db4294e9bfd3]::result::Result<(), alloc[2182bb758b4b3781]::string::String>>
[INFO] [stdout]   15:     0x58b4bbb47235 - test[9d35eded1c95d3be]::run_test::{closure#0}
[INFO] [stdout]   16:     0x58b4bbb40af4 - std[70759c8f55707aa4]::sys::backtrace::__rust_begin_short_backtrace::<test[9d35eded1c95d3be]::run_test::{closure#1}, ()>
[INFO] [stdout]   17:     0x58b4bbb4a392 - <std[70759c8f55707aa4]::thread::lifecycle::spawn_unchecked<test[9d35eded1c95d3be]::run_test::{closure#1}, ()>::{closure#1} as core[df12db4294e9bfd3]::ops::function::FnOnce<()>>::call_once::{shim:vtable#0}
[INFO] [stdout]   18:     0x58b4bbbb9b39 - <std[70759c8f55707aa4]::sys::thread::unix::Thread>::new::thread_start
[INFO] [stdout]   19:     0x757929b27dfa - <unknown>
[INFO] [stdout]   20:     0x757929bbb3d4 - clone
[INFO] [stdout]   21:                0x0 - <unknown>
[INFO] [stdout] 
[INFO] [stdout] 
[INFO] [stdout] failures:
[INFO] [stdout]     mixed_enum_yields_externally_tagged_forms
[INFO] [stdout] 
[INFO] [stdout] test result: FAILED. 32 passed; 1 failed; 0 ignored; 0 measured; 0 filtered out; finished in 0.02s
[INFO] [stdout] 
[INFO] [stderr] error: test failed, to rerun pass `--test schema`
[INFO] running `Command { std: "docker" "inspect" "bd05f5b5fc8c8fc03dd91c8ff768fc29e562f5b98f8f4814d2a079e396b70e0d", kill_on_drop: false }`
[INFO] running `Command { std: "docker" "rm" "-f" "bd05f5b5fc8c8fc03dd91c8ff768fc29e562f5b98f8f4814d2a079e396b70e0d", kill_on_drop: false }`
[INFO] [stdout] bd05f5b5fc8c8fc03dd91c8ff768fc29e562f5b98f8f4814d2a079e396b70e0d
