[INFO] fetching crate enum-rotate 0.1.1...
[INFO] testing enum-rotate-0.1.1 against 1.99.0-beta.8+cargoflags=--release for beta-release-1.100-2
[INFO] extracting crate enum-rotate 0.1.1 into /workspace/builds/worker-0-tc1/source
[INFO] started tweaking crates.io crate enum-rotate 0.1.1
[INFO] finished tweaking crates.io crate enum-rotate 0.1.1
[INFO] tweaked toml for crates.io crate enum-rotate 0.1.1 written to /workspace/builds/worker-0-tc1/source/Cargo.toml
[INFO] validating manifest of crates.io crate enum-rotate 0.1.1 on toolchain 1.99.0-beta.8
[INFO] running `Command { std: CARGO_HOME="/workspace/cargo-home" RUSTUP_HOME="/workspace/rustup-home" "/workspace/cargo-home/bin/cargo" "+1.99.0-beta.8" "metadata" "--manifest-path" "Cargo.toml" "--no-deps", kill_on_drop: false }`
[INFO] running `Command { std: CARGO_HOME="/workspace/cargo-home" RUSTUP_HOME="/workspace/rustup-home" "/workspace/cargo-home/bin/cargo" "+1.99.0-beta.8" "generate-lockfile" "--manifest-path" "Cargo.toml", kill_on_drop: false }`
[INFO] [stderr]     Updating crates.io index
[INFO] [stderr]      Locking 34 packages to highest compatible versions
[INFO] running `Command { std: CARGO_HOME="/workspace/cargo-home" RUSTUP_HOME="/workspace/rustup-home" "/workspace/cargo-home/bin/cargo" "+1.99.0-beta.8" "fetch" "--manifest-path" "Cargo.toml", kill_on_drop: false }`
[INFO] [stderr]  Downloading crates ...
[INFO] [stderr]   Downloaded derive-enum-rotate v0.1.1
[INFO] running `Command { std: "docker" "create" "-v" "/var/lib/crater-agent-workspace/builds/worker-0-tc1/source:/opt/rustwide/workdir:ro,Z" "-v" "/var/lib/crater-agent-workspace/builds/worker-0-tc1/target:/opt/rustwide/target:rw,Z" "-v" "/var/lib/crater-agent-workspace/cargo-home:/opt/rustwide/cargo-home:ro,Z" "-v" "/var/lib/crater-agent-workspace/rustup-home:/opt/rustwide/rustup-home:ro,Z" "-m" "1610612736" "--network" "none" "ghcr.io/rust-lang/crates-build-env/linux@sha256:77db811e55d90add9212f6832c23229e3de5f1c1f9905e8cb07319ea15df73ac" "sleep" "infinity", kill_on_drop: false }`
[INFO] [stdout] 326a6a987bcfed17487d89dabd347baad28b977ff0af21951511f72766c45080
[INFO] running `Command { std: "docker" "start" "326a6a987bcfed17487d89dabd347baad28b977ff0af21951511f72766c45080", kill_on_drop: false }`
[INFO] running `Command { std: "docker" "inspect" "326a6a987bcfed17487d89dabd347baad28b977ff0af21951511f72766c45080", kill_on_drop: false }`
[INFO] running `Command { std: "docker" "exec" "-e" "SOURCE_DIR=/opt/rustwide/workdir" "-e" "CARGO_HOME=/opt/rustwide/cargo-home" "-e" "RUSTUP_HOME=/opt/rustwide/rustup-home" "-e" "CARGO_TARGET_DIR=/opt/rustwide/target" "-w" "/opt/rustwide/workdir" "--user" "0:0" "326a6a987bcfed17487d89dabd347baad28b977ff0af21951511f72766c45080" "/opt/rustwide/cargo-home/bin/cargo" "+1.99.0-beta.8" "metadata" "--no-deps" "--format-version=1", kill_on_drop: false }`
[INFO] running `Command { std: "docker" "inspect" "326a6a987bcfed17487d89dabd347baad28b977ff0af21951511f72766c45080", kill_on_drop: false }`
[INFO] running `Command { std: "docker" "exec" "-e" "SOURCE_DIR=/opt/rustwide/workdir" "-e" "CARGO_HOME=/opt/rustwide/cargo-home" "-e" "RUSTUP_HOME=/opt/rustwide/rustup-home" "-e" "CARGO_TARGET_DIR=/opt/rustwide/target" "-e" "CARGO_INCREMENTAL=0" "-e" "RUST_BACKTRACE=full" "-e" "RUSTFLAGS=--cap-lints=warn" "-e" "RUSTDOCFLAGS=--cap-lints=warn" "-w" "/opt/rustwide/workdir" "--user" "0:0" "326a6a987bcfed17487d89dabd347baad28b977ff0af21951511f72766c45080" "/opt/rustwide/cargo-home/bin/cargo" "+1.99.0-beta.8" "build" "--frozen" "--message-format=json" "--release", kill_on_drop: false }`
[INFO] [stderr]    Compiling proc-macro-error-attr v1.0.4
[INFO] [stderr]    Compiling syn v1.0.109
[INFO] [stderr]    Compiling proc-macro-error v1.0.4
[INFO] [stderr]    Compiling syn v2.0.119
[INFO] [stderr]    Compiling derive-enum-rotate v0.1.1
[INFO] [stderr]    Compiling enum-rotate v0.1.1 (/opt/rustwide/workdir)
[INFO] [stderr]     Finished `release` profile [optimized] target(s) in 3.72s
[INFO] running `Command { std: "docker" "inspect" "326a6a987bcfed17487d89dabd347baad28b977ff0af21951511f72766c45080", kill_on_drop: false }`
[INFO] running `Command { std: "docker" "exec" "-e" "SOURCE_DIR=/opt/rustwide/workdir" "-e" "CARGO_HOME=/opt/rustwide/cargo-home" "-e" "RUSTUP_HOME=/opt/rustwide/rustup-home" "-e" "CARGO_TARGET_DIR=/opt/rustwide/target" "-e" "CARGO_INCREMENTAL=0" "-e" "RUST_BACKTRACE=full" "-e" "RUSTFLAGS=--cap-lints=warn" "-e" "RUSTDOCFLAGS=--cap-lints=warn" "-w" "/opt/rustwide/workdir" "--user" "0:0" "326a6a987bcfed17487d89dabd347baad28b977ff0af21951511f72766c45080" "/opt/rustwide/cargo-home/bin/cargo" "+1.99.0-beta.8" "test" "--frozen" "--no-run" "--message-format=json" "--release", kill_on_drop: false }`
[INFO] [stderr]    Compiling serde_core v1.0.229
[INFO] [stderr]    Compiling target-tuple v1.0.2
[INFO] [stderr]    Compiling winnow v1.0.4
[INFO] [stderr]    Compiling serde v1.0.229
[INFO] [stderr]    Compiling syn v3.0.9
[INFO] [stderr]    Compiling toml_writer v1.1.3+spec-1.1.0
[INFO] [stderr]    Compiling termcolor v1.4.1
[INFO] [stderr]    Compiling glob v0.3.4
[INFO] [stderr]    Compiling toml_parser v1.1.5+spec-1.1.0
[INFO] [stderr]    Compiling serde_derive v1.0.229
[INFO] [stderr]    Compiling serde_spanned v1.1.2
[INFO] [stderr]    Compiling toml_datetime v1.1.2+spec-1.1.0
[INFO] [stderr]    Compiling serde_json v1.0.154
[INFO] [stderr]    Compiling toml v1.1.8+spec-1.1.0
[INFO] [stderr]    Compiling trybuild v1.0.122
[INFO] [stderr]    Compiling enum-rotate v0.1.1 (/opt/rustwide/workdir)
[INFO] [stdout] warning: enum `Void2` is never used
[INFO] [stdout]   --> tests/void.rs:15:6
[INFO] [stdout]    |
[INFO] [stdout] 15 | enum Void2 {}
[INFO] [stdout]    |      ^^^^^
[INFO] [stdout]    |
[INFO] [stdout]    = note: `#[warn(dead_code)]` (part of `#[warn(unused)]`) on by default
[INFO] [stdout] 
[INFO] [stdout] 
[INFO] [stderr]     Finished `release` profile [optimized] target(s) in 20.14s
[INFO] running `Command { std: "docker" "inspect" "326a6a987bcfed17487d89dabd347baad28b977ff0af21951511f72766c45080", kill_on_drop: false }`
[INFO] running `Command { std: "docker" "exec" "-e" "SOURCE_DIR=/opt/rustwide/workdir" "-e" "CARGO_HOME=/opt/rustwide/cargo-home" "-e" "RUSTUP_HOME=/opt/rustwide/rustup-home" "-e" "CARGO_TARGET_DIR=/opt/rustwide/target" "-e" "CARGO_INCREMENTAL=0" "-e" "RUST_BACKTRACE=full" "-e" "RUSTFLAGS=--cap-lints=warn" "-e" "RUSTDOCFLAGS=--cap-lints=warn" "-w" "/opt/rustwide/workdir" "--user" "0:0" "326a6a987bcfed17487d89dabd347baad28b977ff0af21951511f72766c45080" "/opt/rustwide/cargo-home/bin/cargo" "+1.99.0-beta.8" "test" "--frozen" "--release", kill_on_drop: false }`
[INFO] [stderr] warning: enum `Void2` is never used
[INFO] [stderr]   --> tests/void.rs:15:6
[INFO] [stderr]    |
[INFO] [stderr] 15 | enum Void2 {}
[INFO] [stderr]    |      ^^^^^
[INFO] [stderr]    |
[INFO] [stderr]    = note: `#[warn(dead_code)]` (part of `#[warn(unused)]`) on by default
[INFO] [stderr] 
[INFO] [stderr] warning: `enum-rotate` (test "void") generated 1 warning
[INFO] [stderr]     Finished `release` profile [optimized] target(s) in 0.06s
[INFO] [stderr]      Running unittests src/lib.rs (/opt/rustwide/target/release/deps/enum_rotate-50aeae788481bc22)
[INFO] [stdout] 
[INFO] [stdout] running 0 tests
[INFO] [stdout] 
[INFO] [stdout] test result: ok. 0 passed; 0 failed; 0 ignored; 0 measured; 0 filtered out; finished in 0.00s
[INFO] [stdout] 
[INFO] [stderr]      Running tests/derived_impl.rs (/opt/rustwide/target/release/deps/derived_impl-a32080d54e4a879f)
[INFO] [stdout] 
[INFO] [stdout] running 7 tests
[INFO] [stdout] test test_iter ... ok
[INFO] [stdout] test test_prev_next_B_C ... ok
[INFO] [stdout] test test_iter_from_B ... ok
[INFO] [stdout] test test_iter_from_C ... ok
[INFO] [stdout] test test_prev_next_C_A ... ok
[INFO] [stdout] test test_iter_from_A ... ok
[INFO] [stdout] test test_prev_next_A_B ... ok
[INFO] [stdout] 
[INFO] [stdout] test result: ok. 7 passed; 0 failed; 0 ignored; 0 measured; 0 filtered out; finished in 0.00s
[INFO] [stdout] 
[INFO] [stderr]      Running tests/derived_impl_custom_order.rs (/opt/rustwide/target/release/deps/derived_impl_custom_order-d84148c4f2613983)
[INFO] [stdout] 
[INFO] [stdout] running 7 tests
[INFO] [stdout] test test_iter_from_B ... ok
[INFO] [stdout] test test_iter_from_A ... ok
[INFO] [stdout] test test_iter_from_C ... ok
[INFO] [stdout] test test_prev_next_B_A ... ok
[INFO] [stdout] test test_prev_next_C_B ... ok
[INFO] [stdout] test test_prev_next_A_C ... ok
[INFO] [stdout] test test_iter ... ok
[INFO] [stdout] 
[INFO] [stdout] test result: ok. 7 passed; 0 failed; 0 ignored; 0 measured; 0 filtered out; finished in 0.00s
[INFO] [stdout] 
[INFO] [stderr]      Running tests/test_compilation.rs (/opt/rustwide/target/release/deps/test_compilation-dc6ce53bce850dac)
[INFO] [stdout] 
[INFO] [stdout] running 3 tests
[INFO] [stderr]    Compiling proc-macro2 v1.0.107
[INFO] [stderr]    Compiling version_check v0.9.5
[INFO] [stderr]    Compiling unicode-ident v1.0.27
[INFO] [stderr]    Compiling quote v1.0.47
[INFO] [stderr]    Compiling syn v1.0.109
[INFO] [stderr]    Compiling paste v1.0.15
[INFO] [stderr]    Compiling proc-macro-error-attr v1.0.4
[INFO] [stderr]    Compiling proc-macro-error v1.0.4
[INFO] [stderr]    Compiling syn v2.0.119
[INFO] [stderr]    Compiling derive-enum-rotate v0.1.1
[INFO] [stderr]     Checking enum-rotate v0.1.1 (/opt/rustwide/workdir)
[INFO] [stderr]     Checking enum-rotate-tests v0.0.0 (/opt/rustwide/target/tests/trybuild/enum-rotate)
[INFO] [stderr]     Finished `dev` profile [unoptimized + debuginfo] target(s) in 5.73s
[INFO] [stderr] 
[INFO] [stderr] 
[INFO] [stderr] test tests/compilation_failure_tests/non_enum/struct_empty.rs ... ok
[INFO] [stderr] test tests/compilation_failure_tests/non_enum/struct_nonempty.rs ... ok
[INFO] [stderr] test tests/compilation_failure_tests/non_enum/tuple_struct_empty.rs ... ok
[INFO] [stderr] test tests/compilation_failure_tests/non_enum/tuple_struct_nonempty.rs ... ok
[INFO] [stderr] test tests/compilation_failure_tests/non_enum/union_empty.rs ... ok
[INFO] [stderr] test tests/compilation_failure_tests/non_enum/union_nonempty.rs ... ok
[INFO] [stderr] test tests/compilation_failure_tests/non_enum/unit_struct.rs ... ok
[INFO] [stderr] 
[INFO] [stderr] 
[INFO] [stdout] test test_compilation_failure_non_enums ... ok
[INFO] [stderr]     Checking enum-rotate-tests v0.0.0 (/opt/rustwide/target/tests/trybuild/enum-rotate)
[INFO] [stderr]     Finished `dev` profile [unoptimized + debuginfo] target(s) in 0.11s
[INFO] [stderr] 
[INFO] [stderr] 
[INFO] [stdout] test test_compilation_failure_iteration_order ... FAILED
[INFO] [stderr] test tests/compilation_failure_tests/iteration_order/duplicate_different.rs ... ok
[INFO] [stderr] test tests/compilation_failure_tests/iteration_order/duplicate_same.rs ... ok
[INFO] [stderr] test tests/compilation_failure_tests/iteration_order/invalid_variant.rs ... mismatch
[INFO] [stderr] 
[INFO] [stderr] EXPECTED:
[INFO] [stderr] ┈┈┈┈┈┈┈┈┈┈┈┈┈┈┈┈┈┈┈┈┈┈┈┈┈┈┈┈┈┈┈┈┈┈┈┈┈┈┈┈┈┈┈┈┈┈┈┈┈┈┈┈┈┈┈┈┈┈┈┈
[INFO] [stderr] error: Invalid variant for enum `Enum`: D
[INFO] [stderr]  --> tests/compilation_failure_tests/iteration_order/invalid_variant.rs:4:18
[INFO] [stderr]   |
[INFO] [stderr] 4 | #[iteration_order(A, B, D)]
[INFO] [stderr]   |                  ^^^^^^^^^
[INFO] [stderr]   |
[INFO] [stderr]   = note: The iteration order can only contain variants of `Enum`
[INFO] [stderr] 
[INFO] [stderr] error[E0601]: `main` function not found in crate `$CRATE`
[INFO] [stderr]  --> tests/compilation_failure_tests/iteration_order/invalid_variant.rs:7:2
[INFO] [stderr]   |
[INFO] [stderr] 7 | }
[INFO] [stderr]   |  ^ consider adding a `main` function to `$DIR/tests/compilation_failure_tests/iteration_order/invalid_variant.rs`
[INFO] [stderr] ┈┈┈┈┈┈┈┈┈┈┈┈┈┈┈┈┈┈┈┈┈┈┈┈┈┈┈┈┈┈┈┈┈┈┈┈┈┈┈┈┈┈┈┈┈┈┈┈┈┈┈┈┈┈┈┈┈┈┈┈
[INFO] [stderr] 
[INFO] [stderr] ACTUAL OUTPUT:
[INFO] [stderr] ┈┈┈┈┈┈┈┈┈┈┈┈┈┈┈┈┈┈┈┈┈┈┈┈┈┈┈┈┈┈┈┈┈┈┈┈┈┈┈┈┈┈┈┈┈┈┈┈┈┈┈┈┈┈┈┈┈┈┈┈
[INFO] [stderr] error: Invalid variant for enum `Enum`: D
[INFO] [stderr] 
[INFO] [stderr]          = note: The iteration order can only contain variants of `Enum`
[INFO] [stderr] 
[INFO] [stderr]  --> tests/compilation_failure_tests/iteration_order/invalid_variant.rs:4:18
[INFO] [stderr]   |
[INFO] [stderr] 4 | #[iteration_order(A, B, D)]
[INFO] [stderr]   |                  ^^^^^^^^^
[INFO] [stderr] 
[INFO] [stderr] error[E0601]: `main` function not found in crate `$CRATE`
[INFO] [stderr]  --> tests/compilation_failure_tests/iteration_order/invalid_variant.rs:7:2
[INFO] [stderr]   |
[INFO] [stderr] 7 | }
[INFO] [stderr]   |  ^ consider adding a `main` function to `$DIR/tests/compilation_failure_tests/iteration_order/invalid_variant.rs`
[INFO] [stderr] ┈┈┈┈┈┈┈┈┈┈┈┈┈┈┈┈┈┈┈┈┈┈┈┈┈┈┈┈┈┈┈┈┈┈┈┈┈┈┈┈┈┈┈┈┈┈┈┈┈┈┈┈┈┈┈┈┈┈┈┈
[INFO] [stderr] note: If the actual output is the correct output you can bless it by rerunning
[INFO] [stderr]       your test with the environment variable TRYBUILD=overwrite
[INFO] [stderr] 
[INFO] [stderr] test tests/compilation_failure_tests/iteration_order/malformed_no_parens.rs ... ok
[INFO] [stderr] test tests/compilation_failure_tests/iteration_order/malformed_non_ident_dash.rs ... ok
[INFO] [stderr] test tests/compilation_failure_tests/iteration_order/malformed_non_ident_dash_second.rs ... ok
[INFO] [stderr] test tests/compilation_failure_tests/iteration_order/malformed_non_ident_underscore.rs ... ok
[INFO] [stderr] test tests/compilation_failure_tests/iteration_order/malformed_non_ident_underscore_second.rs ... ok
[INFO] [stderr] test tests/compilation_failure_tests/iteration_order/repeated_variant.rs ... mismatch
[INFO] [stderr] 
[INFO] [stderr] EXPECTED:
[INFO] [stderr] ┈┈┈┈┈┈┈┈┈┈┈┈┈┈┈┈┈┈┈┈┈┈┈┈┈┈┈┈┈┈┈┈┈┈┈┈┈┈┈┈┈┈┈┈┈┈┈┈┈┈┈┈┈┈┈┈┈┈┈┈
[INFO] [stderr] error: Variant C not covered
[INFO] [stderr]  --> tests/compilation_failure_tests/iteration_order/repeated_variant.rs:4:18
[INFO] [stderr]   |
[INFO] [stderr] 4 | #[iteration_order(A, B, A)]
[INFO] [stderr]   |                  ^^^^^^^^^
[INFO] [stderr]   |
[INFO] [stderr]   = note: Each variant of `Enum` should appear exactly once in the iteration order
[INFO] [stderr] 
[INFO] [stderr] error[E0601]: `main` function not found in crate `$CRATE`
[INFO] [stderr]  --> tests/compilation_failure_tests/iteration_order/repeated_variant.rs:7:2
[INFO] [stderr]   |
[INFO] [stderr] 7 | }
[INFO] [stderr]   |  ^ consider adding a `main` function to `$DIR/tests/compilation_failure_tests/iteration_order/repeated_variant.rs`
[INFO] [stderr] ┈┈┈┈┈┈┈┈┈┈┈┈┈┈┈┈┈┈┈┈┈┈┈┈┈┈┈┈┈┈┈┈┈┈┈┈┈┈┈┈┈┈┈┈┈┈┈┈┈┈┈┈┈┈┈┈┈┈┈┈
[INFO] [stderr] 
[INFO] [stderr] ACTUAL OUTPUT:
[INFO] [stderr] ┈┈┈┈┈┈┈┈┈┈┈┈┈┈┈┈┈┈┈┈┈┈┈┈┈┈┈┈┈┈┈┈┈┈┈┈┈┈┈┈┈┈┈┈┈┈┈┈┈┈┈┈┈┈┈┈┈┈┈┈
[INFO] [stderr] error: Variant C not covered
[INFO] [stderr] 
[INFO] [stderr]          = note: Each variant of `Enum` should appear exactly once in the iteration order
[INFO] [stderr] 
[INFO] [stderr]  --> tests/compilation_failure_tests/iteration_order/repeated_variant.rs:4:18
[INFO] [stderr]   |
[INFO] [stderr] 4 | #[iteration_order(A, B, A)]
[INFO] [stderr]   |                  ^^^^^^^^^
[INFO] [stderr] 
[INFO] [stderr] error[E0601]: `main` function not found in crate `$CRATE`
[INFO] [stderr]  --> tests/compilation_failure_tests/iteration_order/repeated_variant.rs:7:2
[INFO] [stderr]   |
[INFO] [stderr] 7 | }
[INFO] [stderr]   |  ^ consider adding a `main` function to `$DIR/tests/compilation_failure_tests/iteration_order/repeated_variant.rs`
[INFO] [stderr] ┈┈┈┈┈┈┈┈┈┈┈┈┈┈┈┈┈┈┈┈┈┈┈┈┈┈┈┈┈┈┈┈┈┈┈┈┈┈┈┈┈┈┈┈┈┈┈┈┈┈┈┈┈┈┈┈┈┈┈┈
[INFO] [stderr] note: If the actual output is the correct output you can bless it by rerunning
[INFO] [stderr]       your test with the environment variable TRYBUILD=overwrite
[INFO] [stderr] 
[INFO] [stderr] test tests/compilation_failure_tests/iteration_order/wrong_length_empty.rs ... mismatch
[INFO] [stderr] 
[INFO] [stderr] EXPECTED:
[INFO] [stderr] ┈┈┈┈┈┈┈┈┈┈┈┈┈┈┈┈┈┈┈┈┈┈┈┈┈┈┈┈┈┈┈┈┈┈┈┈┈┈┈┈┈┈┈┈┈┈┈┈┈┈┈┈┈┈┈┈┈┈┈┈
[INFO] [stderr] error: Expected 3 items in the iteration order but got 0
[INFO] [stderr]  --> tests/compilation_failure_tests/iteration_order/wrong_length_empty.rs:4:18
[INFO] [stderr]   |
[INFO] [stderr] 4 | #[iteration_order()]
[INFO] [stderr]   |                  ^^
[INFO] [stderr]   |
[INFO] [stderr]   = note: Enum `Enum` has 3 variants
[INFO] [stderr]   = note: Each variant should appear exactly once in the iteration order
[INFO] [stderr] 
[INFO] [stderr] error[E0601]: `main` function not found in crate `$CRATE`
[INFO] [stderr]  --> tests/compilation_failure_tests/iteration_order/wrong_length_empty.rs:7:2
[INFO] [stderr]   |
[INFO] [stderr] 7 | }
[INFO] [stderr]   |  ^ consider adding a `main` function to `$DIR/tests/compilation_failure_tests/iteration_order/wrong_length_empty.rs`
[INFO] [stderr] ┈┈┈┈┈┈┈┈┈┈┈┈┈┈┈┈┈┈┈┈┈┈┈┈┈┈┈┈┈┈┈┈┈┈┈┈┈┈┈┈┈┈┈┈┈┈┈┈┈┈┈┈┈┈┈┈┈┈┈┈
[INFO] [stderr] 
[INFO] [stderr] ACTUAL OUTPUT:
[INFO] [stderr] ┈┈┈┈┈┈┈┈┈┈┈┈┈┈┈┈┈┈┈┈┈┈┈┈┈┈┈┈┈┈┈┈┈┈┈┈┈┈┈┈┈┈┈┈┈┈┈┈┈┈┈┈┈┈┈┈┈┈┈┈
[INFO] [stderr] error: Expected 3 items in the iteration order but got 0
[INFO] [stderr] 
[INFO] [stderr]          = note: Enum `Enum` has 3 variants
[INFO] [stderr]          = note: Each variant should appear exactly once in the iteration order
[INFO] [stderr] 
[INFO] [stderr]  --> tests/compilation_failure_tests/iteration_order/wrong_length_empty.rs:4:18
[INFO] [stderr]   |
[INFO] [stderr] 4 | #[iteration_order()]
[INFO] [stderr]   |                  ^^
[INFO] [stderr] 
[INFO] [stderr] error[E0601]: `main` function not found in crate `$CRATE`
[INFO] [stderr]  --> tests/compilation_failure_tests/iteration_order/wrong_length_empty.rs:7:2
[INFO] [stderr]   |
[INFO] [stderr] 7 | }
[INFO] [stderr]   |  ^ consider adding a `main` function to `$DIR/tests/compilation_failure_tests/iteration_order/wrong_length_empty.rs`
[INFO] [stderr] ┈┈┈┈┈┈┈┈┈┈┈┈┈┈┈┈┈┈┈┈┈┈┈┈┈┈┈┈┈┈┈┈┈┈┈┈┈┈┈┈┈┈┈┈┈┈┈┈┈┈┈┈┈┈┈┈┈┈┈┈
[INFO] [stderr] note: If the actual output is the correct output you can bless it by rerunning
[INFO] [stderr]       your test with the environment variable TRYBUILD=overwrite
[INFO] [stderr] 
[INFO] [stderr] test tests/compilation_failure_tests/iteration_order/wrong_length_long.rs ... mismatch
[INFO] [stderr] 
[INFO] [stderr] EXPECTED:
[INFO] [stderr] ┈┈┈┈┈┈┈┈┈┈┈┈┈┈┈┈┈┈┈┈┈┈┈┈┈┈┈┈┈┈┈┈┈┈┈┈┈┈┈┈┈┈┈┈┈┈┈┈┈┈┈┈┈┈┈┈┈┈┈┈
[INFO] [stderr] error: Expected 3 items in the iteration order but got 4
[INFO] [stderr]  --> tests/compilation_failure_tests/iteration_order/wrong_length_long.rs:4:18
[INFO] [stderr]   |
[INFO] [stderr] 4 | #[iteration_order(A, B, C, A)]
[INFO] [stderr]   |                  ^^^^^^^^^^^^
[INFO] [stderr]   |
[INFO] [stderr]   = note: Enum `Enum` has 3 variants
[INFO] [stderr]   = note: Each variant should appear exactly once in the iteration order
[INFO] [stderr] 
[INFO] [stderr] error[E0601]: `main` function not found in crate `$CRATE`
[INFO] [stderr]  --> tests/compilation_failure_tests/iteration_order/wrong_length_long.rs:7:2
[INFO] [stderr]   |
[INFO] [stderr] 7 | }
[INFO] [stderr]   |  ^ consider adding a `main` function to `$DIR/tests/compilation_failure_tests/iteration_order/wrong_length_long.rs`
[INFO] [stderr] ┈┈┈┈┈┈┈┈┈┈┈┈┈┈┈┈┈┈┈┈┈┈┈┈┈┈┈┈┈┈┈┈┈┈┈┈┈┈┈┈┈┈┈┈┈┈┈┈┈┈┈┈┈┈┈┈┈┈┈┈
[INFO] [stderr] 
[INFO] [stderr] ACTUAL OUTPUT:
[INFO] [stderr] ┈┈┈┈┈┈┈┈┈┈┈┈┈┈┈┈┈┈┈┈┈┈┈┈┈┈┈┈┈┈┈┈┈┈┈┈┈┈┈┈┈┈┈┈┈┈┈┈┈┈┈┈┈┈┈┈┈┈┈┈
[INFO] [stderr] error: Expected 3 items in the iteration order but got 4
[INFO] [stderr] 
[INFO] [stderr]          = note: Enum `Enum` has 3 variants
[INFO] [stderr]          = note: Each variant should appear exactly once in the iteration order
[INFO] [stderr] 
[INFO] [stderr]  --> tests/compilation_failure_tests/iteration_order/wrong_length_long.rs:4:18
[INFO] [stderr]   |
[INFO] [stderr] 4 | #[iteration_order(A, B, C, A)]
[INFO] [stderr]   |                  ^^^^^^^^^^^^
[INFO] [stderr] 
[INFO] [stderr] error[E0601]: `main` function not found in crate `$CRATE`
[INFO] [stderr]  --> tests/compilation_failure_tests/iteration_order/wrong_length_long.rs:7:2
[INFO] [stderr]   |
[INFO] [stderr] 7 | }
[INFO] [stderr]   |  ^ consider adding a `main` function to `$DIR/tests/compilation_failure_tests/iteration_order/wrong_length_long.rs`
[INFO] [stderr] ┈┈┈┈┈┈┈┈┈┈┈┈┈┈┈┈┈┈┈┈┈┈┈┈┈┈┈┈┈┈┈┈┈┈┈┈┈┈┈┈┈┈┈┈┈┈┈┈┈┈┈┈┈┈┈┈┈┈┈┈
[INFO] [stderr] note: If the actual output is the correct output you can bless it by rerunning
[INFO] [stderr]       your test with the environment variable TRYBUILD=overwrite
[INFO] [stderr] 
[INFO] [stderr] test tests/compilation_failure_tests/iteration_order/wrong_length_short.rs ... mismatch
[INFO] [stderr] 
[INFO] [stderr] EXPECTED:
[INFO] [stderr] ┈┈┈┈┈┈┈┈┈┈┈┈┈┈┈┈┈┈┈┈┈┈┈┈┈┈┈┈┈┈┈┈┈┈┈┈┈┈┈┈┈┈┈┈┈┈┈┈┈┈┈┈┈┈┈┈┈┈┈┈
[INFO] [stderr] error: Expected 3 items in the iteration order but got 2
[INFO] [stderr]  --> tests/compilation_failure_tests/iteration_order/wrong_length_short.rs:4:18
[INFO] [stderr]   |
[INFO] [stderr] 4 | #[iteration_order(A, B)]
[INFO] [stderr]   |                  ^^^^^^
[INFO] [stderr]   |
[INFO] [stderr]   = note: Enum `Enum` has 3 variants
[INFO] [stderr]   = note: Each variant should appear exactly once in the iteration order
[INFO] [stderr] 
[INFO] [stderr] error[E0601]: `main` function not found in crate `$CRATE`
[INFO] [stderr]  --> tests/compilation_failure_tests/iteration_order/wrong_length_short.rs:7:2
[INFO] [stderr]   |
[INFO] [stderr] 7 | }
[INFO] [stderr]   |  ^ consider adding a `main` function to `$DIR/tests/compilation_failure_tests/iteration_order/wrong_length_short.rs`
[INFO] [stderr] ┈┈┈┈┈┈┈┈┈┈┈┈┈┈┈┈┈┈┈┈┈┈┈┈┈┈┈┈┈┈┈┈┈┈┈┈┈┈┈┈┈┈┈┈┈┈┈┈┈┈┈┈┈┈┈┈┈┈┈┈
[INFO] [stderr] 
[INFO] [stderr] ACTUAL OUTPUT:
[INFO] [stderr] ┈┈┈┈┈┈┈┈┈┈┈┈┈┈┈┈┈┈┈┈┈┈┈┈┈┈┈┈┈┈┈┈┈┈┈┈┈┈┈┈┈┈┈┈┈┈┈┈┈┈┈┈┈┈┈┈┈┈┈┈
[INFO] [stderr] error: Expected 3 items in the iteration order but got 2
[INFO] [stderr] 
[INFO] [stderr]          = note: Enum `Enum` has 3 variants
[INFO] [stderr]          = note: Each variant should appear exactly once in the iteration order
[INFO] [stderr] 
[INFO] [stderr]  --> tests/compilation_failure_tests/iteration_order/wrong_length_short.rs:4:18
[INFO] [stderr]   |
[INFO] [stderr] 4 | #[iteration_order(A, B)]
[INFO] [stderr]   |                  ^^^^^^
[INFO] [stderr] 
[INFO] [stderr] error[E0601]: `main` function not found in crate `$CRATE`
[INFO] [stderr]  --> tests/compilation_failure_tests/iteration_order/wrong_length_short.rs:7:2
[INFO] [stderr]   |
[INFO] [stderr] 7 | }
[INFO] [stderr]   |  ^ consider adding a `main` function to `$DIR/tests/compilation_failure_tests/iteration_order/wrong_length_short.rs`
[INFO] [stderr] ┈┈┈┈┈┈┈┈┈┈┈┈┈┈┈┈┈┈┈┈┈┈┈┈┈┈┈┈┈┈┈┈┈┈┈┈┈┈┈┈┈┈┈┈┈┈┈┈┈┈┈┈┈┈┈┈┈┈┈┈
[INFO] [stderr] note: If the actual output is the correct output you can bless it by rerunning
[INFO] [stderr]       your test with the environment variable TRYBUILD=overwrite
[INFO] [stderr] 
[INFO] [stderr] 
[INFO] [stderr] 
[INFO] [stderr]     Checking enum-rotate-tests v0.0.0 (/opt/rustwide/target/tests/trybuild/enum-rotate)
[INFO] [stderr]     Finished `dev` profile [unoptimized + debuginfo] target(s) in 0.08s
[INFO] [stderr] 
[INFO] [stderr] 
[INFO] [stdout] test test_compilation_failure_non_unit_variants ... ok
[INFO] [stderr] test tests/compilation_failure_tests/non_unit_variant/variant_struct_empty.rs ... ok
[INFO] [stdout] 
[INFO] [stderr] test tests/compilation_failure_tests/non_unit_variant/variant_struct_empty_second.rs ... ok
[INFO] [stdout] failures:
[INFO] [stderr] test tests/compilation_failure_tests/non_unit_variant/variant_struct_nonempty.rs ... ok
[INFO] [stdout] 
[INFO] [stderr] test tests/compilation_failure_tests/non_unit_variant/variant_struct_nonempty_second.rs ... ok
[INFO] [stdout] ---- test_compilation_failure_iteration_order stdout ----
[INFO] [stderr] test tests/compilation_failure_tests/non_unit_variant/variant_tuple_empty.rs ... ok
[INFO] [stdout] 
[INFO] [stderr] test tests/compilation_failure_tests/non_unit_variant/variant_tuple_empty_second.rs ... ok
[INFO] [stdout] thread 'test_compilation_failure_iteration_order' (836) panicked at /opt/rustwide/cargo-home/registry/src/index.crates.io-1949cf8c6b5b557f/trybuild-1.0.122/src/run.rs:103:13:
[INFO] [stderr] test tests/compilation_failure_tests/non_unit_variant/variant_tuple_nonempty.rs ... ok
[INFO] [stdout] 5 of 12 tests failed
[INFO] [stderr] test tests/compilation_failure_tests/non_unit_variant/variant_tuple_nonempty_second.rs ... ok
[INFO] [stdout] stack backtrace:
[INFO] [stderr] 
[INFO] [stdout]    0:     0x5a6de5b90141 - <<std[70759c8f55707aa4]::sys::backtrace::BacktraceLock>::print::DisplayBacktrace as core[df12db4294e9bfd3]::fmt::Display>::fmt
[INFO] [stderr] 
[INFO] [stdout]    1:     0x5a6de5ba67ca - core[df12db4294e9bfd3]::fmt::write
[INFO] [stdout]    2:     0x5a6de5b94c0c - <alloc[2182bb758b4b3781]::vec::Vec<u8> as core[df12db4294e9bfd3]::io::write::Write>::write_fmt
[INFO] [stdout]    3:     0x5a6de5b69626 - std[70759c8f55707aa4]::panicking::default_hook::{closure#0}
[INFO] [stdout]    4:     0x5a6de5b877b9 - std[70759c8f55707aa4]::panicking::default_hook
[INFO] [stdout]    5:     0x5a6de5b20a90 - test[9d35eded1c95d3be]::test_main_inner::<test[9d35eded1c95d3be]::test_main_static::{closure#0}>::{closure#0}
[INFO] [stdout]    6:     0x5a6de5b87972 - std[70759c8f55707aa4]::panicking::panic_with_hook
[INFO] [stdout]    7:     0x5a6de5b696d2 - std[70759c8f55707aa4]::panicking::panic_handler::{closure#0}
[INFO] [stdout]    8:     0x5a6de5b61f99 - std[70759c8f55707aa4]::sys::backtrace::__rust_end_short_backtrace::<std[70759c8f55707aa4]::panicking::panic_handler::{closure#0}, !>
[INFO] [stdout]    9:     0x5a6de5b6a2cd - __rustc[8fa7c3cbc660c2b3]::rust_begin_unwind
[INFO] [stdout]   10:     0x5a6de5ba6f3c - core[df12db4294e9bfd3]::panicking::panic_fmt
[INFO] [stdout]   11:     0x5a6de5a741bb - <trybuild[6c188aa1e2891758]::Runner>::run
[INFO] [stdout]   12:     0x5a6de5a775b0 - <trybuild[6c188aa1e2891758]::TestCases as core[df12db4294e9bfd3]::ops::drop::Drop>::drop
[INFO] [stdout]   13:     0x5a6de5a6e176 - <test_compilation[4efe58e9c96cf3df]::test_compilation_failure_iteration_order::{closure#0} as core[df12db4294e9bfd3]::ops::function::FnOnce<()>>::call_once
[INFO] [stdout]   14:     0x5a6de5b13d7b - test[9d35eded1c95d3be]::__rust_begin_short_backtrace::<core[df12db4294e9bfd3]::result::Result<(), alloc[2182bb758b4b3781]::string::String>, fn() -> core[df12db4294e9bfd3]::result::Result<(), alloc[2182bb758b4b3781]::string::String>>
[INFO] [stdout]   15:     0x5a6de5b213e5 - test[9d35eded1c95d3be]::run_test::{closure#0}
[INFO] [stdout]   16:     0x5a6de5b1aca4 - std[70759c8f55707aa4]::sys::backtrace::__rust_begin_short_backtrace::<test[9d35eded1c95d3be]::run_test::{closure#1}, ()>
[INFO] [stdout]   17:     0x5a6de5b24542 - <std[70759c8f55707aa4]::thread::lifecycle::spawn_unchecked<test[9d35eded1c95d3be]::run_test::{closure#1}, ()>::{closure#1} as core[df12db4294e9bfd3]::ops::function::FnOnce<()>>::call_once::{shim:vtable#0}
[INFO] [stdout]   18:     0x5a6de5b8f3f9 - <std[70759c8f55707aa4]::sys::thread::unix::Thread>::new::thread_start
[INFO] [stdout]   19:     0x7c1563b52dfa - <unknown>
[INFO] [stdout]   20:     0x7c1563be63d4 - clone
[INFO] [stdout]   21:                0x0 - <unknown>
[INFO] [stdout] 
[INFO] [stdout] 
[INFO] [stdout] failures:
[INFO] [stdout]     test_compilation_failure_iteration_order
[INFO] [stdout] 
[INFO] [stdout] test result: FAILED. 2 passed; 1 failed; 0 ignored; 0 measured; 0 filtered out; finished in 7.17s
[INFO] [stdout] 
[INFO] [stderr] error: test failed, to rerun pass `--test test_compilation`
[INFO] running `Command { std: "docker" "inspect" "326a6a987bcfed17487d89dabd347baad28b977ff0af21951511f72766c45080", kill_on_drop: false }`
[INFO] running `Command { std: "docker" "rm" "-f" "326a6a987bcfed17487d89dabd347baad28b977ff0af21951511f72766c45080", kill_on_drop: false }`
[INFO] [stdout] 326a6a987bcfed17487d89dabd347baad28b977ff0af21951511f72766c45080
