[INFO] fetching crate entelix-mcp 0.6.1...
[INFO] testing entelix-mcp-0.6.1 against 1.99.0-beta.8+cargoflags=--release for beta-release-1.100-2
[INFO] extracting crate entelix-mcp 0.6.1 into /workspace/builds/worker-7-tc1/source
[INFO] started tweaking crates.io crate entelix-mcp 0.6.1
[INFO] removed 0 missing tests
[INFO] finished tweaking crates.io crate entelix-mcp 0.6.1
[INFO] tweaked toml for crates.io crate entelix-mcp 0.6.1 written to /workspace/builds/worker-7-tc1/source/Cargo.toml
[INFO] validating manifest of crates.io crate entelix-mcp 0.6.1 on toolchain 1.99.0-beta.8
[INFO] running `Command { std: CARGO_HOME="/workspace/cargo-home" RUSTUP_HOME="/workspace/rustup-home" "/workspace/cargo-home/bin/cargo" "+1.99.0-beta.8" "metadata" "--manifest-path" "Cargo.toml" "--no-deps", kill_on_drop: false }`
[INFO] crate crates.io crate entelix-mcp 0.6.1 already has a lockfile, it will not be regenerated
[INFO] running `Command { std: CARGO_HOME="/workspace/cargo-home" RUSTUP_HOME="/workspace/rustup-home" "/workspace/cargo-home/bin/cargo" "+1.99.0-beta.8" "fetch" "--manifest-path" "Cargo.toml", kill_on_drop: false }`
[INFO] [stderr]     Updating crates.io index
[INFO] [stderr]  Downloading crates ...
[INFO] [stderr]   Downloaded wasm-bindgen-shared v0.2.121
[INFO] [stderr]   Downloaded wasm-bindgen-macro v0.2.121
[INFO] [stderr]   Downloaded wasm-bindgen-macro-support v0.2.121
[INFO] [stderr]   Downloaded wasm-bindgen-futures v0.4.71
[INFO] [stderr]   Downloaded wasm-bindgen v0.2.121
[INFO] [stderr]   Downloaded borsh-derive v1.6.1
[INFO] [stderr]   Downloaded referencing v0.46.4
[INFO] [stderr]   Downloaded js-sys v0.3.98
[INFO] [stderr]   Downloaded rust_decimal v1.42.0
[INFO] [stderr]   Downloaded tower-http v0.6.10
[INFO] [stderr]   Downloaded jsonschema v0.46.4
[INFO] [stderr]   Downloaded entelix-core v0.6.1
[INFO] [stderr]   Downloaded web-sys v0.3.98
[INFO] running `Command { std: "docker" "create" "-v" "/var/lib/crater-agent-workspace/builds/worker-7-tc1/source:/opt/rustwide/workdir:ro,Z" "-v" "/var/lib/crater-agent-workspace/builds/worker-7-tc1/target:/opt/rustwide/target:rw,Z" "-v" "/var/lib/crater-agent-workspace/cargo-home:/opt/rustwide/cargo-home:ro,Z" "-v" "/var/lib/crater-agent-workspace/rustup-home:/opt/rustwide/rustup-home:ro,Z" "-m" "1610612736" "--network" "none" "ghcr.io/rust-lang/crates-build-env/linux@sha256:77db811e55d90add9212f6832c23229e3de5f1c1f9905e8cb07319ea15df73ac" "sleep" "infinity", kill_on_drop: false }`
[INFO] [stdout] 8e5e22837fe404bf37d3f9e9e58f36e1299ba6e590635833b842d9e877143161
[INFO] running `Command { std: "docker" "start" "8e5e22837fe404bf37d3f9e9e58f36e1299ba6e590635833b842d9e877143161", kill_on_drop: false }`
[INFO] running `Command { std: "docker" "inspect" "8e5e22837fe404bf37d3f9e9e58f36e1299ba6e590635833b842d9e877143161", kill_on_drop: false }`
[INFO] running `Command { std: "docker" "exec" "-e" "SOURCE_DIR=/opt/rustwide/workdir" "-e" "CARGO_HOME=/opt/rustwide/cargo-home" "-e" "RUSTUP_HOME=/opt/rustwide/rustup-home" "-e" "CARGO_TARGET_DIR=/opt/rustwide/target" "-w" "/opt/rustwide/workdir" "--user" "0:0" "8e5e22837fe404bf37d3f9e9e58f36e1299ba6e590635833b842d9e877143161" "/opt/rustwide/cargo-home/bin/cargo" "+1.99.0-beta.8" "metadata" "--no-deps" "--format-version=1", kill_on_drop: false }`
[INFO] running `Command { std: "docker" "inspect" "8e5e22837fe404bf37d3f9e9e58f36e1299ba6e590635833b842d9e877143161", kill_on_drop: false }`
[INFO] running `Command { std: "docker" "exec" "-e" "SOURCE_DIR=/opt/rustwide/workdir" "-e" "CARGO_HOME=/opt/rustwide/cargo-home" "-e" "RUSTUP_HOME=/opt/rustwide/rustup-home" "-e" "CARGO_TARGET_DIR=/opt/rustwide/target" "-e" "CARGO_INCREMENTAL=0" "-e" "RUST_BACKTRACE=full" "-e" "RUSTFLAGS=--cap-lints=warn" "-e" "RUSTDOCFLAGS=--cap-lints=warn" "-w" "/opt/rustwide/workdir" "--user" "0:0" "8e5e22837fe404bf37d3f9e9e58f36e1299ba6e590635833b842d9e877143161" "/opt/rustwide/cargo-home/bin/cargo" "+1.99.0-beta.8" "build" "--frozen" "--message-format=json" "--release", kill_on_drop: false }`
[INFO] [stderr]    Compiling num-traits v0.2.19
[INFO] [stderr]    Compiling writeable v0.6.3
[INFO] [stderr]    Compiling litemap v0.8.2
[INFO] [stderr]    Compiling icu_properties_data v2.2.0
[INFO] [stderr]    Compiling aws-lc-rs v1.16.3
[INFO] [stderr]    Compiling icu_normalizer_data v2.2.0
[INFO] [stderr]    Compiling http v1.4.0
[INFO] [stderr]    Compiling syn v2.0.117
[INFO] [stderr]    Compiling socket2 v0.6.3
[INFO] [stderr]    Compiling mio v1.2.0
[INFO] [stderr]    Compiling rustls-pki-types v1.14.1
[INFO] [stderr]    Compiling cc v1.2.62
[INFO] [stderr]    Compiling rustls v0.23.40
[INFO] [stderr]    Compiling hashbrown v0.17.0
[INFO] [stderr]    Compiling serde_json v1.0.149
[INFO] [stderr]    Compiling typenum v1.20.0
[INFO] [stderr]    Compiling zerocopy v0.8.48
[INFO] [stderr]    Compiling parking_lot_core v0.9.12
[INFO] [stderr]    Compiling ahash v0.8.12
[INFO] [stderr]    Compiling regex-syntax v0.8.10
[INFO] [stderr]    Compiling unicase v2.9.0
[INFO] [stderr]    Compiling rand_core v0.10.1
[INFO] [stderr]    Compiling getrandom v0.3.4
[INFO] [stderr]    Compiling form_urlencoded v1.2.2
[INFO] [stderr]    Compiling generic-array v0.14.7
[INFO] [stderr]    Compiling mime_guess v2.0.5
[INFO] [stderr]    Compiling socket2 v0.5.10
[INFO] [stderr]    Compiling sync_wrapper v1.0.2
[INFO] [stderr]    Compiling ipnet v2.12.0
[INFO] [stderr]    Compiling borrow-or-share v0.2.4
[INFO] [stderr]    Compiling unicode-general-category v1.1.0
[INFO] [stderr]    Compiling bit-vec v0.8.0
[INFO] [stderr]    Compiling foldhash v0.2.0
[INFO] [stderr]    Compiling indexmap v2.14.0
[INFO] [stderr]    Compiling bit-set v0.8.0
[INFO] [stderr]    Compiling hashbrown v0.16.1
[INFO] [stderr]    Compiling rustls-native-certs v0.8.3
[INFO] [stderr]    Compiling getrandom v0.4.2
[INFO] [stderr]    Compiling parking_lot v0.12.5
[INFO] [stderr]    Compiling outref v0.5.2
[INFO] [stderr]    Compiling micromap v0.3.0
[INFO] [stderr]    Compiling bitflags v2.11.1
[INFO] [stderr]    Compiling http-body v1.0.1
[INFO] [stderr]    Compiling cmake v0.1.58
[INFO] [stderr]    Compiling num-integer v0.1.46
[INFO] [stderr]    Compiling num-complex v0.4.6
[INFO] [stderr]    Compiling block-buffer v0.10.4
[INFO] [stderr]    Compiling crypto-common v0.1.7
[INFO] [stderr]    Compiling crossbeam-utils v0.8.21
[INFO] [stderr]    Compiling log v0.4.29
[INFO] [stderr]    Compiling rust_decimal v1.42.0
[INFO] [stderr]    Compiling vsimd v0.8.0
[INFO] [stderr]    Compiling num-bigint v0.4.6
[INFO] [stderr]    Compiling num-iter v0.1.45
[INFO] [stderr]    Compiling digest v0.10.7
[INFO] [stderr]    Compiling http-body-util v0.1.3
[INFO] [stderr]    Compiling chacha20 v0.10.0
[INFO] [stderr]    Compiling data-encoding v2.11.0
[INFO] [stderr]    Compiling num-cmp v0.1.0
[INFO] [stderr]    Compiling aws-lc-sys v0.40.0
[INFO] [stderr]    Compiling regex-automata v0.4.14
[INFO] [stderr]    Compiling uuid-simd v0.8.0
[INFO] [stderr]    Compiling arrayvec v0.7.6
[INFO] [stderr]    Compiling bytecount v0.6.9
[INFO] [stderr]    Compiling sha2 v0.10.9
[INFO] [stderr]    Compiling rand v0.10.1
[INFO] [stderr]    Compiling uuid v1.23.1
[INFO] [stderr]    Compiling hashbrown v0.14.5
[INFO] [stderr]    Compiling dashmap v6.1.0
[INFO] [stderr]    Compiling num-rational v0.4.2
[INFO] [stderr]    Compiling num v0.4.3
[INFO] [stderr]    Compiling fraction v0.15.4
[INFO] [stderr]    Compiling synstructure v0.13.2
[INFO] [stderr]    Compiling serde_derive_internals v0.29.1
[INFO] [stderr]    Compiling zerofrom-derive v0.1.7
[INFO] [stderr]    Compiling yoke-derive v0.8.2
[INFO] [stderr]    Compiling zerovec-derive v0.11.3
[INFO] [stderr]    Compiling displaydoc v0.2.5
[INFO] [stderr]    Compiling serde_derive v1.0.228
[INFO] [stderr]    Compiling tokio-macros v2.7.0
[INFO] [stderr]    Compiling futures-macro v0.3.32
[INFO] [stderr]    Compiling tracing-attributes v0.1.31
[INFO] [stderr]    Compiling ref-cast-impl v1.0.25
[INFO] [stderr]    Compiling tokio v1.52.3
[INFO] [stderr]    Compiling schemars_derive v1.2.1
[INFO] [stderr]    Compiling thiserror-impl v2.0.18
[INFO] [stderr]    Compiling ref-cast v1.0.25
[INFO] [stderr]    Compiling async-stream-impl v0.3.6
[INFO] [stderr]    Compiling futures-util v0.3.32
[INFO] [stderr]    Compiling async-trait v0.1.89
[INFO] [stderr]    Compiling async-stream v0.3.6
[INFO] [stderr]    Compiling zerofrom v0.1.7
[INFO] [stderr]    Compiling yoke v0.8.2
[INFO] [stderr]    Compiling tracing v0.1.44
[INFO] [stderr]    Compiling zerovec v0.11.6
[INFO] [stderr]    Compiling zerotrie v0.2.4
[INFO] [stderr]    Compiling thiserror v2.0.18
[INFO] [stderr]    Compiling tinystr v0.8.3
[INFO] [stderr]    Compiling icu_locale_core v2.2.0
[INFO] [stderr]    Compiling potential_utf v0.1.5
[INFO] [stderr]    Compiling icu_collections v2.2.0
[INFO] [stderr]    Compiling fancy-regex v0.18.0
[INFO] [stderr]    Compiling regex v1.12.3
[INFO] [stderr]    Compiling serde v1.0.228
[INFO] [stderr]    Compiling icu_provider v2.2.0
[INFO] [stderr]    Compiling fluent-uri v0.4.1
[INFO] [stderr]    Compiling email_address v0.2.9
[INFO] [stderr]    Compiling icu_properties v2.2.0
[INFO] [stderr]    Compiling icu_normalizer v2.2.0
[INFO] [stderr]    Compiling secrecy v0.10.3
[INFO] [stderr]    Compiling chrono v0.4.44
[INFO] [stderr]    Compiling schemars v1.2.1
[INFO] [stderr]    Compiling referencing v0.46.4
[INFO] [stderr]    Compiling futures-executor v0.3.32
[INFO] [stderr]    Compiling idna_adapter v1.2.2
[INFO] [stderr]    Compiling futures v0.3.32
[INFO] [stderr]    Compiling idna v1.1.0
[INFO] [stderr]    Compiling tokio-util v0.7.18
[INFO] [stderr]    Compiling url v2.5.8
[INFO] [stderr]    Compiling tower v0.5.3
[INFO] [stderr]    Compiling jsonschema v0.46.4
[INFO] [stderr]    Compiling h2 v0.4.14
[INFO] [stderr]    Compiling tower-http v0.6.10
[INFO] [stderr]    Compiling hyper v1.9.0
[INFO] [stderr]    Compiling hyper-util v0.1.20
[INFO] [stderr]    Compiling rustls-webpki v0.103.13
[INFO] [stderr]    Compiling tokio-rustls v0.26.4
[INFO] [stderr]    Compiling rustls-platform-verifier v0.7.0
[INFO] [stderr]    Compiling hyper-rustls v0.27.9
[INFO] [stderr]    Compiling reqwest v0.13.3
[INFO] [stderr]    Compiling entelix-core v0.6.1
[INFO] [stderr]    Compiling entelix-mcp v0.6.1 (/opt/rustwide/workdir)
[INFO] [stderr]     Finished `release` profile [optimized] target(s) in 3m 02s
[INFO] running `Command { std: "docker" "inspect" "8e5e22837fe404bf37d3f9e9e58f36e1299ba6e590635833b842d9e877143161", kill_on_drop: false }`
[INFO] running `Command { std: "docker" "exec" "-e" "SOURCE_DIR=/opt/rustwide/workdir" "-e" "CARGO_HOME=/opt/rustwide/cargo-home" "-e" "RUSTUP_HOME=/opt/rustwide/rustup-home" "-e" "CARGO_TARGET_DIR=/opt/rustwide/target" "-e" "CARGO_INCREMENTAL=0" "-e" "RUST_BACKTRACE=full" "-e" "RUSTFLAGS=--cap-lints=warn" "-e" "RUSTDOCFLAGS=--cap-lints=warn" "-w" "/opt/rustwide/workdir" "--user" "0:0" "8e5e22837fe404bf37d3f9e9e58f36e1299ba6e590635833b842d9e877143161" "/opt/rustwide/cargo-home/bin/cargo" "+1.99.0-beta.8" "test" "--frozen" "--no-run" "--message-format=json" "--release", kill_on_drop: false }`
[INFO] [stderr]    Compiling hyper v1.9.0
[INFO] [stderr]    Compiling num_cpus v1.17.0
[INFO] [stderr]    Compiling deadpool-runtime v0.1.4
[INFO] [stderr]    Compiling assert-json-diff v2.0.2
[INFO] [stderr]    Compiling deadpool v0.12.3
[INFO] [stderr]    Compiling hyper-util v0.1.20
[INFO] [stderr]    Compiling hyper-rustls v0.27.9
[INFO] [stderr]    Compiling wiremock v0.6.5
[INFO] [stderr]    Compiling reqwest v0.13.3
[INFO] [stderr]    Compiling entelix-core v0.6.1
[INFO] [stderr]    Compiling entelix-mcp v0.6.1 (/opt/rustwide/workdir)
[INFO] [stderr]     Finished `release` profile [optimized] target(s) in 1m 24s
[INFO] running `Command { std: "docker" "inspect" "8e5e22837fe404bf37d3f9e9e58f36e1299ba6e590635833b842d9e877143161", kill_on_drop: false }`
[INFO] running `Command { std: "docker" "exec" "-e" "SOURCE_DIR=/opt/rustwide/workdir" "-e" "CARGO_HOME=/opt/rustwide/cargo-home" "-e" "RUSTUP_HOME=/opt/rustwide/rustup-home" "-e" "CARGO_TARGET_DIR=/opt/rustwide/target" "-e" "CARGO_INCREMENTAL=0" "-e" "RUST_BACKTRACE=full" "-e" "RUSTFLAGS=--cap-lints=warn" "-e" "RUSTDOCFLAGS=--cap-lints=warn" "-w" "/opt/rustwide/workdir" "--user" "0:0" "8e5e22837fe404bf37d3f9e9e58f36e1299ba6e590635833b842d9e877143161" "/opt/rustwide/cargo-home/bin/cargo" "+1.99.0-beta.8" "test" "--frozen" "--release", kill_on_drop: false }`
[INFO] [stderr]     Finished `release` profile [optimized] target(s) in 0.28s
[INFO] [stderr]      Running unittests src/lib.rs (/opt/rustwide/target/release/deps/entelix_mcp-2e2c85127915ef5b)
[INFO] [stdout] 
[INFO] [stdout] running 43 tests
[INFO] [stdout] test elicitation::tests::cancel_serializes_action_only ... ok
[INFO] [stdout] test elicitation::tests::decline_serializes_action_only ... ok
[INFO] [stdout] test manager::tests::fsm_advances_to_ready_after_initialize ... ok
[INFO] [stdout] test elicitation::tests::static_accept_returns_supplied_content ... ok
[INFO] [stdout] test fsm::tests::rewind_panics_in_debug - should panic ... FAILED
[INFO] [stdout] test manager::tests::builder_rejects_duplicate_server_names ... ok
[INFO] [stdout] test elicitation::tests::accept_serializes_with_content ... ok
[INFO] [stdout] test manager::tests::call_tool_routes_arguments_to_named_server ... ok
[INFO] [stdout] test manager::tests::f9_two_tenants_get_independent_clients ... ok
[INFO] [stdout] test elicitation::tests::request_deserializes_from_wire_shape ... ok
[INFO] [stdout] test elicitation::tests::static_decline_returns_decline ... ok
[INFO] [stdout] test fsm::tests::forward_transitions_succeed ... ok
[INFO] [stdout] test fsm::tests::failed_is_terminal_high_rank ... FAILED
[INFO] [stdout] test fsm::tests::idempotent_self_transition_is_allowed ... ok
[INFO] [stdout] test manager::tests::lazy_no_clients_until_first_use ... ok
[INFO] [stdout] test roots::tests::static_provider_returns_configured_roots ... ok
[INFO] [stdout] test sampling::tests::request_deserializes_from_wire_shape_with_optional_fields ... ok
[INFO] [stdout] test manager::tests::unknown_server_returns_tenant_scoped_error ... ok
[INFO] [stdout] test manager::tests::prune_idle_keeps_recently_used_clients ... ok
[INFO] [stdout] test server_config::tests::http_rejects_colon_in_name ... ok
[INFO] [stdout] test sampling::tests::image_content_serializes_with_mime_type ... ok
[INFO] [stdout] test sampling::tests::response_serializes_with_stop_reason_camel_case ... ok
[INFO] [stdout] test sampling::tests::text_content_serializes_with_type_tag ... ok
[INFO] [stdout] test server_config::tests::http_rejects_empty_name ... ok
[INFO] [stdout] test server_config::tests::http_rejects_whitespace_and_path_separators ... ok
[INFO] [stdout] test sse::tests::double_newline_picks_earliest ... ok
[INFO] [stdout] test sse::tests::double_newline_crlf ... ok
[INFO] [stdout] test sse::tests::double_newline_lf_only ... ok
[INFO] [stdout] test roots::tests::root_serializes_without_optional_name ... ok
[INFO] [stdout] test sampling::tests::request_deserializes_minimal_messages_only ... ok
[INFO] [stdout] test sse::tests::parse_data_concatenates_multi_line_data ... ok
[INFO] [stdout] test sse::tests::parse_data_strips_optional_leading_space ... ok
[INFO] [stdout] test server_config::tests::http_accepts_alphanumeric_and_dashes ... ok
[INFO] [stdout] test server_config::tests::http_rejects_backslash ... ok
[INFO] [stdout] test sse::tests::parse_data_returns_none_for_frame_without_data_line ... ok
[INFO] [stdout] test manager::tests::second_call_for_same_tenant_server_reuses_client ... ok
[INFO] [stdout] test roots::tests::root_serializes_with_name_when_set ... ok
[INFO] [stdout] test roots::tests::empty_static_provider_returns_empty_list ... ok
[INFO] [stdout] test sampling::tests::static_text_provider_returns_configured_response ... ok
[INFO] [stdout] test manager::tests::server_names_iterates_registered_configs ... ok
[INFO] [stdout] test client::tests::server_dispatch_dropped_when_concurrency_saturated ... ok
[INFO] [stdout] test client::tests::server_dispatch_returns_permit_after_completion ... ok
[INFO] [stdout] test manager::tests::prune_idle_evicts_stale_clients ... ok
[INFO] [stderr] error: test failed, to rerun pass `--lib`
[INFO] [stdout] 
[INFO] [stdout] failures:
[INFO] [stdout] 
[INFO] [stdout] ---- fsm::tests::rewind_panics_in_debug stdout ----
[INFO] [stdout] note: test did not panic as expected at src/fsm.rs:131:8
[INFO] [stdout] ---- fsm::tests::failed_is_terminal_high_rank stdout ----
[INFO] [stdout] 
[INFO] [stdout] thread 'fsm::tests::failed_is_terminal_high_rank' (4374) panicked at src/fsm.rs:144:9:
[INFO] [stdout] Ready after Failed must be rejected
[INFO] [stdout] stack backtrace:
[INFO] [stdout]    0:     0x62a1f2d81231 - <<std[70759c8f55707aa4]::sys::backtrace::BacktraceLock>::print::DisplayBacktrace as core[df12db4294e9bfd3]::fmt::Display>::fmt
[INFO] [stdout]    1:     0x62a1f2d97c9a - core[df12db4294e9bfd3]::fmt::write
[INFO] [stdout]    2:     0x62a1f2d8619c - <alloc[2182bb758b4b3781]::vec::Vec<u8> as core[df12db4294e9bfd3]::io::write::Write>::write_fmt
[INFO] [stdout]    3:     0x62a1f2d5be76 - std[70759c8f55707aa4]::panicking::default_hook::{closure#0}
[INFO] [stdout]    4:     0x62a1f2d78e99 - std[70759c8f55707aa4]::panicking::default_hook
[INFO] [stdout]    5:     0x62a1f29208f0 - test[9d35eded1c95d3be]::test_main_inner::<test[9d35eded1c95d3be]::test_main_static::{closure#0}>::{closure#0}
[INFO] [stdout]    6:     0x62a1f2d791c2 - std[70759c8f55707aa4]::panicking::panic_with_hook
[INFO] [stdout]    7:     0x62a1f2d5bf54 - std[70759c8f55707aa4]::panicking::panic_handler::{closure#0}
[INFO] [stdout]    8:     0x62a1f2d54b29 - std[70759c8f55707aa4]::sys::backtrace::__rust_end_short_backtrace::<std[70759c8f55707aa4]::panicking::panic_handler::{closure#0}, !>
[INFO] [stdout]    9:     0x62a1f2d5cd0d - __rustc[8fa7c3cbc660c2b3]::rust_begin_unwind
[INFO] [stdout]   10:     0x62a1f2d983fc - core[df12db4294e9bfd3]::panicking::panic_fmt
[INFO] [stdout]   11:     0x62a1f28d53e5 - entelix_mcp[4b16dd8837d00e38]::fsm::tests::failed_is_terminal_high_rank
[INFO] [stdout]   12:     0x62a1f28d581e - <entelix_mcp[4b16dd8837d00e38]::fsm::tests::failed_is_terminal_high_rank::{closure#0} as core[df12db4294e9bfd3]::ops::function::FnOnce<()>>::call_once
[INFO] [stdout]   13:     0x62a1f2913bdb - test[9d35eded1c95d3be]::__rust_begin_short_backtrace::<core[df12db4294e9bfd3]::result::Result<(), alloc[2182bb758b4b3781]::string::String>, fn() -> core[df12db4294e9bfd3]::result::Result<(), alloc[2182bb758b4b3781]::string::String>>
[INFO] [stdout]   14:     0x62a1f2921245 - test[9d35eded1c95d3be]::run_test::{closure#0}
[INFO] [stdout]   15:     0x62a1f291ab04 - std[70759c8f55707aa4]::sys::backtrace::__rust_begin_short_backtrace::<test[9d35eded1c95d3be]::run_test::{closure#1}, ()>
[INFO] [stdout]   16:     0x62a1f29243a2 - <std[70759c8f55707aa4]::thread::lifecycle::spawn_unchecked<test[9d35eded1c95d3be]::run_test::{closure#1}, ()>::{closure#1} as core[df12db4294e9bfd3]::ops::function::FnOnce<()>>::call_once::{shim:vtable#0}
[INFO] [stdout]   17:     0x62a1f2d80759 - <std[70759c8f55707aa4]::sys::thread::unix::Thread>::new::thread_start
[INFO] [stdout]   18:     0x716f48715dfa - <unknown>
[INFO] [stdout]   19:     0x716f487a93d4 - clone
[INFO] [stdout]   20:                0x0 - <unknown>
[INFO] [stdout] 
[INFO] [stdout] 
[INFO] [stdout] failures:
[INFO] [stdout]     fsm::tests::failed_is_terminal_high_rank
[INFO] [stdout]     fsm::tests::rewind_panics_in_debug
[INFO] [stdout] 
[INFO] [stdout] test result: FAILED. 41 passed; 2 failed; 0 ignored; 0 measured; 0 filtered out; finished in 1.10s
[INFO] [stdout] 
[INFO] running `Command { std: "docker" "inspect" "8e5e22837fe404bf37d3f9e9e58f36e1299ba6e590635833b842d9e877143161", kill_on_drop: false }`
[INFO] running `Command { std: "docker" "rm" "-f" "8e5e22837fe404bf37d3f9e9e58f36e1299ba6e590635833b842d9e877143161", kill_on_drop: false }`
[INFO] [stdout] 8e5e22837fe404bf37d3f9e9e58f36e1299ba6e590635833b842d9e877143161
