[INFO] fetching crate enprot-mcp 0.1.2...
[INFO] testing enprot-mcp-0.1.2 against 1.99.0-beta.8+cargoflags=--release for beta-release-1.100-2
[INFO] extracting crate enprot-mcp 0.1.2 into /workspace/builds/worker-7-tc1/source
[INFO] started tweaking crates.io crate enprot-mcp 0.1.2
[INFO] removed 0 missing tests
[INFO] finished tweaking crates.io crate enprot-mcp 0.1.2
[INFO] tweaked toml for crates.io crate enprot-mcp 0.1.2 written to /workspace/builds/worker-7-tc1/source/Cargo.toml
[INFO] validating manifest of crates.io crate enprot-mcp 0.1.2 on toolchain 1.99.0-beta.8
[INFO] running `Command { std: CARGO_HOME="/workspace/cargo-home" RUSTUP_HOME="/workspace/rustup-home" "/workspace/cargo-home/bin/cargo" "+1.99.0-beta.8" "metadata" "--manifest-path" "Cargo.toml" "--no-deps", kill_on_drop: false }`
[INFO] crate crates.io crate enprot-mcp 0.1.2 already has a lockfile, it will not be regenerated
[INFO] running `Command { std: CARGO_HOME="/workspace/cargo-home" RUSTUP_HOME="/workspace/rustup-home" "/workspace/cargo-home/bin/cargo" "+1.99.0-beta.8" "fetch" "--manifest-path" "Cargo.toml", kill_on_drop: false }`
[INFO] [stderr]  Downloading crates ...
[INFO] [stderr]   Downloaded rmcp-macros v3.1.4
[INFO] [stderr]   Downloaded uuid v1.25.0
[INFO] [stderr]   Downloaded rmcp v3.1.4
[INFO] running `Command { std: "docker" "create" "-v" "/var/lib/crater-agent-workspace/builds/worker-7-tc1/source:/opt/rustwide/workdir:ro,Z" "-v" "/var/lib/crater-agent-workspace/builds/worker-7-tc1/target:/opt/rustwide/target:rw,Z" "-v" "/var/lib/crater-agent-workspace/cargo-home:/opt/rustwide/cargo-home:ro,Z" "-v" "/var/lib/crater-agent-workspace/rustup-home:/opt/rustwide/rustup-home:ro,Z" "-m" "1610612736" "--network" "none" "ghcr.io/rust-lang/crates-build-env/linux@sha256:77db811e55d90add9212f6832c23229e3de5f1c1f9905e8cb07319ea15df73ac" "sleep" "infinity", kill_on_drop: false }`
[INFO] [stdout] faccf6596018c8c017ed4368f81cb5f7e605747b66f1652a46ab82cb991de784
[INFO] running `Command { std: "docker" "start" "faccf6596018c8c017ed4368f81cb5f7e605747b66f1652a46ab82cb991de784", kill_on_drop: false }`
[INFO] running `Command { std: "docker" "inspect" "faccf6596018c8c017ed4368f81cb5f7e605747b66f1652a46ab82cb991de784", kill_on_drop: false }`
[INFO] running `Command { std: "docker" "exec" "-e" "SOURCE_DIR=/opt/rustwide/workdir" "-e" "CARGO_HOME=/opt/rustwide/cargo-home" "-e" "RUSTUP_HOME=/opt/rustwide/rustup-home" "-e" "CARGO_TARGET_DIR=/opt/rustwide/target" "-w" "/opt/rustwide/workdir" "--user" "0:0" "faccf6596018c8c017ed4368f81cb5f7e605747b66f1652a46ab82cb991de784" "/opt/rustwide/cargo-home/bin/cargo" "+1.99.0-beta.8" "metadata" "--no-deps" "--format-version=1", kill_on_drop: false }`
[INFO] running `Command { std: "docker" "inspect" "faccf6596018c8c017ed4368f81cb5f7e605747b66f1652a46ab82cb991de784", kill_on_drop: false }`
[INFO] running `Command { std: "docker" "exec" "-e" "SOURCE_DIR=/opt/rustwide/workdir" "-e" "CARGO_HOME=/opt/rustwide/cargo-home" "-e" "RUSTUP_HOME=/opt/rustwide/rustup-home" "-e" "CARGO_TARGET_DIR=/opt/rustwide/target" "-e" "CARGO_INCREMENTAL=0" "-e" "RUST_BACKTRACE=full" "-e" "RUSTFLAGS=--cap-lints=warn" "-e" "RUSTDOCFLAGS=--cap-lints=warn" "-w" "/opt/rustwide/workdir" "--user" "0:0" "faccf6596018c8c017ed4368f81cb5f7e605747b66f1652a46ab82cb991de784" "/opt/rustwide/cargo-home/bin/cargo" "+1.99.0-beta.8" "build" "--frozen" "--message-format=json" "--release", kill_on_drop: false }`
[INFO] [stderr]    Compiling serde_core v1.0.229
[INFO] [stderr]    Compiling serde v1.0.229
[INFO] [stderr]    Compiling futures-channel v0.3.34
[INFO] [stderr]    Compiling zmij v1.0.23
[INFO] [stderr]    Compiling serde_json v1.0.151
[INFO] [stderr]    Compiling futures-task v0.3.34
[INFO] [stderr]    Compiling ref-cast v1.0.27
[INFO] [stderr]    Compiling futures-io v0.3.34
[INFO] [stderr]    Compiling syn v3.0.3
[INFO] [stderr]    Compiling errno v0.3.14
[INFO] [stderr]    Compiling mio v1.2.2
[INFO] [stderr]    Compiling syn v2.0.119
[INFO] [stderr]    Compiling memchr v2.8.3
[INFO] [stderr]    Compiling itoa v1.0.18
[INFO] [stderr]    Compiling rmcp v3.1.4
[INFO] [stderr]    Compiling uuid v1.25.0
[INFO] [stderr]    Compiling pastey v0.2.3
[INFO] [stderr]    Compiling signal-hook-registry v1.4.8
[INFO] [stderr]    Compiling toml_datetime v1.1.1+spec-1.1.0
[INFO] [stderr]    Compiling serde_spanned v1.1.1
[INFO] [stderr]    Compiling indexmap v2.14.0
[INFO] [stderr]    Compiling toml v1.1.4+spec-1.1.0
[INFO] [stderr]    Compiling tracing-attributes v0.1.31
[INFO] [stderr]    Compiling darling_core v0.24.1
[INFO] [stderr]    Compiling serde_derive_internals v0.30.0
[INFO] [stderr]    Compiling serde_derive v1.0.229
[INFO] [stderr]    Compiling futures-macro v0.3.34
[INFO] [stderr]    Compiling ref-cast-impl v1.0.27
[INFO] [stderr]    Compiling tokio-macros v2.7.2
[INFO] [stderr]    Compiling thiserror-impl v2.0.20
[INFO] [stderr]    Compiling schemars_derive v1.2.2
[INFO] [stderr]    Compiling tokio v1.53.1
[INFO] [stderr]    Compiling tracing v0.1.44
[INFO] [stderr]    Compiling futures-util v0.3.34
[INFO] [stderr]    Compiling thiserror v2.0.20
[INFO] [stderr]    Compiling darling_macro v0.24.1
[INFO] [stderr]    Compiling darling v0.24.1
[INFO] [stderr]    Compiling rmcp-macros v3.1.4
[INFO] [stderr]    Compiling tokio-util v0.7.19
[INFO] [stderr]    Compiling chrono v0.4.45
[INFO] [stderr]    Compiling futures-executor v0.3.34
[INFO] [stderr]    Compiling futures v0.3.34
[INFO] [stderr]    Compiling schemars v1.2.2
[INFO] [stderr]    Compiling enprot-mcp v0.1.2 (/opt/rustwide/workdir)
[INFO] [stderr]     Finished `release` profile [optimized] target(s) in 1m 21s
[INFO] running `Command { std: "docker" "inspect" "faccf6596018c8c017ed4368f81cb5f7e605747b66f1652a46ab82cb991de784", kill_on_drop: false }`
[INFO] running `Command { std: "docker" "exec" "-e" "SOURCE_DIR=/opt/rustwide/workdir" "-e" "CARGO_HOME=/opt/rustwide/cargo-home" "-e" "RUSTUP_HOME=/opt/rustwide/rustup-home" "-e" "CARGO_TARGET_DIR=/opt/rustwide/target" "-e" "CARGO_INCREMENTAL=0" "-e" "RUST_BACKTRACE=full" "-e" "RUSTFLAGS=--cap-lints=warn" "-e" "RUSTDOCFLAGS=--cap-lints=warn" "-w" "/opt/rustwide/workdir" "--user" "0:0" "faccf6596018c8c017ed4368f81cb5f7e605747b66f1652a46ab82cb991de784" "/opt/rustwide/cargo-home/bin/cargo" "+1.99.0-beta.8" "test" "--frozen" "--no-run" "--message-format=json" "--release", kill_on_drop: false }`
[INFO] [stderr]    Compiling enprot-mcp v0.1.2 (/opt/rustwide/workdir)
[INFO] [stderr]     Finished `release` profile [optimized] target(s) in 4.37s
[INFO] running `Command { std: "docker" "inspect" "faccf6596018c8c017ed4368f81cb5f7e605747b66f1652a46ab82cb991de784", kill_on_drop: false }`
[INFO] running `Command { std: "docker" "exec" "-e" "SOURCE_DIR=/opt/rustwide/workdir" "-e" "CARGO_HOME=/opt/rustwide/cargo-home" "-e" "RUSTUP_HOME=/opt/rustwide/rustup-home" "-e" "CARGO_TARGET_DIR=/opt/rustwide/target" "-e" "CARGO_INCREMENTAL=0" "-e" "RUST_BACKTRACE=full" "-e" "RUSTFLAGS=--cap-lints=warn" "-e" "RUSTDOCFLAGS=--cap-lints=warn" "-w" "/opt/rustwide/workdir" "--user" "0:0" "faccf6596018c8c017ed4368f81cb5f7e605747b66f1652a46ab82cb991de784" "/opt/rustwide/cargo-home/bin/cargo" "+1.99.0-beta.8" "test" "--frozen" "--release", kill_on_drop: false }`
[INFO] [stderr]     Finished `release` profile [optimized] target(s) in 0.13s
[INFO] [stderr]      Running unittests src/main.rs (/opt/rustwide/target/release/deps/enprot_mcp-aafcaa2241f125be)
[INFO] [stdout] 
[INFO] [stdout] running 9 tests
[INFO] [stdout] test policy::tests::default_is_read_only ... ok
[INFO] [stdout] test policy::tests::glob_semantics ... ok
[INFO] [stdout] test tools::tests::catalog_names_are_stable ... ok
[INFO] [stdout] test tools::tests::inspect_policy_denied_before_spawn ... ok
[INFO] [stdout] test policy::tests::default_rejects_absolute_paths_outside_cwd ... ok
[INFO] [stdout] test tools::tests::encrypt_requires_write_policy ... ok
[INFO] [stdout] test policy::tests::deny_wins_over_allow ... ok
[INFO] [stdout] test tools::tests::every_catalog_tool_dispatches ... ok
[INFO] [stderr]      Running tests/e2e.rs (/opt/rustwide/target/release/deps/e2e-4bd6d5af351be60c)
[INFO] [stdout] test policy::tests::write_needs_explicit_allow ... ok
[INFO] [stdout] 
[INFO] [stdout] test result: ok. 9 passed; 0 failed; 0 ignored; 0 measured; 0 filtered out; finished in 0.01s
[INFO] [stdout] 
[INFO] [stdout] 
[INFO] [stdout] running 5 tests
[INFO] [stdout] test inspect_returns_structured_content ... FAILED
[INFO] [stdout] test encrypt_roundtrip_with_policy ... FAILED
[INFO] [stdout] test read_outside_cwd_is_denied_by_default ... ok
[INFO] [stdout] test tools_list_exposes_the_enprot_surface ... ok
[INFO] [stdout] test write_tools_are_denied_without_policy ... ok
[INFO] [stdout] 
[INFO] [stdout] failures:
[INFO] [stdout] 
[INFO] [stdout] ---- inspect_returns_structured_content stdout ----
[INFO] [stdout] 
[INFO] [stdout] thread 'inspect_returns_structured_content' (1288) panicked at tests/e2e.rs:60:17:
[INFO] [stdout] JSON-RPC error response: {"error":{"code":-32603,"message":"failed to run enprot: No such file or directory (os error 2)"},"id":2,"jsonrpc":"2.0"}
[INFO] [stdout] stack backtrace:
[INFO] [stdout]    0:     0x61aab28a13c1 - <<std[70759c8f55707aa4]::sys::backtrace::BacktraceLock>::print::DisplayBacktrace as core[df12db4294e9bfd3]::fmt::Display>::fmt
[INFO] [stdout]    1:     0x61aab28b637a - core[df12db4294e9bfd3]::fmt::write
[INFO] [stdout]    2:     0x61aab28a5b2c - <alloc[2182bb758b4b3781]::vec::Vec<u8> as core[df12db4294e9bfd3]::io::write::Write>::write_fmt
[INFO] [stdout]    3:     0x61aab287bd56 - std[70759c8f55707aa4]::panicking::default_hook::{closure#0}
[INFO] [stdout]    4:     0x61aab2898eb9 - std[70759c8f55707aa4]::panicking::default_hook
[INFO] [stdout]    5:     0x61aab282cb40 - test[9d35eded1c95d3be]::test_main_inner::<test[9d35eded1c95d3be]::test_main_static::{closure#0}>::{closure#0}
[INFO] [stdout]    6:     0x61aab2899072 - std[70759c8f55707aa4]::panicking::panic_with_hook
[INFO] [stdout]    7:     0x61aab287be02 - std[70759c8f55707aa4]::panicking::panic_handler::{closure#0}
[INFO] [stdout]    8:     0x61aab28748d9 - std[70759c8f55707aa4]::sys::backtrace::__rust_end_short_backtrace::<std[70759c8f55707aa4]::panicking::panic_handler::{closure#0}, !>
[INFO] [stdout]    9:     0x61aab287c9fd - __rustc[8fa7c3cbc660c2b3]::rust_begin_unwind
[INFO] [stdout]   10:     0x61aab28b6aac - core[df12db4294e9bfd3]::panicking::panic_fmt
[INFO] [stdout]   11:     0x61aab28145ab - <e2e[99a5862207698e24]::McpChild>::request
[INFO] [stdout]   12:     0x61aab281496f - <e2e[99a5862207698e24]::McpChild>::call_tool
[INFO] [stdout]   13:     0x61aab281672f - <e2e[99a5862207698e24]::inspect_returns_structured_content::{closure#0} as core[df12db4294e9bfd3]::ops::function::FnOnce<()>>::call_once
[INFO] [stdout]   14:     0x61aab281fe2b - test[9d35eded1c95d3be]::__rust_begin_short_backtrace::<core[df12db4294e9bfd3]::result::Result<(), alloc[2182bb758b4b3781]::string::String>, fn() -> core[df12db4294e9bfd3]::result::Result<(), alloc[2182bb758b4b3781]::string::String>>
[INFO] [stdout]   15:     0x61aab282d495 - test[9d35eded1c95d3be]::run_test::{closure#0}
[INFO] [stdout]   16:     0x61aab2826d54 - std[70759c8f55707aa4]::sys::backtrace::__rust_begin_short_backtrace::<test[9d35eded1c95d3be]::run_test::{closure#1}, ()>
[INFO] [stdout]   17:     0x61aab28305f2 - <std[70759c8f55707aa4]::thread::lifecycle::spawn_unchecked<test[9d35eded1c95d3be]::run_test::{closure#1}, ()>::{closure#1} as core[df12db4294e9bfd3]::ops::function::FnOnce<()>>::call_once::{shim:vtable#0}
[INFO] [stdout]   18:     0x61aab28a0739 - <std[70759c8f55707aa4]::sys::thread::unix::Thread>::new::thread_start
[INFO] [stdout]   19:     0x79998846cdfa - <unknown>
[INFO] [stdout]   20:     0x7999885003d4 - clone
[INFO] [stdout]   21:                0x0 - <unknown>
[INFO] [stdout] 
[INFO] [stdout] ---- encrypt_roundtrip_with_policy stdout ----
[INFO] [stdout] 
[INFO] [stdout] thread 'encrypt_roundtrip_with_policy' (1287) panicked at tests/e2e.rs:60:17:
[INFO] [stdout] JSON-RPC error response: {"error":{"code":-32603,"message":"failed to run enprot: No such file or directory (os error 2)"},"id":2,"jsonrpc":"2.0"}
[INFO] [stdout] stack backtrace:
[INFO] [stdout]    0:     0x61aab28a13c1 - <<std[70759c8f55707aa4]::sys::backtrace::BacktraceLock>::print::DisplayBacktrace as core[df12db4294e9bfd3]::fmt::Display>::fmt
[INFO] [stdout]    1:     0x61aab28b637a - core[df12db4294e9bfd3]::fmt::write
[INFO] [stdout]    2:     0x61aab28a5b2c - <alloc[2182bb758b4b3781]::vec::Vec<u8> as core[df12db4294e9bfd3]::io::write::Write>::write_fmt
[INFO] [stdout]    3:     0x61aab287bd56 - std[70759c8f55707aa4]::panicking::default_hook::{closure#0}
[INFO] [stdout]    4:     0x61aab2898eb9 - std[70759c8f55707aa4]::panicking::default_hook
[INFO] [stdout]    5:     0x61aab282cb40 - test[9d35eded1c95d3be]::test_main_inner::<test[9d35eded1c95d3be]::test_main_static::{closure#0}>::{closure#0}
[INFO] [stdout]    6:     0x61aab2899072 - std[70759c8f55707aa4]::panicking::panic_with_hook
[INFO] [stdout]    7:     0x61aab287be02 - std[70759c8f55707aa4]::panicking::panic_handler::{closure#0}
[INFO] [stdout]    8:     0x61aab28748d9 - std[70759c8f55707aa4]::sys::backtrace::__rust_end_short_backtrace::<std[70759c8f55707aa4]::panicking::panic_handler::{closure#0}, !>
[INFO] [stdout]    9:     0x61aab287c9fd - __rustc[8fa7c3cbc660c2b3]::rust_begin_unwind
[INFO] [stdout]   10:     0x61aab28b6aac - core[df12db4294e9bfd3]::panicking::panic_fmt
[INFO] [stdout]   11:     0x61aab28145ab - <e2e[99a5862207698e24]::McpChild>::request
[INFO] [stdout]   12:     0x61aab281496f - <e2e[99a5862207698e24]::McpChild>::call_tool
[INFO] [stdout]   13:     0x61aab28159c3 - <e2e[99a5862207698e24]::encrypt_roundtrip_with_policy::{closure#0} as core[df12db4294e9bfd3]::ops::function::FnOnce<()>>::call_once
[INFO] [stdout]   14:     0x61aab281fe2b - test[9d35eded1c95d3be]::__rust_begin_short_backtrace::<core[df12db4294e9bfd3]::result::Result<(), alloc[2182bb758b4b3781]::string::String>, fn() -> core[df12db4294e9bfd3]::result::Result<(), alloc[2182bb758b4b3781]::string::String>>
[INFO] [stdout]   15:     0x61aab282d495 - test[9d35eded1c95d3be]::run_test::{closure#0}
[INFO] [stdout]   16:     0x61aab2826d54 - std[70759c8f55707aa4]::sys::backtrace::__rust_begin_short_backtrace::<test[9d35eded1c95d3be]::run_test::{closure#1}, ()>
[INFO] [stdout]   17:     0x61aab28305f2 - <std[70759c8f55707aa4]::thread::lifecycle::spawn_unchecked<test[9d35eded1c95d3be]::run_test::{closure#1}, ()>::{closure#1} as core[df12db4294e9bfd3]::ops::function::FnOnce<()>>::call_once::{shim:vtable#0}
[INFO] [stdout]   18:     0x61aab28a0739 - <std[70759c8f55707aa4]::sys::thread::unix::Thread>::new::thread_start
[INFO] [stdout]   19:     0x79998846cdfa - <unknown>
[INFO] [stdout]   20:     0x7999885003d4 - clone
[INFO] [stdout]   21:                0x0 - <unknown>
[INFO] [stdout] 
[INFO] [stdout] 
[INFO] [stdout] failures:
[INFO] [stdout]     encrypt_roundtrip_with_policy
[INFO] [stdout]     inspect_returns_structured_content
[INFO] [stdout] 
[INFO] [stdout] test result: FAILED. 3 passed; 2 failed; 0 ignored; 0 measured; 0 filtered out; finished in 0.03s
[INFO] [stdout] 
[INFO] [stderr] error: test failed, to rerun pass `--test e2e`
[INFO] running `Command { std: "docker" "inspect" "faccf6596018c8c017ed4368f81cb5f7e605747b66f1652a46ab82cb991de784", kill_on_drop: false }`
[INFO] running `Command { std: "docker" "rm" "-f" "faccf6596018c8c017ed4368f81cb5f7e605747b66f1652a46ab82cb991de784", kill_on_drop: false }`
[INFO] [stdout] faccf6596018c8c017ed4368f81cb5f7e605747b66f1652a46ab82cb991de784
