[INFO] fetching crate enhanced-magic-string 0.0.16...
[INFO] testing enhanced-magic-string-0.0.16 against 1.100.0-beta.1+cargoflags=--release for beta-release-1.100-2
[INFO] extracting crate enhanced-magic-string 0.0.16 into /workspace/builds/worker-1-tc2/source
[INFO] started tweaking crates.io crate enhanced-magic-string 0.0.16
[INFO] finished tweaking crates.io crate enhanced-magic-string 0.0.16
[INFO] tweaked toml for crates.io crate enhanced-magic-string 0.0.16 written to /workspace/builds/worker-1-tc2/source/Cargo.toml
[INFO] validating manifest of crates.io crate enhanced-magic-string 0.0.16 on toolchain 1.100.0-beta.1
[INFO] running `Command { std: CARGO_HOME="/workspace/cargo-home" RUSTUP_HOME="/workspace/rustup-home" "/workspace/cargo-home/bin/cargo" "+1.100.0-beta.1" "metadata" "--manifest-path" "Cargo.toml" "--no-deps", kill_on_drop: false }`
[INFO] running `Command { std: CARGO_HOME="/workspace/cargo-home" RUSTUP_HOME="/workspace/rustup-home" "/workspace/cargo-home/bin/cargo" "+1.100.0-beta.1" "generate-lockfile" "--manifest-path" "Cargo.toml", kill_on_drop: false }`
[INFO] [stderr]     Updating crates.io index
[INFO] [stderr]      Locking 109 packages to highest compatible versions
[INFO] [stderr]       Adding base64 v0.22.1 (available: v0.23.1)
[INFO] [stderr]       Adding farmfe_utils v0.1.6 (available: v2.1.0)
[INFO] [stderr]       Adding generic-array v0.14.7 (available: v0.14.9)
[INFO] [stderr]       Adding relative-path v1.9.3 (available: v2.0.2)
[INFO] [stderr]       Adding sourcemap v8.0.1 (available: v9.3.2)
[INFO] running `Command { std: CARGO_HOME="/workspace/cargo-home" RUSTUP_HOME="/workspace/rustup-home" "/workspace/cargo-home/bin/cargo" "+1.100.0-beta.1" "fetch" "--manifest-path" "Cargo.toml", kill_on_drop: false }`
[INFO] running `Command { std: "docker" "create" "-v" "/var/lib/crater-agent-workspace/builds/worker-1-tc2/source:/opt/rustwide/workdir:ro,Z" "-v" "/var/lib/crater-agent-workspace/builds/worker-1-tc2/target:/opt/rustwide/target:rw,Z" "-v" "/var/lib/crater-agent-workspace/cargo-home:/opt/rustwide/cargo-home:ro,Z" "-v" "/var/lib/crater-agent-workspace/rustup-home:/opt/rustwide/rustup-home:ro,Z" "-m" "1610612736" "--network" "none" "ghcr.io/rust-lang/crates-build-env/linux@sha256:77db811e55d90add9212f6832c23229e3de5f1c1f9905e8cb07319ea15df73ac" "sleep" "infinity", kill_on_drop: false }`
[INFO] [stdout] c0c1011dee7e182ce1eefca4b13a8886ec5ec779861041061e7f13bfb3c34fb4
[INFO] running `Command { std: "docker" "start" "c0c1011dee7e182ce1eefca4b13a8886ec5ec779861041061e7f13bfb3c34fb4", kill_on_drop: false }`
[INFO] running `Command { std: "docker" "inspect" "c0c1011dee7e182ce1eefca4b13a8886ec5ec779861041061e7f13bfb3c34fb4", kill_on_drop: false }`
[INFO] running `Command { std: "docker" "exec" "-e" "SOURCE_DIR=/opt/rustwide/workdir" "-e" "CARGO_HOME=/opt/rustwide/cargo-home" "-e" "RUSTUP_HOME=/opt/rustwide/rustup-home" "-e" "CARGO_TARGET_DIR=/opt/rustwide/target" "-w" "/opt/rustwide/workdir" "--user" "0:0" "c0c1011dee7e182ce1eefca4b13a8886ec5ec779861041061e7f13bfb3c34fb4" "/opt/rustwide/cargo-home/bin/cargo" "+1.100.0-beta.1" "metadata" "--no-deps" "--format-version=1", kill_on_drop: false }`
[INFO] running `Command { std: "docker" "inspect" "c0c1011dee7e182ce1eefca4b13a8886ec5ec779861041061e7f13bfb3c34fb4", kill_on_drop: false }`
[INFO] running `Command { std: "docker" "exec" "-e" "SOURCE_DIR=/opt/rustwide/workdir" "-e" "CARGO_HOME=/opt/rustwide/cargo-home" "-e" "RUSTUP_HOME=/opt/rustwide/rustup-home" "-e" "CARGO_TARGET_DIR=/opt/rustwide/target" "-e" "CARGO_INCREMENTAL=0" "-e" "RUST_BACKTRACE=full" "-e" "RUSTFLAGS=--cap-lints=warn" "-e" "RUSTDOCFLAGS=--cap-lints=warn" "-w" "/opt/rustwide/workdir" "--user" "0:0" "c0c1011dee7e182ce1eefca4b13a8886ec5ec779861041061e7f13bfb3c34fb4" "/opt/rustwide/cargo-home/bin/cargo" "+1.100.0-beta.1" "build" "--frozen" "--message-format=json" "--release", kill_on_drop: false }`
[INFO] [stderr]    Compiling radium v0.7.0
[INFO] [stderr]    Compiling object v0.37.3
[INFO] [stderr]    Compiling outref v0.1.0
[INFO] [stderr]    Compiling tap v1.0.1
[INFO] [stderr]    Compiling fixedbitset v0.4.2
[INFO] [stderr]    Compiling parking_lot_core v0.9.12
[INFO] [stderr]    Compiling aho-corasick v1.1.5
[INFO] [stderr]    Compiling uuid v1.28.0
[INFO] [stderr]    Compiling funty v2.0.0
[INFO] [stderr]    Compiling digest v0.10.7
[INFO] [stderr]    Compiling serde_json v1.0.154
[INFO] [stderr]    Compiling unicode-id-start v1.5.0
[INFO] [stderr]    Compiling data-encoding v2.11.1
[INFO] [stderr]    Compiling rustc-hash v1.1.0
[INFO] [stderr]    Compiling simd-abstraction v0.7.1
[INFO] [stderr]    Compiling icu_normalizer v2.3.0
[INFO] [stderr]    Compiling base64 v0.21.7
[INFO] [stderr]    Compiling if_chain v1.0.3
[INFO] [stderr]    Compiling wyz v0.5.1
[INFO] [stderr]    Compiling sha2 v0.10.9
[INFO] [stderr]    Compiling petgraph v0.6.5
[INFO] [stderr]    Compiling base64-simd v0.7.0
[INFO] [stderr]    Compiling debugid v0.8.0
[INFO] [stderr]    Compiling idna_adapter v1.2.2
[INFO] [stderr]    Compiling farmfe_utils v0.1.6
[INFO] [stderr]    Compiling idna v1.1.0
[INFO] [stderr]    Compiling url v2.5.8
[INFO] [stderr]    Compiling bitvec v1.1.1
[INFO] [stderr]    Compiling regex-automata v0.4.18
[INFO] [stderr]    Compiling sourcemap v8.0.1
[INFO] [stderr]    Compiling regex v1.13.1
[INFO] [stderr]    Compiling backtrace v0.3.76
[INFO] [stderr]    Compiling parking_lot v0.12.5
[INFO] [stderr]    Compiling enhanced-magic-string v0.0.16 (/opt/rustwide/workdir)
[INFO] [stdout] warning: hiding a lifetime that's named elsewhere is confusing
[INFO] [stdout]    --> src/collapse_sourcemap/mod.rs:179:30
[INFO] [stdout]     |
[INFO] [stdout] 179 |   pub fn tokens(&'a self) -> RefMut<Vec<Token<'a>>> {
[INFO] [stdout]     |                  --          ^^^^^^^^^^^^^^^^^--^^^
[INFO] [stdout]     |                  |           |                |
[INFO] [stdout]     |                  |           |                the same lifetime is named here
[INFO] [stdout]     |                  |           the same lifetime is hidden here
[INFO] [stdout]     |                  the lifetime is named here
[INFO] [stdout]     |
[INFO] [stdout]     = help: the same lifetime is referred to in inconsistent ways, making the signature confusing
[INFO] [stdout]     = note: `#[warn(mismatched_lifetime_syntaxes)]` on by default
[INFO] [stdout] help: consistently use `'a`
[INFO] [stdout]     |
[INFO] [stdout] 179 |   pub fn tokens(&'a self) -> RefMut<'a, Vec<Token<'a>>> {
[INFO] [stdout]     |                                     +++
[INFO] [stdout] 
[INFO] [stdout] 
[INFO] [stderr] warning: unused dependency `base64`
[INFO] [stderr]  --> Cargo.toml:1:15
[INFO] [stderr]   |
[INFO] [stderr] 1 | [dependencies.base64]
[INFO] [stderr]   |               ^^^^^^^
[INFO] [stderr]   |
[INFO] [stderr]   = note: `cargo::unused_dependencies` is set to `warn` by default
[INFO] [stderr] help: consider removing the dependency on `base64`
[INFO] [stderr] warning: `enhanced-magic-string` (manifest) generated 1 warning
[INFO] [stderr]     Finished `release` profile [optimized] target(s) in 39.05s
[INFO] running `Command { std: "docker" "inspect" "c0c1011dee7e182ce1eefca4b13a8886ec5ec779861041061e7f13bfb3c34fb4", kill_on_drop: false }`
[INFO] running `Command { std: "docker" "exec" "-e" "SOURCE_DIR=/opt/rustwide/workdir" "-e" "CARGO_HOME=/opt/rustwide/cargo-home" "-e" "RUSTUP_HOME=/opt/rustwide/rustup-home" "-e" "CARGO_TARGET_DIR=/opt/rustwide/target" "-e" "CARGO_INCREMENTAL=0" "-e" "RUST_BACKTRACE=full" "-e" "RUSTFLAGS=--cap-lints=warn" "-e" "RUSTDOCFLAGS=--cap-lints=warn" "-w" "/opt/rustwide/workdir" "--user" "0:0" "c0c1011dee7e182ce1eefca4b13a8886ec5ec779861041061e7f13bfb3c34fb4" "/opt/rustwide/cargo-home/bin/cargo" "+1.100.0-beta.1" "test" "--frozen" "--no-run" "--message-format=json" "--release", kill_on_drop: false }`
[INFO] [stderr]    Compiling relative-path v1.9.3
[INFO] [stdout] warning: hiding a lifetime that's named elsewhere is confusing
[INFO] [stdout]    --> src/collapse_sourcemap/mod.rs:179:30
[INFO] [stdout]     |
[INFO] [stdout] 179 |   pub fn tokens(&'a self) -> RefMut<Vec<Token<'a>>> {
[INFO] [stdout]     |                  --          ^^^^^^^^^^^^^^^^^--^^^
[INFO] [stdout]     |                  |           |                |
[INFO] [stdout]     |                  |           |                the same lifetime is named here
[INFO] [stdout]     |                  |           the same lifetime is hidden here
[INFO] [stdout]     |                  the lifetime is named here
[INFO] [stdout]     |
[INFO] [stdout]     = help: the same lifetime is referred to in inconsistent ways, making the signature confusing
[INFO] [stdout]     = note: `#[warn(mismatched_lifetime_syntaxes)]` on by default
[INFO] [stdout] help: consistently use `'a`
[INFO] [stdout]     |
[INFO] [stdout] 179 |   pub fn tokens(&'a self) -> RefMut<'a, Vec<Token<'a>>> {
[INFO] [stdout]     |                                     +++
[INFO] [stdout] 
[INFO] [stdout] 
[INFO] [stderr]    Compiling enhanced-magic-string v0.0.16 (/opt/rustwide/workdir)
[INFO] [stdout] warning: function `normalize_newlines` is never used
[INFO] [stdout]   --> tests/common/mod.rs:68:8
[INFO] [stdout]    |
[INFO] [stdout] 68 | pub fn normalize_newlines(input: &str) -> String {
[INFO] [stdout]    |        ^^^^^^^^^^^^^^^^^^
[INFO] [stdout]    |
[INFO] [stdout]    = note: `#[warn(dead_code)]` (part of `#[warn(unused)]`) on by default
[INFO] [stdout] 
[INFO] [stdout] 
[INFO] [stdout] warning: hiding a lifetime that's named elsewhere is confusing
[INFO] [stdout]    --> src/collapse_sourcemap/mod.rs:179:30
[INFO] [stdout]     |
[INFO] [stdout] 179 |   pub fn tokens(&'a self) -> RefMut<Vec<Token<'a>>> {
[INFO] [stdout]     |                  --          ^^^^^^^^^^^^^^^^^--^^^
[INFO] [stdout]     |                  |           |                |
[INFO] [stdout]     |                  |           |                the same lifetime is named here
[INFO] [stdout]     |                  |           the same lifetime is hidden here
[INFO] [stdout]     |                  the lifetime is named here
[INFO] [stdout]     |
[INFO] [stdout]     = help: the same lifetime is referred to in inconsistent ways, making the signature confusing
[INFO] [stdout]     = note: `#[warn(mismatched_lifetime_syntaxes)]` on by default
[INFO] [stdout] help: consistently use `'a`
[INFO] [stdout]     |
[INFO] [stdout] 179 |   pub fn tokens(&'a self) -> RefMut<'a, Vec<Token<'a>>> {
[INFO] [stdout]     |                                     +++
[INFO] [stdout] 
[INFO] [stdout] 
[INFO] [stderr] warning: unused dependency `base64`
[INFO] [stderr]  --> Cargo.toml:1:15
[INFO] [stderr]   |
[INFO] [stderr] 1 | [dependencies.base64]
[INFO] [stderr]   |               ^^^^^^^
[INFO] [stderr]   |
[INFO] [stderr]   = note: `cargo::unused_dependencies` is set to `warn` by default
[INFO] [stderr] help: consider removing the dependency on `base64`
[INFO] [stderr] warning: `enhanced-magic-string` (manifest) generated 1 warning
[INFO] [stderr]     Finished `release` profile [optimized] target(s) in 3.42s
[INFO] running `Command { std: "docker" "inspect" "c0c1011dee7e182ce1eefca4b13a8886ec5ec779861041061e7f13bfb3c34fb4", kill_on_drop: false }`
[INFO] running `Command { std: "docker" "exec" "-e" "SOURCE_DIR=/opt/rustwide/workdir" "-e" "CARGO_HOME=/opt/rustwide/cargo-home" "-e" "RUSTUP_HOME=/opt/rustwide/rustup-home" "-e" "CARGO_TARGET_DIR=/opt/rustwide/target" "-e" "CARGO_INCREMENTAL=0" "-e" "RUST_BACKTRACE=full" "-e" "RUSTFLAGS=--cap-lints=warn" "-e" "RUSTDOCFLAGS=--cap-lints=warn" "-w" "/opt/rustwide/workdir" "--user" "0:0" "c0c1011dee7e182ce1eefca4b13a8886ec5ec779861041061e7f13bfb3c34fb4" "/opt/rustwide/cargo-home/bin/cargo" "+1.100.0-beta.1" "test" "--frozen" "--release", kill_on_drop: false }`
[INFO] [stderr] warning: hiding a lifetime that's named elsewhere is confusing
[INFO] [stderr]    --> src/collapse_sourcemap/mod.rs:179:30
[INFO] [stderr]     |
[INFO] [stderr] 179 |   pub fn tokens(&'a self) -> RefMut<Vec<Token<'a>>> {
[INFO] [stderr]     |                  --          ^^^^^^^^^^^^^^^^^--^^^
[INFO] [stderr]     |                  |           |                |
[INFO] [stderr]     |                  |           |                the same lifetime is named here
[INFO] [stderr]     |                  |           the same lifetime is hidden here
[INFO] [stderr]     |                  the lifetime is named here
[INFO] [stderr]     |
[INFO] [stderr]     = help: the same lifetime is referred to in inconsistent ways, making the signature confusing
[INFO] [stderr]     = note: `#[warn(mismatched_lifetime_syntaxes)]` on by default
[INFO] [stderr] help: consistently use `'a`
[INFO] [stderr]     |
[INFO] [stderr] 179 |   pub fn tokens(&'a self) -> RefMut<'a, Vec<Token<'a>>> {
[INFO] [stderr]     |                                     +++
[INFO] [stderr] 
[INFO] [stderr] warning: `enhanced-magic-string` (lib) generated 1 warning (run `cargo fix --lib -p enhanced-magic-string` to apply 1 suggestion)
[INFO] [stderr] warning: `enhanced-magic-string` (lib test) generated 1 warning (1 duplicate)
[INFO] [stderr] warning: function `normalize_newlines` is never used
[INFO] [stderr]   --> tests/common/mod.rs:68:8
[INFO] [stderr]    |
[INFO] [stderr] 68 | pub fn normalize_newlines(input: &str) -> String {
[INFO] [stderr]    |        ^^^^^^^^^^^^^^^^^^
[INFO] [stderr]    |
[INFO] [stderr]    = note: `#[warn(dead_code)]` (part of `#[warn(unused)]`) on by default
[INFO] [stderr] 
[INFO] [stderr] warning: `enhanced-magic-string` (test "relative") generated 1 warning
[INFO] [stderr] warning: unused dependency `base64`
[INFO] [stderr]  --> Cargo.toml:1:15
[INFO] [stderr]   |
[INFO] [stderr] 1 | [dependencies.base64]
[INFO] [stderr]   |               ^^^^^^^
[INFO] [stderr]   |
[INFO] [stderr]   = note: `cargo::unused_dependencies` is set to `warn` by default
[INFO] [stderr] help: consider removing the dependency on `base64`
[INFO] [stderr] warning: `enhanced-magic-string` (manifest) generated 1 warning
[INFO] [stderr]     Finished `release` profile [optimized] target(s) in 0.14s
[INFO] [stderr]      Running unittests src/lib.rs (/opt/rustwide/target/release/build/enhanced-magic-string/1839c3146833f7b6/out/enhanced_magic_string-1839c3146833f7b6)
[INFO] [stdout] 
[INFO] [stdout] running 4 tests
[INFO] [stdout] test utils::char_string::tests::test_split ... ok
[INFO] [stdout] test chunk::tests::each_next ... ok
[INFO] [stdout] test utils::char_string::tests::test_char_string ... ok
[INFO] [stdout] test chunk::tests::multi_thread ... ok
[INFO] [stdout] 
[INFO] [stdout] test result: ok. 4 passed; 0 failed; 0 ignored; 0 measured; 0 filtered out; finished in 0.12s
[INFO] [stdout] 
[INFO] [stderr]      Running tests/bundle.rs (/opt/rustwide/target/release/build/enhanced-magic-string/0d6f66c0d8554698/out/bundle-0d6f66c0d8554698)
[INFO] [stdout] 
[INFO] [stdout] running 3 tests
[INFO] [stdout] test bundle ... ok
[INFO] [stdout] test combine_string_with_original_sourcemap ... FAILED
[INFO] [stdout] test bundle_multi_thread ... ok
[INFO] [stdout] 
[INFO] [stdout] failures:
[INFO] [stdout] 
[INFO] [stdout] ---- combine_string_with_original_sourcemap stdout ----
[INFO] [stdout] [combine string test] file: "/opt/rustwide/workdir/tests/fixtures/combine-string/basic/input.js"
[INFO] [stdout] 
[INFO] [stdout] thread 'combine_string_with_original_sourcemap' (828) panicked at tests/bundle.rs:192:50:
[INFO] [stdout] called `Result::unwrap()` on an `Err` value: Os { code: 30, kind: ReadOnlyFilesystem, message: "Read-only file system" }
[INFO] [stdout] stack backtrace:
[INFO] [stdout]    0:     0x57acac125a81 - <<std[617be2ca0a6fd877]::sys::backtrace::BacktraceLock>::print::DisplayBacktrace as core[a373ad73a504971]::fmt::Display>::fmt
[INFO] [stdout]    1:     0x57acac13b65a - core[a373ad73a504971]::fmt::write
[INFO] [stdout]    2:     0x57acac12a08c - <alloc[2e1b2a31b91974c5]::vec::Vec<u8> as core[a373ad73a504971]::io::write::Write>::write_fmt
[INFO] [stdout]    3:     0x57acac1007c6 - std[617be2ca0a6fd877]::panicking::default_hook::{closure#0}
[INFO] [stdout]    4:     0x57acac11d559 - std[617be2ca0a6fd877]::panicking::default_hook
[INFO] [stdout]    5:     0x57acabf7de80 - test[aada8e7e76ba119b]::test_main_inner::{closure#0}
[INFO] [stdout]    6:     0x57acac11d882 - std[617be2ca0a6fd877]::panicking::panic_with_hook
[INFO] [stdout]    7:     0x57acac100872 - std[617be2ca0a6fd877]::panicking::panic_handler::{closure#0}
[INFO] [stdout]    8:     0x57acac0f9329 - std[617be2ca0a6fd877]::sys::backtrace::__rust_end_short_backtrace::<std[617be2ca0a6fd877]::panicking::panic_handler::{closure#0}, !>
[INFO] [stdout]    9:     0x57acac10147d - __rustc[ea4f61d10b84890b]::rust_begin_unwind
[INFO] [stdout]   10:     0x57acac13be3c - core[a373ad73a504971]::panicking::panic_fmt
[INFO] [stdout]   11:     0x57acac13bc12 - core[a373ad73a504971]::result::unwrap_failed
[INFO] [stdout]   12:     0x57acabf5e290 - bundle[f61c5712c01c689]::common::fixture::<bundle[f61c5712c01c689]::combine_string_with_original_sourcemap::{closure#1}>
[INFO] [stdout]   13:     0x57acabf673f5 - <bundle[f61c5712c01c689]::combine_string_with_original_sourcemap::{closure#0} as core[a373ad73a504971]::ops::function::FnOnce<()>>::call_once
[INFO] [stdout]   14:     0x57acabf712cb - test[aada8e7e76ba119b]::__rust_begin_short_backtrace::<core[a373ad73a504971]::result::Result<(), alloc[2e1b2a31b91974c5]::string::String>, fn() -> core[a373ad73a504971]::result::Result<(), alloc[2e1b2a31b91974c5]::string::String>>
[INFO] [stdout]   15:     0x57acabf7e4a5 - test[aada8e7e76ba119b]::run_test::{closure#0}
[INFO] [stdout]   16:     0x57acabf77d94 - std[617be2ca0a6fd877]::sys::backtrace::__rust_begin_short_backtrace::<test[aada8e7e76ba119b]::run_test::{closure#1}, ()>
[INFO] [stdout]   17:     0x57acabf81532 - <std[617be2ca0a6fd877]::thread::lifecycle::spawn_unchecked<test[aada8e7e76ba119b]::run_test::{closure#1}, ()>::{closure#1} as core[a373ad73a504971]::ops::function::FnOnce<()>>::call_once::{shim:vtable#0}
[INFO] [stdout]   18:     0x57acac124d8f - <std[617be2ca0a6fd877]::sys::thread::unix::Thread>::new::thread_start
[INFO] [stdout]   19:     0x792f42260dfa - <unknown>
[INFO] [stdout]   20:     0x792f422f43d4 - clone
[INFO] [stdout]   21:                0x0 - <unknown>
[INFO] [stdout] 
[INFO] [stdout] 
[INFO] [stdout] failures:
[INFO] [stdout]     combine_string_with_original_sourcemap
[INFO] [stdout] 
[INFO] [stdout] test result: FAILED. 2 passed; 1 failed; 0 ignored; 0 measured; 0 filtered out; finished in 0.01s
[INFO] [stdout] 
[INFO] [stderr] error: test failed, to rerun pass `--test bundle`
[INFO] running `Command { std: "docker" "inspect" "c0c1011dee7e182ce1eefca4b13a8886ec5ec779861041061e7f13bfb3c34fb4", kill_on_drop: false }`
[INFO] running `Command { std: "docker" "rm" "-f" "c0c1011dee7e182ce1eefca4b13a8886ec5ec779861041061e7f13bfb3c34fb4", kill_on_drop: false }`
[INFO] [stdout] c0c1011dee7e182ce1eefca4b13a8886ec5ec779861041061e7f13bfb3c34fb4
