[INFO] fetching crate engenho-unit 0.53.131...
[INFO] testing engenho-unit-0.53.131 against 1.100.0-beta.1+cargoflags=--release for beta-release-1.100-2
[INFO] extracting crate engenho-unit 0.53.131 into /workspace/builds/worker-7-tc2/source
[INFO] started tweaking crates.io crate engenho-unit 0.53.131
[INFO] removed 0 missing tests
[INFO] finished tweaking crates.io crate engenho-unit 0.53.131
[INFO] tweaked toml for crates.io crate engenho-unit 0.53.131 written to /workspace/builds/worker-7-tc2/source/Cargo.toml
[INFO] validating manifest of crates.io crate engenho-unit 0.53.131 on toolchain 1.100.0-beta.1
[INFO] running `Command { std: CARGO_HOME="/workspace/cargo-home" RUSTUP_HOME="/workspace/rustup-home" "/workspace/cargo-home/bin/cargo" "+1.100.0-beta.1" "metadata" "--manifest-path" "Cargo.toml" "--no-deps", kill_on_drop: false }`
[INFO] crate crates.io crate engenho-unit 0.53.131 already has a lockfile, it will not be regenerated
[INFO] running `Command { std: CARGO_HOME="/workspace/cargo-home" RUSTUP_HOME="/workspace/rustup-home" "/workspace/cargo-home/bin/cargo" "+1.100.0-beta.1" "fetch" "--manifest-path" "Cargo.toml", kill_on_drop: false }`
[INFO] [stderr] warning: `package.homepage` is redundant with `package.repository`
[INFO] [stderr]   --> Cargo.toml:32:12
[INFO] [stderr]    |
[INFO] [stderr] 32 | homepage = "https://github.com/pleme-io/engenho"
[INFO] [stderr]    |            ^^^^^^^^^^^^^^^^^^^^^^^^^^^^^^^^^^^^^
[INFO] [stderr] ...
[INFO] [stderr] 37 | repository = "https://github.com/pleme-io/engenho"
[INFO] [stderr]    |              -------------------------------------
[INFO] [stderr]    |
[INFO] [stderr]    = note: `cargo::redundant_homepage` is set to `warn` by default
[INFO] [stderr] help: consider removing `package.homepage`
[INFO] [stderr] warning: `engenho-unit` (manifest) generated 1 warning
[INFO] running `Command { std: "docker" "create" "-v" "/var/lib/crater-agent-workspace/builds/worker-7-tc2/source:/opt/rustwide/workdir:ro,Z" "-v" "/var/lib/crater-agent-workspace/builds/worker-7-tc2/target:/opt/rustwide/target:rw,Z" "-v" "/var/lib/crater-agent-workspace/cargo-home:/opt/rustwide/cargo-home:ro,Z" "-v" "/var/lib/crater-agent-workspace/rustup-home:/opt/rustwide/rustup-home:ro,Z" "-m" "1610612736" "--network" "none" "ghcr.io/rust-lang/crates-build-env/linux@sha256:77db811e55d90add9212f6832c23229e3de5f1c1f9905e8cb07319ea15df73ac" "sleep" "infinity", kill_on_drop: false }`
[INFO] [stdout] c3efa57e8737253308999c343db3cf5e276e19a782a10cd335a1a7106181bf51
[INFO] running `Command { std: "docker" "start" "c3efa57e8737253308999c343db3cf5e276e19a782a10cd335a1a7106181bf51", kill_on_drop: false }`
[INFO] running `Command { std: "docker" "inspect" "c3efa57e8737253308999c343db3cf5e276e19a782a10cd335a1a7106181bf51", kill_on_drop: false }`
[INFO] running `Command { std: "docker" "exec" "-e" "SOURCE_DIR=/opt/rustwide/workdir" "-e" "CARGO_HOME=/opt/rustwide/cargo-home" "-e" "RUSTUP_HOME=/opt/rustwide/rustup-home" "-e" "CARGO_TARGET_DIR=/opt/rustwide/target" "-w" "/opt/rustwide/workdir" "--user" "0:0" "c3efa57e8737253308999c343db3cf5e276e19a782a10cd335a1a7106181bf51" "/opt/rustwide/cargo-home/bin/cargo" "+1.100.0-beta.1" "metadata" "--no-deps" "--format-version=1", kill_on_drop: false }`
[INFO] running `Command { std: "docker" "inspect" "c3efa57e8737253308999c343db3cf5e276e19a782a10cd335a1a7106181bf51", kill_on_drop: false }`
[INFO] running `Command { std: "docker" "exec" "-e" "SOURCE_DIR=/opt/rustwide/workdir" "-e" "CARGO_HOME=/opt/rustwide/cargo-home" "-e" "RUSTUP_HOME=/opt/rustwide/rustup-home" "-e" "CARGO_TARGET_DIR=/opt/rustwide/target" "-e" "CARGO_INCREMENTAL=0" "-e" "RUST_BACKTRACE=full" "-e" "RUSTFLAGS=--cap-lints=warn" "-e" "RUSTDOCFLAGS=--cap-lints=warn" "-w" "/opt/rustwide/workdir" "--user" "0:0" "c3efa57e8737253308999c343db3cf5e276e19a782a10cd335a1a7106181bf51" "/opt/rustwide/cargo-home/bin/cargo" "+1.100.0-beta.1" "build" "--frozen" "--message-format=json" "--release", kill_on_drop: false }`
[INFO] [stderr] warning: `package.homepage` is redundant with `package.repository`
[INFO] [stderr]   --> Cargo.toml:32:12
[INFO] [stderr]    |
[INFO] [stderr] 32 | homepage = "https://github.com/pleme-io/engenho"
[INFO] [stderr]    |            ^^^^^^^^^^^^^^^^^^^^^^^^^^^^^^^^^^^^^
[INFO] [stderr] ...
[INFO] [stderr] 37 | repository = "https://github.com/pleme-io/engenho"
[INFO] [stderr]    |              -------------------------------------
[INFO] [stderr]    |
[INFO] [stderr]    = note: `cargo::redundant_homepage` is set to `warn` by default
[INFO] [stderr] help: consider removing `package.homepage`
[INFO] [stderr] warning: `engenho-unit` (manifest) generated 1 warning
[INFO] [stderr]    Compiling rustix v1.1.4
[INFO] [stderr]    Compiling arrayref v0.3.9
[INFO] [stderr]    Compiling arrayvec v0.7.6
[INFO] [stderr]    Compiling constant_time_eq v0.4.2
[INFO] [stderr]    Compiling serde_core v1.0.228
[INFO] [stderr]    Compiling cc v1.2.62
[INFO] [stderr]    Compiling memchr v2.8.1
[INFO] [stderr]    Compiling linux-raw-sys v0.12.1
[INFO] [stderr]    Compiling syn v2.0.117
[INFO] [stderr]    Compiling blake3 v1.8.5
[INFO] [stderr]    Compiling serde_json v1.0.150
[INFO] [stderr]    Compiling thiserror-impl v2.0.18
[INFO] [stderr]    Compiling serde_derive v1.0.228
[INFO] [stderr]    Compiling tracing-attributes v0.1.31
[INFO] [stderr]    Compiling tracing v0.1.44
[INFO] [stderr]    Compiling thiserror v2.0.18
[INFO] [stderr]    Compiling serde v1.0.228
[INFO] [stderr]    Compiling engenho-substrate-core v0.53.131
[INFO] [stderr]    Compiling engenho-unit v0.53.131 (/opt/rustwide/workdir)
[INFO] [stderr]     Finished `release` profile [optimized] target(s) in 20.82s
[INFO] running `Command { std: "docker" "inspect" "c3efa57e8737253308999c343db3cf5e276e19a782a10cd335a1a7106181bf51", kill_on_drop: false }`
[INFO] running `Command { std: "docker" "exec" "-e" "SOURCE_DIR=/opt/rustwide/workdir" "-e" "CARGO_HOME=/opt/rustwide/cargo-home" "-e" "RUSTUP_HOME=/opt/rustwide/rustup-home" "-e" "CARGO_TARGET_DIR=/opt/rustwide/target" "-e" "CARGO_INCREMENTAL=0" "-e" "RUST_BACKTRACE=full" "-e" "RUSTFLAGS=--cap-lints=warn" "-e" "RUSTDOCFLAGS=--cap-lints=warn" "-w" "/opt/rustwide/workdir" "--user" "0:0" "c3efa57e8737253308999c343db3cf5e276e19a782a10cd335a1a7106181bf51" "/opt/rustwide/cargo-home/bin/cargo" "+1.100.0-beta.1" "test" "--frozen" "--no-run" "--message-format=json" "--release", kill_on_drop: false }`
[INFO] [stderr] warning: `package.homepage` is redundant with `package.repository`
[INFO] [stderr]   --> Cargo.toml:32:12
[INFO] [stderr]    |
[INFO] [stderr] 32 | homepage = "https://github.com/pleme-io/engenho"
[INFO] [stderr]    |            ^^^^^^^^^^^^^^^^^^^^^^^^^^^^^^^^^^^^^
[INFO] [stderr] ...
[INFO] [stderr] 37 | repository = "https://github.com/pleme-io/engenho"
[INFO] [stderr]    |              -------------------------------------
[INFO] [stderr]    |
[INFO] [stderr]    = note: `cargo::redundant_homepage` is set to `warn` by default
[INFO] [stderr] help: consider removing `package.homepage`
[INFO] [stderr] warning: `engenho-unit` (manifest) generated 1 warning
[INFO] [stderr]    Compiling getrandom v0.4.2
[INFO] [stderr]    Compiling tempfile v3.27.0
[INFO] [stderr]    Compiling engenho-unit v0.53.131 (/opt/rustwide/workdir)
[INFO] [stderr]     Finished `release` profile [optimized] target(s) in 7.47s
[INFO] running `Command { std: "docker" "inspect" "c3efa57e8737253308999c343db3cf5e276e19a782a10cd335a1a7106181bf51", kill_on_drop: false }`
[INFO] running `Command { std: "docker" "exec" "-e" "SOURCE_DIR=/opt/rustwide/workdir" "-e" "CARGO_HOME=/opt/rustwide/cargo-home" "-e" "RUSTUP_HOME=/opt/rustwide/rustup-home" "-e" "CARGO_TARGET_DIR=/opt/rustwide/target" "-e" "CARGO_INCREMENTAL=0" "-e" "RUST_BACKTRACE=full" "-e" "RUSTFLAGS=--cap-lints=warn" "-e" "RUSTDOCFLAGS=--cap-lints=warn" "-w" "/opt/rustwide/workdir" "--user" "0:0" "c3efa57e8737253308999c343db3cf5e276e19a782a10cd335a1a7106181bf51" "/opt/rustwide/cargo-home/bin/cargo" "+1.100.0-beta.1" "test" "--frozen" "--release", kill_on_drop: false }`
[INFO] [stderr] warning: `package.homepage` is redundant with `package.repository`
[INFO] [stderr]   --> Cargo.toml:32:12
[INFO] [stderr]    |
[INFO] [stderr] 32 | homepage = "https://github.com/pleme-io/engenho"
[INFO] [stderr]    |            ^^^^^^^^^^^^^^^^^^^^^^^^^^^^^^^^^^^^^
[INFO] [stderr] ...
[INFO] [stderr] 37 | repository = "https://github.com/pleme-io/engenho"
[INFO] [stderr]    |              -------------------------------------
[INFO] [stderr]    |
[INFO] [stderr]    = note: `cargo::redundant_homepage` is set to `warn` by default
[INFO] [stderr] help: consider removing `package.homepage`
[INFO] [stderr] warning: `engenho-unit` (manifest) generated 1 warning
[INFO] [stderr]     Finished `release` profile [optimized] target(s) in 0.08s
[INFO] [stderr]      Running unittests src/lib.rs (/opt/rustwide/target/release/build/engenho-unit/0859f199ec80aeed/out/engenho_unit-0859f199ec80aeed)
[INFO] [stdout] 
[INFO] [stdout] running 58 tests
[INFO] [stdout] test accounts::tests::comments_and_blank_lines_are_skipped_and_a_short_line_is_an_error ... ok
[INFO] [stdout] test accounts::tests::a_group_is_found_by_name_or_by_gid_and_carries_its_members ... ok
[INFO] [stdout] test accounts::tests::memberships_are_what_initgroups_would_return ... ok
[INFO] [stdout] test accounts::tests::a_user_is_found_by_name_or_by_uid ... ok
[INFO] [stdout] test credentials::tests::credentials_land_in_the_directory_with_0400_and_the_directory_is_0500 ... ok
[INFO] [stdout] test capability::tests::a_set_is_ordered_deduplicated_and_maskable ... ok
[INFO] [stdout] test credentials::tests::a_directory_source_becomes_one_credential_per_file ... ok
[INFO] [stdout] test directories::tests::creating_twice_keeps_state_and_empties_only_the_runtime_directory ... ok
[INFO] [stdout] test directories::tests::every_base_is_planned_under_its_own_root_with_its_mode ... ok
[INFO] [stdout] test capability::tests::names_parse_with_or_without_the_prefix_and_nonsense_does_not ... ok
[INFO] [stdout] test capability::tests::the_number_is_the_index_and_names_are_unique ... ok
[INFO] [stdout] test credentials::tests::the_nixpkgs_forms_parse ... ok
[INFO] [stdout] test exec::tests::a_plain_command_is_its_own_argv0 ... ok
[INFO] [stdout] test exec::tests::an_empty_line_and_a_semicolon_word_are_typed_errors ... ok
[INFO] [stdout] test exec::tests::braced_variables_stay_one_argument_and_bare_ones_split ... ok
[INFO] [stdout] test exec::tests::dhcpcd_at_prefix_takes_argv0_from_the_next_word ... ok
[INFO] [stdout] test exec::tests::env_names_are_validated ... ok
[INFO] [stdout] test exec::tests::every_prefix_and_combination_is_read ... ok
[INFO] [stdout] test identity::tests::a_static_user_resolves_with_its_groups ... ok
[INFO] [stdout] test identity::tests::an_override_wins_over_the_units_user ... ok
[INFO] [stdout] test directories::tests::creation_makes_parents_and_modes_only_the_innermost ... ok
[INFO] [stdout] test identity::tests::an_unknown_user_or_group_is_named ... ok
[INFO] [stdout] test credentials::tests::a_missing_source_names_the_credential_and_the_path ... ok
[INFO] [stdout] test directories::tests::preserve_yes_keeps_the_runtime_directory ... ok
[INFO] [stdout] test identity::tests::dynamic_user_is_refused_without_an_override_and_resolved_with_one ... ok
[INFO] [stdout] test identity::tests::no_user_is_the_invoker_and_a_lone_group_is_refused ... ok
[INFO] [stdout] test layout::tests::an_absolute_path_lands_under_the_root ... ok
[INFO] [stdout] test privilege::tests::a_drop_without_root_fails_at_a_named_step ... ok
[INFO] [stdout] test privilege::tests::the_umask_round_trips ... ok
[INFO] [stdout] test layout::tests::every_base_has_a_directive_a_mode_and_an_env_var ... ok
[INFO] [stdout] test specifier::tests::matter_server_directory_specifiers_expand_inside_quotes ... ok
[INFO] [stdout] test layout::tests::the_system_root_is_a_no_op ... ok
[INFO] [stdout] test specifier::tests::unit_name_specifiers ... ok
[INFO] [stdout] test env::tests::a_missing_file_is_fatal_unless_the_dash_prefix_made_it_optional ... ok
[INFO] [stdout] test env::tests::a_word_that_is_not_an_assignment_is_refused ... ok
[INFO] [stdout] test env::tests::environment_files_parse_like_a_shell_fragment ... ok
[INFO] [stdout] test specifier::tests::unknown_trailing_and_unavailable_are_errors_never_literal ... ok
[INFO] [stdout] test env::tests::nixpkgs_writes_one_quoted_assignment_per_line ... ok
[INFO] [stdout] test env::tests::one_line_may_carry_several_assignments_quoted_or_not ... ok
[INFO] [stdout] test env::tests::precedence_is_lowest_first ... ok
[INFO] [stdout] test credentials::tests::a_second_start_rebuilds_the_directory_rather_than_adding_to_it ... ok
[INFO] [stdout] test unit::tests::identity_is_read_before_anything_else_expands ... ok
[INFO] [stdout] test syntax::tests::a_trailing_backslash_continues_the_line_with_a_space ... ok
[INFO] [stdout] test specifier::tests::user_specifiers_need_the_account ... ok
[INFO] [stdout] test syntax::tests::malformed_lines_are_typed_errors_naming_the_line ... ok
[INFO] [stdout] test specifier::tests::zwave_js_credentials_specifier_is_the_credentials_directory ... ok
[INFO] [stdout] test words::tests::quotes_group_and_may_open_mid_word ... ok
[INFO] [stdout] test words::tests::nixpkgs_rendered_exec_lines_split_as_systemd_does ... ok
[INFO] [stdout] test syntax::tests::sections_entries_and_comments ... ok
[INFO] [stdout] test words::tests::whitespace_separates_and_runs_collapse ... ok
[INFO] [stdout] test unit::tests::lists_accumulate_and_an_empty_assignment_resets_them ... ok
[INFO] [stdout] test unit::tests::every_class_is_recorded_and_nothing_is_dropped ... ok
[INFO] [stdout] test unit::tests::modes_umask_working_directory_and_type ... ok
[INFO] [stdout] test syntax::tests::the_value_keeps_everything_after_the_first_equals ... ok
[INFO] [stdout] test unit::tests::bad_values_are_typed_errors_naming_the_line ... ok
[INFO] [stdout] test words::tests::c_escapes_decode_inside_and_outside_quotes ... ok
[INFO] [stdout] test words::tests::invalid_escapes_and_quotes_are_errors_not_passthrough ... ok
[INFO] [stdout] test credentials::tests::an_id_that_is_a_path_is_refused ... ok
[INFO] [stdout] 
[INFO] [stdout] test result: ok. 58 passed; 0 failed; 0 ignored; 0 measured; 0 filtered out; finished in 0.02s
[INFO] [stdout] 
[INFO] [stderr]      Running tests/end_to_end.rs (/opt/rustwide/target/release/build/engenho-unit/9543ee5dda160e9f/out/end_to_end-9543ee5dda160e9f)
[INFO] [stdout] 
[INFO] [stdout] running 5 tests
[INFO] [stdout] test a_dynamic_user_unit_is_refused_without_an_override ... ok
[INFO] [stdout] test the_planned_directories_are_what_the_unit_asked_for ... ok
[INFO] [stdout] test a_missing_working_directory_is_refused_unless_it_carries_a_dash ... ok
[INFO] [stdout] test a_failing_pre_step_stops_the_start_unless_it_carries_a_dash ... ok
[INFO] [stdout] test plan_prepare_and_the_pre_step_produce_what_exec_would_run ... ok
[INFO] [stdout] 
[INFO] [stdout] test result: ok. 5 passed; 0 failed; 0 ignored; 0 measured; 0 filtered out; finished in 0.02s
[INFO] [stdout] 
[INFO] [stderr]      Running tests/privilege_drop.rs (/opt/rustwide/target/release/build/engenho-unit/63108600474be0c5/out/privilege_drop-63108600474be0c5)
[INFO] [stdout] 
[INFO] [stdout] running 2 tests
[INFO] [stdout] test an_ambient_capability_survives_the_drop ... FAILED
[INFO] [stderr] error: test failed, to rerun pass `--test privilege_drop`
[INFO] [stdout] test a_command_started_after_the_drop_runs_as_the_unit_user ... ok
[INFO] [stdout] 
[INFO] [stdout] failures:
[INFO] [stdout] 
[INFO] [stdout] ---- an_ambient_capability_survives_the_drop stdout ----
[INFO] [stdout] 
[INFO] [stdout] thread 'an_ambient_capability_survives_the_drop' (796) panicked at tests/privilege_drop.rs:115:5:
[INFO] [stdout] assertion `left != right` failed: CAP_NET_BIND_SERVICE must be in the ambient set after the drop: CapAmb:	0000000000000000
[INFO] [stdout]   left: 0
[INFO] [stdout]  right: 0
[INFO] [stdout] stack backtrace:
[INFO] [stdout]    0:     0x6004979a71a1 - <<std[617be2ca0a6fd877]::sys::backtrace::BacktraceLock>::print::DisplayBacktrace as core[a373ad73a504971]::fmt::Display>::fmt
[INFO] [stdout]    1:     0x6004979bb2ba - core[a373ad73a504971]::fmt::write
[INFO] [stdout]    2:     0x6004979ab3bc - <alloc[2e1b2a31b91974c5]::vec::Vec<u8> as core[a373ad73a504971]::io::write::Write>::write_fmt
[INFO] [stdout]    3:     0x6004979831a6 - std[617be2ca0a6fd877]::panicking::default_hook::{closure#0}
[INFO] [stdout]    4:     0x60049799f4d9 - std[617be2ca0a6fd877]::panicking::default_hook
[INFO] [stdout]    5:     0x600497938660 - test[aada8e7e76ba119b]::test_main_inner::{closure#0}
[INFO] [stdout]    6:     0x60049799f692 - std[617be2ca0a6fd877]::panicking::panic_with_hook
[INFO] [stdout]    7:     0x600497983252 - std[617be2ca0a6fd877]::panicking::panic_handler::{closure#0}
[INFO] [stdout]    8:     0x60049797bdd9 - std[617be2ca0a6fd877]::sys::backtrace::__rust_end_short_backtrace::<std[617be2ca0a6fd877]::panicking::panic_handler::{closure#0}, !>
[INFO] [stdout]    9:     0x600497983e5d - __rustc[ea4f61d10b84890b]::rust_begin_unwind
[INFO] [stdout]   10:     0x6004979bb9ec - core[a373ad73a504971]::panicking::panic_fmt
[INFO] [stdout]   11:     0x6004979bb963 - core[a373ad73a504971]::panicking::assert_failed_inner
[INFO] [stdout]   12:     0x6004979b8008 - core[a373ad73a504971]::panicking::assert_failed::<u64, u64>
[INFO] [stdout]   13:     0x600497928af5 - <privilege_drop[39de6ea0ef13c8f]::an_ambient_capability_survives_the_drop::{closure#0} as core[a373ad73a504971]::ops::function::FnOnce<()>>::call_once
[INFO] [stdout]   14:     0x60049792baab - test[aada8e7e76ba119b]::__rust_begin_short_backtrace::<core[a373ad73a504971]::result::Result<(), alloc[2e1b2a31b91974c5]::string::String>, fn() -> core[a373ad73a504971]::result::Result<(), alloc[2e1b2a31b91974c5]::string::String>>
[INFO] [stdout]   15:     0x600497938c85 - test[aada8e7e76ba119b]::run_test::{closure#0}
[INFO] [stdout]   16:     0x600497932574 - std[617be2ca0a6fd877]::sys::backtrace::__rust_begin_short_backtrace::<test[aada8e7e76ba119b]::run_test::{closure#1}, ()>
[INFO] [stdout]   17:     0x60049793bd12 - <std[617be2ca0a6fd877]::thread::lifecycle::spawn_unchecked<test[aada8e7e76ba119b]::run_test::{closure#1}, ()>::{closure#1} as core[a373ad73a504971]::ops::function::FnOnce<()>>::call_once::{shim:vtable#0}
[INFO] [stdout]   18:     0x6004979a669f - <std[617be2ca0a6fd877]::sys::thread::unix::Thread>::new::thread_start
[INFO] [stdout]   19:     0x7cb9199b7dfa - <unknown>
[INFO] [stdout]   20:     0x7cb919a4b3d4 - clone
[INFO] [stdout]   21:                0x0 - <unknown>
[INFO] [stdout] 
[INFO] [stdout] 
[INFO] [stdout] failures:
[INFO] [stdout]     an_ambient_capability_survives_the_drop
[INFO] [stdout] 
[INFO] [stdout] test result: FAILED. 1 passed; 1 failed; 0 ignored; 0 measured; 0 filtered out; finished in 0.02s
[INFO] [stdout] 
[INFO] running `Command { std: "docker" "inspect" "c3efa57e8737253308999c343db3cf5e276e19a782a10cd335a1a7106181bf51", kill_on_drop: false }`
[INFO] running `Command { std: "docker" "rm" "-f" "c3efa57e8737253308999c343db3cf5e276e19a782a10cd335a1a7106181bf51", kill_on_drop: false }`
[INFO] [stdout] c3efa57e8737253308999c343db3cf5e276e19a782a10cd335a1a7106181bf51
