[INFO] fetching crate endringer 0.33.3...
[INFO] testing endringer-0.33.3 against 1.99.0-beta.8+cargoflags=--release for beta-release-1.100-2
[INFO] extracting crate endringer 0.33.3 into /workspace/builds/worker-2-tc1/source
[INFO] started tweaking crates.io crate endringer 0.33.3
[INFO] removed 0 missing tests
[INFO] finished tweaking crates.io crate endringer 0.33.3
[INFO] tweaked toml for crates.io crate endringer 0.33.3 written to /workspace/builds/worker-2-tc1/source/Cargo.toml
[INFO] validating manifest of crates.io crate endringer 0.33.3 on toolchain 1.99.0-beta.8
[INFO] running `Command { std: CARGO_HOME="/workspace/cargo-home" RUSTUP_HOME="/workspace/rustup-home" "/workspace/cargo-home/bin/cargo" "+1.99.0-beta.8" "metadata" "--manifest-path" "Cargo.toml" "--no-deps", kill_on_drop: false }`
[INFO] crate crates.io crate endringer 0.33.3 already has a lockfile, it will not be regenerated
[INFO] running `Command { std: CARGO_HOME="/workspace/cargo-home" RUSTUP_HOME="/workspace/rustup-home" "/workspace/cargo-home/bin/cargo" "+1.99.0-beta.8" "fetch" "--manifest-path" "Cargo.toml", kill_on_drop: false }`
[INFO] [stderr]     Updating crates.io index
[INFO] [stderr]  Downloading crates ...
[INFO] [stderr]   Downloaded endringer-jj v0.33.3
[INFO] [stderr]   Downloaded gix-traverse v0.58.0
[INFO] [stderr]   Downloaded endringer-git v0.33.3
[INFO] [stderr]   Downloaded gix-worktree-stream v0.33.0
[INFO] [stderr]   Downloaded gix-negotiate v0.32.0
[INFO] [stderr]   Downloaded gix-utils v0.3.3
[INFO] [stderr]   Downloaded gix-hashtable v0.15.1
[INFO] [stderr]   Downloaded gix-lock v23.0.0
[INFO] [stderr]   Downloaded gix-url v0.36.1
[INFO] [stderr]   Downloaded gix-refspec v0.42.0
[INFO] [stderr]   Downloaded gix-credentials v0.38.1
[INFO] [stderr]   Downloaded gix-error v0.2.4
[INFO] [stderr]   Downloaded gix-attributes v0.33.1
[INFO] [stderr]   Downloaded gix-worktree-state v0.31.0
[INFO] [stderr]   Downloaded gix-tempfile v23.0.0
[INFO] [stderr]   Downloaded gix-submodule v0.31.0
[INFO] [stderr]   Downloaded gix-discover v0.52.0
[INFO] [stderr]   Downloaded gix-archive v0.33.0
[INFO] [stderr]   Downloaded endringer-core v0.33.3
[INFO] [stderr]   Downloaded gix-date v0.15.4
[INFO] [stderr]   Downloaded gix-packetline v0.21.4
[INFO] [stderr]   Downloaded gix-worktree v0.53.0
[INFO] [stderr]   Downloaded gix-revision v0.46.0
[INFO] [stderr]   Downloaded gix-dir v0.26.0
[INFO] [stderr]   Downloaded gix-revwalk v0.32.0
[INFO] [stderr]   Downloaded gix-path v0.12.1
[INFO] [stderr]   Downloaded gix-blame v0.14.0
[INFO] [stderr]   Downloaded gix-status v0.31.0
[INFO] [stderr]   Downloaded gix-protocol v0.62.0
[INFO] [stderr]   Downloaded gix-object v0.61.0
[INFO] [stderr]   Downloaded gix-filter v0.31.0
[INFO] [stderr]   Downloaded gix-index v0.52.0
[INFO] [stderr]   Downloaded gix-ref v0.64.0
[INFO] [stderr]   Downloaded gix-diff v0.64.0
[INFO] [stderr]   Downloaded gix-imara-diff v0.2.2
[INFO] [stderr]   Downloaded gix-transport v0.57.1
[INFO] [stderr]   Downloaded gix-odb v0.81.0
[INFO] [stderr]   Downloaded gix-config v0.57.0
[INFO] [stderr]   Downloaded gix-pack v0.71.0
[INFO] [stderr]   Downloaded gix v0.84.0
[INFO] running `Command { std: "docker" "create" "-v" "/var/lib/crater-agent-workspace/builds/worker-2-tc1/source:/opt/rustwide/workdir:ro,Z" "-v" "/var/lib/crater-agent-workspace/builds/worker-2-tc1/target:/opt/rustwide/target:rw,Z" "-v" "/var/lib/crater-agent-workspace/cargo-home:/opt/rustwide/cargo-home:ro,Z" "-v" "/var/lib/crater-agent-workspace/rustup-home:/opt/rustwide/rustup-home:ro,Z" "-m" "1610612736" "--network" "none" "ghcr.io/rust-lang/crates-build-env/linux@sha256:77db811e55d90add9212f6832c23229e3de5f1c1f9905e8cb07319ea15df73ac" "sleep" "infinity", kill_on_drop: false }`
[INFO] [stdout] a5cdee3de2ec08f8e316c260904cb698085d4c2ea3d919b779a5270a983a8331
[INFO] running `Command { std: "docker" "start" "a5cdee3de2ec08f8e316c260904cb698085d4c2ea3d919b779a5270a983a8331", kill_on_drop: false }`
[INFO] running `Command { std: "docker" "inspect" "a5cdee3de2ec08f8e316c260904cb698085d4c2ea3d919b779a5270a983a8331", kill_on_drop: false }`
[INFO] running `Command { std: "docker" "exec" "-e" "SOURCE_DIR=/opt/rustwide/workdir" "-e" "CARGO_HOME=/opt/rustwide/cargo-home" "-e" "RUSTUP_HOME=/opt/rustwide/rustup-home" "-e" "CARGO_TARGET_DIR=/opt/rustwide/target" "-w" "/opt/rustwide/workdir" "--user" "0:0" "a5cdee3de2ec08f8e316c260904cb698085d4c2ea3d919b779a5270a983a8331" "/opt/rustwide/cargo-home/bin/cargo" "+1.99.0-beta.8" "metadata" "--no-deps" "--format-version=1", kill_on_drop: false }`
[INFO] running `Command { std: "docker" "inspect" "a5cdee3de2ec08f8e316c260904cb698085d4c2ea3d919b779a5270a983a8331", kill_on_drop: false }`
[INFO] running `Command { std: "docker" "exec" "-e" "SOURCE_DIR=/opt/rustwide/workdir" "-e" "CARGO_HOME=/opt/rustwide/cargo-home" "-e" "RUSTUP_HOME=/opt/rustwide/rustup-home" "-e" "CARGO_TARGET_DIR=/opt/rustwide/target" "-e" "CARGO_INCREMENTAL=0" "-e" "RUST_BACKTRACE=full" "-e" "RUSTFLAGS=--cap-lints=warn" "-e" "RUSTDOCFLAGS=--cap-lints=warn" "-w" "/opt/rustwide/workdir" "--user" "0:0" "a5cdee3de2ec08f8e316c260904cb698085d4c2ea3d919b779a5270a983a8331" "/opt/rustwide/cargo-home/bin/cargo" "+1.99.0-beta.8" "build" "--frozen" "--message-format=json" "--release", kill_on_drop: false }`
[INFO] [stderr]    Compiling regex-automata v0.4.14
[INFO] [stderr]    Compiling gix-trace v0.1.20
[INFO] [stderr]    Compiling smallvec v1.15.1
[INFO] [stderr]    Compiling human_format v1.2.1
[INFO] [stderr]    Compiling bytesize v2.3.1
[INFO] [stderr]    Compiling zlib-rs v0.6.3
[INFO] [stderr]    Compiling unicode-normalization v0.1.25
[INFO] [stderr]    Compiling heapless v0.8.0
[INFO] [stderr]    Compiling byteorder v1.5.0
[INFO] [stderr]    Compiling syn v2.0.117
[INFO] [stderr]    Compiling jiff v0.2.24
[INFO] [stderr]    Compiling memmap2 v0.9.10
[INFO] [stderr]    Compiling hashbrown v0.17.0
[INFO] [stderr]    Compiling crypto-common v0.1.7
[INFO] [stderr]    Compiling rustix v1.1.4
[INFO] [stderr]    Compiling nonempty v0.12.0
[INFO] [stderr]    Compiling digest v0.10.7
[INFO] [stderr]    Compiling signal-hook v0.4.4
[INFO] [stderr]    Compiling sha1 v0.10.6
[INFO] [stderr]    Compiling gix-sec v0.14.1
[INFO] [stderr]    Compiling hash32 v0.3.1
[INFO] [stderr]    Compiling sha1-checked v0.10.0
[INFO] [stderr]    Compiling filetime v0.2.27
[INFO] [stderr]    Compiling uluru v3.1.0
[INFO] [stderr]    Compiling clru v0.6.3
[INFO] [stderr]    Compiling parking_lot_core v0.9.12
[INFO] [stderr]    Compiling anyhow v1.0.102
[INFO] [stderr]    Compiling arc-swap v1.9.1
[INFO] [stderr]    Compiling io-close v0.3.7
[INFO] [stderr]    Compiling parking_lot v0.12.5
[INFO] [stderr]    Compiling dashmap v6.1.0
[INFO] [stderr]    Compiling faster-hex v0.10.0
[INFO] [stderr]    Compiling prodash v31.0.0
[INFO] [stderr]    Compiling endringer-core v0.33.3
[INFO] [stderr]    Compiling tempfile v3.27.0
[INFO] [stderr]    Compiling bstr v1.12.1
[INFO] [stderr]    Compiling regex v1.12.3
[INFO] [stderr]    Compiling gix-validate v0.11.2
[INFO] [stderr]    Compiling gix-utils v0.3.3
[INFO] [stderr]    Compiling gix-error v0.2.4
[INFO] [stderr]    Compiling gix-imara-diff v0.2.2
[INFO] [stderr]    Compiling gix-quote v0.7.2
[INFO] [stderr]    Compiling gix-chunk v0.7.2
[INFO] [stderr]    Compiling gix-bitmap v0.3.2
[INFO] [stderr]    Compiling thiserror-impl v2.0.18
[INFO] [stderr]    Compiling maybe-async v0.2.10
[INFO] [stderr]    Compiling thiserror v2.0.18
[INFO] [stderr]    Compiling gix-path v0.12.1
[INFO] [stderr]    Compiling gix-packetline v0.21.4
[INFO] [stderr]    Compiling gix-features v0.48.1
[INFO] [stderr]    Compiling gix-command v0.9.1
[INFO] [stderr]    Compiling gix-config-value v0.18.1
[INFO] [stderr]    Compiling gix-url v0.36.1
[INFO] [stderr]    Compiling gix-prompt v0.15.1
[INFO] [stderr]    Compiling gix-date v0.15.4
[INFO] [stderr]    Compiling gix-actor v0.41.1
[INFO] [stderr]    Compiling gix-hash v0.25.1
[INFO] [stderr]    Compiling gix-fs v0.21.2
[INFO] [stderr]    Compiling gix-glob v0.26.1
[INFO] [stderr]    Compiling gix-transport v0.57.1
[INFO] [stderr]    Compiling gix-mailmap v0.33.1
[INFO] [stderr]    Compiling gix-credentials v0.38.1
[INFO] [stderr]    Compiling gix-hashtable v0.15.1
[INFO] [stderr]    Compiling gix-object v0.61.0
[INFO] [stderr]    Compiling gix-commitgraph v0.37.1
[INFO] [stderr]    Compiling gix-tempfile v23.0.0
[INFO] [stderr]    Compiling gix-attributes v0.33.1
[INFO] [stderr]    Compiling gix-ignore v0.21.1
[INFO] [stderr]    Compiling gix-lock v23.0.0
[INFO] [stderr]    Compiling gix-pathspec v0.18.1
[INFO] [stderr]    Compiling gix-shallow v0.12.1
[INFO] [stderr]    Compiling gix-revwalk v0.32.0
[INFO] [stderr]    Compiling gix-filter v0.31.0
[INFO] [stderr]    Compiling gix-ref v0.64.0
[INFO] [stderr]    Compiling gix-pack v0.71.0
[INFO] [stderr]    Compiling gix-traverse v0.58.0
[INFO] [stderr]    Compiling gix-revision v0.46.0
[INFO] [stderr]    Compiling gix-negotiate v0.32.0
[INFO] [stderr]    Compiling gix-index v0.52.0
[INFO] [stderr]    Compiling gix-worktree-stream v0.33.0
[INFO] [stderr]    Compiling gix-refspec v0.42.0
[INFO] [stderr]    Compiling gix-archive v0.33.0
[INFO] [stderr]    Compiling gix-discover v0.52.0
[INFO] [stderr]    Compiling gix-config v0.57.0
[INFO] [stderr]    Compiling gix-protocol v0.62.0
[INFO] [stderr]    Compiling gix-worktree v0.53.0
[INFO] [stderr]    Compiling gix-odb v0.81.0
[INFO] [stderr]    Compiling gix-diff v0.64.0
[INFO] [stderr]    Compiling gix-dir v0.26.0
[INFO] [stderr]    Compiling gix-worktree-state v0.31.0
[INFO] [stderr]    Compiling gix-submodule v0.31.0
[INFO] [stderr]    Compiling gix-status v0.31.0
[INFO] [stderr]    Compiling gix-blame v0.14.0
[INFO] [stderr]    Compiling gix v0.84.0
[INFO] [stderr]    Compiling endringer-git v0.33.3
[INFO] [stderr]    Compiling endringer-jj v0.33.3
[INFO] [stderr]    Compiling endringer v0.33.3 (/opt/rustwide/workdir)
[INFO] [stderr]     Finished `release` profile [optimized] target(s) in 1m 36s
[INFO] running `Command { std: "docker" "inspect" "a5cdee3de2ec08f8e316c260904cb698085d4c2ea3d919b779a5270a983a8331", kill_on_drop: false }`
[INFO] running `Command { std: "docker" "exec" "-e" "SOURCE_DIR=/opt/rustwide/workdir" "-e" "CARGO_HOME=/opt/rustwide/cargo-home" "-e" "RUSTUP_HOME=/opt/rustwide/rustup-home" "-e" "CARGO_TARGET_DIR=/opt/rustwide/target" "-e" "CARGO_INCREMENTAL=0" "-e" "RUST_BACKTRACE=full" "-e" "RUSTFLAGS=--cap-lints=warn" "-e" "RUSTDOCFLAGS=--cap-lints=warn" "-w" "/opt/rustwide/workdir" "--user" "0:0" "a5cdee3de2ec08f8e316c260904cb698085d4c2ea3d919b779a5270a983a8331" "/opt/rustwide/cargo-home/bin/cargo" "+1.99.0-beta.8" "test" "--frozen" "--no-run" "--message-format=json" "--release", kill_on_drop: false }`
[INFO] [stderr]    Compiling zerocopy v0.8.52
[INFO] [stderr]    Compiling zerocopy-derive v0.8.52
[INFO] [stderr]    Compiling num-traits v0.2.19
[INFO] [stderr]    Compiling serde_derive v1.0.228
[INFO] [stderr]    Compiling either v1.16.0
[INFO] [stderr]    Compiling clap v4.6.1
[INFO] [stderr]    Compiling itertools v0.10.5
[INFO] [stderr]    Compiling rayon v1.12.0
[INFO] [stderr]    Compiling plotters v0.3.7
[INFO] [stderr]    Compiling serde v1.0.228
[INFO] [stderr]    Compiling criterion-plot v0.5.0
[INFO] [stderr]    Compiling tinytemplate v1.2.1
[INFO] [stderr]    Compiling half v2.7.1
[INFO] [stderr]    Compiling ciborium-ll v0.2.2
[INFO] [stderr]    Compiling ciborium v0.2.2
[INFO] [stderr]    Compiling criterion v0.5.1
[INFO] [stderr]    Compiling endringer v0.33.3 (/opt/rustwide/workdir)
[INFO] [stdout] warning: unused import: `BranchTrackingInfo`
[INFO] [stdout]   --> tests/vcsbackend_defaults.rs:12:42
[INFO] [stdout]    |
[INFO] [stdout] 12 |     AheadBehind, BlameEntry, BranchInfo, BranchTrackingInfo, CommitId, CommitInfo,
[INFO] [stdout]    |                                          ^^^^^^^^^^^^^^^^^^
[INFO] [stdout]    |
[INFO] [stdout]    = note: `#[warn(unused_imports)]` (part of `#[warn(unused)]`) on by default
[INFO] [stdout] 
[INFO] [stdout] 
[INFO] [stdout] warning: method `jj` is never used
[INFO] [stdout]    --> tests/support/jj_fixture.rs:163:12
[INFO] [stdout]     |
[INFO] [stdout]  76 | impl JjFixture {
[INFO] [stdout]     | -------------- method in this implementation
[INFO] [stdout] ...
[INFO] [stdout] 163 |     pub fn jj(&self, args: &[&str]) {
[INFO] [stdout]     |            ^^
[INFO] [stdout]     |
[INFO] [stdout]     = note: `#[warn(dead_code)]` (part of `#[warn(unused)]`) on by default
[INFO] [stdout] 
[INFO] [stdout] 
[INFO] [stdout] warning: unused variable: `repo`
[INFO] [stdout]    --> tests/git_unusual_repos.rs:283:9
[INFO] [stdout]     |
[INFO] [stdout] 283 |     let repo = repository(dir.path()).unwrap();
[INFO] [stdout]     |         ^^^^ help: if this is intentional, prefix it with an underscore: `_repo`
[INFO] [stdout]     |
[INFO] [stdout]     = note: `#[warn(unused_variables)]` (part of `#[warn(unused)]`) on by default
[INFO] [stdout] 
[INFO] [stdout] 
[INFO] [stdout] warning: unused import: `repository`
[INFO] [stdout]   --> tests/git_core.rs:85:21
[INFO] [stdout]    |
[INFO] [stdout] 85 |     use endringer::{repository, ObjectFormat};
[INFO] [stdout]    |                     ^^^^^^^^^^
[INFO] [stdout]    |
[INFO] [stdout]    = note: `#[warn(unused_imports)]` (part of `#[warn(unused)]`) on by default
[INFO] [stdout] 
[INFO] [stdout] 
[INFO] [stdout] warning: function `git_status_short` is never used
[INFO] [stdout]   --> tests/support/git_cli.rs:93:8
[INFO] [stdout]    |
[INFO] [stdout] 93 | pub fn git_status_short(repo: &Path) -> Vec<String> {
[INFO] [stdout]    |        ^^^^^^^^^^^^^^^^
[INFO] [stdout]    |
[INFO] [stdout]    = note: `#[warn(dead_code)]` (part of `#[warn(unused)]`) on by default
[INFO] [stdout] 
[INFO] [stdout] 
[INFO] [stderr]     Finished `release` profile [optimized] target(s) in 39.86s
[INFO] running `Command { std: "docker" "inspect" "a5cdee3de2ec08f8e316c260904cb698085d4c2ea3d919b779a5270a983a8331", kill_on_drop: false }`
[INFO] running `Command { std: "docker" "exec" "-e" "SOURCE_DIR=/opt/rustwide/workdir" "-e" "CARGO_HOME=/opt/rustwide/cargo-home" "-e" "RUSTUP_HOME=/opt/rustwide/rustup-home" "-e" "CARGO_TARGET_DIR=/opt/rustwide/target" "-e" "CARGO_INCREMENTAL=0" "-e" "RUST_BACKTRACE=full" "-e" "RUSTFLAGS=--cap-lints=warn" "-e" "RUSTDOCFLAGS=--cap-lints=warn" "-w" "/opt/rustwide/workdir" "--user" "0:0" "a5cdee3de2ec08f8e316c260904cb698085d4c2ea3d919b779a5270a983a8331" "/opt/rustwide/cargo-home/bin/cargo" "+1.99.0-beta.8" "test" "--frozen" "--release", kill_on_drop: false }`
[INFO] [stderr] warning: unused import: `BranchTrackingInfo`
[INFO] [stderr]   --> tests/vcsbackend_defaults.rs:12:42
[INFO] [stderr]    |
[INFO] [stderr] 12 |     AheadBehind, BlameEntry, BranchInfo, BranchTrackingInfo, CommitId, CommitInfo,
[INFO] [stderr]    |                                          ^^^^^^^^^^^^^^^^^^
[INFO] [stderr]    |
[INFO] [stderr]    = note: `#[warn(unused_imports)]` (part of `#[warn(unused)]`) on by default
[INFO] [stderr] 
[INFO] [stderr] warning: method `jj` is never used
[INFO] [stderr]    --> tests/support/jj_fixture.rs:163:12
[INFO] [stderr]     |
[INFO] [stderr]  76 | impl JjFixture {
[INFO] [stderr]     | -------------- method in this implementation
[INFO] [stderr] ...
[INFO] [stderr] 163 |     pub fn jj(&self, args: &[&str]) {
[INFO] [stderr]     |            ^^
[INFO] [stderr]     |
[INFO] [stderr]     = note: `#[warn(dead_code)]` (part of `#[warn(unused)]`) on by default
[INFO] [stderr] 
[INFO] [stderr] warning: unused variable: `repo`
[INFO] [stderr]    --> tests/git_unusual_repos.rs:283:9
[INFO] [stderr]     |
[INFO] [stderr] 283 |     let repo = repository(dir.path()).unwrap();
[INFO] [stderr]     |         ^^^^ help: if this is intentional, prefix it with an underscore: `_repo`
[INFO] [stderr]     |
[INFO] [stderr]     = note: `#[warn(unused_variables)]` (part of `#[warn(unused)]`) on by default
[INFO] [stderr] 
[INFO] [stderr] warning: `endringer` (test "vcsbackend_defaults") generated 1 warning (run `cargo fix --test "vcsbackend_defaults" -p endringer` to apply 1 suggestion)
[INFO] [stderr] warning: `endringer` (test "jj_real") generated 1 warning
[INFO] [stderr] warning: `endringer` (test "git_unusual_repos") generated 1 warning (run `cargo fix --test "git_unusual_repos" -p endringer` to apply 1 suggestion)
[INFO] [stderr] warning: unused import: `repository`
[INFO] [stderr]   --> tests/git_core.rs:85:21
[INFO] [stderr]    |
[INFO] [stderr] 85 |     use endringer::{repository, ObjectFormat};
[INFO] [stderr]    |                     ^^^^^^^^^^
[INFO] [stderr]    |
[INFO] [stderr]    = note: `#[warn(unused_imports)]` (part of `#[warn(unused)]`) on by default
[INFO] [stderr] 
[INFO] [stderr] warning: function `git_status_short` is never used
[INFO] [stderr]   --> tests/support/git_cli.rs:93:8
[INFO] [stderr]    |
[INFO] [stderr] 93 | pub fn git_status_short(repo: &Path) -> Vec<String> {
[INFO] [stderr]    |        ^^^^^^^^^^^^^^^^
[INFO] [stderr]    |
[INFO] [stderr]    = note: `#[warn(dead_code)]` (part of `#[warn(unused)]`) on by default
[INFO] [stderr] 
[INFO] [stderr] warning: `endringer` (test "git_core") generated 1 warning (run `cargo fix --test "git_core" -p endringer` to apply 1 suggestion)
[INFO] [stderr] warning: `endringer` (test "git_cli_parity") generated 1 warning
[INFO] [stderr]     Finished `release` profile [optimized] target(s) in 0.29s
[INFO] [stderr]      Running unittests src/lib.rs (/opt/rustwide/target/release/deps/endringer-12f253a82bc2e7a3)
[INFO] [stdout] 
[INFO] [stdout] running 10 tests
[INFO] [stdout] test repository::tests::it_works_commit_id_ord ... FAILED
[INFO] [stdout] test repository::tests::it_works_local_branches ... FAILED
[INFO] [stdout] test repository::tests::it_works_list_commits ... FAILED
[INFO] [stdout] test repository::tests::it_works_jj_repository_error_on_non_jj_path ... ok
[INFO] [stdout] test repository::tests::it_works_repository ... FAILED
[INFO] [stdout] test repository::tests::it_works_status_digest ... FAILED
[INFO] [stdout] test repository::tests::it_works_backend_kind ... FAILED
[INFO] [stdout] test repository::tests::it_works_commit_id_short ... FAILED
[INFO] [stdout] test repository::tests::it_works_remote_url ... FAILED
[INFO] [stderr] error: test failed, to rerun pass `--lib`
[INFO] [stdout] test repository::tests::it_works_remote_branches ... FAILED
[INFO] [stdout] 
[INFO] [stdout] failures:
[INFO] [stdout] 
[INFO] [stdout] ---- repository::tests::it_works_commit_id_ord stdout ----
[INFO] [stdout] 
[INFO] [stdout] thread 'repository::tests::it_works_commit_id_ord' (2943) panicked at src/repository/tests.rs:8:32:
[INFO] [stdout] failed to open repository: NotARepository { path: "." }
[INFO] [stdout] stack backtrace:
[INFO] [stdout]    0:     0x5d4fb9535201 - <<std[70759c8f55707aa4]::sys::backtrace::BacktraceLock>::print::DisplayBacktrace as core[df12db4294e9bfd3]::fmt::Display>::fmt
[INFO] [stdout]    1:     0x5d4fb954d0aa - core[df12db4294e9bfd3]::fmt::write
[INFO] [stdout]    2:     0x5d4fb953b2cc - <alloc[2182bb758b4b3781]::vec::Vec<u8> as core[df12db4294e9bfd3]::io::write::Write>::write_fmt
[INFO] [stdout]    3:     0x5d4fb950d4e6 - std[70759c8f55707aa4]::panicking::default_hook::{closure#0}
[INFO] [stdout]    4:     0x5d4fb952c4b9 - std[70759c8f55707aa4]::panicking::default_hook
[INFO] [stdout]    5:     0x5d4fb91e4b60 - test[9d35eded1c95d3be]::test_main_inner::<test[9d35eded1c95d3be]::test_main_static::{closure#0}>::{closure#0}
[INFO] [stdout]    6:     0x5d4fb952c7e2 - std[70759c8f55707aa4]::panicking::panic_with_hook
[INFO] [stdout]    7:     0x5d4fb950d592 - std[70759c8f55707aa4]::panicking::panic_handler::{closure#0}
[INFO] [stdout]    8:     0x5d4fb95059c9 - std[70759c8f55707aa4]::sys::backtrace::__rust_end_short_backtrace::<std[70759c8f55707aa4]::panicking::panic_handler::{closure#0}, !>
[INFO] [stdout]    9:     0x5d4fb950e38d - __rustc[8fa7c3cbc660c2b3]::rust_begin_unwind
[INFO] [stdout]   10:     0x5d4fb954d88c - core[df12db4294e9bfd3]::panicking::panic_fmt
[INFO] [stdout]   11:     0x5d4fb954d662 - core[df12db4294e9bfd3]::result::unwrap_failed
[INFO] [stdout]   12:     0x5d4fb91d4c04 - endringer[eb7004dc696d981a]::repository::tests::it_works_commit_id_ord
[INFO] [stdout]   13:     0x5d4fb91d2599 - <endringer[eb7004dc696d981a]::repository::tests::it_works_commit_id_ord::{closure#0} as core[df12db4294e9bfd3]::ops::function::FnOnce<()>>::call_once
[INFO] [stdout]   14:     0x5d4fb91d7e4b - test[9d35eded1c95d3be]::__rust_begin_short_backtrace::<core[df12db4294e9bfd3]::result::Result<(), alloc[2182bb758b4b3781]::string::String>, fn() -> core[df12db4294e9bfd3]::result::Result<(), alloc[2182bb758b4b3781]::string::String>>
[INFO] [stdout]   15:     0x5d4fb91e54b5 - test[9d35eded1c95d3be]::run_test::{closure#0}
[INFO] [stdout]   16:     0x5d4fb91ded74 - std[70759c8f55707aa4]::sys::backtrace::__rust_begin_short_backtrace::<test[9d35eded1c95d3be]::run_test::{closure#1}, ()>
[INFO] [stdout]   17:     0x5d4fb91e8612 - <std[70759c8f55707aa4]::thread::lifecycle::spawn_unchecked<test[9d35eded1c95d3be]::run_test::{closure#1}, ()>::{closure#1} as core[df12db4294e9bfd3]::ops::function::FnOnce<()>>::call_once::{shim:vtable#0}
[INFO] [stdout]   18:     0x5d4fb9534319 - <std[70759c8f55707aa4]::sys::thread::unix::Thread>::new::thread_start
[INFO] [stdout]   19:     0x7d4e381b9dfa - <unknown>
[INFO] [stdout]   20:     0x7d4e3824d3d4 - clone
[INFO] [stdout]   21:                0x0 - <unknown>
[INFO] [stdout] 
[INFO] [stdout] ---- repository::tests::it_works_local_branches stdout ----
[INFO] [stdout] 
[INFO] [stdout] thread 'repository::tests::it_works_local_branches' (2947) panicked at src/repository/tests.rs:8:32:
[INFO] [stdout] failed to open repository: NotARepository { path: "." }
[INFO] [stdout] stack backtrace:
[INFO] [stdout]    0:     0x5d4fb9535201 - <<std[70759c8f55707aa4]::sys::backtrace::BacktraceLock>::print::DisplayBacktrace as core[df12db4294e9bfd3]::fmt::Display>::fmt
[INFO] [stdout]    1:     0x5d4fb954d0aa - core[df12db4294e9bfd3]::fmt::write
[INFO] [stdout]    2:     0x5d4fb953b2cc - <alloc[2182bb758b4b3781]::vec::Vec<u8> as core[df12db4294e9bfd3]::io::write::Write>::write_fmt
[INFO] [stdout]    3:     0x5d4fb950d4e6 - std[70759c8f55707aa4]::panicking::default_hook::{closure#0}
[INFO] [stdout]    4:     0x5d4fb952c4b9 - std[70759c8f55707aa4]::panicking::default_hook
[INFO] [stdout]    5:     0x5d4fb91e4b60 - test[9d35eded1c95d3be]::test_main_inner::<test[9d35eded1c95d3be]::test_main_static::{closure#0}>::{closure#0}
[INFO] [stdout]    6:     0x5d4fb952c7e2 - std[70759c8f55707aa4]::panicking::panic_with_hook
[INFO] [stdout]    7:     0x5d4fb950d592 - std[70759c8f55707aa4]::panicking::panic_handler::{closure#0}
[INFO] [stdout]    8:     0x5d4fb95059c9 - std[70759c8f55707aa4]::sys::backtrace::__rust_end_short_backtrace::<std[70759c8f55707aa4]::panicking::panic_handler::{closure#0}, !>
[INFO] [stdout]    9:     0x5d4fb950e38d - __rustc[8fa7c3cbc660c2b3]::rust_begin_unwind
[INFO] [stdout]   10:     0x5d4fb954d88c - core[df12db4294e9bfd3]::panicking::panic_fmt
[INFO] [stdout]   11:     0x5d4fb954d662 - core[df12db4294e9bfd3]::result::unwrap_failed
[INFO] [stdout]   12:     0x5d4fb91d53ad - endringer[eb7004dc696d981a]::repository::tests::it_works_local_branches
[INFO] [stdout]   13:     0x5d4fb91d25d9 - <endringer[eb7004dc696d981a]::repository::tests::it_works_local_branches::{closure#0} as core[df12db4294e9bfd3]::ops::function::FnOnce<()>>::call_once
[INFO] [stdout]   14:     0x5d4fb91d7e4b - test[9d35eded1c95d3be]::__rust_begin_short_backtrace::<core[df12db4294e9bfd3]::result::Result<(), alloc[2182bb758b4b3781]::string::String>, fn() -> core[df12db4294e9bfd3]::result::Result<(), alloc[2182bb758b4b3781]::string::String>>
[INFO] [stdout]   15:     0x5d4fb91e54b5 - test[9d35eded1c95d3be]::run_test::{closure#0}
[INFO] [stdout]   16:     0x5d4fb91ded74 - std[70759c8f55707aa4]::sys::backtrace::__rust_begin_short_backtrace::<test[9d35eded1c95d3be]::run_test::{closure#1}, ()>
[INFO] [stdout]   17:     0x5d4fb91e8612 - <std[70759c8f55707aa4]::thread::lifecycle::spawn_unchecked<test[9d35eded1c95d3be]::run_test::{closure#1}, ()>::{closure#1} as core[df12db4294e9bfd3]::ops::function::FnOnce<()>>::call_once::{shim:vtable#0}
[INFO] [stdout]   18:     0x5d4fb9534319 - <std[70759c8f55707aa4]::sys::thread::unix::Thread>::new::thread_start
[INFO] [stdout]   19:     0x7d4e381b9dfa - <unknown>
[INFO] [stdout]   20:     0x7d4e3824d3d4 - clone
[INFO] [stdout]   21:                0x0 - <unknown>
[INFO] [stdout] 
[INFO] [stdout] ---- repository::tests::it_works_list_commits stdout ----
[INFO] [stdout] 
[INFO] [stdout] thread 'repository::tests::it_works_list_commits' (2946) panicked at src/repository/tests.rs:8:32:
[INFO] [stdout] failed to open repository: NotARepository { path: "." }
[INFO] [stdout] stack backtrace:
[INFO] [stdout]    0:     0x5d4fb9535201 - <<std[70759c8f55707aa4]::sys::backtrace::BacktraceLock>::print::DisplayBacktrace as core[df12db4294e9bfd3]::fmt::Display>::fmt
[INFO] [stdout]    1:     0x5d4fb954d0aa - core[df12db4294e9bfd3]::fmt::write
[INFO] [stdout]    2:     0x5d4fb953b2cc - <alloc[2182bb758b4b3781]::vec::Vec<u8> as core[df12db4294e9bfd3]::io::write::Write>::write_fmt
[INFO] [stdout]    3:     0x5d4fb950d4e6 - std[70759c8f55707aa4]::panicking::default_hook::{closure#0}
[INFO] [stdout]    4:     0x5d4fb952c4b9 - std[70759c8f55707aa4]::panicking::default_hook
[INFO] [stdout]    5:     0x5d4fb91e4b60 - test[9d35eded1c95d3be]::test_main_inner::<test[9d35eded1c95d3be]::test_main_static::{closure#0}>::{closure#0}
[INFO] [stdout]    6:     0x5d4fb952c7e2 - std[70759c8f55707aa4]::panicking::panic_with_hook
[INFO] [stdout]    7:     0x5d4fb950d592 - std[70759c8f55707aa4]::panicking::panic_handler::{closure#0}
[INFO] [stdout]    8:     0x5d4fb95059c9 - std[70759c8f55707aa4]::sys::backtrace::__rust_end_short_backtrace::<std[70759c8f55707aa4]::panicking::panic_handler::{closure#0}, !>
[INFO] [stdout]    9:     0x5d4fb950e38d - __rustc[8fa7c3cbc660c2b3]::rust_begin_unwind
[INFO] [stdout]   10:     0x5d4fb954d88c - core[df12db4294e9bfd3]::panicking::panic_fmt
[INFO] [stdout]   11:     0x5d4fb954d662 - core[df12db4294e9bfd3]::result::unwrap_failed
[INFO] [stdout]   12:     0x5d4fb91d45c1 - endringer[eb7004dc696d981a]::repository::tests::it_works_list_commits
[INFO] [stdout]   13:     0x5d4fb91d2579 - <endringer[eb7004dc696d981a]::repository::tests::it_works_list_commits::{closure#0} as core[df12db4294e9bfd3]::ops::function::FnOnce<()>>::call_once
[INFO] [stdout]   14:     0x5d4fb91d7e4b - test[9d35eded1c95d3be]::__rust_begin_short_backtrace::<core[df12db4294e9bfd3]::result::Result<(), alloc[2182bb758b4b3781]::string::String>, fn() -> core[df12db4294e9bfd3]::result::Result<(), alloc[2182bb758b4b3781]::string::String>>
[INFO] [stdout]   15:     0x5d4fb91e54b5 - test[9d35eded1c95d3be]::run_test::{closure#0}
[INFO] [stdout]   16:     0x5d4fb91ded74 - std[70759c8f55707aa4]::sys::backtrace::__rust_begin_short_backtrace::<test[9d35eded1c95d3be]::run_test::{closure#1}, ()>
[INFO] [stdout]   17:     0x5d4fb91e8612 - <std[70759c8f55707aa4]::thread::lifecycle::spawn_unchecked<test[9d35eded1c95d3be]::run_test::{closure#1}, ()>::{closure#1} as core[df12db4294e9bfd3]::ops::function::FnOnce<()>>::call_once::{shim:vtable#0}
[INFO] [stdout]   18:     0x5d4fb9534319 - <std[70759c8f55707aa4]::sys::thread::unix::Thread>::new::thread_start
[INFO] [stdout]   19:     0x7d4e381b9dfa - <unknown>
[INFO] [stdout]   20:     0x7d4e3824d3d4 - clone
[INFO] [stdout]   21:                0x0 - <unknown>
[INFO] [stdout] 
[INFO] [stdout] ---- repository::tests::it_works_repository stdout ----
[INFO] [stdout] 
[INFO] [stdout] thread 'repository::tests::it_works_repository' (2950) panicked at src/repository/tests.rs:13:5:
[INFO] [stdout] assertion failed: repository(Path::new(".")).is_ok()
[INFO] [stdout] stack backtrace:
[INFO] [stdout]    0:     0x5d4fb9535201 - <<std[70759c8f55707aa4]::sys::backtrace::BacktraceLock>::print::DisplayBacktrace as core[df12db4294e9bfd3]::fmt::Display>::fmt
[INFO] [stdout]    1:     0x5d4fb954d0aa - core[df12db4294e9bfd3]::fmt::write
[INFO] [stdout]    2:     0x5d4fb953b2cc - <alloc[2182bb758b4b3781]::vec::Vec<u8> as core[df12db4294e9bfd3]::io::write::Write>::write_fmt
[INFO] [stdout]    3:     0x5d4fb950d4e6 - std[70759c8f55707aa4]::panicking::default_hook::{closure#0}
[INFO] [stdout]    4:     0x5d4fb952c4b9 - std[70759c8f55707aa4]::panicking::default_hook
[INFO] [stdout]    5:     0x5d4fb91e4b60 - test[9d35eded1c95d3be]::test_main_inner::<test[9d35eded1c95d3be]::test_main_static::{closure#0}>::{closure#0}
[INFO] [stdout]    6:     0x5d4fb952c7e2 - std[70759c8f55707aa4]::panicking::panic_with_hook
[INFO] [stdout]    7:     0x5d4fb950d5c4 - std[70759c8f55707aa4]::panicking::panic_handler::{closure#0}
[INFO] [stdout]    8:     0x5d4fb95059c9 - std[70759c8f55707aa4]::sys::backtrace::__rust_end_short_backtrace::<std[70759c8f55707aa4]::panicking::panic_handler::{closure#0}, !>
[INFO] [stdout]    9:     0x5d4fb950e38d - __rustc[8fa7c3cbc660c2b3]::rust_begin_unwind
[INFO] [stdout]   10:     0x5d4fb954d88c - core[df12db4294e9bfd3]::panicking::panic_fmt
[INFO] [stdout]   11:     0x5d4fb954d852 - core[df12db4294e9bfd3]::panicking::panic
[INFO] [stdout]   12:     0x5d4fb91d41ef - endringer[eb7004dc696d981a]::repository::tests::it_works_repository
[INFO] [stdout]   13:     0x5d4fb91d2539 - <endringer[eb7004dc696d981a]::repository::tests::it_works_repository::{closure#0} as core[df12db4294e9bfd3]::ops::function::FnOnce<()>>::call_once
[INFO] [stdout]   14:     0x5d4fb91d7e4b - test[9d35eded1c95d3be]::__rust_begin_short_backtrace::<core[df12db4294e9bfd3]::result::Result<(), alloc[2182bb758b4b3781]::string::String>, fn() -> core[df12db4294e9bfd3]::result::Result<(), alloc[2182bb758b4b3781]::string::String>>
[INFO] [stdout]   15:     0x5d4fb91e54b5 - test[9d35eded1c95d3be]::run_test::{closure#0}
[INFO] [stdout]   16:     0x5d4fb91ded74 - std[70759c8f55707aa4]::sys::backtrace::__rust_begin_short_backtrace::<test[9d35eded1c95d3be]::run_test::{closure#1}, ()>
[INFO] [stdout]   17:     0x5d4fb91e8612 - <std[70759c8f55707aa4]::thread::lifecycle::spawn_unchecked<test[9d35eded1c95d3be]::run_test::{closure#1}, ()>::{closure#1} as core[df12db4294e9bfd3]::ops::function::FnOnce<()>>::call_once::{shim:vtable#0}
[INFO] [stdout]   18:     0x5d4fb9534319 - <std[70759c8f55707aa4]::sys::thread::unix::Thread>::new::thread_start
[INFO] [stdout]   19:     0x7d4e381b9dfa - <unknown>
[INFO] [stdout]   20:     0x7d4e3824d3d4 - clone
[INFO] [stdout]   21:                0x0 - <unknown>
[INFO] [stdout] 
[INFO] [stdout] ---- repository::tests::it_works_status_digest stdout ----
[INFO] [stdout] 
[INFO] [stdout] thread 'repository::tests::it_works_status_digest' (2951) panicked at src/repository/tests.rs:8:32:
[INFO] [stdout] failed to open repository: NotARepository { path: "." }
[INFO] [stdout] stack backtrace:
[INFO] [stdout]    0:     0x5d4fb9535201 - <<std[70759c8f55707aa4]::sys::backtrace::BacktraceLock>::print::DisplayBacktrace as core[df12db4294e9bfd3]::fmt::Display>::fmt
[INFO] [stdout]    1:     0x5d4fb954d0aa - core[df12db4294e9bfd3]::fmt::write
[INFO] [stdout]    2:     0x5d4fb953b2cc - <alloc[2182bb758b4b3781]::vec::Vec<u8> as core[df12db4294e9bfd3]::io::write::Write>::write_fmt
[INFO] [stdout]    3:     0x5d4fb950d4e6 - std[70759c8f55707aa4]::panicking::default_hook::{closure#0}
[INFO] [stdout]    4:     0x5d4fb952c4b9 - std[70759c8f55707aa4]::panicking::default_hook
[INFO] [stdout]    5:     0x5d4fb91e4b60 - test[9d35eded1c95d3be]::test_main_inner::<test[9d35eded1c95d3be]::test_main_static::{closure#0}>::{closure#0}
[INFO] [stdout]    6:     0x5d4fb952c7e2 - std[70759c8f55707aa4]::panicking::panic_with_hook
[INFO] [stdout]    7:     0x5d4fb950d592 - std[70759c8f55707aa4]::panicking::panic_handler::{closure#0}
[INFO] [stdout]    8:     0x5d4fb95059c9 - std[70759c8f55707aa4]::sys::backtrace::__rust_end_short_backtrace::<std[70759c8f55707aa4]::panicking::panic_handler::{closure#0}, !>
[INFO] [stdout]    9:     0x5d4fb950e38d - __rustc[8fa7c3cbc660c2b3]::rust_begin_unwind
[INFO] [stdout]   10:     0x5d4fb954d88c - core[df12db4294e9bfd3]::panicking::panic_fmt
[INFO] [stdout]   11:     0x5d4fb954d662 - core[df12db4294e9bfd3]::result::unwrap_failed
[INFO] [stdout]   12:     0x5d4fb91d5043 - endringer[eb7004dc696d981a]::repository::tests::it_works_status_digest
[INFO] [stdout]   13:     0x5d4fb91d25b9 - <endringer[eb7004dc696d981a]::repository::tests::it_works_status_digest::{closure#0} as core[df12db4294e9bfd3]::ops::function::FnOnce<()>>::call_once
[INFO] [stdout]   14:     0x5d4fb91d7e4b - test[9d35eded1c95d3be]::__rust_begin_short_backtrace::<core[df12db4294e9bfd3]::result::Result<(), alloc[2182bb758b4b3781]::string::String>, fn() -> core[df12db4294e9bfd3]::result::Result<(), alloc[2182bb758b4b3781]::string::String>>
[INFO] [stdout]   15:     0x5d4fb91e54b5 - test[9d35eded1c95d3be]::run_test::{closure#0}
[INFO] [stdout]   16:     0x5d4fb91ded74 - std[70759c8f55707aa4]::sys::backtrace::__rust_begin_short_backtrace::<test[9d35eded1c95d3be]::run_test::{closure#1}, ()>
[INFO] [stdout]   17:     0x5d4fb91e8612 - <std[70759c8f55707aa4]::thread::lifecycle::spawn_unchecked<test[9d35eded1c95d3be]::run_test::{closure#1}, ()>::{closure#1} as core[df12db4294e9bfd3]::ops::function::FnOnce<()>>::call_once::{shim:vtable#0}
[INFO] [stdout]   18:     0x5d4fb9534319 - <std[70759c8f55707aa4]::sys::thread::unix::Thread>::new::thread_start
[INFO] [stdout]   19:     0x7d4e381b9dfa - <unknown>
[INFO] [stdout]   20:     0x7d4e3824d3d4 - clone
[INFO] [stdout]   21:                0x0 - <unknown>
[INFO] [stdout] 
[INFO] [stdout] ---- repository::tests::it_works_backend_kind stdout ----
[INFO] [stdout] 
[INFO] [stdout] thread 'repository::tests::it_works_backend_kind' (2942) panicked at src/repository/tests.rs:8:32:
[INFO] [stdout] failed to open repository: NotARepository { path: "." }
[INFO] [stdout] stack backtrace:
[INFO] [stdout]    0:     0x5d4fb9535201 - <<std[70759c8f55707aa4]::sys::backtrace::BacktraceLock>::print::DisplayBacktrace as core[df12db4294e9bfd3]::fmt::Display>::fmt
[INFO] [stdout]    1:     0x5d4fb954d0aa - core[df12db4294e9bfd3]::fmt::write
[INFO] [stdout]    2:     0x5d4fb953b2cc - <alloc[2182bb758b4b3781]::vec::Vec<u8> as core[df12db4294e9bfd3]::io::write::Write>::write_fmt
[INFO] [stdout]    3:     0x5d4fb950d4e6 - std[70759c8f55707aa4]::panicking::default_hook::{closure#0}
[INFO] [stdout]    4:     0x5d4fb952c4b9 - std[70759c8f55707aa4]::panicking::default_hook
[INFO] [stdout]    5:     0x5d4fb91e4b60 - test[9d35eded1c95d3be]::test_main_inner::<test[9d35eded1c95d3be]::test_main_static::{closure#0}>::{closure#0}
[INFO] [stdout]    6:     0x5d4fb952c7e2 - std[70759c8f55707aa4]::panicking::panic_with_hook
[INFO] [stdout]    7:     0x5d4fb950d592 - std[70759c8f55707aa4]::panicking::panic_handler::{closure#0}
[INFO] [stdout]    8:     0x5d4fb95059c9 - std[70759c8f55707aa4]::sys::backtrace::__rust_end_short_backtrace::<std[70759c8f55707aa4]::panicking::panic_handler::{closure#0}, !>
[INFO] [stdout]    9:     0x5d4fb950e38d - __rustc[8fa7c3cbc660c2b3]::rust_begin_unwind
[INFO] [stdout]   10:     0x5d4fb954d88c - core[df12db4294e9bfd3]::panicking::panic_fmt
[INFO] [stdout]   11:     0x5d4fb954d662 - core[df12db4294e9bfd3]::result::unwrap_failed
[INFO] [stdout]   12:     0x5d4fb91d42f3 - endringer[eb7004dc696d981a]::repository::tests::it_works_backend_kind
[INFO] [stdout]   13:     0x5d4fb91d2559 - <endringer[eb7004dc696d981a]::repository::tests::it_works_backend_kind::{closure#0} as core[df12db4294e9bfd3]::ops::function::FnOnce<()>>::call_once
[INFO] [stdout]   14:     0x5d4fb91d7e4b - test[9d35eded1c95d3be]::__rust_begin_short_backtrace::<core[df12db4294e9bfd3]::result::Result<(), alloc[2182bb758b4b3781]::string::String>, fn() -> core[df12db4294e9bfd3]::result::Result<(), alloc[2182bb758b4b3781]::string::String>>
[INFO] [stdout]   15:     0x5d4fb91e54b5 - test[9d35eded1c95d3be]::run_test::{closure#0}
[INFO] [stdout]   16:     0x5d4fb91ded74 - std[70759c8f55707aa4]::sys::backtrace::__rust_begin_short_backtrace::<test[9d35eded1c95d3be]::run_test::{closure#1}, ()>
[INFO] [stdout]   17:     0x5d4fb91e8612 - <std[70759c8f55707aa4]::thread::lifecycle::spawn_unchecked<test[9d35eded1c95d3be]::run_test::{closure#1}, ()>::{closure#1} as core[df12db4294e9bfd3]::ops::function::FnOnce<()>>::call_once::{shim:vtable#0}
[INFO] [stdout]   18:     0x5d4fb9534319 - <std[70759c8f55707aa4]::sys::thread::unix::Thread>::new::thread_start
[INFO] [stdout]   19:     0x7d4e381b9dfa - <unknown>
[INFO] [stdout]   20:     0x7d4e3824d3d4 - clone
[INFO] [stdout]   21:                0x0 - <unknown>
[INFO] [stdout] 
[INFO] [stdout] ---- repository::tests::it_works_commit_id_short stdout ----
[INFO] [stdout] 
[INFO] [stdout] thread 'repository::tests::it_works_commit_id_short' (2944) panicked at src/repository/tests.rs:8:32:
[INFO] [stdout] failed to open repository: NotARepository { path: "." }
[INFO] [stdout] stack backtrace:
[INFO] [stdout]    0:     0x5d4fb9535201 - <<std[70759c8f55707aa4]::sys::backtrace::BacktraceLock>::print::DisplayBacktrace as core[df12db4294e9bfd3]::fmt::Display>::fmt
[INFO] [stdout]    1:     0x5d4fb954d0aa - core[df12db4294e9bfd3]::fmt::write
[INFO] [stdout]    2:     0x5d4fb953b2cc - <alloc[2182bb758b4b3781]::vec::Vec<u8> as core[df12db4294e9bfd3]::io::write::Write>::write_fmt
[INFO] [stdout]    3:     0x5d4fb950d4e6 - std[70759c8f55707aa4]::panicking::default_hook::{closure#0}
[INFO] [stdout]    4:     0x5d4fb952c4b9 - std[70759c8f55707aa4]::panicking::default_hook
[INFO] [stdout]    5:     0x5d4fb91e4b60 - test[9d35eded1c95d3be]::test_main_inner::<test[9d35eded1c95d3be]::test_main_static::{closure#0}>::{closure#0}
[INFO] [stdout]    6:     0x5d4fb952c7e2 - std[70759c8f55707aa4]::panicking::panic_with_hook
[INFO] [stdout]    7:     0x5d4fb950d592 - std[70759c8f55707aa4]::panicking::panic_handler::{closure#0}
[INFO] [stdout]    8:     0x5d4fb95059c9 - std[70759c8f55707aa4]::sys::backtrace::__rust_end_short_backtrace::<std[70759c8f55707aa4]::panicking::panic_handler::{closure#0}, !>
[INFO] [stdout]    9:     0x5d4fb950e38d - __rustc[8fa7c3cbc660c2b3]::rust_begin_unwind
[INFO] [stdout]   10:     0x5d4fb954d88c - core[df12db4294e9bfd3]::panicking::panic_fmt
[INFO] [stdout]   11:     0x5d4fb954d662 - core[df12db4294e9bfd3]::result::unwrap_failed
[INFO] [stdout]   12:     0x5d4fb91d566c - endringer[eb7004dc696d981a]::repository::tests::it_works_commit_id_short
[INFO] [stdout]   13:     0x5d4fb91d25f9 - <endringer[eb7004dc696d981a]::repository::tests::it_works_commit_id_short::{closure#0} as core[df12db4294e9bfd3]::ops::function::FnOnce<()>>::call_once
[INFO] [stdout]   14:     0x5d4fb91d7e4b - test[9d35eded1c95d3be]::__rust_begin_short_backtrace::<core[df12db4294e9bfd3]::result::Result<(), alloc[2182bb758b4b3781]::string::String>, fn() -> core[df12db4294e9bfd3]::result::Result<(), alloc[2182bb758b4b3781]::string::String>>
[INFO] [stdout]   15:     0x5d4fb91e54b5 - test[9d35eded1c95d3be]::run_test::{closure#0}
[INFO] [stdout]   16:     0x5d4fb91ded74 - std[70759c8f55707aa4]::sys::backtrace::__rust_begin_short_backtrace::<test[9d35eded1c95d3be]::run_test::{closure#1}, ()>
[INFO] [stdout]   17:     0x5d4fb91e8612 - <std[70759c8f55707aa4]::thread::lifecycle::spawn_unchecked<test[9d35eded1c95d3be]::run_test::{closure#1}, ()>::{closure#1} as core[df12db4294e9bfd3]::ops::function::FnOnce<()>>::call_once::{shim:vtable#0}
[INFO] [stdout]   18:     0x5d4fb9534319 - <std[70759c8f55707aa4]::sys::thread::unix::Thread>::new::thread_start
[INFO] [stdout]   19:     0x7d4e381b9dfa - <unknown>
[INFO] [stdout]   20:     0x7d4e3824d3d4 - clone
[INFO] [stdout]   21:                0x0 - <unknown>
[INFO] [stdout] 
[INFO] [stdout] ---- repository::tests::it_works_remote_url stdout ----
[INFO] [stdout] 
[INFO] [stdout] thread 'repository::tests::it_works_remote_url' (2949) panicked at src/repository/tests.rs:8:32:
[INFO] [stdout] failed to open repository: NotARepository { path: "." }
[INFO] [stdout] stack backtrace:
[INFO] [stdout]    0:     0x5d4fb9535201 - <<std[70759c8f55707aa4]::sys::backtrace::BacktraceLock>::print::DisplayBacktrace as core[df12db4294e9bfd3]::fmt::Display>::fmt
[INFO] [stdout]    1:     0x5d4fb954d0aa - core[df12db4294e9bfd3]::fmt::write
[INFO] [stdout]    2:     0x5d4fb953b2cc - <alloc[2182bb758b4b3781]::vec::Vec<u8> as core[df12db4294e9bfd3]::io::write::Write>::write_fmt
[INFO] [stdout]    3:     0x5d4fb950d4e6 - std[70759c8f55707aa4]::panicking::default_hook::{closure#0}
[INFO] [stdout]    4:     0x5d4fb952c4b9 - std[70759c8f55707aa4]::panicking::default_hook
[INFO] [stdout]    5:     0x5d4fb91e4b60 - test[9d35eded1c95d3be]::test_main_inner::<test[9d35eded1c95d3be]::test_main_static::{closure#0}>::{closure#0}
[INFO] [stdout]    6:     0x5d4fb952c7e2 - std[70759c8f55707aa4]::panicking::panic_with_hook
[INFO] [stdout]    7:     0x5d4fb950d592 - std[70759c8f55707aa4]::panicking::panic_handler::{closure#0}
[INFO] [stdout]    8:     0x5d4fb95059c9 - std[70759c8f55707aa4]::sys::backtrace::__rust_end_short_backtrace::<std[70759c8f55707aa4]::panicking::panic_handler::{closure#0}, !>
[INFO] [stdout]    9:     0x5d4fb950e38d - __rustc[8fa7c3cbc660c2b3]::rust_begin_unwind
[INFO] [stdout]   10:     0x5d4fb954d88c - core[df12db4294e9bfd3]::panicking::panic_fmt
[INFO] [stdout]   11:     0x5d4fb954d662 - core[df12db4294e9bfd3]::result::unwrap_failed
[INFO] [stdout]   12:     0x5d4fb91d4067 - endringer[eb7004dc696d981a]::repository::tests::it_works_remote_url
[INFO] [stdout]   13:     0x5d4fb91d2519 - <endringer[eb7004dc696d981a]::repository::tests::it_works_remote_url::{closure#0} as core[df12db4294e9bfd3]::ops::function::FnOnce<()>>::call_once
[INFO] [stdout]   14:     0x5d4fb91d7e4b - test[9d35eded1c95d3be]::__rust_begin_short_backtrace::<core[df12db4294e9bfd3]::result::Result<(), alloc[2182bb758b4b3781]::string::String>, fn() -> core[df12db4294e9bfd3]::result::Result<(), alloc[2182bb758b4b3781]::string::String>>
[INFO] [stdout]   15:     0x5d4fb91e54b5 - test[9d35eded1c95d3be]::run_test::{closure#0}
[INFO] [stdout]   16:     0x5d4fb91ded74 - std[70759c8f55707aa4]::sys::backtrace::__rust_begin_short_backtrace::<test[9d35eded1c95d3be]::run_test::{closure#1}, ()>
[INFO] [stdout]   17:     0x5d4fb91e8612 - <std[70759c8f55707aa4]::thread::lifecycle::spawn_unchecked<test[9d35eded1c95d3be]::run_test::{closure#1}, ()>::{closure#1} as core[df12db4294e9bfd3]::ops::function::FnOnce<()>>::call_once::{shim:vtable#0}
[INFO] [stdout]   18:     0x5d4fb9534319 - <std[70759c8f55707aa4]::sys::thread::unix::Thread>::new::thread_start
[INFO] [stdout]   19:     0x7d4e381b9dfa - <unknown>
[INFO] [stdout]   20:     0x7d4e3824d3d4 - clone
[INFO] [stdout]   21:                0x0 - <unknown>
[INFO] [stdout] 
[INFO] [stdout] ---- repository::tests::it_works_remote_branches stdout ----
[INFO] [stdout] 
[INFO] [stdout] thread 'repository::tests::it_works_remote_branches' (2948) panicked at src/repository/tests.rs:8:32:
[INFO] [stdout] failed to open repository: NotARepository { path: "." }
[INFO] [stdout] stack backtrace:
[INFO] [stdout]    0:     0x5d4fb9535201 - <<std[70759c8f55707aa4]::sys::backtrace::BacktraceLock>::print::DisplayBacktrace as core[df12db4294e9bfd3]::fmt::Display>::fmt
[INFO] [stdout]    1:     0x5d4fb954d0aa - core[df12db4294e9bfd3]::fmt::write
[INFO] [stdout]    2:     0x5d4fb953b2cc - <alloc[2182bb758b4b3781]::vec::Vec<u8> as core[df12db4294e9bfd3]::io::write::Write>::write_fmt
[INFO] [stdout]    3:     0x5d4fb950d4e6 - std[70759c8f55707aa4]::panicking::default_hook::{closure#0}
[INFO] [stdout]    4:     0x5d4fb952c4b9 - std[70759c8f55707aa4]::panicking::default_hook
[INFO] [stdout]    5:     0x5d4fb91e4b60 - test[9d35eded1c95d3be]::test_main_inner::<test[9d35eded1c95d3be]::test_main_static::{closure#0}>::{closure#0}
[INFO] [stdout]    6:     0x5d4fb952c7e2 - std[70759c8f55707aa4]::panicking::panic_with_hook
[INFO] [stdout]    7:     0x5d4fb950d592 - std[70759c8f55707aa4]::panicking::panic_handler::{closure#0}
[INFO] [stdout]    8:     0x5d4fb95059c9 - std[70759c8f55707aa4]::sys::backtrace::__rust_end_short_backtrace::<std[70759c8f55707aa4]::panicking::panic_handler::{closure#0}, !>
[INFO] [stdout]    9:     0x5d4fb950e38d - __rustc[8fa7c3cbc660c2b3]::rust_begin_unwind
[INFO] [stdout]   10:     0x5d4fb954d88c - core[df12db4294e9bfd3]::panicking::panic_fmt
[INFO] [stdout]   11:     0x5d4fb954d662 - core[df12db4294e9bfd3]::result::unwrap_failed
[INFO] [stdout]   12:     0x5d4fb91d5963 - endringer[eb7004dc696d981a]::repository::tests::it_works_remote_branches
[INFO] [stdout]   13:     0x5d4fb91d2619 - <endringer[eb7004dc696d981a]::repository::tests::it_works_remote_branches::{closure#0} as core[df12db4294e9bfd3]::ops::function::FnOnce<()>>::call_once
[INFO] [stdout]   14:     0x5d4fb91d7e4b - test[9d35eded1c95d3be]::__rust_begin_short_backtrace::<core[df12db4294e9bfd3]::result::Result<(), alloc[2182bb758b4b3781]::string::String>, fn() -> core[df12db4294e9bfd3]::result::Result<(), alloc[2182bb758b4b3781]::string::String>>
[INFO] [stdout]   15:     0x5d4fb91e54b5 - test[9d35eded1c95d3be]::run_test::{closure#0}
[INFO] [stdout]   16:     0x5d4fb91ded74 - std[70759c8f55707aa4]::sys::backtrace::__rust_begin_short_backtrace::<test[9d35eded1c95d3be]::run_test::{closure#1}, ()>
[INFO] [stdout]   17:     0x5d4fb91e8612 - <std[70759c8f55707aa4]::thread::lifecycle::spawn_unchecked<test[9d35eded1c95d3be]::run_test::{closure#1}, ()>::{closure#1} as core[df12db4294e9bfd3]::ops::function::FnOnce<()>>::call_once::{shim:vtable#0}
[INFO] [stdout]   18:     0x5d4fb9534319 - <std[70759c8f55707aa4]::sys::thread::unix::Thread>::new::thread_start
[INFO] [stdout]   19:     0x7d4e381b9dfa - <unknown>
[INFO] [stdout]   20:     0x7d4e3824d3d4 - clone
[INFO] [stdout]   21:                0x0 - <unknown>
[INFO] [stdout] 
[INFO] [stdout] 
[INFO] [stdout] failures:
[INFO] [stdout]     repository::tests::it_works_backend_kind
[INFO] [stdout]     repository::tests::it_works_commit_id_ord
[INFO] [stdout]     repository::tests::it_works_commit_id_short
[INFO] [stdout]     repository::tests::it_works_list_commits
[INFO] [stdout]     repository::tests::it_works_local_branches
[INFO] [stdout]     repository::tests::it_works_remote_branches
[INFO] [stdout]     repository::tests::it_works_remote_url
[INFO] [stdout]     repository::tests::it_works_repository
[INFO] [stdout]     repository::tests::it_works_status_digest
[INFO] [stdout] 
[INFO] [stdout] test result: FAILED. 1 passed; 9 failed; 0 ignored; 0 measured; 0 filtered out; finished in 0.01s
[INFO] [stdout] 
[INFO] running `Command { std: "docker" "inspect" "a5cdee3de2ec08f8e316c260904cb698085d4c2ea3d919b779a5270a983a8331", kill_on_drop: false }`
[INFO] running `Command { std: "docker" "rm" "-f" "a5cdee3de2ec08f8e316c260904cb698085d4c2ea3d919b779a5270a983a8331", kill_on_drop: false }`
[INFO] [stdout] a5cdee3de2ec08f8e316c260904cb698085d4c2ea3d919b779a5270a983a8331
