[INFO] fetching crate endbasic 0.14.1...
[INFO] testing endbasic-0.14.1 against 1.99.0-beta.8+cargoflags=--release for beta-release-1.100-2
[INFO] extracting crate endbasic 0.14.1 into /workspace/builds/worker-3-tc1/source
[INFO] started tweaking crates.io crate endbasic 0.14.1
[INFO] removed 0 missing tests
[INFO] finished tweaking crates.io crate endbasic 0.14.1
[INFO] tweaked toml for crates.io crate endbasic 0.14.1 written to /workspace/builds/worker-3-tc1/source/Cargo.toml
[INFO] validating manifest of crates.io crate endbasic 0.14.1 on toolchain 1.99.0-beta.8
[INFO] running `Command { std: CARGO_HOME="/workspace/cargo-home" RUSTUP_HOME="/workspace/rustup-home" "/workspace/cargo-home/bin/cargo" "+1.99.0-beta.8" "metadata" "--manifest-path" "Cargo.toml" "--no-deps", kill_on_drop: false }`
[INFO] crate crates.io crate endbasic 0.14.1 already has a lockfile, it will not be regenerated
[INFO] running `Command { std: CARGO_HOME="/workspace/cargo-home" RUSTUP_HOME="/workspace/rustup-home" "/workspace/cargo-home/bin/cargo" "+1.99.0-beta.8" "fetch" "--manifest-path" "Cargo.toml", kill_on_drop: false }`
[INFO] [stderr]     Updating crates.io index
[INFO] [stderr]  Downloading crates ...
[INFO] [stderr]   Downloaded predicates-core v1.0.10
[INFO] [stderr]   Downloaded hashbrown v0.17.0
[INFO] [stderr]   Downloaded predicates v3.1.4
[INFO] [stderr]   Downloaded smallvec v1.15.1
[INFO] [stderr]   Downloaded float-cmp v0.10.0
[INFO] [stderr]   Downloaded version-compare v0.1.1
[INFO] [stderr]   Downloaded redox_users v0.4.6
[INFO] [stderr]   Downloaded tinystr v0.8.3
[INFO] [stderr]   Downloaded winreg v0.50.0
[INFO] [stderr]   Downloaded zerofrom v0.1.7
[INFO] [stderr]   Downloaded icu_provider v2.2.0
[INFO] [stderr]   Downloaded http-body v0.4.6
[INFO] [stderr]   Downloaded parking v2.2.1
[INFO] [stderr]   Downloaded wasm-bindgen-futures v0.4.70
[INFO] [stderr]   Downloaded difflib v0.4.0
[INFO] [stderr]   Downloaded endian-type v0.1.2
[INFO] [stderr]   Downloaded event-listener-strategy v0.5.4
[INFO] [stderr]   Downloaded crossterm_winapi v0.9.1
[INFO] [stderr]   Downloaded sync_wrapper v0.1.2
[INFO] [stderr]   Downloaded dirs v5.0.1
[INFO] [stderr]   Downloaded wait-timeout v0.2.1
[INFO] [stderr]   Downloaded predicates-tree v1.0.13
[INFO] [stderr]   Downloaded normalize-line-endings v0.3.0
[INFO] [stderr]   Downloaded num-conv v0.2.1
[INFO] [stderr]   Downloaded num_threads v0.1.7
[INFO] [stderr]   Downloaded wasm-bindgen-macro v0.2.120
[INFO] [stderr]   Downloaded nibble_vec v0.1.0
[INFO] [stderr]   Downloaded windows-targets v0.48.5
[INFO] [stderr]   Downloaded wasm-bindgen-shared v0.2.120
[INFO] [stderr]   Downloaded signal-hook-mio v0.2.5
[INFO] [stderr]   Downloaded system-configuration v0.5.1
[INFO] [stderr]   Downloaded system-configuration-sys v0.5.0
[INFO] [stderr]   Downloaded dirs-sys v0.4.1
[INFO] [stderr]   Downloaded libredox v0.1.16
[INFO] [stderr]   Downloaded cmake v0.1.58
[INFO] [stderr]   Downloaded zerovec-derive v0.11.3
[INFO] [stderr]   Downloaded writeable v0.6.3
[INFO] [stderr]   Downloaded sct v0.7.1
[INFO] [stderr]   Downloaded rustls-pemfile v1.0.4
[INFO] [stderr]   Downloaded hyper-rustls v0.24.2
[INFO] [stderr]   Downloaded assert_cmd v2.2.2
[INFO] [stderr]   Downloaded termtree v0.5.1
[INFO] [stderr]   Downloaded getoptsargs v0.4.0
[INFO] [stderr]   Downloaded getopts v0.2.24
[INFO] [stderr]   Downloaded endbasic-terminal v0.14.1
[INFO] [stderr]   Downloaded futures-lite v2.6.1
[INFO] [stderr]   Downloaded async-channel v2.5.0
[INFO] [stderr]   Downloaded endbasic-st7735s v0.14.1
[INFO] [stderr]   Downloaded endbasic-rpi v0.14.1
[INFO] [stderr]   Downloaded endbasic-client v0.14.1
[INFO] [stderr]   Downloaded yoke v0.8.2
[INFO] [stderr]   Downloaded tokio-rustls v0.24.1
[INFO] [stderr]   Downloaded event-listener v5.4.1
[INFO] [stderr]   Downloaded endbasic-sdl v0.14.1
[INFO] [stderr]   Downloaded endbasic-repl v0.14.1
[INFO] [stderr]   Downloaded icu_properties v2.2.0
[INFO] [stderr]   Downloaded wasm-bindgen-macro-support v0.2.120
[INFO] [stderr]   Downloaded cc v1.2.61
[INFO] [stderr]   Downloaded icu_normalizer v2.2.0
[INFO] [stderr]   Downloaded icu_normalizer_data v2.2.0
[INFO] [stderr]   Downloaded base64 v0.21.7
[INFO] [stderr]   Downloaded socket2 v0.5.10
[INFO] [stderr]   Downloaded wasm-bindgen v0.2.120
[INFO] [stderr]   Downloaded mio v0.8.11
[INFO] [stderr]   Downloaded rppal v0.17.1
[INFO] [stderr]   Downloaded zerotrie v0.2.4
[INFO] [stderr]   Downloaded icu_locale_core v2.2.0
[INFO] [stderr]   Downloaded icu_collections v2.2.0
[INFO] [stderr]   Downloaded js-sys v0.3.97
[INFO] [stderr]   Downloaded http v0.2.12
[INFO] [stderr]   Downloaded endbasic-std v0.14.1
[INFO] [stderr]   Downloaded crossterm v0.27.0
[INFO] [stderr]   Downloaded zerovec v0.11.6
[INFO] [stderr]   Downloaded reqwest v0.11.27
[INFO] [stderr]   Downloaded icu_properties_data v2.2.0
[INFO] [stderr]   Downloaded rustls-webpki v0.101.7
[INFO] [stderr]   Downloaded h2 v0.3.27
[INFO] [stderr]   Downloaded sdl2 v0.38.0
[INFO] [stderr]   Downloaded hyper v0.14.32
[INFO] [stderr]   Downloaded endbasic-core v0.14.1
[INFO] [stderr]   Downloaded radix_trie v0.2.1
[INFO] [stderr]   Downloaded webpki-roots v0.25.4
[INFO] [stderr]   Downloaded objc2 v0.6.4
[INFO] [stderr]   Downloaded rustls v0.21.12
[INFO] [stderr]   Downloaded unicode-width v0.2.2
[INFO] [stderr]   Downloaded bstr v1.13.1
[INFO] [stderr]   Downloaded windows_x86_64_gnullvm v0.48.5
[INFO] [stderr]   Downloaded windows_aarch64_gnullvm v0.48.5
[INFO] [stderr]   Downloaded tokio v1.52.1
[INFO] [stderr]   Downloaded web-sys v0.3.97
[INFO] [stderr]   Downloaded windows_aarch64_msvc v0.48.5
[INFO] [stderr]   Downloaded windows_x86_64_gnu v0.48.5
[INFO] [stderr]   Downloaded windows_x86_64_msvc v0.48.5
[INFO] [stderr]   Downloaded windows_i686_msvc v0.48.5
[INFO] [stderr]   Downloaded windows_i686_gnu v0.48.5
[INFO] [stderr]   Downloaded windows-sys v0.48.0
[INFO] [stderr]   Downloaded sdl2-sys v0.38.0
[INFO] running `Command { std: "docker" "create" "-v" "/var/lib/crater-agent-workspace/builds/worker-3-tc1/source:/opt/rustwide/workdir:ro,Z" "-v" "/var/lib/crater-agent-workspace/builds/worker-3-tc1/target:/opt/rustwide/target:rw,Z" "-v" "/var/lib/crater-agent-workspace/cargo-home:/opt/rustwide/cargo-home:ro,Z" "-v" "/var/lib/crater-agent-workspace/rustup-home:/opt/rustwide/rustup-home:ro,Z" "-m" "1610612736" "--network" "none" "ghcr.io/rust-lang/crates-build-env/linux@sha256:77db811e55d90add9212f6832c23229e3de5f1c1f9905e8cb07319ea15df73ac" "sleep" "infinity", kill_on_drop: false }`
[INFO] [stdout] 76ea8590b732e2829ccba7a3595e5cc2faf9dc779ef89c753e732b743146ffd4
[INFO] running `Command { std: "docker" "start" "76ea8590b732e2829ccba7a3595e5cc2faf9dc779ef89c753e732b743146ffd4", kill_on_drop: false }`
[INFO] running `Command { std: "docker" "inspect" "76ea8590b732e2829ccba7a3595e5cc2faf9dc779ef89c753e732b743146ffd4", kill_on_drop: false }`
[INFO] running `Command { std: "docker" "exec" "-e" "SOURCE_DIR=/opt/rustwide/workdir" "-e" "CARGO_HOME=/opt/rustwide/cargo-home" "-e" "RUSTUP_HOME=/opt/rustwide/rustup-home" "-e" "CARGO_TARGET_DIR=/opt/rustwide/target" "-w" "/opt/rustwide/workdir" "--user" "0:0" "76ea8590b732e2829ccba7a3595e5cc2faf9dc779ef89c753e732b743146ffd4" "/opt/rustwide/cargo-home/bin/cargo" "+1.99.0-beta.8" "metadata" "--no-deps" "--format-version=1", kill_on_drop: false }`
[INFO] running `Command { std: "docker" "inspect" "76ea8590b732e2829ccba7a3595e5cc2faf9dc779ef89c753e732b743146ffd4", kill_on_drop: false }`
[INFO] running `Command { std: "docker" "exec" "-e" "SOURCE_DIR=/opt/rustwide/workdir" "-e" "CARGO_HOME=/opt/rustwide/cargo-home" "-e" "RUSTUP_HOME=/opt/rustwide/rustup-home" "-e" "CARGO_TARGET_DIR=/opt/rustwide/target" "-e" "CARGO_INCREMENTAL=0" "-e" "RUST_BACKTRACE=full" "-e" "RUSTFLAGS=--cap-lints=warn" "-e" "RUSTDOCFLAGS=--cap-lints=warn" "-w" "/opt/rustwide/workdir" "--user" "0:0" "76ea8590b732e2829ccba7a3595e5cc2faf9dc779ef89c753e732b743146ffd4" "/opt/rustwide/cargo-home/bin/cargo" "+1.99.0-beta.8" "build" "--frozen" "--message-format=json" "--release", kill_on_drop: false }`
[INFO] [stderr]    Compiling proc-macro2 v1.0.106
[INFO] [stderr]    Compiling unicode-ident v1.0.24
[INFO] [stderr]    Compiling quote v1.0.45
[INFO] [stderr]    Compiling libc v0.2.186
[INFO] [stderr]    Compiling cfg-if v1.0.4
[INFO] [stderr]    Compiling smallvec v1.15.1
[INFO] [stderr]    Compiling pin-project-lite v0.2.17
[INFO] [stderr]    Compiling stable_deref_trait v1.2.1
[INFO] [stderr]    Compiling futures-core v0.3.32
[INFO] [stderr]    Compiling itoa v1.0.18
[INFO] [stderr]    Compiling parking_lot_core v0.9.12
[INFO] [stderr]    Compiling scopeguard v1.2.0
[INFO] [stderr]    Compiling find-msvc-tools v0.1.9
[INFO] [stderr]    Compiling bytes v1.11.1
[INFO] [stderr]    Compiling crossbeam-utils v0.8.21
[INFO] [stderr]    Compiling writeable v0.6.3
[INFO] [stderr]    Compiling zerocopy v0.8.48
[INFO] [stderr]    Compiling lock_api v0.4.14
[INFO] [stderr]    Compiling litemap v0.8.2
[INFO] [stderr]    Compiling log v0.4.29
[INFO] [stderr]    Compiling parking v2.2.1
[INFO] [stderr]    Compiling cc v1.2.61
[INFO] [stderr]    Compiling icu_normalizer_data v2.2.0
[INFO] [stderr]    Compiling icu_properties_data v2.2.0
[INFO] [stderr]    Compiling utf8_iter v1.0.4
[INFO] [stderr]    Compiling slab v0.4.12
[INFO] [stderr]    Compiling once_cell v1.21.4
[INFO] [stderr]    Compiling thiserror v1.0.69
[INFO] [stderr]    Compiling serde_core v1.0.228
[INFO] [stderr]    Compiling futures-task v0.3.32
[INFO] [stderr]    Compiling powerfmt v0.2.0
[INFO] [stderr]    Compiling futures-sink v0.3.32
[INFO] [stderr]    Compiling rustls v0.21.12
[INFO] [stderr]    Compiling httparse v1.10.1
[INFO] [stderr]    Compiling hashbrown v0.17.0
[INFO] [stderr]    Compiling equivalent v1.0.2
[INFO] [stderr]    Compiling deranged v0.5.8
[INFO] [stderr]    Compiling nibble_vec v0.1.0
[INFO] [stderr]    Compiling futures-io v0.3.32
[INFO] [stderr]    Compiling tracing-core v0.1.36
[INFO] [stderr]    Compiling num_threads v0.1.7
[INFO] [stderr]    Compiling serde v1.0.228
[INFO] [stderr]    Compiling concurrent-queue v2.5.0
[INFO] [stderr]    Compiling num-conv v0.2.1
[INFO] [stderr]    Compiling time-core v0.1.8
[INFO] [stderr]    Compiling try-lock v0.2.5
[INFO] [stderr]    Compiling fastrand v2.4.1
[INFO] [stderr]    Compiling http v0.2.12
[INFO] [stderr]    Compiling event-listener v5.4.1
[INFO] [stderr]    Compiling signal-hook v0.3.18
[INFO] [stderr]    Compiling endian-type v0.1.2
[INFO] [stderr]    Compiling percent-encoding v2.3.2
[INFO] [stderr]    Compiling form_urlencoded v1.2.2
[INFO] [stderr]    Compiling radix_trie v0.2.1
[INFO] [stderr]    Compiling want v0.3.1
[INFO] [stderr]    Compiling syn v2.0.117
[INFO] [stderr]    Compiling tracing v0.1.44
[INFO] [stderr]    Compiling event-listener-strategy v0.5.4
[INFO] [stderr]    Compiling futures-lite v2.6.1
[INFO] [stderr]    Compiling futures-channel v0.3.32
[INFO] [stderr]    Compiling async-channel v2.5.0
[INFO] [stderr]    Compiling httpdate v1.0.3
[INFO] [stderr]    Compiling tower-service v0.3.3
[INFO] [stderr]    Compiling zmij v1.0.21
[INFO] [stderr]    Compiling indexmap v2.14.0
[INFO] [stderr]    Compiling serde_json v1.0.149
[INFO] [stderr]    Compiling ryu v1.0.23
[INFO] [stderr]    Compiling anyhow v1.0.102
[INFO] [stderr]    Compiling getrandom v0.2.17
[INFO] [stderr]    Compiling errno v0.3.14
[INFO] [stderr]    Compiling socket2 v0.6.3
[INFO] [stderr]    Compiling signal-hook-registry v1.4.8
[INFO] [stderr]    Compiling mio v1.2.0
[INFO] [stderr]    Compiling rand_core v0.6.4
[INFO] [stderr]    Compiling time v0.3.47
[INFO] [stderr]    Compiling parking_lot v0.12.5
[INFO] [stderr]    Compiling http-body v0.4.6
[INFO] [stderr]    Compiling socket2 v0.5.10
[INFO] [stderr]    Compiling mio v0.8.11
[INFO] [stderr]    Compiling base64 v0.21.7
[INFO] [stderr]    Compiling ring v0.17.14
[INFO] [stderr]    Compiling rustls-pemfile v1.0.4
[INFO] [stderr]    Compiling encoding_rs v0.8.35
[INFO] [stderr]    Compiling unicode-width v0.2.2
[INFO] [stderr]    Compiling ipnet v2.12.0
[INFO] [stderr]    Compiling webpki-roots v0.25.4
[INFO] [stderr]    Compiling sync_wrapper v0.1.2
[INFO] [stderr]    Compiling signal-hook-mio v0.2.5
[INFO] [stderr]    Compiling bitflags v2.11.1
[INFO] [stderr]    Compiling mime v0.3.17
[INFO] [stderr]    Compiling option-ext v0.2.0
[INFO] [stderr]    Compiling memchr v2.8.0
[INFO] [stderr]    Compiling crossterm v0.27.0
[INFO] [stderr]    Compiling dirs-sys v0.4.1
[INFO] [stderr]    Compiling getopts v0.2.24
[INFO] [stderr]    Compiling endbasic v0.14.1 (/opt/rustwide/workdir)
[INFO] [stderr]    Compiling getoptsargs v0.4.0
[INFO] [stderr]    Compiling dirs v5.0.1
[INFO] [stderr]    Compiling synstructure v0.13.2
[INFO] [stderr]    Compiling ppv-lite86 v0.2.21
[INFO] [stderr]    Compiling zerovec-derive v0.11.3
[INFO] [stderr]    Compiling displaydoc v0.2.5
[INFO] [stderr]    Compiling tokio-macros v2.7.0
[INFO] [stderr]    Compiling futures-macro v0.3.32
[INFO] [stderr]    Compiling thiserror-impl v1.0.69
[INFO] [stderr]    Compiling async-trait v0.1.89
[INFO] [stderr]    Compiling serde_derive v1.0.228
[INFO] [stderr]    Compiling zerofrom-derive v0.1.7
[INFO] [stderr]    Compiling yoke-derive v0.8.2
[INFO] [stderr]    Compiling rand_chacha v0.3.1
[INFO] [stderr]    Compiling rand v0.8.6
[INFO] [stderr]    Compiling tokio v1.52.1
[INFO] [stderr]    Compiling futures-util v0.3.32
[INFO] [stderr]    Compiling zerofrom v0.1.7
[INFO] [stderr]    Compiling yoke v0.8.2
[INFO] [stderr]    Compiling zerovec v0.11.6
[INFO] [stderr]    Compiling zerotrie v0.2.4
[INFO] [stderr]    Compiling endbasic-core v0.14.1
[INFO] [stderr]    Compiling tinystr v0.8.3
[INFO] [stderr]    Compiling potential_utf v0.1.5
[INFO] [stderr]    Compiling icu_collections v2.2.0
[INFO] [stderr]    Compiling icu_locale_core v2.2.0
[INFO] [stderr]    Compiling serde_urlencoded v0.7.1
[INFO] [stderr]    Compiling endbasic-std v0.14.1
[INFO] [stderr]    Compiling icu_provider v2.2.0
[INFO] [stderr]    Compiling icu_normalizer v2.2.0
[INFO] [stderr]    Compiling icu_properties v2.2.0
[INFO] [stderr]    Compiling idna_adapter v1.2.2
[INFO] [stderr]    Compiling idna v1.1.0
[INFO] [stderr]    Compiling url v2.5.8
[INFO] [stderr]    Compiling endbasic-repl v0.14.1
[INFO] [stderr]    Compiling tokio-util v0.7.18
[INFO] [stderr]    Compiling endbasic-terminal v0.14.1
[INFO] [stderr]    Compiling h2 v0.3.27
[INFO] [stderr]    Compiling rustls-webpki v0.101.7
[INFO] [stderr]    Compiling sct v0.7.1
[INFO] [stderr]    Compiling hyper v0.14.32
[INFO] [stderr]    Compiling tokio-rustls v0.24.1
[INFO] [stderr]    Compiling hyper-rustls v0.24.2
[INFO] [stderr]    Compiling reqwest v0.11.27
[INFO] [stderr]    Compiling endbasic-client v0.14.1
[INFO] [stderr]     Finished `release` profile [optimized] target(s) in 1m 28s
[INFO] running `Command { std: "docker" "inspect" "76ea8590b732e2829ccba7a3595e5cc2faf9dc779ef89c753e732b743146ffd4", kill_on_drop: false }`
[INFO] running `Command { std: "docker" "exec" "-e" "SOURCE_DIR=/opt/rustwide/workdir" "-e" "CARGO_HOME=/opt/rustwide/cargo-home" "-e" "RUSTUP_HOME=/opt/rustwide/rustup-home" "-e" "CARGO_TARGET_DIR=/opt/rustwide/target" "-e" "CARGO_INCREMENTAL=0" "-e" "RUST_BACKTRACE=full" "-e" "RUSTFLAGS=--cap-lints=warn" "-e" "RUSTDOCFLAGS=--cap-lints=warn" "-w" "/opt/rustwide/workdir" "--user" "0:0" "76ea8590b732e2829ccba7a3595e5cc2faf9dc779ef89c753e732b743146ffd4" "/opt/rustwide/cargo-home/bin/cargo" "+1.99.0-beta.8" "test" "--frozen" "--no-run" "--message-format=json" "--release", kill_on_drop: false }`
[INFO] [stderr]    Compiling fastrand v2.4.1
[INFO] [stderr]    Compiling autocfg v1.5.0
[INFO] [stderr]    Compiling bitflags v2.11.1
[INFO] [stderr]    Compiling aho-corasick v1.1.4
[INFO] [stderr]    Compiling regex-syntax v0.8.10
[INFO] [stderr]    Compiling getrandom v0.4.2
[INFO] [stderr]    Compiling rustix v1.1.4
[INFO] [stderr]    Compiling predicates-core v1.0.10
[INFO] [stderr]    Compiling difflib v0.4.0
[INFO] [stderr]    Compiling assert_cmd v2.2.2
[INFO] [stderr]    Compiling anstyle v1.0.14
[INFO] [stderr]    Compiling linux-raw-sys v0.12.1
[INFO] [stderr]    Compiling normalize-line-endings v0.3.0
[INFO] [stderr]    Compiling termtree v0.5.1
[INFO] [stderr]    Compiling wait-timeout v0.2.1
[INFO] [stderr]    Compiling futures-lite v2.6.1
[INFO] [stderr]    Compiling crossterm v0.27.0
[INFO] [stderr]    Compiling predicates-tree v1.0.13
[INFO] [stderr]    Compiling num-traits v0.2.19
[INFO] [stderr]    Compiling endbasic-std v0.14.1
[INFO] [stderr]    Compiling float-cmp v0.10.0
[INFO] [stderr]    Compiling tempfile v3.27.0
[INFO] [stderr]    Compiling regex-automata v0.4.14
[INFO] [stderr]    Compiling endbasic-client v0.14.1
[INFO] [stderr]    Compiling endbasic-repl v0.14.1
[INFO] [stderr]    Compiling endbasic-terminal v0.14.1
[INFO] [stderr]    Compiling endbasic v0.14.1 (/opt/rustwide/workdir)
[INFO] [stderr]    Compiling regex v1.12.3
[INFO] [stderr]    Compiling bstr v1.13.1
[INFO] [stderr]    Compiling predicates v3.1.4
[INFO] [stderr]     Finished `release` profile [optimized] target(s) in 40.92s
[INFO] running `Command { std: "docker" "inspect" "76ea8590b732e2829ccba7a3595e5cc2faf9dc779ef89c753e732b743146ffd4", kill_on_drop: false }`
[INFO] running `Command { std: "docker" "exec" "-e" "SOURCE_DIR=/opt/rustwide/workdir" "-e" "CARGO_HOME=/opt/rustwide/cargo-home" "-e" "RUSTUP_HOME=/opt/rustwide/rustup-home" "-e" "CARGO_TARGET_DIR=/opt/rustwide/target" "-e" "CARGO_INCREMENTAL=0" "-e" "RUST_BACKTRACE=full" "-e" "RUSTFLAGS=--cap-lints=warn" "-e" "RUSTDOCFLAGS=--cap-lints=warn" "-w" "/opt/rustwide/workdir" "--user" "0:0" "76ea8590b732e2829ccba7a3595e5cc2faf9dc779ef89c753e732b743146ffd4" "/opt/rustwide/cargo-home/bin/cargo" "+1.99.0-beta.8" "test" "--frozen" "--release", kill_on_drop: false }`
[INFO] [stderr]     Finished `release` profile [optimized] target(s) in 0.23s
[INFO] [stderr]      Running unittests src/lib.rs (/opt/rustwide/target/release/deps/endbasic-3ff2ebaab6c68d4b)
[INFO] [stdout] 
[INFO] [stdout] running 6 tests
[INFO] [stdout] test propline::tests::test_extract_propline_errors_on_bad_prefix ... ok
[INFO] [stdout] test propline::tests::test_extract_propline_errors_on_empty_console_spec ... ok
[INFO] [stdout] test propline::tests::test_extract_propline_apostrophe ... ok
[INFO] [stdout] test propline::tests::test_extract_propline_ignores_unrelated_comment ... ok
[INFO] [stdout] test propline::tests::test_extract_propline_rem_mixed_case ... ok
[INFO] [stdout] test propline::tests::test_extract_propline_no_shebang ... ok
[INFO] [stdout] 
[INFO] [stdout] test result: ok. 6 passed; 0 failed; 0 ignored; 0 measured; 0 filtered out; finished in 0.07s
[INFO] [stdout] 
[INFO] [stderr]      Running unittests src/main.rs (/opt/rustwide/target/release/deps/endbasic-abdaeab2b77937a6)
[INFO] [stdout] 
[INFO] [stdout] running 0 tests
[INFO] [stdout] 
[INFO] [stdout] test result: ok. 0 passed; 0 failed; 0 ignored; 0 measured; 0 filtered out; finished in 0.00s
[INFO] [stdout] 
[INFO] [stderr]      Running tests/integration_test.rs (/opt/rustwide/target/release/deps/integration_test-ac1945cd8a61db1f)
[INFO] [stdout] 
[INFO] [stdout] running 49 tests
[INFO] [stdout] test test_cli_run_from_cloud ... ignored, Requires environment configuration and is expensive
[INFO] [stdout] test test_cli_propline_sets_default_console ... FAILED
[INFO] [stdout] test test_example_bounce ... FAILED
[INFO] [stdout] test test_cli_too_many_args ... ok
[INFO] [stdout] test test_example_palette ... FAILED
[INFO] [stdout] test test_lang_bitwise ... FAILED
[INFO] [stdout] test test_lang_control_flow ... FAILED
[INFO] [stdout] test test_cli_help ... FAILED
[INFO] [stdout] test test_example_tour ... FAILED
[INFO] [stdout] test test_example_hello ... FAILED
[INFO] [stdout] test test_lang_exprs ... FAILED
[INFO] [stdout] test test_lang_exec_error ... FAILED
[INFO] [stdout] test test_example_fibonacci ... FAILED
[INFO] [stdout] test test_lang_control_flow_errors ... FAILED
[INFO] [stdout] test test_cli_flag_overrides_propline_console ... FAILED
[INFO] [stdout] test test_lang_lexer_error ... FAILED
[INFO] [stdout] test test_example_alarm ... FAILED
[INFO] [stdout] test test_cli_propline_errors ... FAILED
[INFO] [stdout] test test_cli_autoexec_is_ignored ... FAILED
[INFO] [stdout] test test_example_guess ... FAILED
[INFO] [stdout] test test_lang_hello ... FAILED
[INFO] [stdout] test test_lang_utf8 ... FAILED
[INFO] [stdout] test test_lang_matrix ... FAILED
[INFO] [stdout] test test_cli_missing_program ... ok
[INFO] [stdout] test test_repl_autoexec ... FAILED
[INFO] [stdout] test test_cli_interactive ... FAILED
[INFO] [stdout] test test_lang_types ... FAILED
[INFO] [stdout] test test_lang_shebang_exec ... FAILED
[INFO] [stdout] test test_repl_exit_unsaved ... FAILED
[INFO] [stdout] test test_lang_yes_no ... FAILED
[INFO] [stdout] test test_repl_console ... FAILED
[INFO] [stdout] test test_repl_exit_zero ... FAILED
[INFO] [stdout] test test_repl_exit_nonzero ... FAILED
[INFO] [stdout] test test_repl_help ... FAILED
[INFO] [stdout] test test_lang_exprs_errors ... FAILED
[INFO] [stdout] test test_lang_functions ... FAILED
[INFO] [stdout] test test_repl_editor ... FAILED
[INFO] [stdout] test test_repl_dir ... FAILED
[INFO] [stdout] test test_example_gpio ... FAILED
[INFO] [stdout] test test_repl_interactive ... FAILED
[INFO] [stdout] test test_lang_operators ... FAILED
[INFO] [stdout] test test_repl_colors ... FAILED
[INFO] [stdout] test test_repl_load_save ... FAILED
[INFO] [stdout] test test_lang_parser_error ... FAILED
[INFO] [stdout] test test_repl_exit_saved ... FAILED
[INFO] [stdout] test test_repl_storage ... FAILED
[INFO] [stdout] test test_cli_unknown_option ... ok
[INFO] [stdout] test test_repl_state_sharing ... FAILED
[INFO] [stdout] test test_cli_version ... FAILED
[INFO] [stdout] 
[INFO] [stdout] failures:
[INFO] [stdout] 
[INFO] [stdout] ---- test_cli_propline_sets_default_console stdout ----
[INFO] [stdout] 
[INFO] [stdout] thread 'test_cli_propline_sets_default_console' (3614) panicked at tests/integration_test.rs:59:5:
[INFO] [stdout] assertion failed: dir.join("Cargo.lock").exists()
[INFO] [stdout] stack backtrace:
[INFO] [stdout]    0:     0x5c436c633b01 - <<std[70759c8f55707aa4]::sys::backtrace::BacktraceLock>::print::DisplayBacktrace as core[df12db4294e9bfd3]::fmt::Display>::fmt
[INFO] [stdout]    1:     0x5c436c64b47a - core[df12db4294e9bfd3]::fmt::write
[INFO] [stdout]    2:     0x5c436c63967c - <alloc[2182bb758b4b3781]::vec::Vec<u8> as core[df12db4294e9bfd3]::io::write::Write>::write_fmt
[INFO] [stdout]    3:     0x5c436c60cc26 - std[70759c8f55707aa4]::panicking::default_hook::{closure#0}
[INFO] [stdout]    4:     0x5c436c62a9e9 - std[70759c8f55707aa4]::panicking::default_hook
[INFO] [stdout]    5:     0x5c436c4e91b0 - test[9d35eded1c95d3be]::test_main_inner::<test[9d35eded1c95d3be]::test_main_static::{closure#0}>::{closure#0}
[INFO] [stdout]    6:     0x5c436c62aba2 - std[70759c8f55707aa4]::panicking::panic_with_hook
[INFO] [stdout]    7:     0x5c436c60cd04 - std[70759c8f55707aa4]::panicking::panic_handler::{closure#0}
[INFO] [stdout]    8:     0x5c436c605939 - std[70759c8f55707aa4]::sys::backtrace::__rust_end_short_backtrace::<std[70759c8f55707aa4]::panicking::panic_handler::{closure#0}, !>
[INFO] [stdout]    9:     0x5c436c60d98d - __rustc[8fa7c3cbc660c2b3]::rust_begin_unwind
[INFO] [stdout]   10:     0x5c436c64bc5c - core[df12db4294e9bfd3]::panicking::panic_fmt
[INFO] [stdout]   11:     0x5c436c64bc22 - core[df12db4294e9bfd3]::panicking::panic
[INFO] [stdout]   12:     0x5c436c4cd6da - integration_test[1e3787b9f2325e8]::src_path
[INFO] [stdout]   13:     0x5c436c4cd4bb - integration_test[1e3787b9f2325e8]::src_str
[INFO] [stdout]   14:     0x5c436c4d7480 - <integration_test[1e3787b9f2325e8]::test_cli_propline_sets_default_console::{closure#0} as core[df12db4294e9bfd3]::ops::function::FnOnce<()>>::call_once
[INFO] [stdout]   15:     0x5c436c4dc49b - test[9d35eded1c95d3be]::__rust_begin_short_backtrace::<core[df12db4294e9bfd3]::result::Result<(), alloc[2182bb758b4b3781]::string::String>, fn() -> core[df12db4294e9bfd3]::result::Result<(), alloc[2182bb758b4b3781]::string::String>>
[INFO] [stdout]   16:     0x5c436c4e9b05 - test[9d35eded1c95d3be]::run_test::{closure#0}
[INFO] [stdout]   17:     0x5c436c4e33c4 - std[70759c8f55707aa4]::sys::backtrace::__rust_begin_short_backtrace::<test[9d35eded1c95d3be]::run_test::{closure#1}, ()>
[INFO] [stdout]   18:     0x5c436c4ecc62 - <std[70759c8f55707aa4]::thread::lifecycle::spawn_unchecked<test[9d35eded1c95d3be]::run_test::{closure#1}, ()>::{closure#1} as core[df12db4294e9bfd3]::ops::function::FnOnce<()>>::call_once::{shim:vtable#0}
[INFO] [stdout]   19:     0x5c436c6330a9 - <std[70759c8f55707aa4]::sys::thread::unix::Thread>::new::thread_start
[INFO] [stdout]   20:     0x7d0b04598dfa - <unknown>
[INFO] [stdout]   21:     0x7d0b0462c3d4 - clone
[INFO] [stdout]   22:                0x0 - <unknown>
[INFO] [stdout] 
[INFO] [stdout] ---- test_example_bounce stdout ----
[INFO] [stdout] 
[INFO] [stdout] thread 'test_example_bounce' (3620) panicked at tests/integration_test.rs:59:5:
[INFO] [stdout] assertion failed: dir.join("Cargo.lock").exists()
[INFO] [stdout] stack backtrace:
[INFO] [stdout]    0:     0x5c436c633b01 - <<std[70759c8f55707aa4]::sys::backtrace::BacktraceLock>::print::DisplayBacktrace as core[df12db4294e9bfd3]::fmt::Display>::fmt
[INFO] [stdout]    1:     0x5c436c64b47a - core[df12db4294e9bfd3]::fmt::write
[INFO] [stdout]    2:     0x5c436c63967c - <alloc[2182bb758b4b3781]::vec::Vec<u8> as core[df12db4294e9bfd3]::io::write::Write>::write_fmt
[INFO] [stdout]    3:     0x5c436c60cc26 - std[70759c8f55707aa4]::panicking::default_hook::{closure#0}
[INFO] [stdout]    4:     0x5c436c62a9e9 - std[70759c8f55707aa4]::panicking::default_hook
[INFO] [stdout]    5:     0x5c436c4e91b0 - test[9d35eded1c95d3be]::test_main_inner::<test[9d35eded1c95d3be]::test_main_static::{closure#0}>::{closure#0}
[INFO] [stdout]    6:     0x5c436c62aba2 - std[70759c8f55707aa4]::panicking::panic_with_hook
[INFO] [stdout]    7:     0x5c436c60cd04 - std[70759c8f55707aa4]::panicking::panic_handler::{closure#0}
[INFO] [stdout]    8:     0x5c436c605939 - std[70759c8f55707aa4]::sys::backtrace::__rust_end_short_backtrace::<std[70759c8f55707aa4]::panicking::panic_handler::{closure#0}, !>
[INFO] [stdout]    9:     0x5c436c60d98d - __rustc[8fa7c3cbc660c2b3]::rust_begin_unwind
[INFO] [stdout]   10:     0x5c436c64bc5c - core[df12db4294e9bfd3]::panicking::panic_fmt
[INFO] [stdout]   11:     0x5c436c64bc22 - core[df12db4294e9bfd3]::panicking::panic
[INFO] [stdout]   12:     0x5c436c4cd6da - integration_test[1e3787b9f2325e8]::src_path
[INFO] [stdout]   13:     0x5c436c4ccb41 - integration_test[1e3787b9f2325e8]::read_golden
[INFO] [stdout]   14:     0x5c436c4d2292 - <integration_test[1e3787b9f2325e8]::test_example_bounce::{closure#0} as core[df12db4294e9bfd3]::ops::function::FnOnce<()>>::call_once
[INFO] [stdout]   15:     0x5c436c4dc49b - test[9d35eded1c95d3be]::__rust_begin_short_backtrace::<core[df12db4294e9bfd3]::result::Result<(), alloc[2182bb758b4b3781]::string::String>, fn() -> core[df12db4294e9bfd3]::result::Result<(), alloc[2182bb758b4b3781]::string::String>>
[INFO] [stdout]   16:     0x5c436c4e9b05 - test[9d35eded1c95d3be]::run_test::{closure#0}
[INFO] [stdout]   17:     0x5c436c4e33c4 - std[70759c8f55707aa4]::sys::backtrace::__rust_begin_short_backtrace::<test[9d35eded1c95d3be]::run_test::{closure#1}, ()>
[INFO] [stdout]   18:     0x5c436c4ecc62 - <std[70759c8f55707aa4]::thread::lifecycle::spawn_unchecked<test[9d35eded1c95d3be]::run_test::{closure#1}, ()>::{closure#1} as core[df12db4294e9bfd3]::ops::function::FnOnce<()>>::call_once::{shim:vtable#0}
[INFO] [stdout]   19:     0x5c436c6330a9 - <std[70759c8f55707aa4]::sys::thread::unix::Thread>::new::thread_start
[INFO] [stdout]   20:     0x7d0b04598dfa - <unknown>
[INFO] [stdout]   21:     0x7d0b0462c3d4 - clone
[INFO] [stdout]   22:                0x0 - <unknown>
[INFO] [stdout] 
[INFO] [stdout] ---- test_example_palette stdout ----
[INFO] [stdout] 
[INFO] [stdout] thread 'test_example_palette' (3633) panicked at tests/integration_test.rs:59:5:
[INFO] [stdout] assertion failed: dir.join("Cargo.lock").exists()
[INFO] [stdout] stack backtrace:
[INFO] [stdout]    0:     0x5c436c633b01 - <<std[70759c8f55707aa4]::sys::backtrace::BacktraceLock>::print::DisplayBacktrace as core[df12db4294e9bfd3]::fmt::Display>::fmt
[INFO] [stdout]    1:     0x5c436c64b47a - core[df12db4294e9bfd3]::fmt::write
[INFO] [stdout]    2:     0x5c436c63967c - <alloc[2182bb758b4b3781]::vec::Vec<u8> as core[df12db4294e9bfd3]::io::write::Write>::write_fmt
[INFO] [stdout]    3:     0x5c436c60cc26 - std[70759c8f55707aa4]::panicking::default_hook::{closure#0}
[INFO] [stdout]    4:     0x5c436c62a9e9 - std[70759c8f55707aa4]::panicking::default_hook
[INFO] [stdout]    5:     0x5c436c4e91b0 - test[9d35eded1c95d3be]::test_main_inner::<test[9d35eded1c95d3be]::test_main_static::{closure#0}>::{closure#0}
[INFO] [stdout]    6:     0x5c436c62aba2 - std[70759c8f55707aa4]::panicking::panic_with_hook
[INFO] [stdout]    7:     0x5c436c60cd04 - std[70759c8f55707aa4]::panicking::panic_handler::{closure#0}
[INFO] [stdout]    8:     0x5c436c605939 - std[70759c8f55707aa4]::sys::backtrace::__rust_end_short_backtrace::<std[70759c8f55707aa4]::panicking::panic_handler::{closure#0}, !>
[INFO] [stdout]    9:     0x5c436c60d98d - __rustc[8fa7c3cbc660c2b3]::rust_begin_unwind
[INFO] [stdout]   10:     0x5c436c64bc5c - core[df12db4294e9bfd3]::panicking::panic_fmt
[INFO] [stdout]   11:     0x5c436c64bc22 - core[df12db4294e9bfd3]::panicking::panic
[INFO] [stdout]   12:     0x5c436c4cd6da - integration_test[1e3787b9f2325e8]::src_path
[INFO] [stdout]   13:     0x5c436c4ccb41 - integration_test[1e3787b9f2325e8]::read_golden
[INFO] [stdout]   14:     0x5c436c4d3b92 - <integration_test[1e3787b9f2325e8]::test_example_palette::{closure#0} as core[df12db4294e9bfd3]::ops::function::FnOnce<()>>::call_once
[INFO] [stdout]   15:     0x5c436c4dc49b - test[9d35eded1c95d3be]::__rust_begin_short_backtrace::<core[df12db4294e9bfd3]::result::Result<(), alloc[2182bb758b4b3781]::string::String>, fn() -> core[df12db4294e9bfd3]::result::Result<(), alloc[2182bb758b4b3781]::string::String>>
[INFO] [stdout]   16:     0x5c436c4e9b05 - test[9d35eded1c95d3be]::run_test::{closure#0}
[INFO] [stdout]   17:     0x5c436c4e33c4 - std[70759c8f55707aa4]::sys::backtrace::__rust_begin_short_backtrace::<test[9d35eded1c95d3be]::run_test::{closure#1}, ()>
[INFO] [stdout]   18:     0x5c436c4ecc62 - <std[70759c8f55707aa4]::thread::lifecycle::spawn_unchecked<test[9d35eded1c95d3be]::run_test::{closure#1}, ()>::{closure#1} as core[df12db4294e9bfd3]::ops::function::FnOnce<()>>::call_once::{shim:vtable#0}
[INFO] [stdout]   19:     0x5c436c6330a9 - <std[70759c8f55707aa4]::sys::thread::unix::Thread>::new::thread_start
[INFO] [stdout]   20:     0x7d0b04598dfa - <unknown>
[INFO] [stdout]   21:     0x7d0b0462c3d4 - clone
[INFO] [stdout]   22:                0x0 - <unknown>
[INFO] [stdout] 
[INFO] [stdout] ---- test_lang_bitwise stdout ----
[INFO] [stdout] 
[INFO] [stdout] thread 'test_lang_bitwise' (3635) panicked at tests/integration_test.rs:59:5:
[INFO] [stdout] assertion failed: dir.join("Cargo.lock").exists()
[INFO] [stdout] stack backtrace:
[INFO] [stdout]    0:     0x5c436c633b01 - <<std[70759c8f55707aa4]::sys::backtrace::BacktraceLock>::print::DisplayBacktrace as core[df12db4294e9bfd3]::fmt::Display>::fmt
[INFO] [stdout]    1:     0x5c436c64b47a - core[df12db4294e9bfd3]::fmt::write
[INFO] [stdout]    2:     0x5c436c63967c - <alloc[2182bb758b4b3781]::vec::Vec<u8> as core[df12db4294e9bfd3]::io::write::Write>::write_fmt
[INFO] [stdout]    3:     0x5c436c60cc26 - std[70759c8f55707aa4]::panicking::default_hook::{closure#0}
[INFO] [stdout]    4:     0x5c436c62a9e9 - std[70759c8f55707aa4]::panicking::default_hook
[INFO] [stdout]    5:     0x5c436c4e91b0 - test[9d35eded1c95d3be]::test_main_inner::<test[9d35eded1c95d3be]::test_main_static::{closure#0}>::{closure#0}
[INFO] [stdout]    6:     0x5c436c62aba2 - std[70759c8f55707aa4]::panicking::panic_with_hook
[INFO] [stdout]    7:     0x5c436c60cd04 - std[70759c8f55707aa4]::panicking::panic_handler::{closure#0}
[INFO] [stdout]    8:     0x5c436c605939 - std[70759c8f55707aa4]::sys::backtrace::__rust_end_short_backtrace::<std[70759c8f55707aa4]::panicking::panic_handler::{closure#0}, !>
[INFO] [stdout]    9:     0x5c436c60d98d - __rustc[8fa7c3cbc660c2b3]::rust_begin_unwind
[INFO] [stdout]   10:     0x5c436c64bc5c - core[df12db4294e9bfd3]::panicking::panic_fmt
[INFO] [stdout]   11:     0x5c436c64bc22 - core[df12db4294e9bfd3]::panicking::panic
[INFO] [stdout]   12:     0x5c436c4cd6da - integration_test[1e3787b9f2325e8]::src_path
[INFO] [stdout]   13:     0x5c436c4cd4bb - integration_test[1e3787b9f2325e8]::src_str
[INFO] [stdout]   14:     0x5c436c4d0cd2 - <integration_test[1e3787b9f2325e8]::test_lang_bitwise::{closure#0} as core[df12db4294e9bfd3]::ops::function::FnOnce<()>>::call_once
[INFO] [stdout]   15:     0x5c436c4dc49b - test[9d35eded1c95d3be]::__rust_begin_short_backtrace::<core[df12db4294e9bfd3]::result::Result<(), alloc[2182bb758b4b3781]::string::String>, fn() -> core[df12db4294e9bfd3]::result::Result<(), alloc[2182bb758b4b3781]::string::String>>
[INFO] [stdout]   16:     0x5c436c4e9b05 - test[9d35eded1c95d3be]::run_test::{closure#0}
[INFO] [stdout]   17:     0x5c436c4e33c4 - std[70759c8f55707aa4]::sys::backtrace::__rust_begin_short_backtrace::<test[9d35eded1c95d3be]::run_test::{closure#1}, ()>
[INFO] [stdout]   18:     0x5c436c4ecc62 - <std[70759c8f55707aa4]::thread::lifecycle::spawn_unchecked<test[9d35eded1c95d3be]::run_test::{closure#1}, ()>::{closure#1} as core[df12db4294e9bfd3]::ops::function::FnOnce<()>>::call_once::{shim:vtable#0}
[INFO] [stdout]   19:     0x5c436c6330a9 - <std[70759c8f55707aa4]::sys::thread::unix::Thread>::new::thread_start
[INFO] [stdout]   20:     0x7d0b04598dfa - <unknown>
[INFO] [stdout]   21:     0x7d0b0462c3d4 - clone
[INFO] [stdout]   22:                0x0 - <unknown>
[INFO] [stdout] 
[INFO] [stdout] ---- test_lang_control_flow stdout ----
[INFO] [stdout] 
[INFO] [stdout] thread 'test_lang_control_flow' (3636) panicked at tests/integration_test.rs:59:5:
[INFO] [stdout] assertion failed: dir.join("Cargo.lock").exists()
[INFO] [stdout] stack backtrace:
[INFO] [stdout]    0:     0x5c436c633b01 - <<std[70759c8f55707aa4]::sys::backtrace::BacktraceLock>::print::DisplayBacktrace as core[df12db4294e9bfd3]::fmt::Display>::fmt
[INFO] [stdout]    1:     0x5c436c64b47a - core[df12db4294e9bfd3]::fmt::write
[INFO] [stdout]    2:     0x5c436c63967c - <alloc[2182bb758b4b3781]::vec::Vec<u8> as core[df12db4294e9bfd3]::io::write::Write>::write_fmt
[INFO] [stdout]    3:     0x5c436c60cc26 - std[70759c8f55707aa4]::panicking::default_hook::{closure#0}
[INFO] [stdout]    4:     0x5c436c62a9e9 - std[70759c8f55707aa4]::panicking::default_hook
[INFO] [stdout]    5:     0x5c436c4e91b0 - test[9d35eded1c95d3be]::test_main_inner::<test[9d35eded1c95d3be]::test_main_static::{closure#0}>::{closure#0}
[INFO] [stdout]    6:     0x5c436c62aba2 - std[70759c8f55707aa4]::panicking::panic_with_hook
[INFO] [stdout]    7:     0x5c436c60cd04 - std[70759c8f55707aa4]::panicking::panic_handler::{closure#0}
[INFO] [stdout]    8:     0x5c436c605939 - std[70759c8f55707aa4]::sys::backtrace::__rust_end_short_backtrace::<std[70759c8f55707aa4]::panicking::panic_handler::{closure#0}, !>
[INFO] [stdout]    9:     0x5c436c60d98d - __rustc[8fa7c3cbc660c2b3]::rust_begin_unwind
[INFO] [stdout]   10:     0x5c436c64bc5c - core[df12db4294e9bfd3]::panicking::panic_fmt
[INFO] [stdout]   11:     0x5c436c64bc22 - core[df12db4294e9bfd3]::panicking::panic
[INFO] [stdout]   12:     0x5c436c4cd6da - integration_test[1e3787b9f2325e8]::src_path
[INFO] [stdout]   13:     0x5c436c4cd4bb - integration_test[1e3787b9f2325e8]::src_str
[INFO] [stdout]   14:     0x5c436c4d4c02 - <integration_test[1e3787b9f2325e8]::test_lang_control_flow::{closure#0} as core[df12db4294e9bfd3]::ops::function::FnOnce<()>>::call_once
[INFO] [stdout]   15:     0x5c436c4dc49b - test[9d35eded1c95d3be]::__rust_begin_short_backtrace::<core[df12db4294e9bfd3]::result::Result<(), alloc[2182bb758b4b3781]::string::String>, fn() -> core[df12db4294e9bfd3]::result::Result<(), alloc[2182bb758b4b3781]::string::String>>
[INFO] [stdout]   16:     0x5c436c4e9b05 - test[9d35eded1c95d3be]::run_test::{closure#0}
[INFO] [stdout]   17:     0x5c436c4e33c4 - std[70759c8f55707aa4]::sys::backtrace::__rust_begin_short_backtrace::<test[9d35eded1c95d3be]::run_test::{closure#1}, ()>
[INFO] [stdout]   18:     0x5c436c4ecc62 - <std[70759c8f55707aa4]::thread::lifecycle::spawn_unchecked<test[9d35eded1c95d3be]::run_test::{closure#1}, ()>::{closure#1} as core[df12db4294e9bfd3]::ops::function::FnOnce<()>>::call_once::{shim:vtable#0}
[INFO] [stdout]   19:     0x5c436c6330a9 - <std[70759c8f55707aa4]::sys::thread::unix::Thread>::new::thread_start
[INFO] [stdout]   20:     0x7d0b04598dfa - <unknown>
[INFO] [stdout]   21:     0x7d0b0462c3d4 - clone
[INFO] [stdout]   22:                0x0 - <unknown>
[INFO] [stdout] 
[INFO] [stdout] ---- test_cli_help stdout ----
[INFO] [stdout] 
[INFO] [stdout] thread 'test_cli_help' (3610) panicked at tests/integration_test.rs:59:5:
[INFO] [stdout] assertion failed: dir.join("Cargo.lock").exists()
[INFO] [stdout] stack backtrace:
[INFO] [stdout]    0:     0x5c436c633b01 - <<std[70759c8f55707aa4]::sys::backtrace::BacktraceLock>::print::DisplayBacktrace as core[df12db4294e9bfd3]::fmt::Display>::fmt
[INFO] [stdout]    1:     0x5c436c64b47a - core[df12db4294e9bfd3]::fmt::write
[INFO] [stdout]    2:     0x5c436c63967c - <alloc[2182bb758b4b3781]::vec::Vec<u8> as core[df12db4294e9bfd3]::io::write::Write>::write_fmt
[INFO] [stdout]    3:     0x5c436c60cc26 - std[70759c8f55707aa4]::panicking::default_hook::{closure#0}
[INFO] [stdout]    4:     0x5c436c62a9e9 - std[70759c8f55707aa4]::panicking::default_hook
[INFO] [stdout]    5:     0x5c436c4e91b0 - test[9d35eded1c95d3be]::test_main_inner::<test[9d35eded1c95d3be]::test_main_static::{closure#0}>::{closure#0}
[INFO] [stdout]    6:     0x5c436c62aba2 - std[70759c8f55707aa4]::panicking::panic_with_hook
[INFO] [stdout]    7:     0x5c436c60cd04 - std[70759c8f55707aa4]::panicking::panic_handler::{closure#0}
[INFO] [stdout]    8:     0x5c436c605939 - std[70759c8f55707aa4]::sys::backtrace::__rust_end_short_backtrace::<std[70759c8f55707aa4]::panicking::panic_handler::{closure#0}, !>
[INFO] [stdout]    9:     0x5c436c60d98d - __rustc[8fa7c3cbc660c2b3]::rust_begin_unwind
[INFO] [stdout]   10:     0x5c436c64bc5c - core[df12db4294e9bfd3]::panicking::panic_fmt
[INFO] [stdout]   11:     0x5c436c64bc22 - core[df12db4294e9bfd3]::panicking::panic
[INFO] [stdout]   12:     0x5c436c4cd6da - integration_test[1e3787b9f2325e8]::src_path
[INFO] [stdout]   13:     0x5c436c4cd3db - integration_test[1e3787b9f2325e8]::golden
[INFO] [stdout]   14:     0x5c436c4ce352 - integration_test[1e3787b9f2325e8]::test_cli_help::check_with_args
[INFO] [stdout]   15:     0x5c436c4cef15 - <integration_test[1e3787b9f2325e8]::test_cli_help::{closure#0} as core[df12db4294e9bfd3]::ops::function::FnOnce<()>>::call_once
[INFO] [stdout]   16:     0x5c436c4dc49b - test[9d35eded1c95d3be]::__rust_begin_short_backtrace::<core[df12db4294e9bfd3]::result::Result<(), alloc[2182bb758b4b3781]::string::String>, fn() -> core[df12db4294e9bfd3]::result::Result<(), alloc[2182bb758b4b3781]::string::String>>
[INFO] [stdout]   17:     0x5c436c4e9b05 - test[9d35eded1c95d3be]::run_test::{closure#0}
[INFO] [stdout]   18:     0x5c436c4e33c4 - std[70759c8f55707aa4]::sys::backtrace::__rust_begin_short_backtrace::<test[9d35eded1c95d3be]::run_test::{closure#1}, ()>
[INFO] [stdout]   19:     0x5c436c4ecc62 - <std[70759c8f55707aa4]::thread::lifecycle::spawn_unchecked<test[9d35eded1c95d3be]::run_test::{closure#1}, ()>::{closure#1} as core[df12db4294e9bfd3]::ops::function::FnOnce<()>>::call_once::{shim:vtable#0}
[INFO] [stdout]   20:     0x5c436c6330a9 - <std[70759c8f55707aa4]::sys::thread::unix::Thread>::new::thread_start
[INFO] [stdout]   21:     0x7d0b04598dfa - <unknown>
[INFO] [stdout]   22:     0x7d0b0462c3d4 - clone
[INFO] [stdout]   23:                0x0 - <unknown>
[INFO] [stdout] 
[INFO] [stdout] ---- test_example_tour stdout ----
[INFO] [stdout] 
[INFO] [stdout] thread 'test_example_tour' (3634) panicked at tests/integration_test.rs:59:5:
[INFO] [stdout] assertion failed: dir.join("Cargo.lock").exists()
[INFO] [stdout] stack backtrace:
[INFO] [stdout]    0:     0x5c436c633b01 - <<std[70759c8f55707aa4]::sys::backtrace::BacktraceLock>::print::DisplayBacktrace as core[df12db4294e9bfd3]::fmt::Display>::fmt
[INFO] [stdout]    1:     0x5c436c64b47a - core[df12db4294e9bfd3]::fmt::write
[INFO] [stdout]    2:     0x5c436c63967c - <alloc[2182bb758b4b3781]::vec::Vec<u8> as core[df12db4294e9bfd3]::io::write::Write>::write_fmt
[INFO] [stdout]    3:     0x5c436c60cc26 - std[70759c8f55707aa4]::panicking::default_hook::{closure#0}
[INFO] [stdout]    4:     0x5c436c62a9e9 - std[70759c8f55707aa4]::panicking::default_hook
[INFO] [stdout]    5:     0x5c436c4e91b0 - test[9d35eded1c95d3be]::test_main_inner::<test[9d35eded1c95d3be]::test_main_static::{closure#0}>::{closure#0}
[INFO] [stdout]    6:     0x5c436c62aba2 - std[70759c8f55707aa4]::panicking::panic_with_hook
[INFO] [stdout]    7:     0x5c436c60cd04 - std[70759c8f55707aa4]::panicking::panic_handler::{closure#0}
[INFO] [stdout]    8:     0x5c436c605939 - std[70759c8f55707aa4]::sys::backtrace::__rust_end_short_backtrace::<std[70759c8f55707aa4]::panicking::panic_handler::{closure#0}, !>
[INFO] [stdout]    9:     0x5c436c60d98d - __rustc[8fa7c3cbc660c2b3]::rust_begin_unwind
[INFO] [stdout]   10:     0x5c436c64bc5c - core[df12db4294e9bfd3]::panicking::panic_fmt
[INFO] [stdout]   11:     0x5c436c64bc22 - core[df12db4294e9bfd3]::panicking::panic
[INFO] [stdout]   12:     0x5c436c4cd6da - integration_test[1e3787b9f2325e8]::src_path
[INFO] [stdout]   13:     0x5c436c4ccb41 - integration_test[1e3787b9f2325e8]::read_golden
[INFO] [stdout]   14:     0x5c436c4d0aa2 - <integration_test[1e3787b9f2325e8]::test_example_tour::{closure#0} as core[df12db4294e9bfd3]::ops::function::FnOnce<()>>::call_once
[INFO] [stdout]   15:     0x5c436c4dc49b - test[9d35eded1c95d3be]::__rust_begin_short_backtrace::<core[df12db4294e9bfd3]::result::Result<(), alloc[2182bb758b4b3781]::string::String>, fn() -> core[df12db4294e9bfd3]::result::Result<(), alloc[2182bb758b4b3781]::string::String>>
[INFO] [stdout]   16:     0x5c436c4e9b05 - test[9d35eded1c95d3be]::run_test::{closure#0}
[INFO] [stdout]   17:     0x5c436c4e33c4 - std[70759c8f55707aa4]::sys::backtrace::__rust_begin_short_backtrace::<test[9d35eded1c95d3be]::run_test::{closure#1}, ()>
[INFO] [stdout]   18:     0x5c436c4ecc62 - <std[70759c8f55707aa4]::thread::lifecycle::spawn_unchecked<test[9d35eded1c95d3be]::run_test::{closure#1}, ()>::{closure#1} as core[df12db4294e9bfd3]::ops::function::FnOnce<()>>::call_once::{shim:vtable#0}
[INFO] [stdout]   19:     0x5c436c6330a9 - <std[70759c8f55707aa4]::sys::thread::unix::Thread>::new::thread_start
[INFO] [stdout]   20:     0x7d0b04598dfa - <unknown>
[INFO] [stdout]   21:     0x7d0b0462c3d4 - clone
[INFO] [stdout]   22:                0x0 - <unknown>
[INFO] [stdout] 
[INFO] [stdout] ---- test_example_hello stdout ----
[INFO] [stdout] 
[INFO] [stdout] thread 'test_example_hello' (3632) panicked at tests/integration_test.rs:59:5:
[INFO] [stdout] assertion failed: dir.join("Cargo.lock").exists()
[INFO] [stdout] stack backtrace:
[INFO] [stdout]    0:     0x5c436c633b01 - <<std[70759c8f55707aa4]::sys::backtrace::BacktraceLock>::print::DisplayBacktrace as core[df12db4294e9bfd3]::fmt::Display>::fmt
[INFO] [stdout]    1:     0x5c436c64b47a - core[df12db4294e9bfd3]::fmt::write
[INFO] [stdout]    2:     0x5c436c63967c - <alloc[2182bb758b4b3781]::vec::Vec<u8> as core[df12db4294e9bfd3]::io::write::Write>::write_fmt
[INFO] [stdout]    3:     0x5c436c60cc26 - std[70759c8f55707aa4]::panicking::default_hook::{closure#0}
[INFO] [stdout]    4:     0x5c436c62a9e9 - std[70759c8f55707aa4]::panicking::default_hook
[INFO] [stdout]    5:     0x5c436c4e91b0 - test[9d35eded1c95d3be]::test_main_inner::<test[9d35eded1c95d3be]::test_main_static::{closure#0}>::{closure#0}
[INFO] [stdout]    6:     0x5c436c62aba2 - std[70759c8f55707aa4]::panicking::panic_with_hook
[INFO] [stdout]    7:     0x5c436c60cd04 - std[70759c8f55707aa4]::panicking::panic_handler::{closure#0}
[INFO] [stdout]    8:     0x5c436c605939 - std[70759c8f55707aa4]::sys::backtrace::__rust_end_short_backtrace::<std[70759c8f55707aa4]::panicking::panic_handler::{closure#0}, !>
[INFO] [stdout]    9:     0x5c436c60d98d - __rustc[8fa7c3cbc660c2b3]::rust_begin_unwind
[INFO] [stdout]   10:     0x5c436c64bc5c - core[df12db4294e9bfd3]::panicking::panic_fmt
[INFO] [stdout]   11:     0x5c436c64bc22 - core[df12db4294e9bfd3]::panicking::panic
[INFO] [stdout]   12:     0x5c436c4cd6da - integration_test[1e3787b9f2325e8]::src_path
[INFO] [stdout]   13:     0x5c436c4ccb41 - integration_test[1e3787b9f2325e8]::read_golden
[INFO] [stdout]   14:     0x5c436c4d1b22 - <integration_test[1e3787b9f2325e8]::test_example_hello::{closure#0} as core[df12db4294e9bfd3]::ops::function::FnOnce<()>>::call_once
[INFO] [stdout]   15:     0x5c436c4dc49b - test[9d35eded1c95d3be]::__rust_begin_short_backtrace::<core[df12db4294e9bfd3]::result::Result<(), alloc[2182bb758b4b3781]::string::String>, fn() -> core[df12db4294e9bfd3]::result::Result<(), alloc[2182bb758b4b3781]::string::String>>
[INFO] [stdout]   16:     0x5c436c4e9b05 - test[9d35eded1c95d3be]::run_test::{closure#0}
[INFO] [stdout]   17:     0x5c436c4e33c4 - std[70759c8f55707aa4]::sys::backtrace::__rust_begin_short_backtrace::<test[9d35eded1c95d3be]::run_test::{closure#1}, ()>
[INFO] [stdout]   18:     0x5c436c4ecc62 - <std[70759c8f55707aa4]::thread::lifecycle::spawn_unchecked<test[9d35eded1c95d3be]::run_test::{closure#1}, ()>::{closure#1} as core[df12db4294e9bfd3]::ops::function::FnOnce<()>>::call_once::{shim:vtable#0}
[INFO] [stdout]   19:     0x5c436c6330a9 - <std[70759c8f55707aa4]::sys::thread::unix::Thread>::new::thread_start
[INFO] [stdout]   20:     0x7d0b04598dfa - <unknown>
[INFO] [stdout]   21:     0x7d0b0462c3d4 - clone
[INFO] [stdout]   22:                0x0 - <unknown>
[INFO] [stdout] 
[INFO] [stdout] ---- test_lang_exprs stdout ----
[INFO] [stdout] 
[INFO] [stdout] thread 'test_lang_exprs' (3640) panicked at tests/integration_test.rs:59:5:
[INFO] [stdout] assertion failed: dir.join("Cargo.lock").exists()
[INFO] [stdout] stack backtrace:
[INFO] [stdout]    0:     0x5c436c633b01 - <<std[70759c8f55707aa4]::sys::backtrace::BacktraceLock>::print::DisplayBacktrace as core[df12db4294e9bfd3]::fmt::Display>::fmt
[INFO] [stdout]    1:     0x5c436c64b47a - core[df12db4294e9bfd3]::fmt::write
[INFO] [stdout]    2:     0x5c436c63967c - <alloc[2182bb758b4b3781]::vec::Vec<u8> as core[df12db4294e9bfd3]::io::write::Write>::write_fmt
[INFO] [stdout]    3:     0x5c436c60cc26 - std[70759c8f55707aa4]::panicking::default_hook::{closure#0}
[INFO] [stdout]    4:     0x5c436c62a9e9 - std[70759c8f55707aa4]::panicking::default_hook
[INFO] [stdout]    5:     0x5c436c4e91b0 - test[9d35eded1c95d3be]::test_main_inner::<test[9d35eded1c95d3be]::test_main_static::{closure#0}>::{closure#0}
[INFO] [stdout]    6:     0x5c436c62aba2 - std[70759c8f55707aa4]::panicking::panic_with_hook
[INFO] [stdout]    7:     0x5c436c60cd04 - std[70759c8f55707aa4]::panicking::panic_handler::{closure#0}
[INFO] [stdout]    8:     0x5c436c605939 - std[70759c8f55707aa4]::sys::backtrace::__rust_end_short_backtrace::<std[70759c8f55707aa4]::panicking::panic_handler::{closure#0}, !>
[INFO] [stdout]    9:     0x5c436c60d98d - __rustc[8fa7c3cbc660c2b3]::rust_begin_unwind
[INFO] [stdout]   10:     0x5c436c64bc5c - core[df12db4294e9bfd3]::panicking::panic_fmt
[INFO] [stdout]   11:     0x5c436c64bc22 - core[df12db4294e9bfd3]::panicking::panic
[INFO] [stdout]   12:     0x5c436c4cd6da - integration_test[1e3787b9f2325e8]::src_path
[INFO] [stdout]   13:     0x5c436c4cd4bb - integration_test[1e3787b9f2325e8]::src_str
[INFO] [stdout]   14:     0x5c436c4cf712 - <integration_test[1e3787b9f2325e8]::test_lang_exprs::{closure#0} as core[df12db4294e9bfd3]::ops::function::FnOnce<()>>::call_once
[INFO] [stdout]   15:     0x5c436c4dc49b - test[9d35eded1c95d3be]::__rust_begin_short_backtrace::<core[df12db4294e9bfd3]::result::Result<(), alloc[2182bb758b4b3781]::string::String>, fn() -> core[df12db4294e9bfd3]::result::Result<(), alloc[2182bb758b4b3781]::string::String>>
[INFO] [stdout]   16:     0x5c436c4e9b05 - test[9d35eded1c95d3be]::run_test::{closure#0}
[INFO] [stdout]   17:     0x5c436c4e33c4 - std[70759c8f55707aa4]::sys::backtrace::__rust_begin_short_backtrace::<test[9d35eded1c95d3be]::run_test::{closure#1}, ()>
[INFO] [stdout]   18:     0x5c436c4ecc62 - <std[70759c8f55707aa4]::thread::lifecycle::spawn_unchecked<test[9d35eded1c95d3be]::run_test::{closure#1}, ()>::{closure#1} as core[df12db4294e9bfd3]::ops::function::FnOnce<()>>::call_once::{shim:vtable#0}
[INFO] [stdout]   19:     0x5c436c6330a9 - <std[70759c8f55707aa4]::sys::thread::unix::Thread>::new::thread_start
[INFO] [stdout]   20:     0x7d0b04598dfa - <unknown>
[INFO] [stdout]   21:     0x7d0b0462c3d4 - clone
[INFO] [stdout]   22:                0x0 - <unknown>
[INFO] [stdout] 
[INFO] [stdout] ---- test_lang_exec_error stdout ----
[INFO] [stdout] 
[INFO] [stdout] thread 'test_lang_exec_error' (3638) panicked at tests/integration_test.rs:59:5:
[INFO] [stdout] assertion failed: dir.join("Cargo.lock").exists()
[INFO] [stdout] stack backtrace:
[INFO] [stdout]    0:     0x5c436c633b01 - <<std[70759c8f55707aa4]::sys::backtrace::BacktraceLock>::print::DisplayBacktrace as core[df12db4294e9bfd3]::fmt::Display>::fmt
[INFO] [stdout]    1:     0x5c436c64b47a - core[df12db4294e9bfd3]::fmt::write
[INFO] [stdout]    2:     0x5c436c63967c - <alloc[2182bb758b4b3781]::vec::Vec<u8> as core[df12db4294e9bfd3]::io::write::Write>::write_fmt
[INFO] [stdout]    3:     0x5c436c60cc26 - std[70759c8f55707aa4]::panicking::default_hook::{closure#0}
[INFO] [stdout]    4:     0x5c436c62a9e9 - std[70759c8f55707aa4]::panicking::default_hook
[INFO] [stdout]    5:     0x5c436c4e91b0 - test[9d35eded1c95d3be]::test_main_inner::<test[9d35eded1c95d3be]::test_main_static::{closure#0}>::{closure#0}
[INFO] [stdout]    6:     0x5c436c62aba2 - std[70759c8f55707aa4]::panicking::panic_with_hook
[INFO] [stdout]    7:     0x5c436c60cd04 - std[70759c8f55707aa4]::panicking::panic_handler::{closure#0}
[INFO] [stdout]    8:     0x5c436c605939 - std[70759c8f55707aa4]::sys::backtrace::__rust_end_short_backtrace::<std[70759c8f55707aa4]::panicking::panic_handler::{closure#0}, !>
[INFO] [stdout]    9:     0x5c436c60d98d - __rustc[8fa7c3cbc660c2b3]::rust_begin_unwind
[INFO] [stdout]   10:     0x5c436c64bc5c - core[df12db4294e9bfd3]::panicking::panic_fmt
[INFO] [stdout]   11:     0x5c436c64bc22 - core[df12db4294e9bfd3]::panicking::panic
[INFO] [stdout]   12:     0x5c436c4cd6da - integration_test[1e3787b9f2325e8]::src_path
[INFO] [stdout]   13:     0x5c436c4cd4bb - integration_test[1e3787b9f2325e8]::src_str
[INFO] [stdout]   14:     0x5c436c4d3dc2 - <integration_test[1e3787b9f2325e8]::test_lang_exec_error::{closure#0} as core[df12db4294e9bfd3]::ops::function::FnOnce<()>>::call_once
[INFO] [stdout]   15:     0x5c436c4dc49b - test[9d35eded1c95d3be]::__rust_begin_short_backtrace::<core[df12db4294e9bfd3]::result::Result<(), alloc[2182bb758b4b3781]::string::String>, fn() -> core[df12db4294e9bfd3]::result::Result<(), alloc[2182bb758b4b3781]::string::String>>
[INFO] [stdout]   16:     0x5c436c4e9b05 - test[9d35eded1c95d3be]::run_test::{closure#0}
[INFO] [stdout]   17:     0x5c436c4e33c4 - std[70759c8f55707aa4]::sys::backtrace::__rust_begin_short_backtrace::<test[9d35eded1c95d3be]::run_test::{closure#1}, ()>
[INFO] [stdout]   18:     0x5c436c4ecc62 - <std[70759c8f55707aa4]::thread::lifecycle::spawn_unchecked<test[9d35eded1c95d3be]::run_test::{closure#1}, ()>::{closure#1} as core[df12db4294e9bfd3]::ops::function::FnOnce<()>>::call_once::{shim:vtable#0}
[INFO] [stdout]   19:     0x5c436c6330a9 - <std[70759c8f55707aa4]::sys::thread::unix::Thread>::new::thread_start
[INFO] [stdout]   20:     0x7d0b04598dfa - <unknown>
[INFO] [stdout]   21:     0x7d0b0462c3d4 - clone
[INFO] [stdout]   22:                0x0 - <unknown>
[INFO] [stdout] 
[INFO] [stdout] ---- test_example_fibonacci stdout ----
[INFO] [stdout] 
[INFO] [stdout] thread 'test_example_fibonacci' (3621) panicked at tests/integration_test.rs:59:5:
[INFO] [stdout] assertion failed: dir.join("Cargo.lock").exists()
[INFO] [stdout] stack backtrace:
[INFO] [stdout]    0:     0x5c436c633b01 - <<std[70759c8f55707aa4]::sys::backtrace::BacktraceLock>::print::DisplayBacktrace as core[df12db4294e9bfd3]::fmt::Display>::fmt
[INFO] [stdout]    1:     0x5c436c64b47a - core[df12db4294e9bfd3]::fmt::write
[INFO] [stdout]    2:     0x5c436c63967c - <alloc[2182bb758b4b3781]::vec::Vec<u8> as core[df12db4294e9bfd3]::io::write::Write>::write_fmt
[INFO] [stdout]    3:     0x5c436c60cc26 - std[70759c8f55707aa4]::panicking::default_hook::{closure#0}
[INFO] [stdout]    4:     0x5c436c62a9e9 - std[70759c8f55707aa4]::panicking::default_hook
[INFO] [stdout]    5:     0x5c436c4e91b0 - test[9d35eded1c95d3be]::test_main_inner::<test[9d35eded1c95d3be]::test_main_static::{closure#0}>::{closure#0}
[INFO] [stdout]    6:     0x5c436c62aba2 - std[70759c8f55707aa4]::panicking::panic_with_hook
[INFO] [stdout]    7:     0x5c436c60cd04 - std[70759c8f55707aa4]::panicking::panic_handler::{closure#0}
[INFO] [stdout]    8:     0x5c436c605939 - std[70759c8f55707aa4]::sys::backtrace::__rust_end_short_backtrace::<std[70759c8f55707aa4]::panicking::panic_handler::{closure#0}, !>
[INFO] [stdout]    9:     0x5c436c60d98d - __rustc[8fa7c3cbc660c2b3]::rust_begin_unwind
[INFO] [stdout]   10:     0x5c436c64bc5c - core[df12db4294e9bfd3]::panicking::panic_fmt
[INFO] [stdout]   11:     0x5c436c64bc22 - core[df12db4294e9bfd3]::panicking::panic
[INFO] [stdout]   12:     0x5c436c4cd6da - integration_test[1e3787b9f2325e8]::src_path
[INFO] [stdout]   13:     0x5c436c4ccb41 - integration_test[1e3787b9f2325e8]::read_golden
[INFO] [stdout]   14:     0x5c436c4d49d2 - <integration_test[1e3787b9f2325e8]::test_example_fibonacci::{closure#0} as core[df12db4294e9bfd3]::ops::function::FnOnce<()>>::call_once
[INFO] [stdout]   15:     0x5c436c4dc49b - test[9d35eded1c95d3be]::__rust_begin_short_backtrace::<core[df12db4294e9bfd3]::result::Result<(), alloc[2182bb758b4b3781]::string::String>, fn() -> core[df12db4294e9bfd3]::result::Result<(), alloc[2182bb758b4b3781]::string::String>>
[INFO] [stdout]   16:     0x5c436c4e9b05 - test[9d35eded1c95d3be]::run_test::{closure#0}
[INFO] [stdout]   17:     0x5c436c4e33c4 - std[70759c8f55707aa4]::sys::backtrace::__rust_begin_short_backtrace::<test[9d35eded1c95d3be]::run_test::{closure#1}, ()>
[INFO] [stdout]   18:     0x5c436c4ecc62 - <std[70759c8f55707aa4]::thread::lifecycle::spawn_unchecked<test[9d35eded1c95d3be]::run_test::{closure#1}, ()>::{closure#1} as core[df12db4294e9bfd3]::ops::function::FnOnce<()>>::call_once::{shim:vtable#0}
[INFO] [stdout]   19:     0x5c436c6330a9 - <std[70759c8f55707aa4]::sys::thread::unix::Thread>::new::thread_start
[INFO] [stdout]   20:     0x7d0b04598dfa - <unknown>
[INFO] [stdout]   21:     0x7d0b0462c3d4 - clone
[INFO] [stdout]   22:                0x0 - <unknown>
[INFO] [stdout] 
[INFO] [stdout] ---- test_lang_control_flow_errors stdout ----
[INFO] [stdout] 
[INFO] [stdout] thread 'test_lang_control_flow_errors' (3637) panicked at tests/integration_test.rs:59:5:
[INFO] [stdout] assertion failed: dir.join("Cargo.lock").exists()
[INFO] [stdout] stack backtrace:
[INFO] [stdout]    0:     0x5c436c633b01 - <<std[70759c8f55707aa4]::sys::backtrace::BacktraceLock>::print::DisplayBacktrace as core[df12db4294e9bfd3]::fmt::Display>::fmt
[INFO] [stdout]    1:     0x5c436c64b47a - core[df12db4294e9bfd3]::fmt::write
[INFO] [stdout]    2:     0x5c436c63967c - <alloc[2182bb758b4b3781]::vec::Vec<u8> as core[df12db4294e9bfd3]::io::write::Write>::write_fmt
[INFO] [stdout]    3:     0x5c436c60cc26 - std[70759c8f55707aa4]::panicking::default_hook::{closure#0}
[INFO] [stdout]    4:     0x5c436c62a9e9 - std[70759c8f55707aa4]::panicking::default_hook
[INFO] [stdout]    5:     0x5c436c4e91b0 - test[9d35eded1c95d3be]::test_main_inner::<test[9d35eded1c95d3be]::test_main_static::{closure#0}>::{closure#0}
[INFO] [stdout]    6:     0x5c436c62aba2 - std[70759c8f55707aa4]::panicking::panic_with_hook
[INFO] [stdout]    7:     0x5c436c60cd04 - std[70759c8f55707aa4]::panicking::panic_handler::{closure#0}
[INFO] [stdout]    8:     0x5c436c605939 - std[70759c8f55707aa4]::sys::backtrace::__rust_end_short_backtrace::<std[70759c8f55707aa4]::panicking::panic_handler::{closure#0}, !>
[INFO] [stdout]    9:     0x5c436c60d98d - __rustc[8fa7c3cbc660c2b3]::rust_begin_unwind
[INFO] [stdout]   10:     0x5c436c64bc5c - core[df12db4294e9bfd3]::panicking::panic_fmt
[INFO] [stdout]   11:     0x5c436c64bc22 - core[df12db4294e9bfd3]::panicking::panic
[INFO] [stdout]   12:     0x5c436c4cd6da - integration_test[1e3787b9f2325e8]::src_path
[INFO] [stdout]   13:     0x5c436c4ccb41 - integration_test[1e3787b9f2325e8]::read_golden
[INFO] [stdout]   14:     0x5c436c4d7258 - <integration_test[1e3787b9f2325e8]::test_lang_control_flow_errors::{closure#0} as core[df12db4294e9bfd3]::ops::function::FnOnce<()>>::call_once
[INFO] [stdout]   15:     0x5c436c4dc49b - test[9d35eded1c95d3be]::__rust_begin_short_backtrace::<core[df12db4294e9bfd3]::result::Result<(), alloc[2182bb758b4b3781]::string::String>, fn() -> core[df12db4294e9bfd3]::result::Result<(), alloc[2182bb758b4b3781]::string::String>>
[INFO] [stdout]   16:     0x5c436c4e9b05 - test[9d35eded1c95d3be]::run_test::{closure#0}
[INFO] [stdout]   17:     0x5c436c4e33c4 - std[70759c8f55707aa4]::sys::backtrace::__rust_begin_short_backtrace::<test[9d35eded1c95d3be]::run_test::{closure#1}, ()>
[INFO] [stdout]   18:     0x5c436c4ecc62 - <std[70759c8f55707aa4]::thread::lifecycle::spawn_unchecked<test[9d35eded1c95d3be]::run_test::{closure#1}, ()>::{closure#1} as core[df12db4294e9bfd3]::ops::function::FnOnce<()>>::call_once::{shim:vtable#0}
[INFO] [stdout]   19:     0x5c436c6330a9 - <std[70759c8f55707aa4]::sys::thread::unix::Thread>::new::thread_start
[INFO] [stdout]   20:     0x7d0b04598dfa - <unknown>
[INFO] [stdout]   21:     0x7d0b0462c3d4 - clone
[INFO] [stdout]   22:                0x0 - <unknown>
[INFO] [stdout] 
[INFO] [stdout] ---- test_cli_flag_overrides_propline_console stdout ----
[INFO] [stdout] 
[INFO] [stdout] thread 'test_cli_flag_overrides_propline_console' (3609) panicked at tests/integration_test.rs:59:5:
[INFO] [stdout] assertion failed: dir.join("Cargo.lock").exists()
[INFO] [stdout] stack backtrace:
[INFO] [stdout]    0:     0x5c436c633b01 - <<std[70759c8f55707aa4]::sys::backtrace::BacktraceLock>::print::DisplayBacktrace as core[df12db4294e9bfd3]::fmt::Display>::fmt
[INFO] [stdout]    1:     0x5c436c64b47a - core[df12db4294e9bfd3]::fmt::write
[INFO] [stdout]    2:     0x5c436c63967c - <alloc[2182bb758b4b3781]::vec::Vec<u8> as core[df12db4294e9bfd3]::io::write::Write>::write_fmt
[INFO] [stdout]    3:     0x5c436c60cc26 - std[70759c8f55707aa4]::panicking::default_hook::{closure#0}
[INFO] [stdout]    4:     0x5c436c62a9e9 - std[70759c8f55707aa4]::panicking::default_hook
[INFO] [stdout]    5:     0x5c436c4e91b0 - test[9d35eded1c95d3be]::test_main_inner::<test[9d35eded1c95d3be]::test_main_static::{closure#0}>::{closure#0}
[INFO] [stdout]    6:     0x5c436c62aba2 - std[70759c8f55707aa4]::panicking::panic_with_hook
[INFO] [stdout]    7:     0x5c436c60cd04 - std[70759c8f55707aa4]::panicking::panic_handler::{closure#0}
[INFO] [stdout]    8:     0x5c436c605939 - std[70759c8f55707aa4]::sys::backtrace::__rust_end_short_backtrace::<std[70759c8f55707aa4]::panicking::panic_handler::{closure#0}, !>
[INFO] [stdout]    9:     0x5c436c60d98d - __rustc[8fa7c3cbc660c2b3]::rust_begin_unwind
[INFO] [stdout]   10:     0x5c436c64bc5c - core[df12db4294e9bfd3]::panicking::panic_fmt
[INFO] [stdout]   11:     0x5c436c64bc22 - core[df12db4294e9bfd3]::panicking::panic
[INFO] [stdout]   12:     0x5c436c4cd6da - integration_test[1e3787b9f2325e8]::src_path
[INFO] [stdout]   13:     0x5c436c4cd4bb - integration_test[1e3787b9f2325e8]::src_str
[INFO] [stdout]   14:     0x5c436c4d76c2 - <integration_test[1e3787b9f2325e8]::test_cli_flag_overrides_propline_console::{closure#0} as core[df12db4294e9bfd3]::ops::function::FnOnce<()>>::call_once
[INFO] [stdout]   15:     0x5c436c4dc49b - test[9d35eded1c95d3be]::__rust_begin_short_backtrace::<core[df12db4294e9bfd3]::result::Result<(), alloc[2182bb758b4b3781]::string::String>, fn() -> core[df12db4294e9bfd3]::result::Result<(), alloc[2182bb758b4b3781]::string::String>>
[INFO] [stdout]   16:     0x5c436c4e9b05 - test[9d35eded1c95d3be]::run_test::{closure#0}
[INFO] [stdout]   17:     0x5c436c4e33c4 - std[70759c8f55707aa4]::sys::backtrace::__rust_begin_short_backtrace::<test[9d35eded1c95d3be]::run_test::{closure#1}, ()>
[INFO] [stdout]   18:     0x5c436c4ecc62 - <std[70759c8f55707aa4]::thread::lifecycle::spawn_unchecked<test[9d35eded1c95d3be]::run_test::{closure#1}, ()>::{closure#1} as core[df12db4294e9bfd3]::ops::function::FnOnce<()>>::call_once::{shim:vtable#0}
[INFO] [stdout]   19:     0x5c436c6330a9 - <std[70759c8f55707aa4]::sys::thread::unix::Thread>::new::thread_start
[INFO] [stdout]   20:     0x7d0b04598dfa - <unknown>
[INFO] [stdout]   21:     0x7d0b0462c3d4 - clone
[INFO] [stdout]   22:                0x0 - <unknown>
[INFO] [stdout] 
[INFO] [stdout] ---- test_lang_lexer_error stdout ----
[INFO] [stdout] 
[INFO] [stdout] thread 'test_lang_lexer_error' (3646) panicked at tests/integration_test.rs:59:5:
[INFO] [stdout] assertion failed: dir.join("Cargo.lock").exists()
[INFO] [stdout] stack backtrace:
[INFO] [stdout]    0:     0x5c436c633b01 - <<std[70759c8f55707aa4]::sys::backtrace::BacktraceLock>::print::DisplayBacktrace as core[df12db4294e9bfd3]::fmt::Display>::fmt
[INFO] [stdout]    1:     0x5c436c64b47a - core[df12db4294e9bfd3]::fmt::write
[INFO] [stdout]    2:     0x5c436c63967c - <alloc[2182bb758b4b3781]::vec::Vec<u8> as core[df12db4294e9bfd3]::io::write::Write>::write_fmt
[INFO] [stdout]    3:     0x5c436c60cc26 - std[70759c8f55707aa4]::panicking::default_hook::{closure#0}
[INFO] [stdout]    4:     0x5c436c62a9e9 - std[70759c8f55707aa4]::panicking::default_hook
[INFO] [stdout]    5:     0x5c436c4e91b0 - test[9d35eded1c95d3be]::test_main_inner::<test[9d35eded1c95d3be]::test_main_static::{closure#0}>::{closure#0}
[INFO] [stdout]    6:     0x5c436c62aba2 - std[70759c8f55707aa4]::panicking::panic_with_hook
[INFO] [stdout]    7:     0x5c436c60cd04 - std[70759c8f55707aa4]::panicking::panic_handler::{closure#0}
[INFO] [stdout]    8:     0x5c436c605939 - std[70759c8f55707aa4]::sys::backtrace::__rust_end_short_backtrace::<std[70759c8f55707aa4]::panicking::panic_handler::{closure#0}, !>
[INFO] [stdout]    9:     0x5c436c60d98d - __rustc[8fa7c3cbc660c2b3]::rust_begin_unwind
[INFO] [stdout]   10:     0x5c436c64bc5c - core[df12db4294e9bfd3]::panicking::panic_fmt
[INFO] [stdout]   11:     0x5c436c64bc22 - core[df12db4294e9bfd3]::panicking::panic
[INFO] [stdout]   12:     0x5c436c4cd6da - integration_test[1e3787b9f2325e8]::src_path
[INFO] [stdout]   13:     0x5c436c4cd4bb - integration_test[1e3787b9f2325e8]::src_str
[INFO] [stdout]   14:     0x5c436c4d4292 - <integration_test[1e3787b9f2325e8]::test_lang_lexer_error::{closure#0} as core[df12db4294e9bfd3]::ops::function::FnOnce<()>>::call_once
[INFO] [stdout]   15:     0x5c436c4dc49b - test[9d35eded1c95d3be]::__rust_begin_short_backtrace::<core[df12db4294e9bfd3]::result::Result<(), alloc[2182bb758b4b3781]::string::String>, fn() -> core[df12db4294e9bfd3]::result::Result<(), alloc[2182bb758b4b3781]::string::String>>
[INFO] [stdout]   16:     0x5c436c4e9b05 - test[9d35eded1c95d3be]::run_test::{closure#0}
[INFO] [stdout]   17:     0x5c436c4e33c4 - std[70759c8f55707aa4]::sys::backtrace::__rust_begin_short_backtrace::<test[9d35eded1c95d3be]::run_test::{closure#1}, ()>
[INFO] [stdout]   18:     0x5c436c4ecc62 - <std[70759c8f55707aa4]::thread::lifecycle::spawn_unchecked<test[9d35eded1c95d3be]::run_test::{closure#1}, ()>::{closure#1} as core[df12db4294e9bfd3]::ops::function::FnOnce<()>>::call_once::{shim:vtable#0}
[INFO] [stdout]   19:     0x5c436c6330a9 - <std[70759c8f55707aa4]::sys::thread::unix::Thread>::new::thread_start
[INFO] [stdout]   20:     0x7d0b04598dfa - <unknown>
[INFO] [stdout]   21:     0x7d0b0462c3d4 - clone
[INFO] [stdout]   22:                0x0 - <unknown>
[INFO] [stdout] 
[INFO] [stdout] ---- test_example_alarm stdout ----
[INFO] [stdout] 
[INFO] [stdout] thread 'test_example_alarm' (3619) panicked at tests/integration_test.rs:59:5:
[INFO] [stdout] assertion failed: dir.join("Cargo.lock").exists()
[INFO] [stdout] stack backtrace:
[INFO] [stdout]    0:     0x5c436c633b01 - <<std[70759c8f55707aa4]::sys::backtrace::BacktraceLock>::print::DisplayBacktrace as core[df12db4294e9bfd3]::fmt::Display>::fmt
[INFO] [stdout]    1:     0x5c436c64b47a - core[df12db4294e9bfd3]::fmt::write
[INFO] [stdout]    2:     0x5c436c63967c - <alloc[2182bb758b4b3781]::vec::Vec<u8> as core[df12db4294e9bfd3]::io::write::Write>::write_fmt
[INFO] [stdout]    3:     0x5c436c60cc26 - std[70759c8f55707aa4]::panicking::default_hook::{closure#0}
[INFO] [stdout]    4:     0x5c436c62a9e9 - std[70759c8f55707aa4]::panicking::default_hook
[INFO] [stdout]    5:     0x5c436c4e91b0 - test[9d35eded1c95d3be]::test_main_inner::<test[9d35eded1c95d3be]::test_main_static::{closure#0}>::{closure#0}
[INFO] [stdout]    6:     0x5c436c62aba2 - std[70759c8f55707aa4]::panicking::panic_with_hook
[INFO] [stdout]    7:     0x5c436c60cd04 - std[70759c8f55707aa4]::panicking::panic_handler::{closure#0}
[INFO] [stdout]    8:     0x5c436c605939 - std[70759c8f55707aa4]::sys::backtrace::__rust_end_short_backtrace::<std[70759c8f55707aa4]::panicking::panic_handler::{closure#0}, !>
[INFO] [stdout]    9:     0x5c436c60d98d - __rustc[8fa7c3cbc660c2b3]::rust_begin_unwind
[INFO] [stdout]   10:     0x5c436c64bc5c - core[df12db4294e9bfd3]::panicking::panic_fmt
[INFO] [stdout]   11:     0x5c436c64bc22 - core[df12db4294e9bfd3]::panicking::panic
[INFO] [stdout]   12:     0x5c436c4cd6da - integration_test[1e3787b9f2325e8]::src_path
[INFO] [stdout]   13:     0x5c436c4ccb41 - integration_test[1e3787b9f2325e8]::read_golden
[INFO] [stdout]   14:     0x5c436c4d1662 - <integration_test[1e3787b9f2325e8]::test_example_alarm::{closure#0} as core[df12db4294e9bfd3]::ops::function::FnOnce<()>>::call_once
[INFO] [stdout]   15:     0x5c436c4dc49b - test[9d35eded1c95d3be]::__rust_begin_short_backtrace::<core[df12db4294e9bfd3]::result::Result<(), alloc[2182bb758b4b3781]::string::String>, fn() -> core[df12db4294e9bfd3]::result::Result<(), alloc[2182bb758b4b3781]::string::String>>
[INFO] [stdout]   16:     0x5c436c4e9b05 - test[9d35eded1c95d3be]::run_test::{closure#0}
[INFO] [stdout]   17:     0x5c436c4e33c4 - std[70759c8f55707aa4]::sys::backtrace::__rust_begin_short_backtrace::<test[9d35eded1c95d3be]::run_test::{closure#1}, ()>
[INFO] [stdout]   18:     0x5c436c4ecc62 - <std[70759c8f55707aa4]::thread::lifecycle::spawn_unchecked<test[9d35eded1c95d3be]::run_test::{closure#1}, ()>::{closure#1} as core[df12db4294e9bfd3]::ops::function::FnOnce<()>>::call_once::{shim:vtable#0}
[INFO] [stdout]   19:     0x5c436c6330a9 - <std[70759c8f55707aa4]::sys::thread::unix::Thread>::new::thread_start
[INFO] [stdout]   20:     0x7d0b04598dfa - <unknown>
[INFO] [stdout]   21:     0x7d0b0462c3d4 - clone
[INFO] [stdout]   22:                0x0 - <unknown>
[INFO] [stdout] 
[INFO] [stdout] ---- test_cli_propline_errors stdout ----
[INFO] [stdout] 
[INFO] [stdout] thread 'test_cli_propline_errors' (3613) panicked at tests/integration_test.rs:59:5:
[INFO] [stdout] assertion failed: dir.join("Cargo.lock").exists()
[INFO] [stdout] stack backtrace:
[INFO] [stdout]    0:     0x5c436c633b01 - <<std[70759c8f55707aa4]::sys::backtrace::BacktraceLock>::print::DisplayBacktrace as core[df12db4294e9bfd3]::fmt::Display>::fmt
[INFO] [stdout]    1:     0x5c436c64b47a - core[df12db4294e9bfd3]::fmt::write
[INFO] [stdout]    2:     0x5c436c63967c - <alloc[2182bb758b4b3781]::vec::Vec<u8> as core[df12db4294e9bfd3]::io::write::Write>::write_fmt
[INFO] [stdout]    3:     0x5c436c60cc26 - std[70759c8f55707aa4]::panicking::default_hook::{closure#0}
[INFO] [stdout]    4:     0x5c436c62a9e9 - std[70759c8f55707aa4]::panicking::default_hook
[INFO] [stdout]    5:     0x5c436c4e91b0 - test[9d35eded1c95d3be]::test_main_inner::<test[9d35eded1c95d3be]::test_main_static::{closure#0}>::{closure#0}
[INFO] [stdout]    6:     0x5c436c62aba2 - std[70759c8f55707aa4]::panicking::panic_with_hook
[INFO] [stdout]    7:     0x5c436c60cd04 - std[70759c8f55707aa4]::panicking::panic_handler::{closure#0}
[INFO] [stdout]    8:     0x5c436c605939 - std[70759c8f55707aa4]::sys::backtrace::__rust_end_short_backtrace::<std[70759c8f55707aa4]::panicking::panic_handler::{closure#0}, !>
[INFO] [stdout]    9:     0x5c436c60d98d - __rustc[8fa7c3cbc660c2b3]::rust_begin_unwind
[INFO] [stdout]   10:     0x5c436c64bc5c - core[df12db4294e9bfd3]::panicking::panic_fmt
[INFO] [stdout]   11:     0x5c436c64bc22 - core[df12db4294e9bfd3]::panicking::panic
[INFO] [stdout]   12:     0x5c436c4cd6da - integration_test[1e3787b9f2325e8]::src_path
[INFO] [stdout]   13:     0x5c436c4cd4bb - integration_test[1e3787b9f2325e8]::src_str
[INFO] [stdout]   14:     0x5c436c4d6ad0 - <integration_test[1e3787b9f2325e8]::test_cli_propline_errors::{closure#0} as core[df12db4294e9bfd3]::ops::function::FnOnce<()>>::call_once
[INFO] [stdout]   15:     0x5c436c4dc49b - test[9d35eded1c95d3be]::__rust_begin_short_backtrace::<core[df12db4294e9bfd3]::result::Result<(), alloc[2182bb758b4b3781]::string::String>, fn() -> core[df12db4294e9bfd3]::result::Result<(), alloc[2182bb758b4b3781]::string::String>>
[INFO] [stdout]   16:     0x5c436c4e9b05 - test[9d35eded1c95d3be]::run_test::{closure#0}
[INFO] [stdout]   17:     0x5c436c4e33c4 - std[70759c8f55707aa4]::sys::backtrace::__rust_begin_short_backtrace::<test[9d35eded1c95d3be]::run_test::{closure#1}, ()>
[INFO] [stdout]   18:     0x5c436c4ecc62 - <std[70759c8f55707aa4]::thread::lifecycle::spawn_unchecked<test[9d35eded1c95d3be]::run_test::{closure#1}, ()>::{closure#1} as core[df12db4294e9bfd3]::ops::function::FnOnce<()>>::call_once::{shim:vtable#0}
[INFO] [stdout]   19:     0x5c436c6330a9 - <std[70759c8f55707aa4]::sys::thread::unix::Thread>::new::thread_start
[INFO] [stdout]   20:     0x7d0b04598dfa - <unknown>
[INFO] [stdout]   21:     0x7d0b0462c3d4 - clone
[INFO] [stdout]   22:                0x0 - <unknown>
[INFO] [stdout] 
[INFO] [stdout] ---- test_cli_autoexec_is_ignored stdout ----
[INFO] [stdout] 
[INFO] [stdout] thread 'test_cli_autoexec_is_ignored' (3608) panicked at tests/integration_test.rs:59:5:
[INFO] [stdout] assertion failed: dir.join("Cargo.lock").exists()
[INFO] [stdout] stack backtrace:
[INFO] [stdout]    0:     0x5c436c633b01 - <<std[70759c8f55707aa4]::sys::backtrace::BacktraceLock>::print::DisplayBacktrace as core[df12db4294e9bfd3]::fmt::Display>::fmt
[INFO] [stdout]    1:     0x5c436c64b47a - core[df12db4294e9bfd3]::fmt::write
[INFO] [stdout]    2:     0x5c436c63967c - <alloc[2182bb758b4b3781]::vec::Vec<u8> as core[df12db4294e9bfd3]::io::write::Write>::write_fmt
[INFO] [stdout]    3:     0x5c436c60cc26 - std[70759c8f55707aa4]::panicking::default_hook::{closure#0}
[INFO] [stdout]    4:     0x5c436c62a9e9 - std[70759c8f55707aa4]::panicking::default_hook
[INFO] [stdout]    5:     0x5c436c4e91b0 - test[9d35eded1c95d3be]::test_main_inner::<test[9d35eded1c95d3be]::test_main_static::{closure#0}>::{closure#0}
[INFO] [stdout]    6:     0x5c436c62aba2 - std[70759c8f55707aa4]::panicking::panic_with_hook
[INFO] [stdout]    7:     0x5c436c60cd04 - std[70759c8f55707aa4]::panicking::panic_handler::{closure#0}
[INFO] [stdout]    8:     0x5c436c605939 - std[70759c8f55707aa4]::sys::backtrace::__rust_end_short_backtrace::<std[70759c8f55707aa4]::panicking::panic_handler::{closure#0}, !>
[INFO] [stdout]    9:     0x5c436c60d98d - __rustc[8fa7c3cbc660c2b3]::rust_begin_unwind
[INFO] [stdout]   10:     0x5c436c64bc5c - core[df12db4294e9bfd3]::panicking::panic_fmt
[INFO] [stdout]   11:     0x5c436c64bc22 - core[df12db4294e9bfd3]::panicking::panic
[INFO] [stdout]   12:     0x5c436c4cd6da - integration_test[1e3787b9f2325e8]::src_path
[INFO] [stdout]   13:     0x5c436c4d6d35 - <integration_test[1e3787b9f2325e8]::test_cli_autoexec_is_ignored::{closure#0} as core[df12db4294e9bfd3]::ops::function::FnOnce<()>>::call_once
[INFO] [stdout]   14:     0x5c436c4dc49b - test[9d35eded1c95d3be]::__rust_begin_short_backtrace::<core[df12db4294e9bfd3]::result::Result<(), alloc[2182bb758b4b3781]::string::String>, fn() -> core[df12db4294e9bfd3]::result::Result<(), alloc[2182bb758b4b3781]::string::String>>
[INFO] [stdout]   15:     0x5c436c4e9b05 - test[9d35eded1c95d3be]::run_test::{closure#0}
[INFO] [stdout]   16:     0x5c436c4e33c4 - std[70759c8f55707aa4]::sys::backtrace::__rust_begin_short_backtrace::<test[9d35eded1c95d3be]::run_test::{closure#1}, ()>
[INFO] [stdout]   17:     0x5c436c4ecc62 - <std[70759c8f55707aa4]::thread::lifecycle::spawn_unchecked<test[9d35eded1c95d3be]::run_test::{closure#1}, ()>::{closure#1} as core[df12db4294e9bfd3]::ops::function::FnOnce<()>>::call_once::{shim:vtable#0}
[INFO] [stdout]   18:     0x5c436c6330a9 - <std[70759c8f55707aa4]::sys::thread::unix::Thread>::new::thread_start
[INFO] [stdout]   19:     0x7d0b04598dfa - <unknown>
[INFO] [stdout]   20:     0x7d0b0462c3d4 - clone
[INFO] [stdout]   21:                0x0 - <unknown>
[INFO] [stdout] 
[INFO] [stdout] ---- test_example_guess stdout ----
[INFO] [stdout] 
[INFO] [stdout] thread 'test_example_guess' (3626) panicked at tests/integration_test.rs:59:5:
[INFO] [stdout] assertion failed: dir.join("Cargo.lock").exists()
[INFO] [stdout] stack backtrace:
[INFO] [stdout]    0:     0x5c436c633b01 - <<std[70759c8f55707aa4]::sys::backtrace::BacktraceLock>::print::DisplayBacktrace as core[df12db4294e9bfd3]::fmt::Display>::fmt
[INFO] [stdout]    1:     0x5c436c64b47a - core[df12db4294e9bfd3]::fmt::write
[INFO] [stdout]    2:     0x5c436c63967c - <alloc[2182bb758b4b3781]::vec::Vec<u8> as core[df12db4294e9bfd3]::io::write::Write>::write_fmt
[INFO] [stdout]    3:     0x5c436c60cc26 - std[70759c8f55707aa4]::panicking::default_hook::{closure#0}
[INFO] [stdout]    4:     0x5c436c62a9e9 - std[70759c8f55707aa4]::panicking::default_hook
[INFO] [stdout]    5:     0x5c436c4e91b0 - test[9d35eded1c95d3be]::test_main_inner::<test[9d35eded1c95d3be]::test_main_static::{closure#0}>::{closure#0}
[INFO] [stdout]    6:     0x5c436c62aba2 - std[70759c8f55707aa4]::panicking::panic_with_hook
[INFO] [stdout]    7:     0x5c436c60cd04 - std[70759c8f55707aa4]::panicking::panic_handler::{closure#0}
[INFO] [stdout]    8:     0x5c436c605939 - std[70759c8f55707aa4]::sys::backtrace::__rust_end_short_backtrace::<std[70759c8f55707aa4]::panicking::panic_handler::{closure#0}, !>
[INFO] [stdout]    9:     0x5c436c60d98d - __rustc[8fa7c3cbc660c2b3]::rust_begin_unwind
[INFO] [stdout]   10:     0x5c436c64bc5c - core[df12db4294e9bfd3]::panicking::panic_fmt
[INFO] [stdout]   11:     0x5c436c64bc22 - core[df12db4294e9bfd3]::panicking::panic
[INFO] [stdout]   12:     0x5c436c4cd6da - integration_test[1e3787b9f2325e8]::src_path
[INFO] [stdout]   13:     0x5c436c4ccb41 - integration_test[1e3787b9f2325e8]::read_golden
[INFO] [stdout]   14:     0x5c436c4d18c2 - <integration_test[1e3787b9f2325e8]::test_example_guess::{closure#0} as core[df12db4294e9bfd3]::ops::function::FnOnce<()>>::call_once
[INFO] [stdout]   15:     0x5c436c4dc49b - test[9d35eded1c95d3be]::__rust_begin_short_backtrace::<core[df12db4294e9bfd3]::result::Result<(), alloc[2182bb758b4b3781]::string::String>, fn() -> core[df12db4294e9bfd3]::result::Result<(), alloc[2182bb758b4b3781]::string::String>>
[INFO] [stdout]   16:     0x5c436c4e9b05 - test[9d35eded1c95d3be]::run_test::{closure#0}
[INFO] [stdout]   17:     0x5c436c4e33c4 - std[70759c8f55707aa4]::sys::backtrace::__rust_begin_short_backtrace::<test[9d35eded1c95d3be]::run_test::{closure#1}, ()>
[INFO] [stdout]   18:     0x5c436c4ecc62 - <std[70759c8f55707aa4]::thread::lifecycle::spawn_unchecked<test[9d35eded1c95d3be]::run_test::{closure#1}, ()>::{closure#1} as core[df12db4294e9bfd3]::ops::function::FnOnce<()>>::call_once::{shim:vtable#0}
[INFO] [stdout]   19:     0x5c436c6330a9 - <std[70759c8f55707aa4]::sys::thread::unix::Thread>::new::thread_start
[INFO] [stdout]   20:     0x7d0b04598dfa - <unknown>
[INFO] [stdout]   21:     0x7d0b0462c3d4 - clone
[INFO] [stdout]   22:                0x0 - <unknown>
[INFO] [stdout] 
[INFO] [stdout] ---- test_lang_hello stdout ----
[INFO] [stdout] 
[INFO] [stdout] thread 'test_lang_hello' (3645) panicked at tests/integration_test.rs:59:5:
[INFO] [stdout] assertion failed: dir.join("Cargo.lock").exists()
[INFO] [stdout] stack backtrace:
[INFO] [stdout]    0:     0x5c436c633b01 - <<std[70759c8f55707aa4]::sys::backtrace::BacktraceLock>::print::DisplayBacktrace as core[df12db4294e9bfd3]::fmt::Display>::fmt
[INFO] [stdout]    1:     0x5c436c64b47a - core[df12db4294e9bfd3]::fmt::write
[INFO] [stdout]    2:     0x5c436c63967c - <alloc[2182bb758b4b3781]::vec::Vec<u8> as core[df12db4294e9bfd3]::io::write::Write>::write_fmt
[INFO] [stdout]    3:     0x5c436c60cc26 - std[70759c8f55707aa4]::panicking::default_hook::{closure#0}
[INFO] [stdout]    4:     0x5c436c62a9e9 - std[70759c8f55707aa4]::panicking::default_hook
[INFO] [stdout]    5:     0x5c436c4e91b0 - test[9d35eded1c95d3be]::test_main_inner::<test[9d35eded1c95d3be]::test_main_static::{closure#0}>::{closure#0}
[INFO] [stdout]    6:     0x5c436c62aba2 - std[70759c8f55707aa4]::panicking::panic_with_hook
[INFO] [stdout]    7:     0x5c436c60cd04 - std[70759c8f55707aa4]::panicking::panic_handler::{closure#0}
[INFO] [stdout]    8:     0x5c436c605939 - std[70759c8f55707aa4]::sys::backtrace::__rust_end_short_backtrace::<std[70759c8f55707aa4]::panicking::panic_handler::{closure#0}, !>
[INFO] [stdout]    9:     0x5c436c60d98d - __rustc[8fa7c3cbc660c2b3]::rust_begin_unwind
[INFO] [stdout]   10:     0x5c436c64bc5c - core[df12db4294e9bfd3]::panicking::panic_fmt
[INFO] [stdout]   11:     0x5c436c64bc22 - core[df12db4294e9bfd3]::panicking::panic
[INFO] [stdout]   12:     0x5c436c4cd6da - integration_test[1e3787b9f2325e8]::src_path
[INFO] [stdout]   13:     0x5c436c4cd4bb - integration_test[1e3787b9f2325e8]::src_str
[INFO] [stdout]   14:     0x5c436c4cf972 - <integration_test[1e3787b9f2325e8]::test_lang_hello::{closure#0} as core[df12db4294e9bfd3]::ops::function::FnOnce<()>>::call_once
[INFO] [stdout]   15:     0x5c436c4dc49b - test[9d35eded1c95d3be]::__rust_begin_short_backtrace::<core[df12db4294e9bfd3]::result::Result<(), alloc[2182bb758b4b3781]::string::String>, fn() -> core[df12db4294e9bfd3]::result::Result<(), alloc[2182bb758b4b3781]::string::String>>
[INFO] [stdout]   16:     0x5c436c4e9b05 - test[9d35eded1c95d3be]::run_test::{closure#0}
[INFO] [stdout]   17:     0x5c436c4e33c4 - std[70759c8f55707aa4]::sys::backtrace::__rust_begin_short_backtrace::<test[9d35eded1c95d3be]::run_test::{closure#1}, ()>
[INFO] [stdout]   18:     0x5c436c4ecc62 - <std[70759c8f55707aa4]::thread::lifecycle::spawn_unchecked<test[9d35eded1c95d3be]::run_test::{closure#1}, ()>::{closure#1} as core[df12db4294e9bfd3]::ops::function::FnOnce<()>>::call_once::{shim:vtable#0}
[INFO] [stdout]   19:     0x5c436c6330a9 - <std[70759c8f55707aa4]::sys::thread::unix::Thread>::new::thread_start
[INFO] [stdout]   20:     0x7d0b04598dfa - <unknown>
[INFO] [stdout]   21:     0x7d0b0462c3d4 - clone
[INFO] [stdout]   22:                0x0 - <unknown>
[INFO] [stdout] 
[INFO] [stdout] ---- test_lang_utf8 stdout ----
[INFO] [stdout] 
[INFO] [stdout] thread 'test_lang_utf8' (3653) panicked at tests/integration_test.rs:59:5:
[INFO] [stdout] assertion failed: dir.join("Cargo.lock").exists()
[INFO] [stdout] stack backtrace:
[INFO] [stdout]    0:     0x5c436c633b01 - <<std[70759c8f55707aa4]::sys::backtrace::BacktraceLock>::print::DisplayBacktrace as core[df12db4294e9bfd3]::fmt::Display>::fmt
[INFO] [stdout]    1:     0x5c436c64b47a - core[df12db4294e9bfd3]::fmt::write
[INFO] [stdout]    2:     0x5c436c63967c - <alloc[2182bb758b4b3781]::vec::Vec<u8> as core[df12db4294e9bfd3]::io::write::Write>::write_fmt
[INFO] [stdout]    3:     0x5c436c60cc26 - std[70759c8f55707aa4]::panicking::default_hook::{closure#0}
[INFO] [stdout]    4:     0x5c436c62a9e9 - std[70759c8f55707aa4]::panicking::default_hook
[INFO] [stdout]    5:     0x5c436c4e91b0 - test[9d35eded1c95d3be]::test_main_inner::<test[9d35eded1c95d3be]::test_main_static::{closure#0}>::{closure#0}
[INFO] [stdout]    6:     0x5c436c62aba2 - std[70759c8f55707aa4]::panicking::panic_with_hook
[INFO] [stdout]    7:     0x5c436c60cd04 - std[70759c8f55707aa4]::panicking::panic_handler::{closure#0}
[INFO] [stdout]    8:     0x5c436c605939 - std[70759c8f55707aa4]::sys::backtrace::__rust_end_short_backtrace::<std[70759c8f55707aa4]::panicking::panic_handler::{closure#0}, !>
[INFO] [stdout]    9:     0x5c436c60d98d - __rustc[8fa7c3cbc660c2b3]::rust_begin_unwind
[INFO] [stdout]   10:     0x5c436c64bc5c - core[df12db4294e9bfd3]::panicking::panic_fmt
[INFO] [stdout]   11:     0x5c436c64bc22 - core[df12db4294e9bfd3]::panicking::panic
[INFO] [stdout]   12:     0x5c436c4cd6da - integration_test[1e3787b9f2325e8]::src_path
[INFO] [stdout]   13:     0x5c436c4cd4bb - integration_test[1e3787b9f2325e8]::src_str
[INFO] [stdout]   14:     0x5c436c4cf1d2 - <integration_test[1e3787b9f2325e8]::test_lang_utf8::{closure#0} as core[df12db4294e9bfd3]::ops::function::FnOnce<()>>::call_once
[INFO] [stdout]   15:     0x5c436c4dc49b - test[9d35eded1c95d3be]::__rust_begin_short_backtrace::<core[df12db4294e9bfd3]::result::Result<(), alloc[2182bb758b4b3781]::string::String>, fn() -> core[df12db4294e9bfd3]::result::Result<(), alloc[2182bb758b4b3781]::string::String>>
[INFO] [stdout]   16:     0x5c436c4e9b05 - test[9d35eded1c95d3be]::run_test::{closure#0}
[INFO] [stdout]   17:     0x5c436c4e33c4 - std[70759c8f55707aa4]::sys::backtrace::__rust_begin_short_backtrace::<test[9d35eded1c95d3be]::run_test::{closure#1}, ()>
[INFO] [stdout]   18:     0x5c436c4ecc62 - <std[70759c8f55707aa4]::thread::lifecycle::spawn_unchecked<test[9d35eded1c95d3be]::run_test::{closure#1}, ()>::{closure#1} as core[df12db4294e9bfd3]::ops::function::FnOnce<()>>::call_once::{shim:vtable#0}
[INFO] [stdout]   19:     0x5c436c6330a9 - <std[70759c8f55707aa4]::sys::thread::unix::Thread>::new::thread_start
[INFO] [stdout]   20:     0x7d0b04598dfa - <unknown>
[INFO] [stdout]   21:     0x7d0b0462c3d4 - clone
[INFO] [stdout]   22:                0x0 - <unknown>
[INFO] [stdout] 
[INFO] [stdout] ---- test_lang_matrix stdout ----
[INFO] [stdout] 
[INFO] [stdout] thread 'test_lang_matrix' (3648) panicked at tests/integration_test.rs:59:5:
[INFO] [stdout] assertion failed: dir.join("Cargo.lock").exists()
[INFO] [stdout] stack backtrace:
[INFO] [stdout]    0:     0x5c436c633b01 - <<std[70759c8f55707aa4]::sys::backtrace::BacktraceLock>::print::DisplayBacktrace as core[df12db4294e9bfd3]::fmt::Display>::fmt
[INFO] [stdout]    1:     0x5c436c64b47a - core[df12db4294e9bfd3]::fmt::write
[INFO] [stdout]    2:     0x5c436c63967c - <alloc[2182bb758b4b3781]::vec::Vec<u8> as core[df12db4294e9bfd3]::io::write::Write>::write_fmt
[INFO] [stdout]    3:     0x5c436c60cc26 - std[70759c8f55707aa4]::panicking::default_hook::{closure#0}
[INFO] [stdout]    4:     0x5c436c62a9e9 - std[70759c8f55707aa4]::panicking::default_hook
[INFO] [stdout]    5:     0x5c436c4e91b0 - test[9d35eded1c95d3be]::test_main_inner::<test[9d35eded1c95d3be]::test_main_static::{closure#0}>::{closure#0}
[INFO] [stdout]    6:     0x5c436c62aba2 - std[70759c8f55707aa4]::panicking::panic_with_hook
[INFO] [stdout]    7:     0x5c436c60cd04 - std[70759c8f55707aa4]::panicking::panic_handler::{closure#0}
[INFO] [stdout]    8:     0x5c436c605939 - std[70759c8f55707aa4]::sys::backtrace::__rust_end_short_backtrace::<std[70759c8f55707aa4]::panicking::panic_handler::{closure#0}, !>
[INFO] [stdout]    9:     0x5c436c60d98d - __rustc[8fa7c3cbc660c2b3]::rust_begin_unwind
[INFO] [stdout]   10:     0x5c436c64bc5c - core[df12db4294e9bfd3]::panicking::panic_fmt
[INFO] [stdout]   11:     0x5c436c64bc22 - core[df12db4294e9bfd3]::panicking::panic
[INFO] [stdout]   12:     0x5c436c4cd6da - integration_test[1e3787b9f2325e8]::src_path
[INFO] [stdout]   13:     0x5c436c4cd4bb - integration_test[1e3787b9f2325e8]::src_str
[INFO] [stdout]   14:     0x5c436c4cfe52 - <integration_test[1e3787b9f2325e8]::test_lang_matrix::{closure#0} as core[df12db4294e9bfd3]::ops::function::FnOnce<()>>::call_once
[INFO] [stdout]   15:     0x5c436c4dc49b - test[9d35eded1c95d3be]::__rust_begin_short_backtrace::<core[df12db4294e9bfd3]::result::Result<(), alloc[2182bb758b4b3781]::string::String>, fn() -> core[df12db4294e9bfd3]::result::Result<(), alloc[2182bb758b4b3781]::string::String>>
[INFO] [stdout]   16:     0x5c436c4e9b05 - test[9d35eded1c95d3be]::run_test::{closure#0}
[INFO] [stdout]   17:     0x5c436c4e33c4 - std[70759c8f55707aa4]::sys::backtrace::__rust_begin_short_backtrace::<test[9d35eded1c95d3be]::run_test::{closure#1}, ()>
[INFO] [stdout]   18:     0x5c436c4ecc62 - <std[70759c8f55707aa4]::thread::lifecycle::spawn_unchecked<test[9d35eded1c95d3be]::run_test::{closure#1}, ()>::{closure#1} as core[df12db4294e9bfd3]::ops::function::FnOnce<()>>::call_once::{shim:vtable#0}
[INFO] [stdout]   19:     0x5c436c6330a9 - <std[70759c8f55707aa4]::sys::thread::unix::Thread>::new::thread_start
[INFO] [stdout]   20:     0x7d0b04598dfa - <unknown>
[INFO] [stdout]   21:     0x7d0b0462c3d4 - clone
[INFO] [stdout]   22:                0x0 - <unknown>
[INFO] [stdout] 
[INFO] [stdout] ---- test_repl_autoexec stdout ----
[INFO] [stdout] 
[INFO] [stdout] thread 'test_repl_autoexec' (3655) panicked at tests/integration_test.rs:59:5:
[INFO] [stdout] assertion failed: dir.join("Cargo.lock").exists()
[INFO] [stdout] stack backtrace:
[INFO] [stdout]    0:     0x5c436c633b01 - <<std[70759c8f55707aa4]::sys::backtrace::BacktraceLock>::print::DisplayBacktrace as core[df12db4294e9bfd3]::fmt::Display>::fmt
[INFO] [stdout]    1:     0x5c436c64b47a - core[df12db4294e9bfd3]::fmt::write
[INFO] [stdout]    2:     0x5c436c63967c - <alloc[2182bb758b4b3781]::vec::Vec<u8> as core[df12db4294e9bfd3]::io::write::Write>::write_fmt
[INFO] [stdout]    3:     0x5c436c60cc26 - std[70759c8f55707aa4]::panicking::default_hook::{closure#0}
[INFO] [stdout]    4:     0x5c436c62a9e9 - std[70759c8f55707aa4]::panicking::default_hook
[INFO] [stdout]    5:     0x5c436c4e91b0 - test[9d35eded1c95d3be]::test_main_inner::<test[9d35eded1c95d3be]::test_main_static::{closure#0}>::{closure#0}
[INFO] [stdout]    6:     0x5c436c62aba2 - std[70759c8f55707aa4]::panicking::panic_with_hook
[INFO] [stdout]    7:     0x5c436c60cd04 - std[70759c8f55707aa4]::panicking::panic_handler::{closure#0}
[INFO] [stdout]    8:     0x5c436c605939 - std[70759c8f55707aa4]::sys::backtrace::__rust_end_short_backtrace::<std[70759c8f55707aa4]::panicking::panic_handler::{closure#0}, !>
[INFO] [stdout]    9:     0x5c436c60d98d - __rustc[8fa7c3cbc660c2b3]::rust_begin_unwind
[INFO] [stdout]   10:     0x5c436c64bc5c - core[df12db4294e9bfd3]::panicking::panic_fmt
[INFO] [stdout]   11:     0x5c436c64bc22 - core[df12db4294e9bfd3]::panicking::panic
[INFO] [stdout]   12:     0x5c436c4cd6da - integration_test[1e3787b9f2325e8]::src_path
[INFO] [stdout]   13:     0x5c436c4d1d75 - <integration_test[1e3787b9f2325e8]::test_repl_autoexec::{closure#0} as core[df12db4294e9bfd3]::ops::function::FnOnce<()>>::call_once
[INFO] [stdout]   14:     0x5c436c4dc49b - test[9d35eded1c95d3be]::__rust_begin_short_backtrace::<core[df12db4294e9bfd3]::result::Result<(), alloc[2182bb758b4b3781]::string::String>, fn() -> core[df12db4294e9bfd3]::result::Result<(), alloc[2182bb758b4b3781]::string::String>>
[INFO] [stdout]   15:     0x5c436c4e9b05 - test[9d35eded1c95d3be]::run_test::{closure#0}
[INFO] [stdout]   16:     0x5c436c4e33c4 - std[70759c8f55707aa4]::sys::backtrace::__rust_begin_short_backtrace::<test[9d35eded1c95d3be]::run_test::{closure#1}, ()>
[INFO] [stdout]   17:     0x5c436c4ecc62 - <std[70759c8f55707aa4]::thread::lifecycle::spawn_unchecked<test[9d35eded1c95d3be]::run_test::{closure#1}, ()>::{closure#1} as core[df12db4294e9bfd3]::ops::function::FnOnce<()>>::call_once::{shim:vtable#0}
[INFO] [stdout]   18:     0x5c436c6330a9 - <std[70759c8f55707aa4]::sys::thread::unix::Thread>::new::thread_start
[INFO] [stdout]   19:     0x7d0b04598dfa - <unknown>
[INFO] [stdout]   20:     0x7d0b0462c3d4 - clone
[INFO] [stdout]   21:                0x0 - <unknown>
[INFO] [stdout] 
[INFO] [stdout] ---- test_cli_interactive stdout ----
[INFO] [stdout] 
[INFO] [stdout] thread 'test_cli_interactive' (3611) panicked at tests/integration_test.rs:59:5:
[INFO] [stdout] assertion failed: dir.join("Cargo.lock").exists()
[INFO] [stdout] stack backtrace:
[INFO] [stdout]    0:     0x5c436c633b01 - <<std[70759c8f55707aa4]::sys::backtrace::BacktraceLock>::print::DisplayBacktrace as core[df12db4294e9bfd3]::fmt::Display>::fmt
[INFO] [stdout]    1:     0x5c436c64b47a - core[df12db4294e9bfd3]::fmt::write
[INFO] [stdout]    2:     0x5c436c63967c - <alloc[2182bb758b4b3781]::vec::Vec<u8> as core[df12db4294e9bfd3]::io::write::Write>::write_fmt
[INFO] [stdout]    3:     0x5c436c60cc26 - std[70759c8f55707aa4]::panicking::default_hook::{closure#0}
[INFO] [stdout]    4:     0x5c436c62a9e9 - std[70759c8f55707aa4]::panicking::default_hook
[INFO] [stdout]    5:     0x5c436c4e91b0 - test[9d35eded1c95d3be]::test_main_inner::<test[9d35eded1c95d3be]::test_main_static::{closure#0}>::{closure#0}
[INFO] [stdout]    6:     0x5c436c62aba2 - std[70759c8f55707aa4]::panicking::panic_with_hook
[INFO] [stdout]    7:     0x5c436c60cd04 - std[70759c8f55707aa4]::panicking::panic_handler::{closure#0}
[INFO] [stdout]    8:     0x5c436c605939 - std[70759c8f55707aa4]::sys::backtrace::__rust_end_short_backtrace::<std[70759c8f55707aa4]::panicking::panic_handler::{closure#0}, !>
[INFO] [stdout]    9:     0x5c436c60d98d - __rustc[8fa7c3cbc660c2b3]::rust_begin_unwind
[INFO] [stdout]   10:     0x5c436c64bc5c - core[df12db4294e9bfd3]::panicking::panic_fmt
[INFO] [stdout]   11:     0x5c436c64bc22 - core[df12db4294e9bfd3]::panicking::panic
[INFO] [stdout]   12:     0x5c436c4cd6da - integration_test[1e3787b9f2325e8]::src_path
[INFO] [stdout]   13:     0x5c436c4cd4bb - integration_test[1e3787b9f2325e8]::src_str
[INFO] [stdout]   14:     0x5c436c4d3472 - <integration_test[1e3787b9f2325e8]::test_cli_interactive::{closure#0} as core[df12db4294e9bfd3]::ops::function::FnOnce<()>>::call_once
[INFO] [stdout]   15:     0x5c436c4dc49b - test[9d35eded1c95d3be]::__rust_begin_short_backtrace::<core[df12db4294e9bfd3]::result::Result<(), alloc[2182bb758b4b3781]::string::String>, fn() -> core[df12db4294e9bfd3]::result::Result<(), alloc[2182bb758b4b3781]::string::String>>
[INFO] [stdout]   16:     0x5c436c4e9b05 - test[9d35eded1c95d3be]::run_test::{closure#0}
[INFO] [stdout]   17:     0x5c436c4e33c4 - std[70759c8f55707aa4]::sys::backtrace::__rust_begin_short_backtrace::<test[9d35eded1c95d3be]::run_test::{closure#1}, ()>
[INFO] [stdout]   18:     0x5c436c4ecc62 - <std[70759c8f55707aa4]::thread::lifecycle::spawn_unchecked<test[9d35eded1c95d3be]::run_test::{closure#1}, ()>::{closure#1} as core[df12db4294e9bfd3]::ops::function::FnOnce<()>>::call_once::{shim:vtable#0}
[INFO] [stdout]   19:     0x5c436c6330a9 - <std[70759c8f55707aa4]::sys::thread::unix::Thread>::new::thread_start
[INFO] [stdout]   20:     0x7d0b04598dfa - <unknown>
[INFO] [stdout]   21:     0x7d0b0462c3d4 - clone
[INFO] [stdout]   22:                0x0 - <unknown>
[INFO] [stdout] 
[INFO] [stdout] ---- test_lang_types stdout ----
[INFO] [stdout] 
[INFO] [stdout] thread 'test_lang_types' (3652) panicked at tests/integration_test.rs:59:5:
[INFO] [stdout] assertion failed: dir.join("Cargo.lock").exists()
[INFO] [stdout] stack backtrace:
[INFO] [stdout]    0:     0x5c436c633b01 - <<std[70759c8f55707aa4]::sys::backtrace::BacktraceLock>::print::DisplayBacktrace as core[df12db4294e9bfd3]::fmt::Display>::fmt
[INFO] [stdout]    1:     0x5c436c64b47a - core[df12db4294e9bfd3]::fmt::write
[INFO] [stdout]    2:     0x5c436c63967c - <alloc[2182bb758b4b3781]::vec::Vec<u8> as core[df12db4294e9bfd3]::io::write::Write>::write_fmt
[INFO] [stdout]    3:     0x5c436c60cc26 - std[70759c8f55707aa4]::panicking::default_hook::{closure#0}
[INFO] [stdout]    4:     0x5c436c62a9e9 - std[70759c8f55707aa4]::panicking::default_hook
[INFO] [stdout]    5:     0x5c436c4e91b0 - test[9d35eded1c95d3be]::test_main_inner::<test[9d35eded1c95d3be]::test_main_static::{closure#0}>::{closure#0}
[INFO] [stdout]    6:     0x5c436c62aba2 - std[70759c8f55707aa4]::panicking::panic_with_hook
[INFO] [stdout]    7:     0x5c436c60cd04 - std[70759c8f55707aa4]::panicking::panic_handler::{closure#0}
[INFO] [stdout]    8:     0x5c436c605939 - std[70759c8f55707aa4]::sys::backtrace::__rust_end_short_backtrace::<std[70759c8f55707aa4]::panicking::panic_handler::{closure#0}, !>
[INFO] [stdout]    9:     0x5c436c60d98d - __rustc[8fa7c3cbc660c2b3]::rust_begin_unwind
[INFO] [stdout]   10:     0x5c436c64bc5c - core[df12db4294e9bfd3]::panicking::panic_fmt
[INFO] [stdout]   11:     0x5c436c64bc22 - core[df12db4294e9bfd3]::panicking::panic
[INFO] [stdout]   12:     0x5c436c4cd6da - integration_test[1e3787b9f2325e8]::src_path
[INFO] [stdout]   13:     0x5c436c4ccb41 - integration_test[1e3787b9f2325e8]::read_golden
[INFO] [stdout]   14:     0x5c436c4cfbe8 - <integration_test[1e3787b9f2325e8]::test_lang_types::{closure#0} as core[df12db4294e9bfd3]::ops::function::FnOnce<()>>::call_once
[INFO] [stdout]   15:     0x5c436c4dc49b - test[9d35eded1c95d3be]::__rust_begin_short_backtrace::<core[df12db4294e9bfd3]::result::Result<(), alloc[2182bb758b4b3781]::string::String>, fn() -> core[df12db4294e9bfd3]::result::Result<(), alloc[2182bb758b4b3781]::string::String>>
[INFO] [stdout]   16:     0x5c436c4e9b05 - test[9d35eded1c95d3be]::run_test::{closure#0}
[INFO] [stdout]   17:     0x5c436c4e33c4 - std[70759c8f55707aa4]::sys::backtrace::__rust_begin_short_backtrace::<test[9d35eded1c95d3be]::run_test::{closure#1}, ()>
[INFO] [stdout]   18:     0x5c436c4ecc62 - <std[70759c8f55707aa4]::thread::lifecycle::spawn_unchecked<test[9d35eded1c95d3be]::run_test::{closure#1}, ()>::{closure#1} as core[df12db4294e9bfd3]::ops::function::FnOnce<()>>::call_once::{shim:vtable#0}
[INFO] [stdout]   19:     0x5c436c6330a9 - <std[70759c8f55707aa4]::sys::thread::unix::Thread>::new::thread_start
[INFO] [stdout]   20:     0x7d0b04598dfa - <unknown>
[INFO] [stdout]   21:     0x7d0b0462c3d4 - clone
[INFO] [stdout]   22:                0x0 - <unknown>
[INFO] [stdout] 
[INFO] [stdout] ---- test_lang_shebang_exec stdout ----
[INFO] [stdout] 
[INFO] [stdout] thread 'test_lang_shebang_exec' (3651) panicked at tests/integration_test.rs:59:5:
[INFO] [stdout] assertion failed: dir.join("Cargo.lock").exists()
[INFO] [stdout] stack backtrace:
[INFO] [stdout]    0:     0x5c436c633b01 - <<std[70759c8f55707aa4]::sys::backtrace::BacktraceLock>::print::DisplayBacktrace as core[df12db4294e9bfd3]::fmt::Display>::fmt
[INFO] [stdout]    1:     0x5c436c64b47a - core[df12db4294e9bfd3]::fmt::write
[INFO] [stdout]    2:     0x5c436c63967c - <alloc[2182bb758b4b3781]::vec::Vec<u8> as core[df12db4294e9bfd3]::io::write::Write>::write_fmt
[INFO] [stdout]    3:     0x5c436c60cc26 - std[70759c8f55707aa4]::panicking::default_hook::{closure#0}
[INFO] [stdout]    4:     0x5c436c62a9e9 - std[70759c8f55707aa4]::panicking::default_hook
[INFO] [stdout]    5:     0x5c436c4e91b0 - test[9d35eded1c95d3be]::test_main_inner::<test[9d35eded1c95d3be]::test_main_static::{closure#0}>::{closure#0}
[INFO] [stdout]    6:     0x5c436c62aba2 - std[70759c8f55707aa4]::panicking::panic_with_hook
[INFO] [stdout]    7:     0x5c436c60cd04 - std[70759c8f55707aa4]::panicking::panic_handler::{closure#0}
[INFO] [stdout]    8:     0x5c436c605939 - std[70759c8f55707aa4]::sys::backtrace::__rust_end_short_backtrace::<std[70759c8f55707aa4]::panicking::panic_handler::{closure#0}, !>
[INFO] [stdout]    9:     0x5c436c60d98d - __rustc[8fa7c3cbc660c2b3]::rust_begin_unwind
[INFO] [stdout]   10:     0x5c436c64bc5c - core[df12db4294e9bfd3]::panicking::panic_fmt
[INFO] [stdout]   11:     0x5c436c64bc22 - core[df12db4294e9bfd3]::panicking::panic
[INFO] [stdout]   12:     0x5c436c4cd6da - integration_test[1e3787b9f2325e8]::src_path
[INFO] [stdout]   13:     0x5c436c4ccb41 - integration_test[1e3787b9f2325e8]::read_golden
[INFO] [stdout]   14:     0x5c436c4d5352 - <integration_test[1e3787b9f2325e8]::test_lang_shebang_exec::{closure#0} as core[df12db4294e9bfd3]::ops::function::FnOnce<()>>::call_once
[INFO] [stdout]   15:     0x5c436c4dc49b - test[9d35eded1c95d3be]::__rust_begin_short_backtrace::<core[df12db4294e9bfd3]::result::Result<(), alloc[2182bb758b4b3781]::string::String>, fn() -> core[df12db4294e9bfd3]::result::Result<(), alloc[2182bb758b4b3781]::string::String>>
[INFO] [stdout]   16:     0x5c436c4e9b05 - test[9d35eded1c95d3be]::run_test::{closure#0}
[INFO] [stdout]   17:     0x5c436c4e33c4 - std[70759c8f55707aa4]::sys::backtrace::__rust_begin_short_backtrace::<test[9d35eded1c95d3be]::run_test::{closure#1}, ()>
[INFO] [stdout]   18:     0x5c436c4ecc62 - <std[70759c8f55707aa4]::thread::lifecycle::spawn_unchecked<test[9d35eded1c95d3be]::run_test::{closure#1}, ()>::{closure#1} as core[df12db4294e9bfd3]::ops::function::FnOnce<()>>::call_once::{shim:vtable#0}
[INFO] [stdout]   19:     0x5c436c6330a9 - <std[70759c8f55707aa4]::sys::thread::unix::Thread>::new::thread_start
[INFO] [stdout]   20:     0x7d0b04598dfa - <unknown>
[INFO] [stdout]   21:     0x7d0b0462c3d4 - clone
[INFO] [stdout]   22:                0x0 - <unknown>
[INFO] [stdout] 
[INFO] [stdout] ---- test_repl_exit_unsaved stdout ----
[INFO] [stdout] 
[INFO] [stdout] thread 'test_repl_exit_unsaved' (3662) panicked at tests/integration_test.rs:59:5:
[INFO] [stdout] assertion failed: dir.join("Cargo.lock").exists()
[INFO] [stdout] stack backtrace:
[INFO] [stdout]    0:     0x5c436c633b01 - <<std[70759c8f55707aa4]::sys::backtrace::BacktraceLock>::print::DisplayBacktrace as core[df12db4294e9bfd3]::fmt::Display>::fmt
[INFO] [stdout]    1:     0x5c436c64b47a - core[df12db4294e9bfd3]::fmt::write
[INFO] [stdout]    2:     0x5c436c63967c - <alloc[2182bb758b4b3781]::vec::Vec<u8> as core[df12db4294e9bfd3]::io::write::Write>::write_fmt
[INFO] [stdout]    3:     0x5c436c60cc26 - std[70759c8f55707aa4]::panicking::default_hook::{closure#0}
[INFO] [stdout]    4:     0x5c436c62a9e9 - std[70759c8f55707aa4]::panicking::default_hook
[INFO] [stdout]    5:     0x5c436c4e91b0 - test[9d35eded1c95d3be]::test_main_inner::<test[9d35eded1c95d3be]::test_main_static::{closure#0}>::{closure#0}
[INFO] [stdout]    6:     0x5c436c62aba2 - std[70759c8f55707aa4]::panicking::panic_with_hook
[INFO] [stdout]    7:     0x5c436c60cd04 - std[70759c8f55707aa4]::panicking::panic_handler::{closure#0}
[INFO] [stdout]    8:     0x5c436c605939 - std[70759c8f55707aa4]::sys::backtrace::__rust_end_short_backtrace::<std[70759c8f55707aa4]::panicking::panic_handler::{closure#0}, !>
[INFO] [stdout]    9:     0x5c436c60d98d - __rustc[8fa7c3cbc660c2b3]::rust_begin_unwind
[INFO] [stdout]   10:     0x5c436c64bc5c - core[df12db4294e9bfd3]::panicking::panic_fmt
[INFO] [stdout]   11:     0x5c436c64bc22 - core[df12db4294e9bfd3]::panicking::panic
[INFO] [stdout]   12:     0x5c436c4cd6da - integration_test[1e3787b9f2325e8]::src_path
[INFO] [stdout]   13:     0x5c436c4ccb41 - integration_test[1e3787b9f2325e8]::read_golden
[INFO] [stdout]   14:     0x5c436c4d5ef8 - <integration_test[1e3787b9f2325e8]::test_repl_exit_unsaved::{closure#0} as core[df12db4294e9bfd3]::ops::function::FnOnce<()>>::call_once
[INFO] [stdout]   15:     0x5c436c4dc49b - test[9d35eded1c95d3be]::__rust_begin_short_backtrace::<core[df12db4294e9bfd3]::result::Result<(), alloc[2182bb758b4b3781]::string::String>, fn() -> core[df12db4294e9bfd3]::result::Result<(), alloc[2182bb758b4b3781]::string::String>>
[INFO] [stdout]   16:     0x5c436c4e9b05 - test[9d35eded1c95d3be]::run_test::{closure#0}
[INFO] [stdout]   17:     0x5c436c4e33c4 - std[70759c8f55707aa4]::sys::backtrace::__rust_begin_short_backtrace::<test[9d35eded1c95d3be]::run_test::{closure#1}, ()>
[INFO] [stdout]   18:     0x5c436c4ecc62 - <std[70759c8f55707aa4]::thread::lifecycle::spawn_unchecked<test[9d35eded1c95d3be]::run_test::{closure#1}, ()>::{closure#1} as core[df12db4294e9bfd3]::ops::function::FnOnce<()>>::call_once::{shim:vtable#0}
[INFO] [stdout]   19:     0x5c436c6330a9 - <std[70759c8f55707aa4]::sys::thread::unix::Thread>::new::thread_start
[INFO] [stdout]   20:     0x7d0b04598dfa - <unknown>
[INFO] [stdout]   21:     0x7d0b0462c3d4 - clone
[INFO] [stdout]   22:                0x0 - <unknown>
[INFO] [stdout] 
[INFO] [stdout] ---- test_lang_yes_no stdout ----
[INFO] [stdout] 
[INFO] [stdout] thread 'test_lang_yes_no' (3654) panicked at tests/integration_test.rs:59:5:
[INFO] [stdout] assertion failed: dir.join("Cargo.lock").exists()
[INFO] [stdout] stack backtrace:
[INFO] [stdout]    0:     0x5c436c633b01 - <<std[70759c8f55707aa4]::sys::backtrace::BacktraceLock>::print::DisplayBacktrace as core[df12db4294e9bfd3]::fmt::Display>::fmt
[INFO] [stdout]    1:     0x5c436c64b47a - core[df12db4294e9bfd3]::fmt::write
[INFO] [stdout]    2:     0x5c436c63967c - <alloc[2182bb758b4b3781]::vec::Vec<u8> as core[df12db4294e9bfd3]::io::write::Write>::write_fmt
[INFO] [stdout]    3:     0x5c436c60cc26 - std[70759c8f55707aa4]::panicking::default_hook::{closure#0}
[INFO] [stdout]    4:     0x5c436c62a9e9 - std[70759c8f55707aa4]::panicking::default_hook
[INFO] [stdout]    5:     0x5c436c4e91b0 - test[9d35eded1c95d3be]::test_main_inner::<test[9d35eded1c95d3be]::test_main_static::{closure#0}>::{closure#0}
[INFO] [stdout]    6:     0x5c436c62aba2 - std[70759c8f55707aa4]::panicking::panic_with_hook
[INFO] [stdout]    7:     0x5c436c60cd04 - std[70759c8f55707aa4]::panicking::panic_handler::{closure#0}
[INFO] [stdout]    8:     0x5c436c605939 - std[70759c8f55707aa4]::sys::backtrace::__rust_end_short_backtrace::<std[70759c8f55707aa4]::panicking::panic_handler::{closure#0}, !>
[INFO] [stdout]    9:     0x5c436c60d98d - __rustc[8fa7c3cbc660c2b3]::rust_begin_unwind
[INFO] [stdout]   10:     0x5c436c64bc5c - core[df12db4294e9bfd3]::panicking::panic_fmt
[INFO] [stdout]   11:     0x5c436c64bc22 - core[df12db4294e9bfd3]::panicking::panic
[INFO] [stdout]   12:     0x5c436c4cd6da - integration_test[1e3787b9f2325e8]::src_path
[INFO] [stdout]   13:     0x5c436c4cd4bb - integration_test[1e3787b9f2325e8]::src_str
[INFO] [stdout]   14:     0x5c436c4d00b2 - <integration_test[1e3787b9f2325e8]::test_lang_yes_no::{closure#0} as core[df12db4294e9bfd3]::ops::function::FnOnce<()>>::call_once
[INFO] [stdout]   15:     0x5c436c4dc49b - test[9d35eded1c95d3be]::__rust_begin_short_backtrace::<core[df12db4294e9bfd3]::result::Result<(), alloc[2182bb758b4b3781]::string::String>, fn() -> core[df12db4294e9bfd3]::result::Result<(), alloc[2182bb758b4b3781]::string::String>>
[INFO] [stdout]   16:     0x5c436c4e9b05 - test[9d35eded1c95d3be]::run_test::{closure#0}
[INFO] [stdout]   17:     0x5c436c4e33c4 - std[70759c8f55707aa4]::sys::backtrace::__rust_begin_short_backtrace::<test[9d35eded1c95d3be]::run_test::{closure#1}, ()>
[INFO] [stdout]   18:     0x5c436c4ecc62 - <std[70759c8f55707aa4]::thread::lifecycle::spawn_unchecked<test[9d35eded1c95d3be]::run_test::{closure#1}, ()>::{closure#1} as core[df12db4294e9bfd3]::ops::function::FnOnce<()>>::call_once::{shim:vtable#0}
[INFO] [stdout]   19:     0x5c436c6330a9 - <std[70759c8f55707aa4]::sys::thread::unix::Thread>::new::thread_start
[INFO] [stdout]   20:     0x7d0b04598dfa - <unknown>
[INFO] [stdout]   21:     0x7d0b0462c3d4 - clone
[INFO] [stdout]   22:                0x0 - <unknown>
[INFO] [stdout] 
[INFO] [stdout] ---- test_repl_console stdout ----
[INFO] [stdout] 
[INFO] [stdout] thread 'test_repl_console' (3657) panicked at tests/integration_test.rs:59:5:
[INFO] [stdout] assertion failed: dir.join("Cargo.lock").exists()
[INFO] [stdout] stack backtrace:
[INFO] [stdout]    0:     0x5c436c633b01 - <<std[70759c8f55707aa4]::sys::backtrace::BacktraceLock>::print::DisplayBacktrace as core[df12db4294e9bfd3]::fmt::Display>::fmt
[INFO] [stdout]    1:     0x5c436c64b47a - core[df12db4294e9bfd3]::fmt::write
[INFO] [stdout]    2:     0x5c436c63967c - <alloc[2182bb758b4b3781]::vec::Vec<u8> as core[df12db4294e9bfd3]::io::write::Write>::write_fmt
[INFO] [stdout]    3:     0x5c436c60cc26 - std[70759c8f55707aa4]::panicking::default_hook::{closure#0}
[INFO] [stdout]    4:     0x5c436c62a9e9 - std[70759c8f55707aa4]::panicking::default_hook
[INFO] [stdout]    5:     0x5c436c4e91b0 - test[9d35eded1c95d3be]::test_main_inner::<test[9d35eded1c95d3be]::test_main_static::{closure#0}>::{closure#0}
[INFO] [stdout]    6:     0x5c436c62aba2 - std[70759c8f55707aa4]::panicking::panic_with_hook
[INFO] [stdout]    7:     0x5c436c60cd04 - std[70759c8f55707aa4]::panicking::panic_handler::{closure#0}
[INFO] [stdout]    8:     0x5c436c605939 - std[70759c8f55707aa4]::sys::backtrace::__rust_end_short_backtrace::<std[70759c8f55707aa4]::panicking::panic_handler::{closure#0}, !>
[INFO] [stdout]    9:     0x5c436c60d98d - __rustc[8fa7c3cbc660c2b3]::rust_begin_unwind
[INFO] [stdout]   10:     0x5c436c64bc5c - core[df12db4294e9bfd3]::panicking::panic_fmt
[INFO] [stdout]   11:     0x5c436c64bc22 - core[df12db4294e9bfd3]::panicking::panic
[INFO] [stdout]   12:     0x5c436c4cd6da - integration_test[1e3787b9f2325e8]::src_path
[INFO] [stdout]   13:     0x5c436c4cd4bb - integration_test[1e3787b9f2325e8]::src_str
[INFO] [stdout]   14:     0x5c436c4d0f32 - <integration_test[1e3787b9f2325e8]::test_repl_console::{closure#0} as core[df12db4294e9bfd3]::ops::function::FnOnce<()>>::call_once
[INFO] [stdout]   15:     0x5c436c4dc49b - test[9d35eded1c95d3be]::__rust_begin_short_backtrace::<core[df12db4294e9bfd3]::result::Result<(), alloc[2182bb758b4b3781]::string::String>, fn() -> core[df12db4294e9bfd3]::result::Result<(), alloc[2182bb758b4b3781]::string::String>>
[INFO] [stdout]   16:     0x5c436c4e9b05 - test[9d35eded1c95d3be]::run_test::{closure#0}
[INFO] [stdout]   17:     0x5c436c4e33c4 - std[70759c8f55707aa4]::sys::backtrace::__rust_begin_short_backtrace::<test[9d35eded1c95d3be]::run_test::{closure#1}, ()>
[INFO] [stdout]   18:     0x5c436c4ecc62 - <std[70759c8f55707aa4]::thread::lifecycle::spawn_unchecked<test[9d35eded1c95d3be]::run_test::{closure#1}, ()>::{closure#1} as core[df12db4294e9bfd3]::ops::function::FnOnce<()>>::call_once::{shim:vtable#0}
[INFO] [stdout]   19:     0x5c436c6330a9 - <std[70759c8f55707aa4]::sys::thread::unix::Thread>::new::thread_start
[INFO] [stdout]   20:     0x7d0b04598dfa - <unknown>
[INFO] [stdout]   21:     0x7d0b0462c3d4 - clone
[INFO] [stdout]   22:                0x0 - <unknown>
[INFO] [stdout] 
[INFO] [stdout] ---- test_repl_exit_zero stdout ----
[INFO] [stdout] 
[INFO] [stdout] thread 'test_repl_exit_zero' (3663) panicked at tests/integration_test.rs:59:5:
[INFO] [stdout] assertion failed: dir.join("Cargo.lock").exists()
[INFO] [stdout] stack backtrace:
[INFO] [stdout]    0:     0x5c436c633b01 - <<std[70759c8f55707aa4]::sys::backtrace::BacktraceLock>::print::DisplayBacktrace as core[df12db4294e9bfd3]::fmt::Display>::fmt
[INFO] [stdout]    1:     0x5c436c64b47a - core[df12db4294e9bfd3]::fmt::write
[INFO] [stdout]    2:     0x5c436c63967c - <alloc[2182bb758b4b3781]::vec::Vec<u8> as core[df12db4294e9bfd3]::io::write::Write>::write_fmt
[INFO] [stdout]    3:     0x5c436c60cc26 - std[70759c8f55707aa4]::panicking::default_hook::{closure#0}
[INFO] [stdout]    4:     0x5c436c62a9e9 - std[70759c8f55707aa4]::panicking::default_hook
[INFO] [stdout]    5:     0x5c436c4e91b0 - test[9d35eded1c95d3be]::test_main_inner::<test[9d35eded1c95d3be]::test_main_static::{closure#0}>::{closure#0}
[INFO] [stdout]    6:     0x5c436c62aba2 - std[70759c8f55707aa4]::panicking::panic_with_hook
[INFO] [stdout]    7:     0x5c436c60cd04 - std[70759c8f55707aa4]::panicking::panic_handler::{closure#0}
[INFO] [stdout]    8:     0x5c436c605939 - std[70759c8f55707aa4]::sys::backtrace::__rust_end_short_backtrace::<std[70759c8f55707aa4]::panicking::panic_handler::{closure#0}, !>
[INFO] [stdout]    9:     0x5c436c60d98d - __rustc[8fa7c3cbc660c2b3]::rust_begin_unwind
[INFO] [stdout]   10:     0x5c436c64bc5c - core[df12db4294e9bfd3]::panicking::panic_fmt
[INFO] [stdout]   11:     0x5c436c64bc22 - core[df12db4294e9bfd3]::panicking::panic
[INFO] [stdout]   12:     0x5c436c4cd6da - integration_test[1e3787b9f2325e8]::src_path
[INFO] [stdout]   13:     0x5c436c4cd4bb - integration_test[1e3787b9f2325e8]::src_str
[INFO] [stdout]   14:     0x5c436c4d2962 - <integration_test[1e3787b9f2325e8]::test_repl_exit_zero::{closure#0} as core[df12db4294e9bfd3]::ops::function::FnOnce<()>>::call_once
[INFO] [stdout]   15:     0x5c436c4dc49b - test[9d35eded1c95d3be]::__rust_begin_short_backtrace::<core[df12db4294e9bfd3]::result::Result<(), alloc[2182bb758b4b3781]::string::String>, fn() -> core[df12db4294e9bfd3]::result::Result<(), alloc[2182bb758b4b3781]::string::String>>
[INFO] [stdout]   16:     0x5c436c4e9b05 - test[9d35eded1c95d3be]::run_test::{closure#0}
[INFO] [stdout]   17:     0x5c436c4e33c4 - std[70759c8f55707aa4]::sys::backtrace::__rust_begin_short_backtrace::<test[9d35eded1c95d3be]::run_test::{closure#1}, ()>
[INFO] [stdout]   18:     0x5c436c4ecc62 - <std[70759c8f55707aa4]::thread::lifecycle::spawn_unchecked<test[9d35eded1c95d3be]::run_test::{closure#1}, ()>::{closure#1} as core[df12db4294e9bfd3]::ops::function::FnOnce<()>>::call_once::{shim:vtable#0}
[INFO] [stdout]   19:     0x5c436c6330a9 - <std[70759c8f55707aa4]::sys::thread::unix::Thread>::new::thread_start
[INFO] [stdout]   20:     0x7d0b04598dfa - <unknown>
[INFO] [stdout]   21:     0x7d0b0462c3d4 - clone
[INFO] [stdout]   22:                0x0 - <unknown>
[INFO] [stdout] 
[INFO] [stdout] ---- test_repl_exit_nonzero stdout ----
[INFO] [stdout] 
[INFO] [stdout] thread 'test_repl_exit_nonzero' (3660) panicked at tests/integration_test.rs:59:5:
[INFO] [stdout] assertion failed: dir.join("Cargo.lock").exists()
[INFO] [stdout] stack backtrace:
[INFO] [stdout]    0:     0x5c436c633b01 - <<std[70759c8f55707aa4]::sys::backtrace::BacktraceLock>::print::DisplayBacktrace as core[df12db4294e9bfd3]::fmt::Display>::fmt
[INFO] [stdout]    1:     0x5c436c64b47a - core[df12db4294e9bfd3]::fmt::write
[INFO] [stdout]    2:     0x5c436c63967c - <alloc[2182bb758b4b3781]::vec::Vec<u8> as core[df12db4294e9bfd3]::io::write::Write>::write_fmt
[INFO] [stdout]    3:     0x5c436c60cc26 - std[70759c8f55707aa4]::panicking::default_hook::{closure#0}
[INFO] [stdout]    4:     0x5c436c62a9e9 - std[70759c8f55707aa4]::panicking::default_hook
[INFO] [stdout]    5:     0x5c436c4e91b0 - test[9d35eded1c95d3be]::test_main_inner::<test[9d35eded1c95d3be]::test_main_static::{closure#0}>::{closure#0}
[INFO] [stdout]    6:     0x5c436c62aba2 - std[70759c8f55707aa4]::panicking::panic_with_hook
[INFO] [stdout]    7:     0x5c436c60cd04 - std[70759c8f55707aa4]::panicking::panic_handler::{closure#0}
[INFO] [stdout]    8:     0x5c436c605939 - std[70759c8f55707aa4]::sys::backtrace::__rust_end_short_backtrace::<std[70759c8f55707aa4]::panicking::panic_handler::{closure#0}, !>
[INFO] [stdout]    9:     0x5c436c60d98d - __rustc[8fa7c3cbc660c2b3]::rust_begin_unwind
[INFO] [stdout]   10:     0x5c436c64bc5c - core[df12db4294e9bfd3]::panicking::panic_fmt
[INFO] [stdout]   11:     0x5c436c64bc22 - core[df12db4294e9bfd3]::panicking::panic
[INFO] [stdout]   12:     0x5c436c4cd6da - integration_test[1e3787b9f2325e8]::src_path
[INFO] [stdout]   13:     0x5c436c4cd4bb - integration_test[1e3787b9f2325e8]::src_str
[INFO] [stdout]   14:     0x5c436c4d5a92 - <integration_test[1e3787b9f2325e8]::test_repl_exit_nonzero::{closure#0} as core[df12db4294e9bfd3]::ops::function::FnOnce<()>>::call_once
[INFO] [stdout]   15:     0x5c436c4dc49b - test[9d35eded1c95d3be]::__rust_begin_short_backtrace::<core[df12db4294e9bfd3]::result::Result<(), alloc[2182bb758b4b3781]::string::String>, fn() -> core[df12db4294e9bfd3]::result::Result<(), alloc[2182bb758b4b3781]::string::String>>
[INFO] [stdout]   16:     0x5c436c4e9b05 - test[9d35eded1c95d3be]::run_test::{closure#0}
[INFO] [stdout]   17:     0x5c436c4e33c4 - std[70759c8f55707aa4]::sys::backtrace::__rust_begin_short_backtrace::<test[9d35eded1c95d3be]::run_test::{closure#1}, ()>
[INFO] [stdout]   18:     0x5c436c4ecc62 - <std[70759c8f55707aa4]::thread::lifecycle::spawn_unchecked<test[9d35eded1c95d3be]::run_test::{closure#1}, ()>::{closure#1} as core[df12db4294e9bfd3]::ops::function::FnOnce<()>>::call_once::{shim:vtable#0}
[INFO] [stdout]   19:     0x5c436c6330a9 - <std[70759c8f55707aa4]::sys::thread::unix::Thread>::new::thread_start
[INFO] [stdout]   20:     0x7d0b04598dfa - <unknown>
[INFO] [stdout]   21:     0x7d0b0462c3d4 - clone
[INFO] [stdout]   22:                0x0 - <unknown>
[INFO] [stdout] 
[INFO] [stdout] ---- test_repl_help stdout ----
[INFO] [stdout] 
[INFO] [stdout] thread 'test_repl_help' (3664) panicked at tests/integration_test.rs:59:5:
[INFO] [stdout] assertion failed: dir.join("Cargo.lock").exists()
[INFO] [stdout] stack backtrace:
[INFO] [stdout]    0:     0x5c436c633b01 - <<std[70759c8f55707aa4]::sys::backtrace::BacktraceLock>::print::DisplayBacktrace as core[df12db4294e9bfd3]::fmt::Display>::fmt
[INFO] [stdout]    1:     0x5c436c64b47a - core[df12db4294e9bfd3]::fmt::write
[INFO] [stdout]    2:     0x5c436c63967c - <alloc[2182bb758b4b3781]::vec::Vec<u8> as core[df12db4294e9bfd3]::io::write::Write>::write_fmt
[INFO] [stdout]    3:     0x5c436c60cc26 - std[70759c8f55707aa4]::panicking::default_hook::{closure#0}
[INFO] [stdout]    4:     0x5c436c62a9e9 - std[70759c8f55707aa4]::panicking::default_hook
[INFO] [stdout]    5:     0x5c436c4e91b0 - test[9d35eded1c95d3be]::test_main_inner::<test[9d35eded1c95d3be]::test_main_static::{closure#0}>::{closure#0}
[INFO] [stdout]    6:     0x5c436c62aba2 - std[70759c8f55707aa4]::panicking::panic_with_hook
[INFO] [stdout]    7:     0x5c436c60cd04 - std[70759c8f55707aa4]::panicking::panic_handler::{closure#0}
[INFO] [stdout]    8:     0x5c436c605939 - std[70759c8f55707aa4]::sys::backtrace::__rust_end_short_backtrace::<std[70759c8f55707aa4]::panicking::panic_handler::{closure#0}, !>
[INFO] [stdout]    9:     0x5c436c60d98d - __rustc[8fa7c3cbc660c2b3]::rust_begin_unwind
[INFO] [stdout]   10:     0x5c436c64bc5c - core[df12db4294e9bfd3]::panicking::panic_fmt
[INFO] [stdout]   11:     0x5c436c64bc22 - core[df12db4294e9bfd3]::panicking::panic
[INFO] [stdout]   12:     0x5c436c4cd6da - integration_test[1e3787b9f2325e8]::src_path
[INFO] [stdout]   13:     0x5c436c4cd4bb - integration_test[1e3787b9f2325e8]::src_str
[INFO] [stdout]   14:     0x5c436c4cf492 - <integration_test[1e3787b9f2325e8]::test_repl_help::{closure#0} as core[df12db4294e9bfd3]::ops::function::FnOnce<()>>::call_once
[INFO] [stdout]   15:     0x5c436c4dc49b - test[9d35eded1c95d3be]::__rust_begin_short_backtrace::<core[df12db4294e9bfd3]::result::Result<(), alloc[2182bb758b4b3781]::string::String>, fn() -> core[df12db4294e9bfd3]::result::Result<(), alloc[2182bb758b4b3781]::string::String>>
[INFO] [stdout]   16:     0x5c436c4e9b05 - test[9d35eded1c95d3be]::run_test::{closure#0}
[INFO] [stdout]   17:     0x5c436c4e33c4 - std[70759c8f55707aa4]::sys::backtrace::__rust_begin_short_backtrace::<test[9d35eded1c95d3be]::run_test::{closure#1}, ()>
[INFO] [stdout]   18:     0x5c436c4ecc62 - <std[70759c8f55707aa4]::thread::lifecycle::spawn_unchecked<test[9d35eded1c95d3be]::run_test::{closure#1}, ()>::{closure#1} as core[df12db4294e9bfd3]::ops::function::FnOnce<()>>::call_once::{shim:vtable#0}
[INFO] [stdout]   19:     0x5c436c6330a9 - <std[70759c8f55707aa4]::sys::thread::unix::Thread>::new::thread_start
[INFO] [stdout]   20:     0x7d0b04598dfa - <unknown>
[INFO] [stdout]   21:     0x7d0b0462c3d4 - clone
[INFO] [stdout]   22:                0x0 - <unknown>
[INFO] [stdout] 
[INFO] [stdout] ---- test_lang_exprs_errors stdout ----
[INFO] [stdout] 
[INFO] [stdout] thread 'test_lang_exprs_errors' (3641) panicked at tests/integration_test.rs:59:5:
[INFO] [stdout] assertion failed: dir.join("Cargo.lock").exists()
[INFO] [stdout] stack backtrace:
[INFO] [stdout]    0:     0x5c436c633b01 - <<std[70759c8f55707aa4]::sys::backtrace::BacktraceLock>::print::DisplayBacktrace as core[df12db4294e9bfd3]::fmt::Display>::fmt
[INFO] [stdout]    1:     0x5c436c64b47a - core[df12db4294e9bfd3]::fmt::write
[INFO] [stdout]    2:     0x5c436c63967c - <alloc[2182bb758b4b3781]::vec::Vec<u8> as core[df12db4294e9bfd3]::io::write::Write>::write_fmt
[INFO] [stdout]    3:     0x5c436c60cc26 - std[70759c8f55707aa4]::panicking::default_hook::{closure#0}
[INFO] [stdout]    4:     0x5c436c62a9e9 - std[70759c8f55707aa4]::panicking::default_hook
[INFO] [stdout]    5:     0x5c436c4e91b0 - test[9d35eded1c95d3be]::test_main_inner::<test[9d35eded1c95d3be]::test_main_static::{closure#0}>::{closure#0}
[INFO] [stdout]    6:     0x5c436c62aba2 - std[70759c8f55707aa4]::panicking::panic_with_hook
[INFO] [stdout]    7:     0x5c436c60cd04 - std[70759c8f55707aa4]::panicking::panic_handler::{closure#0}
[INFO] [stdout]    8:     0x5c436c605939 - std[70759c8f55707aa4]::sys::backtrace::__rust_end_short_backtrace::<std[70759c8f55707aa4]::panicking::panic_handler::{closure#0}, !>
[INFO] [stdout]    9:     0x5c436c60d98d - __rustc[8fa7c3cbc660c2b3]::rust_begin_unwind
[INFO] [stdout]   10:     0x5c436c64bc5c - core[df12db4294e9bfd3]::panicking::panic_fmt
[INFO] [stdout]   11:     0x5c436c64bc22 - core[df12db4294e9bfd3]::panicking::panic
[INFO] [stdout]   12:     0x5c436c4cd6da - integration_test[1e3787b9f2325e8]::src_path
[INFO] [stdout]   13:     0x5c436c4ccb41 - integration_test[1e3787b9f2325e8]::read_golden
[INFO] [stdout]   14:     0x5c436c4d4e78 - <integration_test[1e3787b9f2325e8]::test_lang_exprs_errors::{closure#0} as core[df12db4294e9bfd3]::ops::function::FnOnce<()>>::call_once
[INFO] [stdout]   15:     0x5c436c4dc49b - test[9d35eded1c95d3be]::__rust_begin_short_backtrace::<core[df12db4294e9bfd3]::result::Result<(), alloc[2182bb758b4b3781]::string::String>, fn() -> core[df12db4294e9bfd3]::result::Result<(), alloc[2182bb758b4b3781]::string::String>>
[INFO] [stdout]   16:     0x5c436c4e9b05 - test[9d35eded1c95d3be]::run_test::{closure#0}
[INFO] [stdout]   17:     0x5c436c4e33c4 - std[70759c8f55707aa4]::sys::backtrace::__rust_begin_short_backtrace::<test[9d35eded1c95d3be]::run_test::{closure#1}, ()>
[INFO] [stdout]   18:     0x5c436c4ecc62 - <std[70759c8f55707aa4]::thread::lifecycle::spawn_unchecked<test[9d35eded1c95d3be]::run_test::{closure#1}, ()>::{closure#1} as core[df12db4294e9bfd3]::ops::function::FnOnce<()>>::call_once::{shim:vtable#0}
[INFO] [stdout]   19:     0x5c436c6330a9 - <std[70759c8f55707aa4]::sys::thread::unix::Thread>::new::thread_start
[INFO] [stdout]   20:     0x7d0b04598dfa - <unknown>
[INFO] [stdout]   21:     0x7d0b0462c3d4 - clone
[INFO] [stdout]   22:                0x0 - <unknown>
[INFO] [stdout] 
[INFO] [stdout] ---- test_lang_functions stdout ----
[INFO] [stdout] 
[INFO] [stdout] thread 'test_lang_functions' (3642) panicked at tests/integration_test.rs:59:5:
[INFO] [stdout] assertion failed: dir.join("Cargo.lock").exists()
[INFO] [stdout] stack backtrace:
[INFO] [stdout]    0:     0x5c436c633b01 - <<std[70759c8f55707aa4]::sys::backtrace::BacktraceLock>::print::DisplayBacktrace as core[df12db4294e9bfd3]::fmt::Display>::fmt
[INFO] [stdout]    1:     0x5c436c64b47a - core[df12db4294e9bfd3]::fmt::write
[INFO] [stdout]    2:     0x5c436c63967c - <alloc[2182bb758b4b3781]::vec::Vec<u8> as core[df12db4294e9bfd3]::io::write::Write>::write_fmt
[INFO] [stdout]    3:     0x5c436c60cc26 - std[70759c8f55707aa4]::panicking::default_hook::{closure#0}
[INFO] [stdout]    4:     0x5c436c62a9e9 - std[70759c8f55707aa4]::panicking::default_hook
[INFO] [stdout]    5:     0x5c436c4e91b0 - test[9d35eded1c95d3be]::test_main_inner::<test[9d35eded1c95d3be]::test_main_static::{closure#0}>::{closure#0}
[INFO] [stdout]    6:     0x5c436c62aba2 - std[70759c8f55707aa4]::panicking::panic_with_hook
[INFO] [stdout]    7:     0x5c436c60cd04 - std[70759c8f55707aa4]::panicking::panic_handler::{closure#0}
[INFO] [stdout]    8:     0x5c436c605939 - std[70759c8f55707aa4]::sys::backtrace::__rust_end_short_backtrace::<std[70759c8f55707aa4]::panicking::panic_handler::{closure#0}, !>
[INFO] [stdout]    9:     0x5c436c60d98d - __rustc[8fa7c3cbc660c2b3]::rust_begin_unwind
[INFO] [stdout]   10:     0x5c436c64bc5c - core[df12db4294e9bfd3]::panicking::panic_fmt
[INFO] [stdout]   11:     0x5c436c64bc22 - core[df12db4294e9bfd3]::panicking::panic
[INFO] [stdout]   12:     0x5c436c4cd6da - integration_test[1e3787b9f2325e8]::src_path
[INFO] [stdout]   13:     0x5c436c4cd4bb - integration_test[1e3787b9f2325e8]::src_str
[INFO] [stdout]   14:     0x5c436c4d24c2 - <integration_test[1e3787b9f2325e8]::test_lang_functions::{closure#0} as core[df12db4294e9bfd3]::ops::function::FnOnce<()>>::call_once
[INFO] [stdout]   15:     0x5c436c4dc49b - test[9d35eded1c95d3be]::__rust_begin_short_backtrace::<core[df12db4294e9bfd3]::result::Result<(), alloc[2182bb758b4b3781]::string::String>, fn() -> core[df12db4294e9bfd3]::result::Result<(), alloc[2182bb758b4b3781]::string::String>>
[INFO] [stdout]   16:     0x5c436c4e9b05 - test[9d35eded1c95d3be]::run_test::{closure#0}
[INFO] [stdout]   17:     0x5c436c4e33c4 - std[70759c8f55707aa4]::sys::backtrace::__rust_begin_short_backtrace::<test[9d35eded1c95d3be]::run_test::{closure#1}, ()>
[INFO] [stdout]   18:     0x5c436c4ecc62 - <std[70759c8f55707aa4]::thread::lifecycle::spawn_unchecked<test[9d35eded1c95d3be]::run_test::{closure#1}, ()>::{closure#1} as core[df12db4294e9bfd3]::ops::function::FnOnce<()>>::call_once::{shim:vtable#0}
[INFO] [stdout]   19:     0x5c436c6330a9 - <std[70759c8f55707aa4]::sys::thread::unix::Thread>::new::thread_start
[INFO] [stdout]   20:     0x7d0b04598dfa - <unknown>
[INFO] [stdout]   21:     0x7d0b0462c3d4 - clone
[INFO] [stdout]   22:                0x0 - <unknown>
[INFO] [stdout] 
[INFO] [stdout] ---- test_repl_editor stdout ----
[INFO] [stdout] 
[INFO] [stdout] thread 'test_repl_editor' (3659) panicked at tests/integration_test.rs:59:5:
[INFO] [stdout] assertion failed: dir.join("Cargo.lock").exists()
[INFO] [stdout] stack backtrace:
[INFO] [stdout]    0:     0x5c436c633b01 - <<std[70759c8f55707aa4]::sys::backtrace::BacktraceLock>::print::DisplayBacktrace as core[df12db4294e9bfd3]::fmt::Display>::fmt
[INFO] [stdout]    1:     0x5c436c64b47a - core[df12db4294e9bfd3]::fmt::write
[INFO] [stdout]    2:     0x5c436c63967c - <alloc[2182bb758b4b3781]::vec::Vec<u8> as core[df12db4294e9bfd3]::io::write::Write>::write_fmt
[INFO] [stdout]    3:     0x5c436c60cc26 - std[70759c8f55707aa4]::panicking::default_hook::{closure#0}
[INFO] [stdout]    4:     0x5c436c62a9e9 - std[70759c8f55707aa4]::panicking::default_hook
[INFO] [stdout]    5:     0x5c436c4e91b0 - test[9d35eded1c95d3be]::test_main_inner::<test[9d35eded1c95d3be]::test_main_static::{closure#0}>::{closure#0}
[INFO] [stdout]    6:     0x5c436c62aba2 - std[70759c8f55707aa4]::panicking::panic_with_hook
[INFO] [stdout]    7:     0x5c436c60cd04 - std[70759c8f55707aa4]::panicking::panic_handler::{closure#0}
[INFO] [stdout]    8:     0x5c436c605939 - std[70759c8f55707aa4]::sys::backtrace::__rust_end_short_backtrace::<std[70759c8f55707aa4]::panicking::panic_handler::{closure#0}, !>
[INFO] [stdout]    9:     0x5c436c60d98d - __rustc[8fa7c3cbc660c2b3]::rust_begin_unwind
[INFO] [stdout]   10:     0x5c436c64bc5c - core[df12db4294e9bfd3]::panicking::panic_fmt
[INFO] [stdout]   11:     0x5c436c64bc22 - core[df12db4294e9bfd3]::panicking::panic
[INFO] [stdout]   12:     0x5c436c4cd6da - integration_test[1e3787b9f2325e8]::src_path
[INFO] [stdout]   13:     0x5c436c4ccb41 - integration_test[1e3787b9f2325e8]::read_golden
[INFO] [stdout]   14:     0x5c436c4d05c8 - <integration_test[1e3787b9f2325e8]::test_repl_editor::{closure#0} as core[df12db4294e9bfd3]::ops::function::FnOnce<()>>::call_once
[INFO] [stdout]   15:     0x5c436c4dc49b - test[9d35eded1c95d3be]::__rust_begin_short_backtrace::<core[df12db4294e9bfd3]::result::Result<(), alloc[2182bb758b4b3781]::string::String>, fn() -> core[df12db4294e9bfd3]::result::Result<(), alloc[2182bb758b4b3781]::string::String>>
[INFO] [stdout]   16:     0x5c436c4e9b05 - test[9d35eded1c95d3be]::run_test::{closure#0}
[INFO] [stdout]   17:     0x5c436c4e33c4 - std[70759c8f55707aa4]::sys::backtrace::__rust_begin_short_backtrace::<test[9d35eded1c95d3be]::run_test::{closure#1}, ()>
[INFO] [stdout]   18:     0x5c436c4ecc62 - <std[70759c8f55707aa4]::thread::lifecycle::spawn_unchecked<test[9d35eded1c95d3be]::run_test::{closure#1}, ()>::{closure#1} as core[df12db4294e9bfd3]::ops::function::FnOnce<()>>::call_once::{shim:vtable#0}
[INFO] [stdout]   19:     0x5c436c6330a9 - <std[70759c8f55707aa4]::sys::thread::unix::Thread>::new::thread_start
[INFO] [stdout]   20:     0x7d0b04598dfa - <unknown>
[INFO] [stdout]   21:     0x7d0b0462c3d4 - clone
[INFO] [stdout]   22:                0x0 - <unknown>
[INFO] [stdout] 
[INFO] [stdout] ---- test_repl_dir stdout ----
[INFO] [stdout] 
[INFO] [stdout] thread 'test_repl_dir' (3658) panicked at tests/integration_test.rs:59:5:
[INFO] [stdout] assertion failed: dir.join("Cargo.lock").exists()
[INFO] [stdout] stack backtrace:
[INFO] [stdout]    0:     0x5c436c633b01 - <<std[70759c8f55707aa4]::sys::backtrace::BacktraceLock>::print::DisplayBacktrace as core[df12db4294e9bfd3]::fmt::Display>::fmt
[INFO] [stdout]    1:     0x5c436c64b47a - core[df12db4294e9bfd3]::fmt::write
[INFO] [stdout]    2:     0x5c436c63967c - <alloc[2182bb758b4b3781]::vec::Vec<u8> as core[df12db4294e9bfd3]::io::write::Write>::write_fmt
[INFO] [stdout]    3:     0x5c436c60cc26 - std[70759c8f55707aa4]::panicking::default_hook::{closure#0}
[INFO] [stdout]    4:     0x5c436c62a9e9 - std[70759c8f55707aa4]::panicking::default_hook
[INFO] [stdout]    5:     0x5c436c4e91b0 - test[9d35eded1c95d3be]::test_main_inner::<test[9d35eded1c95d3be]::test_main_static::{closure#0}>::{closure#0}
[INFO] [stdout]    6:     0x5c436c62aba2 - std[70759c8f55707aa4]::panicking::panic_with_hook
[INFO] [stdout]    7:     0x5c436c60cd04 - std[70759c8f55707aa4]::panicking::panic_handler::{closure#0}
[INFO] [stdout]    8:     0x5c436c605939 - std[70759c8f55707aa4]::sys::backtrace::__rust_end_short_backtrace::<std[70759c8f55707aa4]::panicking::panic_handler::{closure#0}, !>
[INFO] [stdout]    9:     0x5c436c60d98d - __rustc[8fa7c3cbc660c2b3]::rust_begin_unwind
[INFO] [stdout]   10:     0x5c436c64bc5c - core[df12db4294e9bfd3]::panicking::panic_fmt
[INFO] [stdout]   11:     0x5c436c64bc22 - core[df12db4294e9bfd3]::panicking::panic
[INFO] [stdout]   12:     0x5c436c4cd6da - integration_test[1e3787b9f2325e8]::src_path
[INFO] [stdout]   13:     0x5c436c4ccb41 - integration_test[1e3787b9f2325e8]::read_golden
[INFO] [stdout]   14:     0x5c436c4cefa8 - <integration_test[1e3787b9f2325e8]::test_repl_dir::{closure#0} as core[df12db4294e9bfd3]::ops::function::FnOnce<()>>::call_once
[INFO] [stdout]   15:     0x5c436c4dc49b - test[9d35eded1c95d3be]::__rust_begin_short_backtrace::<core[df12db4294e9bfd3]::result::Result<(), alloc[2182bb758b4b3781]::string::String>, fn() -> core[df12db4294e9bfd3]::result::Result<(), alloc[2182bb758b4b3781]::string::String>>
[INFO] [stdout]   16:     0x5c436c4e9b05 - test[9d35eded1c95d3be]::run_test::{closure#0}
[INFO] [stdout]   17:     0x5c436c4e33c4 - std[70759c8f55707aa4]::sys::backtrace::__rust_begin_short_backtrace::<test[9d35eded1c95d3be]::run_test::{closure#1}, ()>
[INFO] [stdout]   18:     0x5c436c4ecc62 - <std[70759c8f55707aa4]::thread::lifecycle::spawn_unchecked<test[9d35eded1c95d3be]::run_test::{closure#1}, ()>::{closure#1} as core[df12db4294e9bfd3]::ops::function::FnOnce<()>>::call_once::{shim:vtable#0}
[INFO] [stdout]   19:     0x5c436c6330a9 - <std[70759c8f55707aa4]::sys::thread::unix::Thread>::new::thread_start
[INFO] [stdout]   20:     0x7d0b04598dfa - <unknown>
[INFO] [stdout]   21:     0x7d0b0462c3d4 - clone
[INFO] [stdout]   22:                0x0 - <unknown>
[INFO] [stdout] 
[INFO] [stdout] ---- test_example_gpio stdout ----
[INFO] [stdout] 
[INFO] [stdout] thread 'test_example_gpio' (3624) panicked at tests/integration_test.rs:59:5:
[INFO] [stdout] assertion failed: dir.join("Cargo.lock").exists()
[INFO] [stdout] stack backtrace:
[INFO] [stdout]    0:     0x5c436c633b01 - <<std[70759c8f55707aa4]::sys::backtrace::BacktraceLock>::print::DisplayBacktrace as core[df12db4294e9bfd3]::fmt::Display>::fmt
[INFO] [stdout]    1:     0x5c436c64b47a - core[df12db4294e9bfd3]::fmt::write
[INFO] [stdout]    2:     0x5c436c63967c - <alloc[2182bb758b4b3781]::vec::Vec<u8> as core[df12db4294e9bfd3]::io::write::Write>::write_fmt
[INFO] [stdout]    3:     0x5c436c60cc26 - std[70759c8f55707aa4]::panicking::default_hook::{closure#0}
[INFO] [stdout]    4:     0x5c436c62a9e9 - std[70759c8f55707aa4]::panicking::default_hook
[INFO] [stdout]    5:     0x5c436c4e91b0 - test[9d35eded1c95d3be]::test_main_inner::<test[9d35eded1c95d3be]::test_main_static::{closure#0}>::{closure#0}
[INFO] [stdout]    6:     0x5c436c62aba2 - std[70759c8f55707aa4]::panicking::panic_with_hook
[INFO] [stdout]    7:     0x5c436c60cd04 - std[70759c8f55707aa4]::panicking::panic_handler::{closure#0}
[INFO] [stdout]    8:     0x5c436c605939 - std[70759c8f55707aa4]::sys::backtrace::__rust_end_short_backtrace::<std[70759c8f55707aa4]::panicking::panic_handler::{closure#0}, !>
[INFO] [stdout]    9:     0x5c436c60d98d - __rustc[8fa7c3cbc660c2b3]::rust_begin_unwind
[INFO] [stdout]   10:     0x5c436c64bc5c - core[df12db4294e9bfd3]::panicking::panic_fmt
[INFO] [stdout]   11:     0x5c436c64bc22 - core[df12db4294e9bfd3]::panicking::panic
[INFO] [stdout]   12:     0x5c436c4cd6da - integration_test[1e3787b9f2325e8]::src_path
[INFO] [stdout]   13:     0x5c436c4ccb41 - integration_test[1e3787b9f2325e8]::read_golden
[INFO] [stdout]   14:     0x5c436c4d083c - <integration_test[1e3787b9f2325e8]::test_example_gpio::{closure#0} as core[df12db4294e9bfd3]::ops::function::FnOnce<()>>::call_once
[INFO] [stdout]   15:     0x5c436c4dc49b - test[9d35eded1c95d3be]::__rust_begin_short_backtrace::<core[df12db4294e9bfd3]::result::Result<(), alloc[2182bb758b4b3781]::string::String>, fn() -> core[df12db4294e9bfd3]::result::Result<(), alloc[2182bb758b4b3781]::string::String>>
[INFO] [stdout]   16:     0x5c436c4e9b05 - test[9d35eded1c95d3be]::run_test::{closure#0}
[INFO] [stdout]   17:     0x5c436c4e33c4 - std[70759c8f55707aa4]::sys::backtrace::__rust_begin_short_backtrace::<test[9d35eded1c95d3be]::run_test::{closure#1}, ()>
[INFO] [stdout]   18:     0x5c436c4ecc62 - <std[70759c8f55707aa4]::thread::lifecycle::spawn_unchecked<test[9d35eded1c95d3be]::run_test::{closure#1}, ()>::{closure#1} as core[df12db4294e9bfd3]::ops::function::FnOnce<()>>::call_once::{shim:vtable#0}
[INFO] [stdout]   19:     0x5c436c6330a9 - <std[70759c8f55707aa4]::sys::thread::unix::Thread>::new::thread_start
[INFO] [stdout]   20:     0x7d0b04598dfa - <unknown>
[INFO] [stdout]   21:     0x7d0b0462c3d4 - clone
[INFO] [stdout]   22:                0x0 - <unknown>
[INFO] [stdout] 
[INFO] [stdout] ---- test_repl_interactive stdout ----
[INFO] [stdout] 
[INFO] [stdout] thread 'test_repl_interactive' (3665) panicked at tests/integration_test.rs:59:5:
[INFO] [stdout] assertion failed: dir.join("Cargo.lock").exists()
[INFO] [stdout] stack backtrace:
[INFO] [stdout]    0:     0x5c436c633b01 - <<std[70759c8f55707aa4]::sys::backtrace::BacktraceLock>::print::DisplayBacktrace as core[df12db4294e9bfd3]::fmt::Display>::fmt
[INFO] [stdout]    1:     0x5c436c64b47a - core[df12db4294e9bfd3]::fmt::write
[INFO] [stdout]    2:     0x5c436c63967c - <alloc[2182bb758b4b3781]::vec::Vec<u8> as core[df12db4294e9bfd3]::io::write::Write>::write_fmt
[INFO] [stdout]    3:     0x5c436c60cc26 - std[70759c8f55707aa4]::panicking::default_hook::{closure#0}
[INFO] [stdout]    4:     0x5c436c62a9e9 - std[70759c8f55707aa4]::panicking::default_hook
[INFO] [stdout]    5:     0x5c436c4e91b0 - test[9d35eded1c95d3be]::test_main_inner::<test[9d35eded1c95d3be]::test_main_static::{closure#0}>::{closure#0}
[INFO] [stdout]    6:     0x5c436c62aba2 - std[70759c8f55707aa4]::panicking::panic_with_hook
[INFO] [stdout]    7:     0x5c436c60cd04 - std[70759c8f55707aa4]::panicking::panic_handler::{closure#0}
[INFO] [stdout]    8:     0x5c436c605939 - std[70759c8f55707aa4]::sys::backtrace::__rust_end_short_backtrace::<std[70759c8f55707aa4]::panicking::panic_handler::{closure#0}, !>
[INFO] [stdout]    9:     0x5c436c60d98d - __rustc[8fa7c3cbc660c2b3]::rust_begin_unwind
[INFO] [stdout]   10:     0x5c436c64bc5c - core[df12db4294e9bfd3]::panicking::panic_fmt
[INFO] [stdout]   11:     0x5c436c64bc22 - core[df12db4294e9bfd3]::panicking::panic
[INFO] [stdout]   12:     0x5c436c4cd6da - integration_test[1e3787b9f2325e8]::src_path
[INFO] [stdout]   13:     0x5c436c4ccb41 - integration_test[1e3787b9f2325e8]::read_golden
[INFO] [stdout]   14:     0x5c436c4d4508 - <integration_test[1e3787b9f2325e8]::test_repl_interactive::{closure#0} as core[df12db4294e9bfd3]::ops::function::FnOnce<()>>::call_once
[INFO] [stdout]   15:     0x5c436c4dc49b - test[9d35eded1c95d3be]::__rust_begin_short_backtrace::<core[df12db4294e9bfd3]::result::Result<(), alloc[2182bb758b4b3781]::string::String>, fn() -> core[df12db4294e9bfd3]::result::Result<(), alloc[2182bb758b4b3781]::string::String>>
[INFO] [stdout]   16:     0x5c436c4e9b05 - test[9d35eded1c95d3be]::run_test::{closure#0}
[INFO] [stdout]   17:     0x5c436c4e33c4 - std[70759c8f55707aa4]::sys::backtrace::__rust_begin_short_backtrace::<test[9d35eded1c95d3be]::run_test::{closure#1}, ()>
[INFO] [stdout]   18:     0x5c436c4ecc62 - <std[70759c8f55707aa4]::thread::lifecycle::spawn_unchecked<test[9d35eded1c95d3be]::run_test::{closure#1}, ()>::{closure#1} as core[df12db4294e9bfd3]::ops::function::FnOnce<()>>::call_once::{shim:vtable#0}
[INFO] [stdout]   19:     0x5c436c6330a9 - <std[70759c8f55707aa4]::sys::thread::unix::Thread>::new::thread_start
[INFO] [stdout]   20:     0x7d0b04598dfa - <unknown>
[INFO] [stdout]   21:     0x7d0b0462c3d4 - clone
[INFO] [stdout]   22:                0x0 - <unknown>
[INFO] [stdout] 
[INFO] [stdout] ---- test_lang_operators stdout ----
[INFO] [stdout] 
[INFO] [stdout] thread 'test_lang_operators' (3649) panicked at tests/integration_test.rs:59:5:
[INFO] [stdout] assertion failed: dir.join("Cargo.lock").exists()
[INFO] [stdout] stack backtrace:
[INFO] [stdout]    0:     0x5c436c633b01 - <<std[70759c8f55707aa4]::sys::backtrace::BacktraceLock>::print::DisplayBacktrace as core[df12db4294e9bfd3]::fmt::Display>::fmt
[INFO] [stdout]    1:     0x5c436c64b47a - core[df12db4294e9bfd3]::fmt::write
[INFO] [stdout]    2:     0x5c436c63967c - <alloc[2182bb758b4b3781]::vec::Vec<u8> as core[df12db4294e9bfd3]::io::write::Write>::write_fmt
[INFO] [stdout]    3:     0x5c436c60cc26 - std[70759c8f55707aa4]::panicking::default_hook::{closure#0}
[INFO] [stdout]    4:     0x5c436c62a9e9 - std[70759c8f55707aa4]::panicking::default_hook
[INFO] [stdout]    5:     0x5c436c4e91b0 - test[9d35eded1c95d3be]::test_main_inner::<test[9d35eded1c95d3be]::test_main_static::{closure#0}>::{closure#0}
[INFO] [stdout]    6:     0x5c436c62aba2 - std[70759c8f55707aa4]::panicking::panic_with_hook
[INFO] [stdout]    7:     0x5c436c60cd04 - std[70759c8f55707aa4]::panicking::panic_handler::{closure#0}
[INFO] [stdout]    8:     0x5c436c605939 - std[70759c8f55707aa4]::sys::backtrace::__rust_end_short_backtrace::<std[70759c8f55707aa4]::panicking::panic_handler::{closure#0}, !>
[INFO] [stdout]    9:     0x5c436c60d98d - __rustc[8fa7c3cbc660c2b3]::rust_begin_unwind
[INFO] [stdout]   10:     0x5c436c64bc5c - core[df12db4294e9bfd3]::panicking::panic_fmt
[INFO] [stdout]   11:     0x5c436c64bc22 - core[df12db4294e9bfd3]::panicking::panic
[INFO] [stdout]   12:     0x5c436c4cd6da - integration_test[1e3787b9f2325e8]::src_path
[INFO] [stdout]   13:     0x5c436c4ccb41 - integration_test[1e3787b9f2325e8]::read_golden
[INFO] [stdout]   14:     0x5c436c4d2738 - <integration_test[1e3787b9f2325e8]::test_lang_operators::{closure#0} as core[df12db4294e9bfd3]::ops::function::FnOnce<()>>::call_once
[INFO] [stdout]   15:     0x5c436c4dc49b - test[9d35eded1c95d3be]::__rust_begin_short_backtrace::<core[df12db4294e9bfd3]::result::Result<(), alloc[2182bb758b4b3781]::string::String>, fn() -> core[df12db4294e9bfd3]::result::Result<(), alloc[2182bb758b4b3781]::string::String>>
[INFO] [stdout]   16:     0x5c436c4e9b05 - test[9d35eded1c95d3be]::run_test::{closure#0}
[INFO] [stdout]   17:     0x5c436c4e33c4 - std[70759c8f55707aa4]::sys::backtrace::__rust_begin_short_backtrace::<test[9d35eded1c95d3be]::run_test::{closure#1}, ()>
[INFO] [stdout]   18:     0x5c436c4ecc62 - <std[70759c8f55707aa4]::thread::lifecycle::spawn_unchecked<test[9d35eded1c95d3be]::run_test::{closure#1}, ()>::{closure#1} as core[df12db4294e9bfd3]::ops::function::FnOnce<()>>::call_once::{shim:vtable#0}
[INFO] [stdout]   19:     0x5c436c6330a9 - <std[70759c8f55707aa4]::sys::thread::unix::Thread>::new::thread_start
[INFO] [stdout]   20:     0x7d0b04598dfa - <unknown>
[INFO] [stdout]   21:     0x7d0b0462c3d4 - clone
[INFO] [stdout]   22:                0x0 - <unknown>
[INFO] [stdout] 
[INFO] [stdout] ---- test_repl_colors stdout ----
[INFO] [stdout] 
[INFO] [stdout] thread 'test_repl_colors' (3656) panicked at tests/integration_test.rs:59:5:
[INFO] [stdout] assertion failed: dir.join("Cargo.lock").exists()
[INFO] [stdout] stack backtrace:
[INFO] [stdout]    0:     0x5c436c633b01 - <<std[70759c8f55707aa4]::sys::backtrace::BacktraceLock>::print::DisplayBacktrace as core[df12db4294e9bfd3]::fmt::Display>::fmt
[INFO] [stdout]    1:     0x5c436c64b47a - core[df12db4294e9bfd3]::fmt::write
[INFO] [stdout]    2:     0x5c436c63967c - <alloc[2182bb758b4b3781]::vec::Vec<u8> as core[df12db4294e9bfd3]::io::write::Write>::write_fmt
[INFO] [stdout]    3:     0x5c436c60cc26 - std[70759c8f55707aa4]::panicking::default_hook::{closure#0}
[INFO] [stdout]    4:     0x5c436c62a9e9 - std[70759c8f55707aa4]::panicking::default_hook
[INFO] [stdout]    5:     0x5c436c4e91b0 - test[9d35eded1c95d3be]::test_main_inner::<test[9d35eded1c95d3be]::test_main_static::{closure#0}>::{closure#0}
[INFO] [stdout]    6:     0x5c436c62aba2 - std[70759c8f55707aa4]::panicking::panic_with_hook
[INFO] [stdout]    7:     0x5c436c60cd04 - std[70759c8f55707aa4]::panicking::panic_handler::{closure#0}
[INFO] [stdout]    8:     0x5c436c605939 - std[70759c8f55707aa4]::sys::backtrace::__rust_end_short_backtrace::<std[70759c8f55707aa4]::panicking::panic_handler::{closure#0}, !>
[INFO] [stdout]    9:     0x5c436c60d98d - __rustc[8fa7c3cbc660c2b3]::rust_begin_unwind
[INFO] [stdout]   10:     0x5c436c64bc5c - core[df12db4294e9bfd3]::panicking::panic_fmt
[INFO] [stdout]   11:     0x5c436c64bc22 - core[df12db4294e9bfd3]::panicking::panic
[INFO] [stdout]   12:     0x5c436c4cd6da - integration_test[1e3787b9f2325e8]::src_path
[INFO] [stdout]   13:     0x5c436c4ccb41 - integration_test[1e3787b9f2325e8]::read_golden
[INFO] [stdout]   14:     0x5c436c4d0388 - <integration_test[1e3787b9f2325e8]::test_repl_colors::{closure#0} as core[df12db4294e9bfd3]::ops::function::FnOnce<()>>::call_once
[INFO] [stdout]   15:     0x5c436c4dc49b - test[9d35eded1c95d3be]::__rust_begin_short_backtrace::<core[df12db4294e9bfd3]::result::Result<(), alloc[2182bb758b4b3781]::string::String>, fn() -> core[df12db4294e9bfd3]::result::Result<(), alloc[2182bb758b4b3781]::string::String>>
[INFO] [stdout]   16:     0x5c436c4e9b05 - test[9d35eded1c95d3be]::run_test::{closure#0}
[INFO] [stdout]   17:     0x5c436c4e33c4 - std[70759c8f55707aa4]::sys::backtrace::__rust_begin_short_backtrace::<test[9d35eded1c95d3be]::run_test::{closure#1}, ()>
[INFO] [stdout]   18:     0x5c436c4ecc62 - <std[70759c8f55707aa4]::thread::lifecycle::spawn_unchecked<test[9d35eded1c95d3be]::run_test::{closure#1}, ()>::{closure#1} as core[df12db4294e9bfd3]::ops::function::FnOnce<()>>::call_once::{shim:vtable#0}
[INFO] [stdout]   19:     0x5c436c6330a9 - <std[70759c8f55707aa4]::sys::thread::unix::Thread>::new::thread_start
[INFO] [stdout]   20:     0x7d0b04598dfa - <unknown>
[INFO] [stdout]   21:     0x7d0b0462c3d4 - clone
[INFO] [stdout]   22:                0x0 - <unknown>
[INFO] [stdout] 
[INFO] [stdout] ---- test_repl_load_save stdout ----
[INFO] [stdout] 
[INFO] [stdout] thread 'test_repl_load_save' (3666) panicked at tests/integration_test.rs:59:5:
[INFO] [stdout] assertion failed: dir.join("Cargo.lock").exists()
[INFO] [stdout] stack backtrace:
[INFO] [stdout]    0:     0x5c436c633b01 - <<std[70759c8f55707aa4]::sys::backtrace::BacktraceLock>::print::DisplayBacktrace as core[df12db4294e9bfd3]::fmt::Display>::fmt
[INFO] [stdout]    1:     0x5c436c64b47a - core[df12db4294e9bfd3]::fmt::write
[INFO] [stdout]    2:     0x5c436c63967c - <alloc[2182bb758b4b3781]::vec::Vec<u8> as core[df12db4294e9bfd3]::io::write::Write>::write_fmt
[INFO] [stdout]    3:     0x5c436c60cc26 - std[70759c8f55707aa4]::panicking::default_hook::{closure#0}
[INFO] [stdout]    4:     0x5c436c62a9e9 - std[70759c8f55707aa4]::panicking::default_hook
[INFO] [stdout]    5:     0x5c436c4e91b0 - test[9d35eded1c95d3be]::test_main_inner::<test[9d35eded1c95d3be]::test_main_static::{closure#0}>::{closure#0}
[INFO] [stdout]    6:     0x5c436c62aba2 - std[70759c8f55707aa4]::panicking::panic_with_hook
[INFO] [stdout]    7:     0x5c436c60cd04 - std[70759c8f55707aa4]::panicking::panic_handler::{closure#0}
[INFO] [stdout]    8:     0x5c436c605939 - std[70759c8f55707aa4]::sys::backtrace::__rust_end_short_backtrace::<std[70759c8f55707aa4]::panicking::panic_handler::{closure#0}, !>
[INFO] [stdout]    9:     0x5c436c60d98d - __rustc[8fa7c3cbc660c2b3]::rust_begin_unwind
[INFO] [stdout]   10:     0x5c436c64bc5c - core[df12db4294e9bfd3]::panicking::panic_fmt
[INFO] [stdout]   11:     0x5c436c64bc22 - core[df12db4294e9bfd3]::panicking::panic
[INFO] [stdout]   12:     0x5c436c4cd6da - integration_test[1e3787b9f2325e8]::src_path
[INFO] [stdout]   13:     0x5c436c4d2dd5 - <integration_test[1e3787b9f2325e8]::test_repl_load_save::{closure#0} as core[df12db4294e9bfd3]::ops::function::FnOnce<()>>::call_once
[INFO] [stdout]   14:     0x5c436c4dc49b - test[9d35eded1c95d3be]::__rust_begin_short_backtrace::<core[df12db4294e9bfd3]::result::Result<(), alloc[2182bb758b4b3781]::string::String>, fn() -> core[df12db4294e9bfd3]::result::Result<(), alloc[2182bb758b4b3781]::string::String>>
[INFO] [stdout]   15:     0x5c436c4e9b05 - test[9d35eded1c95d3be]::run_test::{closure#0}
[INFO] [stdout]   16:     0x5c436c4e33c4 - std[70759c8f55707aa4]::sys::backtrace::__rust_begin_short_backtrace::<test[9d35eded1c95d3be]::run_test::{closure#1}, ()>
[INFO] [stdout]   17:     0x5c436c4ecc62 - <std[70759c8f55707aa4]::thread::lifecycle::spawn_unchecked<test[9d35eded1c95d3be]::run_test::{closure#1}, ()>::{closure#1} as core[df12db4294e9bfd3]::ops::function::FnOnce<()>>::call_once::{shim:vtable#0}
[INFO] [stdout]   18:     0x5c436c6330a9 - <std[70759c8f55707aa4]::sys::thread::unix::Thread>::new::thread_start
[INFO] [stdout]   19:     0x7d0b04598dfa - <unknown>
[INFO] [stdout]   20:     0x7d0b0462c3d4 - clone
[INFO] [stdout]   21:                0x0 - <unknown>
[INFO] [stdout] 
[INFO] [stdout] ---- test_lang_parser_error stdout ----
[INFO] [stdout] 
[INFO] [stdout] thread 'test_lang_parser_error' (3650) panicked at tests/integration_test.rs:59:5:
[INFO] [stdout] assertion failed: dir.join("Cargo.lock").exists()
[INFO] [stdout] stack backtrace:
[INFO] [stdout]    0:     0x5c436c633b01 - <<std[70759c8f55707aa4]::sys::backtrace::BacktraceLock>::print::DisplayBacktrace as core[df12db4294e9bfd3]::fmt::Display>::fmt
[INFO] [stdout]    1:     0x5c436c64b47a - core[df12db4294e9bfd3]::fmt::write
[INFO] [stdout]    2:     0x5c436c63967c - <alloc[2182bb758b4b3781]::vec::Vec<u8> as core[df12db4294e9bfd3]::io::write::Write>::write_fmt
[INFO] [stdout]    3:     0x5c436c60cc26 - std[70759c8f55707aa4]::panicking::default_hook::{closure#0}
[INFO] [stdout]    4:     0x5c436c62a9e9 - std[70759c8f55707aa4]::panicking::default_hook
[INFO] [stdout]    5:     0x5c436c4e91b0 - test[9d35eded1c95d3be]::test_main_inner::<test[9d35eded1c95d3be]::test_main_static::{closure#0}>::{closure#0}
[INFO] [stdout]    6:     0x5c436c62aba2 - std[70759c8f55707aa4]::panicking::panic_with_hook
[INFO] [stdout]    7:     0x5c436c60cd04 - std[70759c8f55707aa4]::panicking::panic_handler::{closure#0}
[INFO] [stdout]    8:     0x5c436c605939 - std[70759c8f55707aa4]::sys::backtrace::__rust_end_short_backtrace::<std[70759c8f55707aa4]::panicking::panic_handler::{closure#0}, !>
[INFO] [stdout]    9:     0x5c436c60d98d - __rustc[8fa7c3cbc660c2b3]::rust_begin_unwind
[INFO] [stdout]   10:     0x5c436c64bc5c - core[df12db4294e9bfd3]::panicking::panic_fmt
[INFO] [stdout]   11:     0x5c436c64bc22 - core[df12db4294e9bfd3]::panicking::panic
[INFO] [stdout]   12:     0x5c436c4cd6da - integration_test[1e3787b9f2325e8]::src_path
[INFO] [stdout]   13:     0x5c436c4cd4bb - integration_test[1e3787b9f2325e8]::src_str
[INFO] [stdout]   14:     0x5c436c4d50a2 - <integration_test[1e3787b9f2325e8]::test_lang_parser_error::{closure#0} as core[df12db4294e9bfd3]::ops::function::FnOnce<()>>::call_once
[INFO] [stdout]   15:     0x5c436c4dc49b - test[9d35eded1c95d3be]::__rust_begin_short_backtrace::<core[df12db4294e9bfd3]::result::Result<(), alloc[2182bb758b4b3781]::string::String>, fn() -> core[df12db4294e9bfd3]::result::Result<(), alloc[2182bb758b4b3781]::string::String>>
[INFO] [stdout]   16:     0x5c436c4e9b05 - test[9d35eded1c95d3be]::run_test::{closure#0}
[INFO] [stdout]   17:     0x5c436c4e33c4 - std[70759c8f55707aa4]::sys::backtrace::__rust_begin_short_backtrace::<test[9d35eded1c95d3be]::run_test::{closure#1}, ()>
[INFO] [stdout]   18:     0x5c436c4ecc62 - <std[70759c8f55707aa4]::thread::lifecycle::spawn_unchecked<test[9d35eded1c95d3be]::run_test::{closure#1}, ()>::{closure#1} as core[df12db4294e9bfd3]::ops::function::FnOnce<()>>::call_once::{shim:vtable#0}
[INFO] [stdout]   19:     0x5c436c6330a9 - <std[70759c8f55707aa4]::sys::thread::unix::Thread>::new::thread_start
[INFO] [stdout]   20:     0x7d0b04598dfa - <unknown>
[INFO] [stdout]   21:     0x7d0b0462c3d4 - clone
[INFO] [stdout]   22:                0x0 - <unknown>
[INFO] [stdout] 
[INFO] [stdout] ---- test_repl_exit_saved stdout ----
[INFO] [stdout] 
[INFO] [stdout] thread 'test_repl_exit_saved' (3661) panicked at tests/integration_test.rs:59:5:
[INFO] [stdout] assertion failed: dir.join("Cargo.lock").exists()
[INFO] [stdout] stack backtrace:
[INFO] [stdout]    0:     0x5c436c633b01 - <<std[70759c8f55707aa4]::sys::backtrace::BacktraceLock>::print::DisplayBacktrace as core[df12db4294e9bfd3]::fmt::Display>::fmt
[INFO] [stdout]    1:     0x5c436c64b47a - core[df12db4294e9bfd3]::fmt::write
[INFO] [stdout]    2:     0x5c436c63967c - <alloc[2182bb758b4b3781]::vec::Vec<u8> as core[df12db4294e9bfd3]::io::write::Write>::write_fmt
[INFO] [stdout]    3:     0x5c436c60cc26 - std[70759c8f55707aa4]::panicking::default_hook::{closure#0}
[INFO] [stdout]    4:     0x5c436c62a9e9 - std[70759c8f55707aa4]::panicking::default_hook
[INFO] [stdout]    5:     0x5c436c4e91b0 - test[9d35eded1c95d3be]::test_main_inner::<test[9d35eded1c95d3be]::test_main_static::{closure#0}>::{closure#0}
[INFO] [stdout]    6:     0x5c436c62aba2 - std[70759c8f55707aa4]::panicking::panic_with_hook
[INFO] [stdout]    7:     0x5c436c60cd04 - std[70759c8f55707aa4]::panicking::panic_handler::{closure#0}
[INFO] [stdout]    8:     0x5c436c605939 - std[70759c8f55707aa4]::sys::backtrace::__rust_end_short_backtrace::<std[70759c8f55707aa4]::panicking::panic_handler::{closure#0}, !>
[INFO] [stdout]    9:     0x5c436c60d98d - __rustc[8fa7c3cbc660c2b3]::rust_begin_unwind
[INFO] [stdout]   10:     0x5c436c64bc5c - core[df12db4294e9bfd3]::panicking::panic_fmt
[INFO] [stdout]   11:     0x5c436c64bc22 - core[df12db4294e9bfd3]::panicking::panic
[INFO] [stdout]   12:     0x5c436c4cd6da - integration_test[1e3787b9f2325e8]::src_path
[INFO] [stdout]   13:     0x5c436c4ccb41 - integration_test[1e3787b9f2325e8]::read_golden
[INFO] [stdout]   14:     0x5c436c4d4068 - <integration_test[1e3787b9f2325e8]::test_repl_exit_saved::{closure#0} as core[df12db4294e9bfd3]::ops::function::FnOnce<()>>::call_once
[INFO] [stdout]   15:     0x5c436c4dc49b - test[9d35eded1c95d3be]::__rust_begin_short_backtrace::<core[df12db4294e9bfd3]::result::Result<(), alloc[2182bb758b4b3781]::string::String>, fn() -> core[df12db4294e9bfd3]::result::Result<(), alloc[2182bb758b4b3781]::string::String>>
[INFO] [stdout]   16:     0x5c436c4e9b05 - test[9d35eded1c95d3be]::run_test::{closure#0}
[INFO] [stdout]   17:     0x5c436c4e33c4 - std[70759c8f55707aa4]::sys::backtrace::__rust_begin_short_backtrace::<test[9d35eded1c95d3be]::run_test::{closure#1}, ()>
[INFO] [stdout]   18:     0x5c436c4ecc62 - <std[70759c8f55707aa4]::thread::lifecycle::spawn_unchecked<test[9d35eded1c95d3be]::run_test::{closure#1}, ()>::{closure#1} as core[df12db4294e9bfd3]::ops::function::FnOnce<()>>::call_once::{shim:vtable#0}
[INFO] [stdout]   19:     0x5c436c6330a9 - <std[70759c8f55707aa4]::sys::thread::unix::Thread>::new::thread_start
[INFO] [stdout]   20:     0x7d0b04598dfa - <unknown>
[INFO] [stdout]   21:     0x7d0b0462c3d4 - clone
[INFO] [stdout]   22:                0x0 - <unknown>
[INFO] [stdout] 
[INFO] [stdout] ---- test_repl_storage stdout ----
[INFO] [stdout] 
[INFO] [stdout] thread 'test_repl_storage' (3668) panicked at tests/integration_test.rs:59:5:
[INFO] [stdout] assertion failed: dir.join("Cargo.lock").exists()
[INFO] [stdout] stack backtrace:
[INFO] [stdout]    0:     0x5c436c633b01 - <<std[70759c8f55707aa4]::sys::backtrace::BacktraceLock>::print::DisplayBacktrace as core[df12db4294e9bfd3]::fmt::Display>::fmt
[INFO] [stdout]    1:     0x5c436c64b47a - core[df12db4294e9bfd3]::fmt::write
[INFO] [stdout]    2:     0x5c436c63967c - <alloc[2182bb758b4b3781]::vec::Vec<u8> as core[df12db4294e9bfd3]::io::write::Write>::write_fmt
[INFO] [stdout]    3:     0x5c436c60cc26 - std[70759c8f55707aa4]::panicking::default_hook::{closure#0}
[INFO] [stdout]    4:     0x5c436c62a9e9 - std[70759c8f55707aa4]::panicking::default_hook
[INFO] [stdout]    5:     0x5c436c4e91b0 - test[9d35eded1c95d3be]::test_main_inner::<test[9d35eded1c95d3be]::test_main_static::{closure#0}>::{closure#0}
[INFO] [stdout]    6:     0x5c436c62aba2 - std[70759c8f55707aa4]::panicking::panic_with_hook
[INFO] [stdout]    7:     0x5c436c60cd04 - std[70759c8f55707aa4]::panicking::panic_handler::{closure#0}
[INFO] [stdout]    8:     0x5c436c605939 - std[70759c8f55707aa4]::sys::backtrace::__rust_end_short_backtrace::<std[70759c8f55707aa4]::panicking::panic_handler::{closure#0}, !>
[INFO] [stdout]    9:     0x5c436c60d98d - __rustc[8fa7c3cbc660c2b3]::rust_begin_unwind
[INFO] [stdout]   10:     0x5c436c64bc5c - core[df12db4294e9bfd3]::panicking::panic_fmt
[INFO] [stdout]   11:     0x5c436c64bc22 - core[df12db4294e9bfd3]::panicking::panic
[INFO] [stdout]   12:     0x5c436c4cd6da - integration_test[1e3787b9f2325e8]::src_path
[INFO] [stdout]   13:     0x5c436c4ccb41 - integration_test[1e3787b9f2325e8]::read_golden
[INFO] [stdout]   14:     0x5c436c4d126d - <integration_test[1e3787b9f2325e8]::test_repl_storage::{closure#0} as core[df12db4294e9bfd3]::ops::function::FnOnce<()>>::call_once
[INFO] [stdout]   15:     0x5c436c4dc49b - test[9d35eded1c95d3be]::__rust_begin_short_backtrace::<core[df12db4294e9bfd3]::result::Result<(), alloc[2182bb758b4b3781]::string::String>, fn() -> core[df12db4294e9bfd3]::result::Result<(), alloc[2182bb758b4b3781]::string::String>>
[INFO] [stdout]   16:     0x5c436c4e9b05 - test[9d35eded1c95d3be]::run_test::{closure#0}
[INFO] [stdout]   17:     0x5c436c4e33c4 - std[70759c8f55707aa4]::sys::backtrace::__rust_begin_short_backtrace::<test[9d35eded1c95d3be]::run_test::{closure#1}, ()>
[INFO] [stdout]   18:     0x5c436c4ecc62 - <std[70759c8f55707aa4]::thread::lifecycle::spawn_unchecked<test[9d35eded1c95d3be]::run_test::{closure#1}, ()>::{closure#1} as core[df12db4294e9bfd3]::ops::function::FnOnce<()>>::call_once::{shim:vtable#0}
[INFO] [stdout]   19:     0x5c436c6330a9 - <std[70759c8f55707aa4]::sys::thread::unix::Thread>::new::thread_start
[INFO] [stdout]   20:     0x7d0b04598dfa - <unknown>
[INFO] [stdout]   21:     0x7d0b0462c3d4 - clone
[INFO] [stdout]   22:                0x0 - <unknown>
[INFO] [stdout] 
[INFO] [stdout] ---- test_repl_state_sharing stdout ----
[INFO] [stdout] 
[INFO] [stdout] thread 'test_repl_state_sharing' (3667) panicked at tests/integration_test.rs:59:5:
[INFO] [stdout] assertion failed: dir.join("Cargo.lock").exists()
[INFO] [stdout] stack backtrace:
[INFO] [stdout]    0:     0x5c436c633b01 - <<std[70759c8f55707aa4]::sys::backtrace::BacktraceLock>::print::DisplayBacktrace as core[df12db4294e9bfd3]::fmt::Display>::fmt
[INFO] [stdout]    1:     0x5c436c64b47a - core[df12db4294e9bfd3]::fmt::write
[INFO] [stdout]    2:     0x5c436c63967c - <alloc[2182bb758b4b3781]::vec::Vec<u8> as core[df12db4294e9bfd3]::io::write::Write>::write_fmt
[INFO] [stdout]    3:     0x5c436c60cc26 - std[70759c8f55707aa4]::panicking::default_hook::{closure#0}
[INFO] [stdout]    4:     0x5c436c62a9e9 - std[70759c8f55707aa4]::panicking::default_hook
[INFO] [stdout]    5:     0x5c436c4e91b0 - test[9d35eded1c95d3be]::test_main_inner::<test[9d35eded1c95d3be]::test_main_static::{closure#0}>::{closure#0}
[INFO] [stdout]    6:     0x5c436c62aba2 - std[70759c8f55707aa4]::panicking::panic_with_hook
[INFO] [stdout]    7:     0x5c436c60cd04 - std[70759c8f55707aa4]::panicking::panic_handler::{closure#0}
[INFO] [stdout]    8:     0x5c436c605939 - std[70759c8f55707aa4]::sys::backtrace::__rust_end_short_backtrace::<std[70759c8f55707aa4]::panicking::panic_handler::{closure#0}, !>
[INFO] [stdout]    9:     0x5c436c60d98d - __rustc[8fa7c3cbc660c2b3]::rust_begin_unwind
[INFO] [stdout]   10:     0x5c436c64bc5c - core[df12db4294e9bfd3]::panicking::panic_fmt
[INFO] [stdout]   11:     0x5c436c64bc22 - core[df12db4294e9bfd3]::panicking::panic
[INFO] [stdout]   12:     0x5c436c4cd6da - integration_test[1e3787b9f2325e8]::src_path
[INFO] [stdout]   13:     0x5c436c4ccb41 - integration_test[1e3787b9f2325e8]::read_golden
[INFO] [stdout]   14:     0x5c436c4d66d8 - <integration_test[1e3787b9f2325e8]::test_repl_state_sharing::{closure#0} as core[df12db4294e9bfd3]::ops::function::FnOnce<()>>::call_once
[INFO] [stdout]   15:     0x5c436c4dc49b - test[9d35eded1c95d3be]::__rust_begin_short_backtrace::<core[df12db4294e9bfd3]::result::Result<(), alloc[2182bb758b4b3781]::string::String>, fn() -> core[df12db4294e9bfd3]::result::Result<(), alloc[2182bb758b4b3781]::string::String>>
[INFO] [stdout]   16:     0x5c436c4e9b05 - test[9d35eded1c95d3be]::run_test::{closure#0}
[INFO] [stdout]   17:     0x5c436c4e33c4 - std[70759c8f55707aa4]::sys::backtrace::__rust_begin_short_backtrace::<test[9d35eded1c95d3be]::run_test::{closure#1}, ()>
[INFO] [stdout]   18:     0x5c436c4ecc62 - <std[70759c8f55707aa4]::thread::lifecycle::spawn_unchecked<test[9d35eded1c95d3be]::run_test::{closure#1}, ()>::{closure#1} as core[df12db4294e9bfd3]::ops::function::FnOnce<()>>::call_once::{shim:vtable#0}
[INFO] [stdout]   19:     0x5c436c6330a9 - <std[70759c8f55707aa4]::sys::thread::unix::Thread>::new::thread_start
[INFO] [stdout]   20:     0x7d0b04598dfa - <unknown>
[INFO] [stdout]   21:     0x7d0b0462c3d4 - clone
[INFO] [stdout]   22:                0x0 - <unknown>
[INFO] [stdout] 
[INFO] [stdout] ---- test_cli_version stdout ----
[INFO] [stdout] 
[INFO] [stdout] thread 'test_cli_version' (3618) panicked at tests/integration_test.rs:59:5:
[INFO] [stdout] assertion failed: dir.join("Cargo.lock").exists()
[INFO] [stdout] stack backtrace:
[INFO] [stdout]    0:     0x5c436c633b01 - <<std[70759c8f55707aa4]::sys::backtrace::BacktraceLock>::print::DisplayBacktrace as core[df12db4294e9bfd3]::fmt::Display>::fmt
[INFO] [stdout]    1:     0x5c436c64b47a - core[df12db4294e9bfd3]::fmt::write
[INFO] [stdout]    2:     0x5c436c63967c - <alloc[2182bb758b4b3781]::vec::Vec<u8> as core[df12db4294e9bfd3]::io::write::Write>::write_fmt
[INFO] [stdout]    3:     0x5c436c60cc26 - std[70759c8f55707aa4]::panicking::default_hook::{closure#0}
[INFO] [stdout]    4:     0x5c436c62a9e9 - std[70759c8f55707aa4]::panicking::default_hook
[INFO] [stdout]    5:     0x5c436c4e91b0 - test[9d35eded1c95d3be]::test_main_inner::<test[9d35eded1c95d3be]::test_main_static::{closure#0}>::{closure#0}
[INFO] [stdout]    6:     0x5c436c62aba2 - std[70759c8f55707aa4]::panicking::panic_with_hook
[INFO] [stdout]    7:     0x5c436c60cd04 - std[70759c8f55707aa4]::panicking::panic_handler::{closure#0}
[INFO] [stdout]    8:     0x5c436c605939 - std[70759c8f55707aa4]::sys::backtrace::__rust_end_short_backtrace::<std[70759c8f55707aa4]::panicking::panic_handler::{closure#0}, !>
[INFO] [stdout]    9:     0x5c436c60d98d - __rustc[8fa7c3cbc660c2b3]::rust_begin_unwind
[INFO] [stdout]   10:     0x5c436c64bc5c - core[df12db4294e9bfd3]::panicking::panic_fmt
[INFO] [stdout]   11:     0x5c436c64bc22 - core[df12db4294e9bfd3]::panicking::panic
[INFO] [stdout]   12:     0x5c436c4cd6da - integration_test[1e3787b9f2325e8]::src_path
[INFO] [stdout]   13:     0x5c436c4cd3db - integration_test[1e3787b9f2325e8]::golden
[INFO] [stdout]   14:     0x5c436c4ce596 - integration_test[1e3787b9f2325e8]::test_cli_version::check_with_args
[INFO] [stdout]   15:     0x5c436c4cfdf5 - <integration_test[1e3787b9f2325e8]::test_cli_version::{closure#0} as core[df12db4294e9bfd3]::ops::function::FnOnce<()>>::call_once
[INFO] [stdout]   16:     0x5c436c4dc49b - test[9d35eded1c95d3be]::__rust_begin_short_backtrace::<core[df12db4294e9bfd3]::result::Result<(), alloc[2182bb758b4b3781]::string::String>, fn() -> core[df12db4294e9bfd3]::result::Result<(), alloc[2182bb758b4b3781]::string::String>>
[INFO] [stdout]   17:     0x5c436c4e9b05 - test[9d35eded1c95d3be]::run_test::{closure#0}
[INFO] [stdout]   18:     0x5c436c4e33c4 - std[70759c8f55707aa4]::sys::backtrace::__rust_begin_short_backtrace::<test[9d35eded1c95d3be]::run_test::{closure#1}, ()>
[INFO] [stdout]   19:     0x5c436c4ecc62 - <std[70759c8f55707aa4]::thread::lifecycle::spawn_unchecked<test[9d35eded1c95d3be]::run_test::{closure#1}, ()>::{closure#1} as core[df12db4294e9bfd3]::ops::function::FnOnce<()>>::call_once::{shim:vtable#0}
[INFO] [stdout]   20:     0x5c436c6330a9 - <std[70759c8f55707aa4]::sys::thread::unix::Thread>::new::thread_start
[INFO] [stdout]   21:     0x7d0b04598dfa - <unknown>
[INFO] [stdout]   22:     0x7d0b0462c3d4 - clone
[INFO] [stdout]   23:                0x0 - <unknown>
[INFO] [stdout] 
[INFO] [stdout] 
[INFO] [stdout] failures:
[INFO] [stdout]     test_cli_autoexec_is_ignored
[INFO] [stdout]     test_cli_flag_overrides_propline_console
[INFO] [stdout]     test_cli_help
[INFO] [stdout]     test_cli_interactive
[INFO] [stdout]     test_cli_propline_errors
[INFO] [stdout]     test_cli_propline_sets_default_console
[INFO] [stdout]     test_cli_version
[INFO] [stdout]     test_example_alarm
[INFO] [stdout]     test_example_bounce
[INFO] [stdout]     test_example_fibonacci
[INFO] [stdout]     test_example_gpio
[INFO] [stdout]     test_example_guess
[INFO] [stdout]     test_example_hello
[INFO] [stdout]     test_example_palette
[INFO] [stdout]     test_example_tour
[INFO] [stdout]     test_lang_bitwise
[INFO] [stdout]     test_lang_control_flow
[INFO] [stdout]     test_lang_control_flow_errors
[INFO] [stdout]     test_lang_exec_error
[INFO] [stdout]     test_lang_exprs
[INFO] [stdout]     test_lang_exprs_errors
[INFO] [stdout]     test_lang_functions
[INFO] [stdout]     test_lang_hello
[INFO] [stdout]     test_lang_lexer_error
[INFO] [stdout]     test_lang_matrix
[INFO] [stdout]     test_lang_operators
[INFO] [stdout]     test_lang_parser_error
[INFO] [stdout]     test_lang_shebang_exec
[INFO] [stdout]     test_lang_types
[INFO] [stdout]     test_lang_utf8
[INFO] [stdout]     test_lang_yes_no
[INFO] [stdout]     test_repl_autoexec
[INFO] [stdout]     test_repl_colors
[INFO] [stdout]     test_repl_console
[INFO] [stdout]     test_repl_dir
[INFO] [stdout]     test_repl_editor
[INFO] [stdout]     test_repl_exit_nonzero
[INFO] [stdout]     test_repl_exit_saved
[INFO] [stdout]     test_repl_exit_unsaved
[INFO] [stdout]     test_repl_exit_zero
[INFO] [stdout]     test_repl_help
[INFO] [stdout]     test_repl_interactive
[INFO] [stdout]     test_repl_load_save
[INFO] [stdout]     test_repl_state_sharing
[INFO] [stdout]     test_repl_storage
[INFO] [stdout] 
[INFO] [stdout] test result: FAILED. 3 passed; 45 failed; 1 ignored; 0 measured; 0 filtered out; finished in 0.03s
[INFO] [stdout] 
[INFO] [stderr] error: test failed, to rerun pass `--test integration_test`
[INFO] running `Command { std: "docker" "inspect" "76ea8590b732e2829ccba7a3595e5cc2faf9dc779ef89c753e732b743146ffd4", kill_on_drop: false }`
[INFO] running `Command { std: "docker" "rm" "-f" "76ea8590b732e2829ccba7a3595e5cc2faf9dc779ef89c753e732b743146ffd4", kill_on_drop: false }`
[INFO] [stdout] 76ea8590b732e2829ccba7a3595e5cc2faf9dc779ef89c753e732b743146ffd4
