[INFO] fetching crate endbasic-repl 0.14.1...
[INFO] testing endbasic-repl-0.14.1 against 1.100.0-beta.1+cargoflags=--release for beta-release-1.100-2
[INFO] extracting crate endbasic-repl 0.14.1 into /workspace/builds/worker-7-tc2/source
[INFO] started tweaking crates.io crate endbasic-repl 0.14.1
[INFO] finished tweaking crates.io crate endbasic-repl 0.14.1
[INFO] tweaked toml for crates.io crate endbasic-repl 0.14.1 written to /workspace/builds/worker-7-tc2/source/Cargo.toml
[INFO] validating manifest of crates.io crate endbasic-repl 0.14.1 on toolchain 1.100.0-beta.1
[INFO] running `Command { std: CARGO_HOME="/workspace/cargo-home" RUSTUP_HOME="/workspace/rustup-home" "/workspace/cargo-home/bin/cargo" "+1.100.0-beta.1" "metadata" "--manifest-path" "Cargo.toml" "--no-deps", kill_on_drop: false }`
[INFO] crate crates.io crate endbasic-repl 0.14.1 already has a lockfile, it will not be regenerated
[INFO] running `Command { std: CARGO_HOME="/workspace/cargo-home" RUSTUP_HOME="/workspace/rustup-home" "/workspace/cargo-home/bin/cargo" "+1.100.0-beta.1" "fetch" "--manifest-path" "Cargo.toml", kill_on_drop: false }`
[INFO] running `Command { std: "docker" "create" "-v" "/var/lib/crater-agent-workspace/builds/worker-7-tc2/source:/opt/rustwide/workdir:ro,Z" "-v" "/var/lib/crater-agent-workspace/builds/worker-7-tc2/target:/opt/rustwide/target:rw,Z" "-v" "/var/lib/crater-agent-workspace/cargo-home:/opt/rustwide/cargo-home:ro,Z" "-v" "/var/lib/crater-agent-workspace/rustup-home:/opt/rustwide/rustup-home:ro,Z" "-m" "1610612736" "--network" "none" "ghcr.io/rust-lang/crates-build-env/linux@sha256:77db811e55d90add9212f6832c23229e3de5f1c1f9905e8cb07319ea15df73ac" "sleep" "infinity", kill_on_drop: false }`
[INFO] [stdout] a60787f8a30f42877e1ac7b4b3965fcca87a888108be0e91923674cae1c2b003
[INFO] running `Command { std: "docker" "start" "a60787f8a30f42877e1ac7b4b3965fcca87a888108be0e91923674cae1c2b003", kill_on_drop: false }`
[INFO] running `Command { std: "docker" "inspect" "a60787f8a30f42877e1ac7b4b3965fcca87a888108be0e91923674cae1c2b003", kill_on_drop: false }`
[INFO] running `Command { std: "docker" "exec" "-e" "SOURCE_DIR=/opt/rustwide/workdir" "-e" "CARGO_HOME=/opt/rustwide/cargo-home" "-e" "RUSTUP_HOME=/opt/rustwide/rustup-home" "-e" "CARGO_TARGET_DIR=/opt/rustwide/target" "-w" "/opt/rustwide/workdir" "--user" "0:0" "a60787f8a30f42877e1ac7b4b3965fcca87a888108be0e91923674cae1c2b003" "/opt/rustwide/cargo-home/bin/cargo" "+1.100.0-beta.1" "metadata" "--no-deps" "--format-version=1", kill_on_drop: false }`
[INFO] running `Command { std: "docker" "inspect" "a60787f8a30f42877e1ac7b4b3965fcca87a888108be0e91923674cae1c2b003", kill_on_drop: false }`
[INFO] running `Command { std: "docker" "exec" "-e" "SOURCE_DIR=/opt/rustwide/workdir" "-e" "CARGO_HOME=/opt/rustwide/cargo-home" "-e" "RUSTUP_HOME=/opt/rustwide/rustup-home" "-e" "CARGO_TARGET_DIR=/opt/rustwide/target" "-e" "CARGO_INCREMENTAL=0" "-e" "RUST_BACKTRACE=full" "-e" "RUSTFLAGS=--cap-lints=warn" "-e" "RUSTDOCFLAGS=--cap-lints=warn" "-w" "/opt/rustwide/workdir" "--user" "0:0" "a60787f8a30f42877e1ac7b4b3965fcca87a888108be0e91923674cae1c2b003" "/opt/rustwide/cargo-home/bin/cargo" "+1.100.0-beta.1" "build" "--frozen" "--message-format=json" "--release", kill_on_drop: false }`
[INFO] [stderr]    Compiling crossbeam-utils v0.8.21
[INFO] [stderr]    Compiling futures-core v0.3.32
[INFO] [stderr]    Compiling syn v2.0.117
[INFO] [stderr]    Compiling getrandom v0.2.17
[INFO] [stderr]    Compiling nibble_vec v0.1.0
[INFO] [stderr]    Compiling fastrand v2.4.1
[INFO] [stderr]    Compiling num_threads v0.1.7
[INFO] [stderr]    Compiling endian-type v0.1.2
[INFO] [stderr]    Compiling time v0.3.47
[INFO] [stderr]    Compiling radix_trie v0.2.1
[INFO] [stderr]    Compiling rand_core v0.6.4
[INFO] [stderr]    Compiling futures-lite v2.6.1
[INFO] [stderr]    Compiling rand_chacha v0.3.1
[INFO] [stderr]    Compiling rand v0.8.6
[INFO] [stderr]    Compiling concurrent-queue v2.5.0
[INFO] [stderr]    Compiling event-listener v5.4.1
[INFO] [stderr]    Compiling event-listener-strategy v0.5.4
[INFO] [stderr]    Compiling async-channel v2.5.0
[INFO] [stderr]    Compiling thiserror-impl v1.0.69
[INFO] [stderr]    Compiling async-trait v0.1.89
[INFO] [stderr]    Compiling thiserror v1.0.69
[INFO] [stderr]    Compiling endbasic-core v0.14.1
[INFO] [stderr]    Compiling endbasic-std v0.14.1
[INFO] [stderr]    Compiling endbasic-repl v0.14.1 (/opt/rustwide/workdir)
[INFO] [stderr]     Finished `release` profile [optimized] target(s) in 42.73s
[INFO] running `Command { std: "docker" "inspect" "a60787f8a30f42877e1ac7b4b3965fcca87a888108be0e91923674cae1c2b003", kill_on_drop: false }`
[INFO] running `Command { std: "docker" "exec" "-e" "SOURCE_DIR=/opt/rustwide/workdir" "-e" "CARGO_HOME=/opt/rustwide/cargo-home" "-e" "RUSTUP_HOME=/opt/rustwide/rustup-home" "-e" "CARGO_TARGET_DIR=/opt/rustwide/target" "-e" "CARGO_INCREMENTAL=0" "-e" "RUST_BACKTRACE=full" "-e" "RUSTFLAGS=--cap-lints=warn" "-e" "RUSTDOCFLAGS=--cap-lints=warn" "-w" "/opt/rustwide/workdir" "--user" "0:0" "a60787f8a30f42877e1ac7b4b3965fcca87a888108be0e91923674cae1c2b003" "/opt/rustwide/cargo-home/bin/cargo" "+1.100.0-beta.1" "test" "--frozen" "--no-run" "--message-format=json" "--release", kill_on_drop: false }`
[INFO] [stderr]    Compiling version-compare v0.1.1
[INFO] [stderr]    Compiling futures-lite v2.6.1
[INFO] [stderr]    Compiling simd-adler32 v0.3.9
[INFO] [stderr]    Compiling sdl2 v0.38.0
[INFO] [stderr]    Compiling endbasic-sdl v0.14.1
[INFO] [stderr]    Compiling miniz_oxide v0.8.9
[INFO] [stderr]    Compiling sdl2-sys v0.38.0
[INFO] [stderr]    Compiling flate2 v1.1.9
[INFO] [stderr]    Compiling endbasic-std v0.14.1
[INFO] [stderr]    Compiling endbasic-repl v0.14.1 (/opt/rustwide/workdir)
[INFO] [stderr]     Finished `release` profile [optimized] target(s) in 34.59s
[INFO] running `Command { std: "docker" "inspect" "a60787f8a30f42877e1ac7b4b3965fcca87a888108be0e91923674cae1c2b003", kill_on_drop: false }`
[INFO] running `Command { std: "docker" "exec" "-e" "SOURCE_DIR=/opt/rustwide/workdir" "-e" "CARGO_HOME=/opt/rustwide/cargo-home" "-e" "RUSTUP_HOME=/opt/rustwide/rustup-home" "-e" "CARGO_TARGET_DIR=/opt/rustwide/target" "-e" "CARGO_INCREMENTAL=0" "-e" "RUST_BACKTRACE=full" "-e" "RUSTFLAGS=--cap-lints=warn" "-e" "RUSTDOCFLAGS=--cap-lints=warn" "-w" "/opt/rustwide/workdir" "--user" "0:0" "a60787f8a30f42877e1ac7b4b3965fcca87a888108be0e91923674cae1c2b003" "/opt/rustwide/cargo-home/bin/cargo" "+1.100.0-beta.1" "test" "--frozen" "--release", kill_on_drop: false }`
[INFO] [stderr]     Finished `release` profile [optimized] target(s) in 0.15s
[INFO] [stderr]      Running unittests src/lib.rs (/opt/rustwide/target/release/build/endbasic-repl/be89b8f5143667c9/out/endbasic_repl-be89b8f5143667c9)
[INFO] [stdout] 
[INFO] [stdout] running 58 tests
[INFO] [stdout] test demos::tests::test_demos_drive_system_path ... ok
[INFO] [stdout] test demos::tests::test_demos_drive_get ... ok
[INFO] [stdout] test editor::tests::test_delete_at_end_of_file_is_ignored ... ok
[INFO] [stdout] test editor::tests::test_ctrl_d_joins_with_next_line ... ok
[INFO] [stdout] test demos::tests::test_demos_drive_enumerate ... ok
[INFO] [stdout] test editor::tests::test_editing_with_previous_content_starts_on_top_left ... ok
[INFO] [stdout] test editor::tests::test_force_trailing_newline ... ok
[INFO] [stdout] test editor::tests::test_delete_joins_with_next_line ... ok
[INFO] [stdout] test editor::tests::test_delete_last_character_of_line ... ok
[INFO] [stdout] test editor::tests::test_horizontal_and_vertical_scrolling_when_joining_first_visible_line ... ok
[INFO] [stdout] test demos::tests::test_demos_drive_delete ... ok
[INFO] [stdout] test editor::tests::test_horizontal_and_vertical_scrolling_when_splitting_last_visible_line ... ok
[INFO] [stdout] test demos::tests::test_demos_drive_put ... ok
[INFO] [stdout] test editor::tests::test_ctrl_d_in_middle_of_line ... ok
[INFO] [stdout] test editor::tests::test_insert_newline_in_middle ... ok
[INFO] [stdout] test editor::tests::test_insert_before_previous_content ... ok
[INFO] [stdout] test editor::tests::test_insert_in_empty_file ... ok
[INFO] [stdout] test editor::tests::test_horizontal_scrolling ... ok
[INFO] [stdout] test editor::tests::test_move_home_with_indent ... ok
[INFO] [stdout] test editor::tests::test_insert_before_last_character ... ok
[INFO] [stdout] test editor::tests::test_move_preserves_insertion_column ... ok
[INFO] [stdout] test editor::tests::test_narrow_console ... ok
[INFO] [stdout] test editor::tests::test_program_behavior ... ok
[INFO] [stdout] test editor::tests::test_split_last_line ... ok
[INFO] [stdout] test editor::tests::test_tab_append ... ok
[INFO] [stdout] test editor::tests::test_move_down_preserves_insertion_column_with_horizontal_scrolling ... ok
[INFO] [stdout] test editor::tests::test_move_end ... ok
[INFO] [stdout] test editor::tests::test_move_in_empty_file ... ok
[INFO] [stdout] test editor::tests::test_move_home_no_indent ... ok
[INFO] [stdout] test editor::tests::test_tab_remove_before_some_text ... ok
[INFO] [stdout] test editor::tests::test_tab_remove_empty_line ... ok
[INFO] [stdout] test editor::tests::test_tab_existing_content ... ok
[INFO] [stdout] test editor::tests::test_move_page_down_up ... ok
[INFO] [stdout] test editor::tests::test_move_up_preserves_insertion_column_with_horizontal_scrolling ... ok
[INFO] [stdout] test tests::test_autoexec_compilation_error_is_ignored ... ok
[INFO] [stdout] test tests::test_autoexec_execution_error_is_ignored ... ok
[INFO] [stdout] test tests::test_autoexec_missing ... ok
[INFO] [stdout] test editor::tests::test_very_narrow_console ... ok
[INFO] [stdout] test editor::tests::test_vertical_scrolling ... ok
[INFO] [stdout] test editor::tests::test_vertical_scrolling_when_joining_first_visible_line ... ok
[INFO] [stdout] test editor::tests::test_vertical_scrolling_when_splitting_last_visible_line ... ok
[INFO] [stdout] test tests::test_autoexec_name_is_case_sensitive ... ok
[INFO] [stdout] test tests::test_mount_cloud_share_invalid_path ... ok
[INFO] [stdout] test tests::test_print_welcome_and_is_narrow_agree ... ok
[INFO] [stdout] test tests::test_autoexec_ok ... ok
[INFO] [stdout] test tests::test_print_welcome_narrow_console ... ok
[INFO] [stdout] test tests::test_print_welcome_wide_console ... ok
[INFO] [stdout] test tests::test_mount_cloud_share_ok ... ok
[INFO] [stdout] test tests::test_run_from_storage_path_no_repl ... ok
[INFO] [stdout] test tests::test_run_from_storage_path_with_default_extension_and_repl ... ok
[INFO] [stdout] test tests::test_run_repl_loop_eof_during_input_does_not_exit_repl ... ok
[INFO] [stdout] test tests::test_run_repl_loop_signal_before_exec ... ok
[INFO] [stdout] test editor::tests::test_delete_in_middle_of_line ... ok
[INFO] [stdout] test logo::tests::test_draw_logo_transported_and_scaled ... FAILED
[INFO] [stdout] test logo::tests::test_draw_logo_origin_and_unscaled ... FAILED
[INFO] [stdout] test tests::test_print_welcome_draw_logo_big ... FAILED
[INFO] [stdout] test tests::test_print_welcome_draw_logo_tiny ... FAILED
[INFO] [stdout] test tests::test_print_welcome_draw_logo_default ... FAILED
[INFO] [stdout] 
[INFO] [stdout] failures:
[INFO] [stdout] 
[INFO] [stdout] ---- logo::tests::test_draw_logo_transported_and_scaled stdout ----
[INFO] [stdout] 
[INFO] [stdout] thread 'logo::tests::test_draw_logo_transported_and_scaled' (789) panicked at /opt/rustwide/cargo-home/registry/src/index.crates.io-1949cf8c6b5b557f/endbasic-sdl-0.14.1/src/console.rs:396:45:
[INFO] [stdout] called `Result::unwrap()` on an `Err` value: PoisonError { .. }
[INFO] [stdout] stack backtrace:
[INFO] [stdout]    0:     0x635f940e3ef1 - <<std[617be2ca0a6fd877]::sys::backtrace::BacktraceLock>::print::DisplayBacktrace as core[a373ad73a504971]::fmt::Display>::fmt
[INFO] [stdout]    1:     0x635f940fb59a - core[a373ad73a504971]::fmt::write
[INFO] [stdout]    2:     0x635f940e843c - <alloc[2e1b2a31b91974c5]::vec::Vec<u8> as core[a373ad73a504971]::io::write::Write>::write_fmt
[INFO] [stdout]    3:     0x635f940be576 - std[617be2ca0a6fd877]::panicking::default_hook::{closure#0}
[INFO] [stdout]    4:     0x635f940dba89 - std[617be2ca0a6fd877]::panicking::default_hook
[INFO] [stdout]    5:     0x635f93f697f0 - test[aada8e7e76ba119b]::test_main_inner::{closure#0}
[INFO] [stdout]    6:     0x635f940dbc42 - std[617be2ca0a6fd877]::panicking::panic_with_hook
[INFO] [stdout]    7:     0x635f940be622 - std[617be2ca0a6fd877]::panicking::panic_handler::{closure#0}
[INFO] [stdout]    8:     0x635f940b6fd9 - std[617be2ca0a6fd877]::sys::backtrace::__rust_end_short_backtrace::<std[617be2ca0a6fd877]::panicking::panic_handler::{closure#0}, !>
[INFO] [stdout]    9:     0x635f940bf4cd - __rustc[ea4f61d10b84890b]::rust_begin_unwind
[INFO] [stdout]   10:     0x635f940fbcfc - core[a373ad73a504971]::panicking::panic_fmt
[INFO] [stdout]   11:     0x635f940fbad2 - core[a373ad73a504971]::result::unwrap_failed
[INFO] [stdout]   12:     0x635f93fbff20 - <endbasic_sdl[9ffd50bfa4b7190a]::console::testutils::SdlTest>::new
[INFO] [stdout]   13:     0x635f93f4b9db - <endbasic_repl[f2a4da5612d08454]::logo::tests::test_draw_logo_transported_and_scaled::{closure#0} as core[a373ad73a504971]::ops::function::FnOnce<()>>::call_once
[INFO] [stdout]   14:     0x635f93f5cc3b - test[aada8e7e76ba119b]::__rust_begin_short_backtrace::<core[a373ad73a504971]::result::Result<(), alloc[2e1b2a31b91974c5]::string::String>, fn() -> core[a373ad73a504971]::result::Result<(), alloc[2e1b2a31b91974c5]::string::String>>
[INFO] [stdout]   15:     0x635f93f69e15 - test[aada8e7e76ba119b]::run_test::{closure#0}
[INFO] [stdout]   16:     0x635f93f63704 - std[617be2ca0a6fd877]::sys::backtrace::__rust_begin_short_backtrace::<test[aada8e7e76ba119b]::run_test::{closure#1}, ()>
[INFO] [stdout]   17:     0x635f93f6cea2 - <std[617be2ca0a6fd877]::thread::lifecycle::spawn_unchecked<test[aada8e7e76ba119b]::run_test::{closure#1}, ()>::{closure#1} as core[a373ad73a504971]::ops::function::FnOnce<()>>::call_once::{shim:vtable#0}
[INFO] [stdout]   18:     0x635f940e371f - <std[617be2ca0a6fd877]::sys::thread::unix::Thread>::new::thread_start
[INFO] [stdout]   19:     0x74390f0d8dfa - <unknown>
[INFO] [stdout]   20:     0x74390f16c3d4 - clone
[INFO] [stdout]   21:                0x0 - <unknown>
[INFO] [stdout] 
[INFO] [stdout] ---- logo::tests::test_draw_logo_origin_and_unscaled stdout ----
[INFO] [stdout] 
[INFO] [stdout] thread 'logo::tests::test_draw_logo_origin_and_unscaled' (788) panicked at /opt/rustwide/cargo-home/registry/src/index.crates.io-1949cf8c6b5b557f/endbasic-sdl-0.14.1/src/console.rs:356:9:
[INFO] [stdout] assertion failed: dir.join("Cargo.lock").exists()
[INFO] [stdout] stack backtrace:
[INFO] [stdout]    0:     0x635f940e3ef1 - <<std[617be2ca0a6fd877]::sys::backtrace::BacktraceLock>::print::DisplayBacktrace as core[a373ad73a504971]::fmt::Display>::fmt
[INFO] [stdout]    1:     0x635f940fb59a - core[a373ad73a504971]::fmt::write
[INFO] [stdout]    2:     0x635f940e843c - <alloc[2e1b2a31b91974c5]::vec::Vec<u8> as core[a373ad73a504971]::io::write::Write>::write_fmt
[INFO] [stdout]    3:     0x635f940be576 - std[617be2ca0a6fd877]::panicking::default_hook::{closure#0}
[INFO] [stdout]    4:     0x635f940dba89 - std[617be2ca0a6fd877]::panicking::default_hook
[INFO] [stdout]    5:     0x635f93f697f0 - test[aada8e7e76ba119b]::test_main_inner::{closure#0}
[INFO] [stdout]    6:     0x635f940dbc42 - std[617be2ca0a6fd877]::panicking::panic_with_hook
[INFO] [stdout]    7:     0x635f940be654 - std[617be2ca0a6fd877]::panicking::panic_handler::{closure#0}
[INFO] [stdout]    8:     0x635f940b6fd9 - std[617be2ca0a6fd877]::sys::backtrace::__rust_end_short_backtrace::<std[617be2ca0a6fd877]::panicking::panic_handler::{closure#0}, !>
[INFO] [stdout]    9:     0x635f940bf4cd - __rustc[ea4f61d10b84890b]::rust_begin_unwind
[INFO] [stdout]   10:     0x635f940fbcfc - core[a373ad73a504971]::panicking::panic_fmt
[INFO] [stdout]   11:     0x635f940fbcc2 - core[a373ad73a504971]::panicking::panic
[INFO] [stdout]   12:     0x635f93fc118b - <endbasic_sdl[9ffd50bfa4b7190a]::console::testutils::SdlTest>::verify
[INFO] [stdout]   13:     0x635f93f4b909 - <endbasic_repl[f2a4da5612d08454]::logo::tests::test_draw_logo_origin_and_unscaled::{closure#0} as core[a373ad73a504971]::ops::function::FnOnce<()>>::call_once
[INFO] [stdout]   14:     0x635f93f5cc3b - test[aada8e7e76ba119b]::__rust_begin_short_backtrace::<core[a373ad73a504971]::result::Result<(), alloc[2e1b2a31b91974c5]::string::String>, fn() -> core[a373ad73a504971]::result::Result<(), alloc[2e1b2a31b91974c5]::string::String>>
[INFO] [stdout]   15:     0x635f93f69e15 - test[aada8e7e76ba119b]::run_test::{closure#0}
[INFO] [stdout]   16:     0x635f93f63704 - std[617be2ca0a6fd877]::sys::backtrace::__rust_begin_short_backtrace::<test[aada8e7e76ba119b]::run_test::{closure#1}, ()>
[INFO] [stdout]   17:     0x635f93f6cea2 - <std[617be2ca0a6fd877]::thread::lifecycle::spawn_unchecked<test[aada8e7e76ba119b]::run_test::{closure#1}, ()>::{closure#1} as core[a373ad73a504971]::ops::function::FnOnce<()>>::call_once::{shim:vtable#0}
[INFO] [stdout]   18:     0x635f940e371f - <std[617be2ca0a6fd877]::sys::thread::unix::Thread>::new::thread_start
[INFO] [stdout]   19:     0x74390f0d8dfa - <unknown>
[INFO] [stdout]   20:     0x74390f16c3d4 - clone
[INFO] [stdout]   21:                0x0 - <unknown>
[INFO] [stdout] 
[INFO] [stdout] ---- tests::test_print_welcome_draw_logo_big stdout ----
[INFO] [stdout] 
[INFO] [stdout] thread 'tests::test_print_welcome_draw_logo_big' (799) panicked at /opt/rustwide/cargo-home/registry/src/index.crates.io-1949cf8c6b5b557f/endbasic-sdl-0.14.1/src/console.rs:396:45:
[INFO] [stdout] called `Result::unwrap()` on an `Err` value: PoisonError { .. }
[INFO] [stdout] stack backtrace:
[INFO] [stdout]    0:     0x635f940e3ef1 - <<std[617be2ca0a6fd877]::sys::backtrace::BacktraceLock>::print::DisplayBacktrace as core[a373ad73a504971]::fmt::Display>::fmt
[INFO] [stdout]    1:     0x635f940fb59a - core[a373ad73a504971]::fmt::write
[INFO] [stdout]    2:     0x635f940e843c - <alloc[2e1b2a31b91974c5]::vec::Vec<u8> as core[a373ad73a504971]::io::write::Write>::write_fmt
[INFO] [stdout]    3:     0x635f940be576 - std[617be2ca0a6fd877]::panicking::default_hook::{closure#0}
[INFO] [stdout]    4:     0x635f940dba89 - std[617be2ca0a6fd877]::panicking::default_hook
[INFO] [stdout]    5:     0x635f93f697f0 - test[aada8e7e76ba119b]::test_main_inner::{closure#0}
[INFO] [stdout]    6:     0x635f940dbc42 - std[617be2ca0a6fd877]::panicking::panic_with_hook
[INFO] [stdout]    7:     0x635f940be622 - std[617be2ca0a6fd877]::panicking::panic_handler::{closure#0}
[INFO] [stdout]    8:     0x635f940b6fd9 - std[617be2ca0a6fd877]::sys::backtrace::__rust_end_short_backtrace::<std[617be2ca0a6fd877]::panicking::panic_handler::{closure#0}, !>
[INFO] [stdout]    9:     0x635f940bf4cd - __rustc[ea4f61d10b84890b]::rust_begin_unwind
[INFO] [stdout]   10:     0x635f940fbcfc - core[a373ad73a504971]::panicking::panic_fmt
[INFO] [stdout]   11:     0x635f940fbad2 - core[a373ad73a504971]::result::unwrap_failed
[INFO] [stdout]   12:     0x635f93fbff20 - <endbasic_sdl[9ffd50bfa4b7190a]::console::testutils::SdlTest>::new
[INFO] [stdout]   13:     0x635f93f37c9c - <endbasic_repl[f2a4da5612d08454]::tests::test_print_welcome_draw_logo_big::{closure#0} as core[a373ad73a504971]::ops::function::FnOnce<()>>::call_once
[INFO] [stdout]   14:     0x635f93f5cc3b - test[aada8e7e76ba119b]::__rust_begin_short_backtrace::<core[a373ad73a504971]::result::Result<(), alloc[2e1b2a31b91974c5]::string::String>, fn() -> core[a373ad73a504971]::result::Result<(), alloc[2e1b2a31b91974c5]::string::String>>
[INFO] [stdout]   15:     0x635f93f69e15 - test[aada8e7e76ba119b]::run_test::{closure#0}
[INFO] [stdout]   16:     0x635f93f63704 - std[617be2ca0a6fd877]::sys::backtrace::__rust_begin_short_backtrace::<test[aada8e7e76ba119b]::run_test::{closure#1}, ()>
[INFO] [stdout]   17:     0x635f93f6cea2 - <std[617be2ca0a6fd877]::thread::lifecycle::spawn_unchecked<test[aada8e7e76ba119b]::run_test::{closure#1}, ()>::{closure#1} as core[a373ad73a504971]::ops::function::FnOnce<()>>::call_once::{shim:vtable#0}
[INFO] [stdout]   18:     0x635f940e371f - <std[617be2ca0a6fd877]::sys::thread::unix::Thread>::new::thread_start
[INFO] [stdout]   19:     0x74390f0d8dfa - <unknown>
[INFO] [stdout]   20:     0x74390f16c3d4 - clone
[INFO] [stdout]   21:                0x0 - <unknown>
[INFO] [stdout] 
[INFO] [stdout] ---- tests::test_print_welcome_draw_logo_tiny stdout ----
[INFO] [stdout] 
[INFO] [stdout] thread 'tests::test_print_welcome_draw_logo_tiny' (801) panicked at /opt/rustwide/cargo-home/registry/src/index.crates.io-1949cf8c6b5b557f/endbasic-sdl-0.14.1/src/console.rs:396:45:
[INFO] [stdout] called `Result::unwrap()` on an `Err` value: PoisonError { .. }
[INFO] [stdout] stack backtrace:
[INFO] [stdout]    0:     0x635f940e3ef1 - <<std[617be2ca0a6fd877]::sys::backtrace::BacktraceLock>::print::DisplayBacktrace as core[a373ad73a504971]::fmt::Display>::fmt
[INFO] [stdout]    1:     0x635f940fb59a - core[a373ad73a504971]::fmt::write
[INFO] [stdout]    2:     0x635f940e843c - <alloc[2e1b2a31b91974c5]::vec::Vec<u8> as core[a373ad73a504971]::io::write::Write>::write_fmt
[INFO] [stdout]    3:     0x635f940be576 - std[617be2ca0a6fd877]::panicking::default_hook::{closure#0}
[INFO] [stdout]    4:     0x635f940dba89 - std[617be2ca0a6fd877]::panicking::default_hook
[INFO] [stdout]    5:     0x635f93f697f0 - test[aada8e7e76ba119b]::test_main_inner::{closure#0}
[INFO] [stdout]    6:     0x635f940dbc42 - std[617be2ca0a6fd877]::panicking::panic_with_hook
[INFO] [stdout]    7:     0x635f940be622 - std[617be2ca0a6fd877]::panicking::panic_handler::{closure#0}
[INFO] [stdout]    8:     0x635f940b6fd9 - std[617be2ca0a6fd877]::sys::backtrace::__rust_end_short_backtrace::<std[617be2ca0a6fd877]::panicking::panic_handler::{closure#0}, !>
[INFO] [stdout]    9:     0x635f940bf4cd - __rustc[ea4f61d10b84890b]::rust_begin_unwind
[INFO] [stdout]   10:     0x635f940fbcfc - core[a373ad73a504971]::panicking::panic_fmt
[INFO] [stdout]   11:     0x635f940fbad2 - core[a373ad73a504971]::result::unwrap_failed
[INFO] [stdout]   12:     0x635f93fbff20 - <endbasic_sdl[9ffd50bfa4b7190a]::console::testutils::SdlTest>::new
[INFO] [stdout]   13:     0x635f93f37ddc - <endbasic_repl[f2a4da5612d08454]::tests::test_print_welcome_draw_logo_tiny::{closure#0} as core[a373ad73a504971]::ops::function::FnOnce<()>>::call_once
[INFO] [stdout]   14:     0x635f93f5cc3b - test[aada8e7e76ba119b]::__rust_begin_short_backtrace::<core[a373ad73a504971]::result::Result<(), alloc[2e1b2a31b91974c5]::string::String>, fn() -> core[a373ad73a504971]::result::Result<(), alloc[2e1b2a31b91974c5]::string::String>>
[INFO] [stdout]   15:     0x635f93f69e15 - test[aada8e7e76ba119b]::run_test::{closure#0}
[INFO] [stdout]   16:     0x635f93f63704 - std[617be2ca0a6fd877]::sys::backtrace::__rust_begin_short_backtrace::<test[aada8e7e76ba119b]::run_test::{closure#1}, ()>
[INFO] [stdout]   17:     0x635f93f6cea2 - <std[617be2ca0a6fd877]::thread::lifecycle::spawn_unchecked<test[aada8e7e76ba119b]::run_test::{closure#1}, ()>::{closure#1} as core[a373ad73a504971]::ops::function::FnOnce<()>>::call_once::{shim:vtable#0}
[INFO] [stdout]   18:     0x635f940e371f - <std[617be2ca0a6fd877]::sys::thread::unix::Thread>::new::thread_start
[INFO] [stdout]   19:     0x74390f0d8dfa - <unknown>
[INFO] [stdout]   20:     0x74390f16c3d4 - clone
[INFO] [stdout]   21:                0x0 - <unknown>
[INFO] [stdout] 
[INFO] [stdout] ---- tests::test_print_welcome_draw_logo_default stdout ----
[INFO] [stdout] 
[INFO] [stdout] thread 'tests::test_print_welcome_draw_logo_default' (800) panicked at /opt/rustwide/cargo-home/registry/src/index.crates.io-1949cf8c6b5b557f/endbasic-sdl-0.14.1/src/console.rs:396:45:
[INFO] [stdout] called `Result::unwrap()` on an `Err` value: PoisonError { .. }
[INFO] [stdout] stack backtrace:
[INFO] [stdout]    0:     0x635f940e3ef1 - <<std[617be2ca0a6fd877]::sys::backtrace::BacktraceLock>::print::DisplayBacktrace as core[a373ad73a504971]::fmt::Display>::fmt
[INFO] [stdout]    1:     0x635f940fb59a - core[a373ad73a504971]::fmt::write
[INFO] [stdout]    2:     0x635f940e843c - <alloc[2e1b2a31b91974c5]::vec::Vec<u8> as core[a373ad73a504971]::io::write::Write>::write_fmt
[INFO] [stdout]    3:     0x635f940be576 - std[617be2ca0a6fd877]::panicking::default_hook::{closure#0}
[INFO] [stdout]    4:     0x635f940dba89 - std[617be2ca0a6fd877]::panicking::default_hook
[INFO] [stdout]    5:     0x635f93f697f0 - test[aada8e7e76ba119b]::test_main_inner::{closure#0}
[INFO] [stdout]    6:     0x635f940dbc42 - std[617be2ca0a6fd877]::panicking::panic_with_hook
[INFO] [stdout]    7:     0x635f940be622 - std[617be2ca0a6fd877]::panicking::panic_handler::{closure#0}
[INFO] [stdout]    8:     0x635f940b6fd9 - std[617be2ca0a6fd877]::sys::backtrace::__rust_end_short_backtrace::<std[617be2ca0a6fd877]::panicking::panic_handler::{closure#0}, !>
[INFO] [stdout]    9:     0x635f940bf4cd - __rustc[ea4f61d10b84890b]::rust_begin_unwind
[INFO] [stdout]   10:     0x635f940fbcfc - core[a373ad73a504971]::panicking::panic_fmt
[INFO] [stdout]   11:     0x635f940fbad2 - core[a373ad73a504971]::result::unwrap_failed
[INFO] [stdout]   12:     0x635f93fbff20 - <endbasic_sdl[9ffd50bfa4b7190a]::console::testutils::SdlTest>::new
[INFO] [stdout]   13:     0x635f93f38a0b - <endbasic_repl[f2a4da5612d08454]::tests::test_print_welcome_draw_logo_default::{closure#0} as core[a373ad73a504971]::ops::function::FnOnce<()>>::call_once
[INFO] [stdout]   14:     0x635f93f5cc3b - test[aada8e7e76ba119b]::__rust_begin_short_backtrace::<core[a373ad73a504971]::result::Result<(), alloc[2e1b2a31b91974c5]::string::String>, fn() -> core[a373ad73a504971]::result::Result<(), alloc[2e1b2a31b91974c5]::string::String>>
[INFO] [stdout]   15:     0x635f93f69e15 - test[aada8e7e76ba119b]::run_test::{closure#0}
[INFO] [stdout]   16:     0x635f93f63704 - std[617be2ca0a6fd877]::sys::backtrace::__rust_begin_short_backtrace::<test[aada8e7e76ba119b]::run_test::{closure#1}, ()>
[INFO] [stdout]   17:     0x635f93f6cea2 - <std[617be2ca0a6fd877]::thread::lifecycle::spawn_unchecked<test[aada8e7e76ba119b]::run_test::{closure#1}, ()>::{closure#1} as core[a373ad73a504971]::ops::function::FnOnce<()>>::call_once::{shim:vtable#0}
[INFO] [stdout]   18:     0x635f940e371f - <std[617be2ca0a6fd877]::sys::thread::unix::Thread>::new::thread_start
[INFO] [stdout]   19:     0x74390f0d8dfa - <unknown>
[INFO] [stdout]   20:     0x74390f16c3d4 - clone
[INFO] [stdout]   21:                0x0 - <unknown>
[INFO] [stdout] 
[INFO] [stdout] 
[INFO] [stdout] failures:
[INFO] [stdout]     logo::tests::test_draw_logo_origin_and_unscaled
[INFO] [stdout]     logo::tests::test_draw_logo_transported_and_scaled
[INFO] [stdout]     tests::test_print_welcome_draw_logo_big
[INFO] [stdout]     tests::test_print_welcome_draw_logo_default
[INFO] [stdout]     tests::test_print_welcome_draw_logo_tiny
[INFO] [stdout] 
[INFO] [stdout] test result: FAILED. 53 passed; 5 failed; 0 ignored; 0 measured; 0 filtered out; finished in 0.90s
[INFO] [stdout] 
[INFO] [stderr] error: test failed, to rerun pass `--lib`
[INFO] running `Command { std: "docker" "inspect" "a60787f8a30f42877e1ac7b4b3965fcca87a888108be0e91923674cae1c2b003", kill_on_drop: false }`
[INFO] running `Command { std: "docker" "rm" "-f" "a60787f8a30f42877e1ac7b4b3965fcca87a888108be0e91923674cae1c2b003", kill_on_drop: false }`
[INFO] [stdout] a60787f8a30f42877e1ac7b4b3965fcca87a888108be0e91923674cae1c2b003
