[INFO] fetching crate endbasic-core 0.14.1...
[INFO] testing endbasic-core-0.14.1 against 1.100.0-beta.1+cargoflags=--release for beta-release-1.100-2
[INFO] extracting crate endbasic-core 0.14.1 into /workspace/builds/worker-6-tc2/source
[INFO] started tweaking crates.io crate endbasic-core 0.14.1
[INFO] removed 0 missing examples
[INFO] removed 0 missing tests
[INFO] finished tweaking crates.io crate endbasic-core 0.14.1
[INFO] tweaked toml for crates.io crate endbasic-core 0.14.1 written to /workspace/builds/worker-6-tc2/source/Cargo.toml
[INFO] validating manifest of crates.io crate endbasic-core 0.14.1 on toolchain 1.100.0-beta.1
[INFO] running `Command { std: CARGO_HOME="/workspace/cargo-home" RUSTUP_HOME="/workspace/rustup-home" "/workspace/cargo-home/bin/cargo" "+1.100.0-beta.1" "metadata" "--manifest-path" "Cargo.toml" "--no-deps", kill_on_drop: false }`
[INFO] crate crates.io crate endbasic-core 0.14.1 already has a lockfile, it will not be regenerated
[INFO] running `Command { std: CARGO_HOME="/workspace/cargo-home" RUSTUP_HOME="/workspace/rustup-home" "/workspace/cargo-home/bin/cargo" "+1.100.0-beta.1" "fetch" "--manifest-path" "Cargo.toml", kill_on_drop: false }`
[INFO] running `Command { std: "docker" "create" "-v" "/var/lib/crater-agent-workspace/builds/worker-6-tc2/source:/opt/rustwide/workdir:ro,Z" "-v" "/var/lib/crater-agent-workspace/builds/worker-6-tc2/target:/opt/rustwide/target:rw,Z" "-v" "/var/lib/crater-agent-workspace/cargo-home:/opt/rustwide/cargo-home:ro,Z" "-v" "/var/lib/crater-agent-workspace/rustup-home:/opt/rustwide/rustup-home:ro,Z" "-m" "1610612736" "--network" "none" "ghcr.io/rust-lang/crates-build-env/linux@sha256:77db811e55d90add9212f6832c23229e3de5f1c1f9905e8cb07319ea15df73ac" "sleep" "infinity", kill_on_drop: false }`
[INFO] [stdout] 2c484a71549e3442d91756736c195d89e575a6b62a02a375df8bbccc0271917b
[INFO] running `Command { std: "docker" "start" "2c484a71549e3442d91756736c195d89e575a6b62a02a375df8bbccc0271917b", kill_on_drop: false }`
[INFO] running `Command { std: "docker" "inspect" "2c484a71549e3442d91756736c195d89e575a6b62a02a375df8bbccc0271917b", kill_on_drop: false }`
[INFO] running `Command { std: "docker" "exec" "-e" "SOURCE_DIR=/opt/rustwide/workdir" "-e" "CARGO_HOME=/opt/rustwide/cargo-home" "-e" "RUSTUP_HOME=/opt/rustwide/rustup-home" "-e" "CARGO_TARGET_DIR=/opt/rustwide/target" "-w" "/opt/rustwide/workdir" "--user" "0:0" "2c484a71549e3442d91756736c195d89e575a6b62a02a375df8bbccc0271917b" "/opt/rustwide/cargo-home/bin/cargo" "+1.100.0-beta.1" "metadata" "--no-deps" "--format-version=1", kill_on_drop: false }`
[INFO] running `Command { std: "docker" "inspect" "2c484a71549e3442d91756736c195d89e575a6b62a02a375df8bbccc0271917b", kill_on_drop: false }`
[INFO] running `Command { std: "docker" "exec" "-e" "SOURCE_DIR=/opt/rustwide/workdir" "-e" "CARGO_HOME=/opt/rustwide/cargo-home" "-e" "RUSTUP_HOME=/opt/rustwide/rustup-home" "-e" "CARGO_TARGET_DIR=/opt/rustwide/target" "-e" "CARGO_INCREMENTAL=0" "-e" "RUST_BACKTRACE=full" "-e" "RUSTFLAGS=--cap-lints=warn" "-e" "RUSTDOCFLAGS=--cap-lints=warn" "-w" "/opt/rustwide/workdir" "--user" "0:0" "2c484a71549e3442d91756736c195d89e575a6b62a02a375df8bbccc0271917b" "/opt/rustwide/cargo-home/bin/cargo" "+1.100.0-beta.1" "build" "--frozen" "--message-format=json" "--release", kill_on_drop: false }`
[INFO] [stderr]    Compiling syn v2.0.117
[INFO] [stderr]    Compiling thiserror-impl v1.0.69
[INFO] [stderr]    Compiling async-trait v0.1.89
[INFO] [stderr]    Compiling thiserror v1.0.69
[INFO] [stderr]    Compiling endbasic-core v0.14.1 (/opt/rustwide/workdir)
[INFO] [stderr]     Finished `release` profile [optimized] target(s) in 12.26s
[INFO] running `Command { std: "docker" "inspect" "2c484a71549e3442d91756736c195d89e575a6b62a02a375df8bbccc0271917b", kill_on_drop: false }`
[INFO] running `Command { std: "docker" "exec" "-e" "SOURCE_DIR=/opt/rustwide/workdir" "-e" "CARGO_HOME=/opt/rustwide/cargo-home" "-e" "RUSTUP_HOME=/opt/rustwide/rustup-home" "-e" "CARGO_TARGET_DIR=/opt/rustwide/target" "-e" "CARGO_INCREMENTAL=0" "-e" "RUST_BACKTRACE=full" "-e" "RUSTFLAGS=--cap-lints=warn" "-e" "RUSTDOCFLAGS=--cap-lints=warn" "-w" "/opt/rustwide/workdir" "--user" "0:0" "2c484a71549e3442d91756736c195d89e575a6b62a02a375df8bbccc0271917b" "/opt/rustwide/cargo-home/bin/cargo" "+1.100.0-beta.1" "test" "--frozen" "--no-run" "--message-format=json" "--release", kill_on_drop: false }`
[INFO] [stderr]    Compiling predicates-core v1.0.10
[INFO] [stderr]    Compiling difflib v0.4.0
[INFO] [stderr]    Compiling termtree v0.5.1
[INFO] [stderr]    Compiling assert_cmd v2.2.2
[INFO] [stderr]    Compiling regex-automata v0.4.14
[INFO] [stderr]    Compiling wait-timeout v0.2.1
[INFO] [stderr]    Compiling getrandom v0.4.2
[INFO] [stderr]    Compiling rustix v1.1.4
[INFO] [stderr]    Compiling futures-core v0.3.32
[INFO] [stderr]    Compiling tokio-macros v2.7.0
[INFO] [stderr]    Compiling futures-lite v2.6.1
[INFO] [stderr]    Compiling predicates-tree v1.0.13
[INFO] [stderr]    Compiling predicates v3.1.4
[INFO] [stderr]    Compiling tokio v1.52.1
[INFO] [stderr]    Compiling bstr v1.13.1
[INFO] [stderr]    Compiling tempfile v3.27.0
[INFO] [stderr]    Compiling endbasic-core v0.14.1 (/opt/rustwide/workdir)
[INFO] [stderr]     Finished `release` profile [optimized] target(s) in 34.48s
[INFO] running `Command { std: "docker" "inspect" "2c484a71549e3442d91756736c195d89e575a6b62a02a375df8bbccc0271917b", kill_on_drop: false }`
[INFO] running `Command { std: "docker" "exec" "-e" "SOURCE_DIR=/opt/rustwide/workdir" "-e" "CARGO_HOME=/opt/rustwide/cargo-home" "-e" "RUSTUP_HOME=/opt/rustwide/rustup-home" "-e" "CARGO_TARGET_DIR=/opt/rustwide/target" "-e" "CARGO_INCREMENTAL=0" "-e" "RUST_BACKTRACE=full" "-e" "RUSTFLAGS=--cap-lints=warn" "-e" "RUSTDOCFLAGS=--cap-lints=warn" "-w" "/opt/rustwide/workdir" "--user" "0:0" "2c484a71549e3442d91756736c195d89e575a6b62a02a375df8bbccc0271917b" "/opt/rustwide/cargo-home/bin/cargo" "+1.100.0-beta.1" "test" "--frozen" "--release", kill_on_drop: false }`
[INFO] [stderr]     Finished `release` profile [optimized] target(s) in 0.10s
[INFO] [stderr]      Running unittests src/lib.rs (/opt/rustwide/target/release/build/endbasic-core/21d8d35481c3b445/out/endbasic_core-21d8d35481c3b445)
[INFO] [stdout] 
[INFO] [stdout] running 313 tests
[INFO] [stdout] test bytecode::tests::test_alloc ... ok
[INFO] [stdout] test bytecode::tests::test_add_double ... ok
[INFO] [stdout] test bytecode::tests::test_bitwise_not ... ok
[INFO] [stdout] test bytecode::tests::test_bitwise_xor ... ok
[INFO] [stdout] test bytecode::tests::test_add_integer ... ok
[INFO] [stdout] test bytecode::tests::test_alloc_array ... ok
[INFO] [stdout] test bytecode::tests::test_divide_double ... ok
[INFO] [stdout] test bytecode::tests::test_bitwise_or ... ok
[INFO] [stdout] test ast::tests::test_varref_display ... ok
[INFO] [stdout] test bytecode::tests::test_bitwise_and ... ok
[INFO] [stdout] test bytecode::tests::test_double_to_integer ... ok
[INFO] [stdout] test bytecode::tests::test_end ... ok
[INFO] [stdout] test bytecode::tests::test_divide_integer ... ok
[INFO] [stdout] test bytecode::tests::test_exit_code_try_ok ... ok
[INFO] [stdout] test bytecode::tests::test_equal_integer ... ok
[INFO] [stdout] test bytecode::tests::test_equal_boolean ... ok
[INFO] [stdout] test bytecode::tests::test_equal_double ... ok
[INFO] [stdout] test bytecode::tests::test_equal_text ... ok
[INFO] [stdout] test bytecode::tests::test_gosub ... ok
[INFO] [stdout] test bytecode::tests::test_exit_code_try_errors ... ok
[INFO] [stdout] test bytecode::tests::test_less_double ... ok
[INFO] [stdout] test bytecode::tests::test_less_equal_double ... ok
[INFO] [stdout] test bytecode::tests::test_greater_equal_text ... ok
[INFO] [stdout] test bytecode::tests::test_greater_integer ... ok
[INFO] [stdout] test bytecode::tests::test_less_equal_integer ... ok
[INFO] [stdout] test bytecode::tests::test_eof ... ok
[INFO] [stdout] test bytecode::tests::test_greater_double ... ok
[INFO] [stdout] test bytecode::tests::test_integer_to_double ... ok
[INFO] [stdout] test bytecode::tests::test_jump ... ok
[INFO] [stdout] test bytecode::tests::test_jump_if_false ... ok
[INFO] [stdout] test bytecode::tests::test_less_equal_text ... ok
[INFO] [stdout] test bytecode::tests::test_call ... ok
[INFO] [stdout] test bytecode::tests::test_greater_equal_integer ... ok
[INFO] [stdout] test bytecode::tests::test_greater_equal_double ... ok
[INFO] [stdout] test ast::tests::test_varref_accepts ... ok
[INFO] [stdout] test bytecode::tests::test_modulo_integer ... ok
[INFO] [stdout] test bytecode::tests::test_modulo_double ... ok
[INFO] [stdout] test bytecode::tests::test_move ... ok
[INFO] [stdout] test bytecode::tests::test_multiply_double ... ok
[INFO] [stdout] test bytecode::tests::test_multiply_integer ... ok
[INFO] [stdout] test bytecode::tests::test_negate_integer ... ok
[INFO] [stdout] test bytecode::tests::test_not_equal_boolean ... ok
[INFO] [stdout] test bytecode::tests::test_greater_text ... ok
[INFO] [stdout] test bytecode::tests::test_less_integer ... ok
[INFO] [stdout] test bytecode::tests::test_negate_double ... ok
[INFO] [stdout] test bytecode::tests::test_less_text ... ok
[INFO] [stdout] test bytecode::tests::test_not_equal_double ... ok
[INFO] [stdout] test bytecode::tests::test_concat ... ok
[INFO] [stdout] test bytecode::tests::test_load_array ... ok
[INFO] [stdout] test bytecode::tests::test_packed_array_type_display ... ok
[INFO] [stdout] test bytecode::tests::test_load_constant ... ok
[INFO] [stdout] test bytecode::tests::test_packed_array_type_round_trip ... ok
[INFO] [stdout] test bytecode::tests::test_power_double ... ok
[INFO] [stdout] test bytecode::tests::test_shift_right ... ok
[INFO] [stdout] test bytecode::tests::test_store_array ... ok
[INFO] [stdout] test bytecode::tests::test_load_register_ptr ... ok
[INFO] [stdout] test bytecode::tests::test_load_integer ... ok
[INFO] [stdout] test bytecode::tests::test_not_equal_text ... ok
[INFO] [stdout] test bytecode::tests::test_nop ... ok
[INFO] [stdout] test bytecode::tests::test_not_equal_integer ... ok
[INFO] [stdout] test bytecode::tests::test_var_arg_tag_errors ... ok
[INFO] [stdout] test compiler::ids::tests::test_hash_map_with_ids_run_out_of_ids ... ok
[INFO] [stdout] test compiler::args::tests::test_compile_args_materializes_missing_repeated_tag ... ok
[INFO] [stdout] test compiler::ids::tests::test_hash_map_with_ids_use_u8_ids ... ok
[INFO] [stdout] test compiler::ids::tests::test_hash_map_with_ids_use_usize_ids ... ok
[INFO] [stdout] test compiler::ids::tests::test_hash_map_with_ids_basic_hashmap_api ... ok
[INFO] [stdout] test callable::tests::test_io_error_has_no_source ... ok
[INFO] [stdout] test bytecode::tests::test_subtract_double ... ok
[INFO] [stdout] test compiler::syms::tests::test_fixup_local_type_undefined ... ok
[INFO] [stdout] test bytecode::tests::test_subtract_integer ... ok
[INFO] [stdout] test bytecode::tests::test_upcall ... ok
[INFO] [stdout] test bytecode::tests::test_upcall_async ... ok
[INFO] [stdout] test bytecode::tests::test_var_arg_tag_ok ... ok
[INFO] [stdout] test bytecode::tests::test_power_integer ... ok
[INFO] [stdout] test bytecode::tests::test_return ... ok
[INFO] [stdout] test bytecode::tests::test_shift_left ... ok
[INFO] [stdout] test compiler::syms::tests::test_get_callable_not_found ... ok
[INFO] [stdout] test compiler::syms::tests::test_define_and_get_user_callable ... ok
[INFO] [stdout] test compiler::syms::tests::test_define_user_callable_already_defined_but_is_compatible ... ok
[INFO] [stdout] test compiler::syms::tests::test_define_user_callable_already_defined_but_is_incompatible ... ok
[INFO] [stdout] test compiler::syms::tests::test_define_user_callable_via_local ... ok
[INFO] [stdout] test compiler::syms::tests::test_fixup_local_type ... ok
[INFO] [stdout] test compiler::syms::tests::test_local_put_and_get ... ok
[INFO] [stdout] test compiler::syms::tests::test_get_callable_upcall ... ok
[INFO] [stdout] test compiler::syms::tests::test_local_put_global_through_local ... ok
[INFO] [stdout] test compiler::syms::tests::test_global_get_undefined ... ok
[INFO] [stdout] test compiler::syms::tests::test_temp_scope ... ok
[INFO] [stdout] test compiler::syms::tests::test_temp_scope_first_no_locals ... ok
[INFO] [stdout] test compiler::syms::tests::test_temp_scope_first ... ok
[INFO] [stdout] test compiler::syms::tests::test_global_get_case_insensitive ... ok
[INFO] [stdout] test compiler::syms::tests::test_global_get_incompatible_type ... ok
[INFO] [stdout] test compiler::syms::tests::test_global_put_and_get_array ... ok
[INFO] [stdout] test compiler::syms::tests::test_local_put_and_get_array ... ok
[INFO] [stdout] test compiler::syms::tests::test_symbol_key_case_insensitive ... ok
[INFO] [stdout] test compiler::syms::tests::test_global_put_and_get ... ok
[INFO] [stdout] test compiler::syms::tests::test_local_falls_through_to_global ... ok
[INFO] [stdout] test compiler::syms::tests::test_local_shadows_global ... ok
[INFO] [stdout] test compiler::syms::tests::test_symbol_key_display ... ok
[INFO] [stdout] test compiler::syms::tests::test_with_reserved_temp_shifts_temp_scope_base ... ok
[INFO] [stdout] test compiler::tests::test_error_message_without_pos_preserves_colons ... ok
[INFO] [stdout] test compiler::syms::tests::test_with_reserved_temp_register_index ... ok
[INFO] [stdout] test compiler::syms::tests::test_temp_scope_first_with_outer_allocation ... ok
[INFO] [stdout] test compiler::top::tests::test_inject_integer ... ok
[INFO] [stdout] test compiler::top::tests::test_inject_boolean ... ok
[INFO] [stdout] test compiler::tests::test_error_pos_and_message_without_pos ... ok
[INFO] [stdout] test compiler::syms::tests::test_temp_scope_lookup_callable ... ok
[INFO] [stdout] test compiler::top::tests::test_inject_integer_large ... ok
[INFO] [stdout] test lexer::tests::test_empty ... ok
[INFO] [stdout] test lexer::tests::test_for ... ok
[INFO] [stdout] test lexer::tests::test_do ... ok
[INFO] [stdout] test lexer::tests::test_dim ... ok
[INFO] [stdout] test compiler::syms::tests::test_multiple_scopes_independent_locals ... ok
[INFO] [stdout] test compiler::top::tests::test_inject_double ... ok
[INFO] [stdout] test compiler::syms::tests::test_temp_scope_lookup_vars ... ok
[INFO] [stdout] test compiler::syms::tests::test_with_reserved_temp_released_after_error ... ok
[INFO] [stdout] test compiler::syms::tests::test_local_get_undefined ... ok
[INFO] [stdout] test compiler::top::tests::test_inject_text ... ok
[INFO] [stdout] test lexer::tests::test_data ... ok
[INFO] [stdout] test compiler::syms::tests::test_user_callable_shadows_upcall ... ok
[INFO] [stdout] test compiler::top::tests::test_inject_type_mismatch ... ok
[INFO] [stdout] test lexer::tests::test_boolean_literals ... ok
[INFO] [stdout] test lexer::tests::test_declare ... ok
[INFO] [stdout] test lexer::tests::test_integer_literals ... ok
[INFO] [stdout] test lexer::tests::test_label ... ok
[INFO] [stdout] test lexer::tests::test_read_past_eof ... ok
[INFO] [stdout] test lexer::tests::test_gosub ... ok
[INFO] [stdout] test lexer::tests::test_multiple_lines ... ok
[INFO] [stdout] test lexer::tests::test_if ... ok
[INFO] [stdout] test lexer::tests::test_on_error ... ok
[INFO] [stdout] test lexer::tests::test_operator_arithmetic_ops ... ok
[INFO] [stdout] test lexer::tests::test_operator_logical_bitwise_ops ... ok
[INFO] [stdout] test lexer::tests::test_operator_no_spaces ... ok
[INFO] [stdout] test lexer::tests::test_recoverable_errors ... ok
[INFO] [stdout] test lexer::tests::test_remarks ... ok
[INFO] [stdout] test lexer::tests::test_operator_relational_ops ... ok
[INFO] [stdout] test lexer::tests::test_return ... ok
[INFO] [stdout] test lexer::tests::test_peekable_lexer ... ok
[INFO] [stdout] test lexer::tests::test_tabs ... ok
[INFO] [stdout] test lexer::tests::test_strings ... ok
[INFO] [stdout] test lexer::tests::test_unrecoverable_io_error ... ok
[INFO] [stdout] test lexer::tests::test_function ... ok
[INFO] [stdout] test lexer::tests::test_parenthesis ... ok
[INFO] [stdout] test lexer::tests::test_utf8 ... ok
[INFO] [stdout] test lexer::tests::test_var_types ... ok
[INFO] [stdout] test lexer::tests::test_sub ... ok
[INFO] [stdout] test mem::tests::test_constant_datum_from_raw ... ok
[INFO] [stdout] test lexer::tests::test_shebang ... ok
[INFO] [stdout] test mem::tests::test_constant_datum_from_str ... ok
[INFO] [stdout] test mem::tests::test_constant_datum_from_scalars ... ok
[INFO] [stdout] test lexer::tests::test_select ... ok
[INFO] [stdout] test num::tests::test_unchecked_usize_as_u8 ... ok
[INFO] [stdout] test lexer::tests::test_some_tokens ... ok
[INFO] [stdout] test num::tests::test_unchecked_u32_as_u8 ... ok
[INFO] [stdout] test num::tests::test_unchecked_u32_as_usize ... ok
[INFO] [stdout] test num::tests::test_unchecked_u32_as_u16 ... ok
[INFO] [stdout] test num::tests::test_unchecked_u64_as_u8 ... ok
[INFO] [stdout] test parser::tests::test_array_assignment_errors ... ok
[INFO] [stdout] test lexer::tests::test_invalid_hashes ... ok
[INFO] [stdout] test parser::tests::test_builtin_calls_errors ... ok
[INFO] [stdout] test parser::tests::test_declare_callable_errors ... ok
[INFO] [stdout] test parser::tests::test_declare_callable_multiple_params ... ok
[INFO] [stdout] test parser::tests::test_declare_callable_no_args_eof ... ok
[INFO] [stdout] test parser::tests::test_declare_callable_no_args_not_eof ... ok
[INFO] [stdout] test parser::tests::test_dim_array ... ok
[INFO] [stdout] test parser::tests::test_dim_as_simple_types ... ok
[INFO] [stdout] test parser::tests::test_dim_consecutive ... ok
[INFO] [stdout] test parser::tests::test_dim_default_type ... ok
[INFO] [stdout] test parser::tests::test_data_errors ... ok
[INFO] [stdout] test parser::tests::test_declare_callable_consecutive ... ok
[INFO] [stdout] test parser::tests::test_dim_shared ... ok
[INFO] [stdout] test parser::tests::test_do_errors ... ok
[INFO] [stdout] test parser::tests::test_do_infinite_empty ... ok
[INFO] [stdout] test parser::tests::test_do_nested ... ok
[INFO] [stdout] test lexer::tests::test_while ... ok
[INFO] [stdout] test lexer::tests::test_whitespace_only ... ok
[INFO] [stdout] test mem::tests::test_constant_datum_from_string ... ok
[INFO] [stdout] test num::tests::test_unchecked_u24_as_usize ... ok
[INFO] [stdout] test parser::tests::test_do_post_until_loops ... ok
[INFO] [stdout] test parser::tests::test_do_until_empty ... ok
[INFO] [stdout] test parser::tests::test_array_assignments ... ok
[INFO] [stdout] test parser::tests::test_dim_errors ... ok
[INFO] [stdout] test parser::tests::test_data ... ok
[INFO] [stdout] test parser::tests::test_do_post_while_loops ... ok
[INFO] [stdout] test parser::tests::test_exit_for ... ok
[INFO] [stdout] test parser::tests::test_assignments ... ok
[INFO] [stdout] test parser::tests::test_assignment_errors ... ok
[INFO] [stdout] test parser::tests::test_do_pre_until_loops ... ok
[INFO] [stdout] test parser::tests::test_builtin_calls_and_array_references_disambiguation ... ok
[INFO] [stdout] test parser::tests::test_do_pre_while_loops ... ok
[INFO] [stdout] test parser::tests::test_builtin_calls ... ok
[INFO] [stdout] test parser::tests::test_expr_functions_variadic ... ok
[INFO] [stdout] test parser::tests::test_empty ... ok
[INFO] [stdout] test parser::tests::test_exit_do ... ok
[INFO] [stdout] test parser::tests::test_exit_errors ... ok
[INFO] [stdout] test parser::tests::test_expr_logical_ops ... ok
[INFO] [stdout] test parser::tests::test_expr_functions_not_confused_with_symbols ... ok
[INFO] [stdout] test parser::tests::test_exit_function ... ok
[INFO] [stdout] test parser::tests::test_exit_sub ... ok
[INFO] [stdout] test parser::tests::test_expr_arith_ops ... ok
[INFO] [stdout] test parser::tests::test_expr_numeric_signs ... ok
[INFO] [stdout] test parser::tests::test_expr_op_priorities ... ok
[INFO] [stdout] test parser::tests::test_expr_errors_due_to_keywords ... ok
[INFO] [stdout] test parser::tests::test_expr_bitwise_ops ... ok
[INFO] [stdout] test parser::tests::test_expr_symbols ... ok
[INFO] [stdout] test parser::tests::test_expr_errors ... ok
[INFO] [stdout] test parser::tests::test_expr_functions_and_ops ... ok
[INFO] [stdout] test parser::tests::test_for_errors ... ok
[INFO] [stdout] test parser::tests::test_for_incrementing ... ok
[INFO] [stdout] test parser::tests::test_expr_functions_nested ... ok
[INFO] [stdout] test parser::tests::test_function_one_param ... ok
[INFO] [stdout] test parser::tests::test_function_some_content ... ok
[INFO] [stdout] test parser::tests::test_function_multiple_params ... ok
[INFO] [stdout] test parser::tests::test_gosub_errors ... ok
[INFO] [stdout] test parser::tests::test_function_errors ... ok
[INFO] [stdout] test parser::tests::test_goto_ok ... ok
[INFO] [stdout] test parser::tests::test_gosub_ok ... ok
[INFO] [stdout] test parser::tests::test_if_complex ... ok
[INFO] [stdout] test parser::tests::test_expr_logical_ops_not ... ok
[INFO] [stdout] test parser::tests::test_if_uniline_allowed_array_assignment ... ok
[INFO] [stdout] test parser::tests::test_if_uniline_allowed_assignment ... ok
[INFO] [stdout] test parser::tests::test_if_errors ... ok
[INFO] [stdout] test parser::tests::test_if_nested ... ok
[INFO] [stdout] test parser::tests::test_if_uniline_allowed_end ... ok
[INFO] [stdout] test parser::tests::test_expr_parens ... ok
[INFO] [stdout] test parser::tests::test_expr_rel_ops ... ok
[INFO] [stdout] test parser::tests::test_expr_literals ... ok
[INFO] [stdout] test parser::tests::test_for_empty ... ok
[INFO] [stdout] test parser::tests::test_if_uniline_allowed_exit ... ok
[INFO] [stdout] test parser::tests::test_if_uniline_allowed_gosub ... ok
[INFO] [stdout] test parser::tests::test_for_incrementing_with_step ... ok
[INFO] [stdout] test parser::tests::test_if_uniline_allowed_data ... ok
[INFO] [stdout] test parser::tests::test_if_uniline_allowed_builtin_call ... ok
[INFO] [stdout] test parser::tests::test_if_uniline_allowed_goto ... ok
[INFO] [stdout] test parser::tests::test_if_empty_branches ... ok
[INFO] [stdout] test parser::tests::test_if_uniline_then ... ok
[INFO] [stdout] test parser::tests::test_if_uniline_empty_then_else ... ok
[INFO] [stdout] test parser::tests::test_if_uniline_empty_then_empty_else ... ok
[INFO] [stdout] test parser::tests::test_if_with_interleaved_end_complex ... ok
[INFO] [stdout] test lexer::tests::test_goto ... ok
[INFO] [stdout] test parser::tests::test_if_uniline_unallowed_statements ... ok
[INFO] [stdout] test parser::tests::test_if_with_one_statement_or_empty_lines ... ok
[INFO] [stdout] test parser::tests::test_label_before_statement ... ok
[INFO] [stdout] test parser::tests::test_label_errors ... ok
[INFO] [stdout] test parser::tests::test_function_empty ... ok
[INFO] [stdout] test parser::tests::test_label_multiple_same_line ... ok
[INFO] [stdout] test parser::tests::test_label_own_line ... ok
[INFO] [stdout] test parser::tests::test_if_uniline_then_else ... ok
[INFO] [stdout] test parser::tests::test_select_case_guards_equals ... ok
[INFO] [stdout] test parser::tests::test_parse_on_error_errors ... ok
[INFO] [stdout] test parser::tests::test_parse_on_error_ok ... ok
[INFO] [stdout] test parser::tests::test_select_case_else_only ... ok
[INFO] [stdout] test parser::tests::test_select_case_errors ... ok
[INFO] [stdout] test parser::tests::test_select_case_guards_is ... ok
[INFO] [stdout] test parser::tests::test_if_uniline_then_empty_else ... ok
[INFO] [stdout] test parser::tests::test_goto_errors ... ok
[INFO] [stdout] test parser::tests::test_if_uniline_allowed_on_error ... ok
[INFO] [stdout] test parser::tests::test_select_case_guards_to ... ok
[INFO] [stdout] test parser::tests::test_select_empty ... ok
[INFO] [stdout] test parser::tests::test_if_uniline_allowed_return ... ok
[INFO] [stdout] test parser::tests::test_select_errors ... ok
[INFO] [stdout] test parser::tests::test_select_multiple_cases_empty_bodies ... ok
[INFO] [stdout] test parser::tests::test_select_multiple_cases_with_else ... ok
[INFO] [stdout] test parser::tests::test_sub_one_param ... ok
[INFO] [stdout] test parser::tests::test_statement_separators ... ok
[INFO] [stdout] test reader::tests::test_crlf ... ok
[INFO] [stdout] test parser::tests::test_while_errors ... ok
[INFO] [stdout] test parser::tests::test_sub_some_content ... ok
[INFO] [stdout] test reader::tests::test_errors_prevent_further_reads ... ok
[INFO] [stdout] test reader::tests::test_consecutive_newlines ... ok
[INFO] [stdout] test reader::tests::test_empty ... ok
[INFO] [stdout] test reader::tests::test_multibyte_chars ... ok
[INFO] [stdout] test parser::tests::test_select_multiple_cases_with_interleaved_end ... ok
[INFO] [stdout] test parser::tests::test_sub_multiple_params ... ok
[INFO] [stdout] test vm::tests::test_exec_async_upcall_error_can_resume_after_append ... ok
[INFO] [stdout] test vm::tests::test_exec_empty_image_is_eof ... ok
[INFO] [stdout] test parser::tests::test_while_loops ... ok
[INFO] [stdout] test reader::tests::test_tabs ... ok
[INFO] [stdout] test parser::tests::test_while_nested ... ok
[INFO] [stdout] test reader::tests::test_next_pos ... ok
[INFO] [stdout] test parser::tests::test_sub_empty ... ok
[INFO] [stdout] test parser::tests::test_varref_to_unannotated_string ... ok
[INFO] [stdout] test parser::tests::test_while_empty ... ok
[INFO] [stdout] test parser::tests::test_select_multiple_cases_without_else ... ok
[INFO] [stdout] test parser::tests::test_sub_errors ... ok
[INFO] [stdout] test vm::tests::test_exec_end_code_explicit ... ok
[INFO] [stdout] test reader::tests::test_past_eof_returns_eof ... ok
[INFO] [stdout] test vm::tests::test_exec_end_code_default ... ok
[INFO] [stdout] test vm::tests::test_get_program_array ... ok
[INFO] [stdout] test vm::tests::test_exec_end_can_resume_after_append ... ok
[INFO] [stdout] test vm::tests::test_exec_exception_can_resume_after_append ... ok
[INFO] [stdout] test vm::tests::test_exec_upcall_io_error_can_be_caught ... ok
[INFO] [stdout] test vm::tests::test_get_program_scalar ... ok
[INFO] [stdout] test parser::tests::test_for_decrementing_with_step ... ok
[INFO] [stdout] test vm::tests::test_get_program_type_mismatch_errors ... ok
[INFO] [stdout] test vm::tests::test_exec_upcall_io_error_is_reported ... ok
[INFO] [stdout] test vm::tests::test_exec_yields_after_gosub_return ... ok
[INFO] [stdout] test vm::tests::test_interrupt_parks_execution_at_eof ... ok
[INFO] [stdout] test vm::tests::test_reset_preserves_call_stack_limit ... ok
[INFO] [stdout] test vm::tests::test_scope_get_pos_expression_arg ... ok
[INFO] [stdout] test vm::tests::test_scope_get_pos_multiple_args ... ok
[INFO] [stdout] test vm::tests::test_get_program_array_out_of_bounds ... ok
[INFO] [stdout] test vm::tests::test_interrupt_after_pending_async_upcall_can_resume_after_append ... ok
[INFO] [stdout] test vm::tests::test_scope_get_pos_no_args ... ok
[INFO] [stdout] test vm::tests::test_interrupt_cancels_pending_async_upcall ... ok
[INFO] [stdout] test vm::tests::test_scope_get_pos_single_arg ... ok
[INFO] [stdout] test vm::tests::test_clear_preserves_upcall_caches ... ok
[INFO] [stdout] test vm::tests::test_exec_without_load_is_eof ... ok
[INFO] [stdout] test vm::tests::test_clear_resets_runtime_state ... ok
[INFO] [stdout] test vm::tests::test_exec_async_upcall_flow ... ok
[INFO] [stdout] test vm::tests::test_exec_empty_compilation_is_eof ... ok
[INFO] [stdout] test vm::tests::test_exec_upcall_can_return_with_scope_helper ... ok
[INFO] [stdout] test vm::tests::test_exec_upcall_flow ... ok
[INFO] [stdout] test vm::tests::test_exec_yields_on_backward_jump ... ok
[INFO] [stderr]      Running tests/examples_test.rs (/opt/rustwide/target/release/build/endbasic-core/a65ab6674a02cfc7/out/examples_test-a65ab6674a02cfc7)
[INFO] [stdout] 
[INFO] [stdout] test result: ok. 313 passed; 0 failed; 0 ignored; 0 measured; 0 filtered out; finished in 0.12s
[INFO] [stdout] 
[INFO] [stdout] 
[INFO] [stdout] running 1 test
[INFO] [stdout] test test_config ... FAILED
[INFO] [stdout] 
[INFO] [stdout] failures:
[INFO] [stderr] error: test failed, to rerun pass `--test examples_test`
[INFO] [stdout] 
[INFO] [stdout] ---- test_config stdout ----
[INFO] [stdout] 
[INFO] [stdout] thread 'test_config' (1005) panicked at /opt/rustwide/cargo-home/registry/src/index.crates.io-1949cf8c6b5b557f/assert_cmd-2.2.2/src/cargo.rs:232:5:
[INFO] [stdout] `CARGO_BIN_EXE_examples/core-config` is unset
[INFO] [stdout] help: if this is running within a unit test, move it to an integration test to gain access to `CARGO_BIN_EXE_examples/core-config`
[INFO] [stdout] stack backtrace:
[INFO] [stdout]    0:     0x62d70f542ff1 - <<std[617be2ca0a6fd877]::sys::backtrace::BacktraceLock>::print::DisplayBacktrace as core[a373ad73a504971]::fmt::Display>::fmt
[INFO] [stdout]    1:     0x62d70f55993a - core[a373ad73a504971]::fmt::write
[INFO] [stdout]    2:     0x62d70f54868c - <alloc[2e1b2a31b91974c5]::vec::Vec<u8> as core[a373ad73a504971]::io::write::Write>::write_fmt
[INFO] [stdout]    3:     0x62d70f51ea86 - std[617be2ca0a6fd877]::panicking::default_hook::{closure#0}
[INFO] [stdout]    4:     0x62d70f53b609 - std[617be2ca0a6fd877]::panicking::default_hook
[INFO] [stdout]    5:     0x62d70f4bf710 - test[aada8e7e76ba119b]::test_main_inner::{closure#0}
[INFO] [stdout]    6:     0x62d70f53b7c2 - std[617be2ca0a6fd877]::panicking::panic_with_hook
[INFO] [stdout]    7:     0x62d70f51eb32 - std[617be2ca0a6fd877]::panicking::panic_handler::{closure#0}
[INFO] [stdout]    8:     0x62d70f517849 - std[617be2ca0a6fd877]::sys::backtrace::__rust_end_short_backtrace::<std[617be2ca0a6fd877]::panicking::panic_handler::{closure#0}, !>
[INFO] [stdout]    9:     0x62d70f51f73d - __rustc[ea4f61d10b84890b]::rust_begin_unwind
[INFO] [stdout]   10:     0x62d70f55a0ec - core[a373ad73a504971]::panicking::panic_fmt
[INFO] [stdout]   11:     0x62d70f4f594f - assert_cmd[a2131633bb80d3c4]::cargo::missing_cargo_bin
[INFO] [stdout]   12:     0x62d70f4f5703 - assert_cmd[a2131633bb80d3c4]::cargo::cargo_bin_str
[INFO] [stdout]   13:     0x62d70f4b1fb2 - <examples_test[6f03c5d143fd9853]::test_config::{closure#0} as core[a373ad73a504971]::ops::function::FnOnce<()>>::call_once
[INFO] [stdout]   14:     0x62d70f4b2b5b - test[aada8e7e76ba119b]::__rust_begin_short_backtrace::<core[a373ad73a504971]::result::Result<(), alloc[2e1b2a31b91974c5]::string::String>, fn() -> core[a373ad73a504971]::result::Result<(), alloc[2e1b2a31b91974c5]::string::String>>
[INFO] [stdout]   15:     0x62d70f4bfd35 - test[aada8e7e76ba119b]::run_test::{closure#0}
[INFO] [stdout]   16:     0x62d70f4b9624 - std[617be2ca0a6fd877]::sys::backtrace::__rust_begin_short_backtrace::<test[aada8e7e76ba119b]::run_test::{closure#1}, ()>
[INFO] [stdout]   17:     0x62d70f4c2dc2 - <std[617be2ca0a6fd877]::thread::lifecycle::spawn_unchecked<test[aada8e7e76ba119b]::run_test::{closure#1}, ()>::{closure#1} as core[a373ad73a504971]::ops::function::FnOnce<()>>::call_once::{shim:vtable#0}
[INFO] [stdout]   18:     0x62d70f5427cf - <std[617be2ca0a6fd877]::sys::thread::unix::Thread>::new::thread_start
[INFO] [stdout]   19:     0x78ebc1d25dfa - <unknown>
[INFO] [stdout]   20:     0x78ebc1db93d4 - clone
[INFO] [stdout]   21:                0x0 - <unknown>
[INFO] [stdout] 
[INFO] [stdout] 
[INFO] [stdout] failures:
[INFO] [stdout]     test_config
[INFO] [stdout] 
[INFO] [stdout] test result: FAILED. 0 passed; 1 failed; 0 ignored; 0 measured; 0 filtered out; finished in 0.00s
[INFO] [stdout] 
[INFO] running `Command { std: "docker" "inspect" "2c484a71549e3442d91756736c195d89e575a6b62a02a375df8bbccc0271917b", kill_on_drop: false }`
[INFO] running `Command { std: "docker" "rm" "-f" "2c484a71549e3442d91756736c195d89e575a6b62a02a375df8bbccc0271917b", kill_on_drop: false }`
[INFO] [stdout] 2c484a71549e3442d91756736c195d89e575a6b62a02a375df8bbccc0271917b
