[INFO] fetching crate encstr 0.0.2...
[INFO] testing encstr-0.0.2 against 1.100.0-beta.1+cargoflags=--release for beta-release-1.100-2
[INFO] extracting crate encstr 0.0.2 into /workspace/builds/worker-1-tc2/source
[INFO] started tweaking crates.io crate encstr 0.0.2
[INFO] finished tweaking crates.io crate encstr 0.0.2
[INFO] tweaked toml for crates.io crate encstr 0.0.2 written to /workspace/builds/worker-1-tc2/source/Cargo.toml
[INFO] validating manifest of crates.io crate encstr 0.0.2 on toolchain 1.100.0-beta.1
[INFO] running `Command { std: CARGO_HOME="/workspace/cargo-home" RUSTUP_HOME="/workspace/rustup-home" "/workspace/cargo-home/bin/cargo" "+1.100.0-beta.1" "metadata" "--manifest-path" "Cargo.toml" "--no-deps", kill_on_drop: false }`
[INFO] crate crates.io crate encstr 0.0.2 already has a lockfile, it will not be regenerated
[INFO] running `Command { std: CARGO_HOME="/workspace/cargo-home" RUSTUP_HOME="/workspace/rustup-home" "/workspace/cargo-home/bin/cargo" "+1.100.0-beta.1" "fetch" "--manifest-path" "Cargo.toml", kill_on_drop: false }`
[INFO] running `Command { std: "docker" "create" "-v" "/var/lib/crater-agent-workspace/builds/worker-1-tc2/source:/opt/rustwide/workdir:ro,Z" "-v" "/var/lib/crater-agent-workspace/builds/worker-1-tc2/target:/opt/rustwide/target:rw,Z" "-v" "/var/lib/crater-agent-workspace/cargo-home:/opt/rustwide/cargo-home:ro,Z" "-v" "/var/lib/crater-agent-workspace/rustup-home:/opt/rustwide/rustup-home:ro,Z" "-m" "1610612736" "--network" "none" "ghcr.io/rust-lang/crates-build-env/linux@sha256:77db811e55d90add9212f6832c23229e3de5f1c1f9905e8cb07319ea15df73ac" "sleep" "infinity", kill_on_drop: false }`
[INFO] [stdout] cd5c061e9a530ac19206fb3c8319be65ab7234e6a0b22aec3075365f0241647f
[INFO] running `Command { std: "docker" "start" "cd5c061e9a530ac19206fb3c8319be65ab7234e6a0b22aec3075365f0241647f", kill_on_drop: false }`
[INFO] running `Command { std: "docker" "inspect" "cd5c061e9a530ac19206fb3c8319be65ab7234e6a0b22aec3075365f0241647f", kill_on_drop: false }`
[INFO] running `Command { std: "docker" "exec" "-e" "SOURCE_DIR=/opt/rustwide/workdir" "-e" "CARGO_HOME=/opt/rustwide/cargo-home" "-e" "RUSTUP_HOME=/opt/rustwide/rustup-home" "-e" "CARGO_TARGET_DIR=/opt/rustwide/target" "-w" "/opt/rustwide/workdir" "--user" "0:0" "cd5c061e9a530ac19206fb3c8319be65ab7234e6a0b22aec3075365f0241647f" "/opt/rustwide/cargo-home/bin/cargo" "+1.100.0-beta.1" "metadata" "--no-deps" "--format-version=1", kill_on_drop: false }`
[INFO] running `Command { std: "docker" "inspect" "cd5c061e9a530ac19206fb3c8319be65ab7234e6a0b22aec3075365f0241647f", kill_on_drop: false }`
[INFO] running `Command { std: "docker" "exec" "-e" "SOURCE_DIR=/opt/rustwide/workdir" "-e" "CARGO_HOME=/opt/rustwide/cargo-home" "-e" "RUSTUP_HOME=/opt/rustwide/rustup-home" "-e" "CARGO_TARGET_DIR=/opt/rustwide/target" "-e" "CARGO_INCREMENTAL=0" "-e" "RUST_BACKTRACE=full" "-e" "RUSTFLAGS=--cap-lints=warn" "-e" "RUSTDOCFLAGS=--cap-lints=warn" "-w" "/opt/rustwide/workdir" "--user" "0:0" "cd5c061e9a530ac19206fb3c8319be65ab7234e6a0b22aec3075365f0241647f" "/opt/rustwide/cargo-home/bin/cargo" "+1.100.0-beta.1" "build" "--frozen" "--message-format=json" "--release", kill_on_drop: false }`
[INFO] [stderr]    Compiling encstr v0.0.2 (/opt/rustwide/workdir)
[INFO] [stderr]     Finished `release` profile [optimized] target(s) in 1.06s
[INFO] running `Command { std: "docker" "inspect" "cd5c061e9a530ac19206fb3c8319be65ab7234e6a0b22aec3075365f0241647f", kill_on_drop: false }`
[INFO] running `Command { std: "docker" "exec" "-e" "SOURCE_DIR=/opt/rustwide/workdir" "-e" "CARGO_HOME=/opt/rustwide/cargo-home" "-e" "RUSTUP_HOME=/opt/rustwide/rustup-home" "-e" "CARGO_TARGET_DIR=/opt/rustwide/target" "-e" "CARGO_INCREMENTAL=0" "-e" "RUST_BACKTRACE=full" "-e" "RUSTFLAGS=--cap-lints=warn" "-e" "RUSTDOCFLAGS=--cap-lints=warn" "-w" "/opt/rustwide/workdir" "--user" "0:0" "cd5c061e9a530ac19206fb3c8319be65ab7234e6a0b22aec3075365f0241647f" "/opt/rustwide/cargo-home/bin/cargo" "+1.100.0-beta.1" "test" "--frozen" "--no-run" "--message-format=json" "--release", kill_on_drop: false }`
[INFO] [stderr]    Compiling encstr v0.0.2 (/opt/rustwide/workdir)
[INFO] [stderr]     Finished `release` profile [optimized] target(s) in 0.87s
[INFO] running `Command { std: "docker" "inspect" "cd5c061e9a530ac19206fb3c8319be65ab7234e6a0b22aec3075365f0241647f", kill_on_drop: false }`
[INFO] running `Command { std: "docker" "exec" "-e" "SOURCE_DIR=/opt/rustwide/workdir" "-e" "CARGO_HOME=/opt/rustwide/cargo-home" "-e" "RUSTUP_HOME=/opt/rustwide/rustup-home" "-e" "CARGO_TARGET_DIR=/opt/rustwide/target" "-e" "CARGO_INCREMENTAL=0" "-e" "RUST_BACKTRACE=full" "-e" "RUSTFLAGS=--cap-lints=warn" "-e" "RUSTDOCFLAGS=--cap-lints=warn" "-w" "/opt/rustwide/workdir" "--user" "0:0" "cd5c061e9a530ac19206fb3c8319be65ab7234e6a0b22aec3075365f0241647f" "/opt/rustwide/cargo-home/bin/cargo" "+1.100.0-beta.1" "test" "--frozen" "--release", kill_on_drop: false }`
[INFO] [stderr]     Finished `release` profile [optimized] target(s) in 0.02s
[INFO] [stderr]      Running unittests src/lib.rs (/opt/rustwide/target/release/build/encstr/bc1149746c79a534/out/encstr-bc1149746c79a534)
[INFO] [stdout] 
[INFO] [stdout] running 18 tests
[INFO] [stdout] test tests::test_aes_empty ... ok
[INFO] [stdout] test tests::test_aes_long_string ... ok
[INFO] [stdout] test tests::test_cobl_with_side_effects ... ok
[INFO] [stdout] test tests::test_gen_permutation_zero ... ok
[INFO] [stdout] test tests::test_entangle_trailing_comma ... ok
[INFO] [stdout] test tests::test_entangle_preserves_all_values ... ok
[INFO] [stdout] test tests::test_gen_permutation_contains_all ... ok
[INFO] [stdout] test tests::test_cobl_preserves_value ... ok
[INFO] [stdout] test tests::test_gen_permutation_identity_for_single ... ok
[INFO] [stdout] test tests::test_opaque_true ... ok
[INFO] [stdout] test tests::test_xor_empty ... ok
[INFO] [stdout] test tests::test_xor_key_constant ... ok
[INFO] [stdout] test tests::test_xor_roundtrip ... ok
[INFO] [stdout] test tests::test_entangle_seed_stable ... ok
[INFO] [stdout] test tests::test_opaque_false ... ok
[INFO] [stdout] test tests::test_aes_roundtrip ... ok
[INFO] [stdout] test tests::test_entangle_single ... ok
[INFO] [stdout] test tests::test_aes_exact_block ... FAILED
[INFO] [stdout] 
[INFO] [stdout] failures:
[INFO] [stdout] 
[INFO] [stdout] ---- tests::test_aes_exact_block stdout ----
[INFO] [stdout] 
[INFO] [stdout] thread 'tests::test_aes_exact_block' (236) panicked at src/lib.rs:493:17:
[INFO] [stdout] range end index 18446744073709551578 out of range for slice of length 16
[INFO] [stdout] stack backtrace:
[INFO] [stdout]    0:     0x57fb46a514f1 - <<std[617be2ca0a6fd877]::sys::backtrace::BacktraceLock>::print::DisplayBacktrace as core[a373ad73a504971]::fmt::Display>::fmt
[INFO] [stdout]    1:     0x57fb46a653ea - core[a373ad73a504971]::fmt::write
[INFO] [stdout]    2:     0x57fb46a5570c - <alloc[2e1b2a31b91974c5]::vec::Vec<u8> as core[a373ad73a504971]::io::write::Write>::write_fmt
[INFO] [stdout]    3:     0x57fb46a2d956 - std[617be2ca0a6fd877]::panicking::default_hook::{closure#0}
[INFO] [stdout]    4:     0x57fb46a49b89 - std[617be2ca0a6fd877]::panicking::default_hook
[INFO] [stdout]    5:     0x57fb469e6230 - test[aada8e7e76ba119b]::test_main_inner::{closure#0}
[INFO] [stdout]    6:     0x57fb46a49d42 - std[617be2ca0a6fd877]::panicking::panic_with_hook
[INFO] [stdout]    7:     0x57fb46a2da02 - std[617be2ca0a6fd877]::panicking::panic_handler::{closure#0}
[INFO] [stdout]    8:     0x57fb46a26719 - std[617be2ca0a6fd877]::sys::backtrace::__rust_end_short_backtrace::<std[617be2ca0a6fd877]::panicking::panic_handler::{closure#0}, !>
[INFO] [stdout]    9:     0x57fb46a2e60d - __rustc[ea4f61d10b84890b]::rust_begin_unwind
[INFO] [stdout]   10:     0x57fb46a65b1c - core[a373ad73a504971]::panicking::panic_fmt
[INFO] [stdout]   11:     0x57fb46a66478 - core[a373ad73a504971]::slice::index::slice_index_fail
[INFO] [stdout]   12:     0x57fb469d899b - <encstr[1f113c4c7952fe67]::tests::test_aes_exact_block::{closure#0} as core[a373ad73a504971]::ops::function::FnOnce<()>>::call_once
[INFO] [stdout]   13:     0x57fb469d967b - test[aada8e7e76ba119b]::__rust_begin_short_backtrace::<core[a373ad73a504971]::result::Result<(), alloc[2e1b2a31b91974c5]::string::String>, fn() -> core[a373ad73a504971]::result::Result<(), alloc[2e1b2a31b91974c5]::string::String>>
[INFO] [stdout]   14:     0x57fb469e6855 - test[aada8e7e76ba119b]::run_test::{closure#0}
[INFO] [stdout]   15:     0x57fb469e0144 - std[617be2ca0a6fd877]::sys::backtrace::__rust_begin_short_backtrace::<test[aada8e7e76ba119b]::run_test::{closure#1}, ()>
[INFO] [stdout]   16:     0x57fb469e98e2 - <std[617be2ca0a6fd877]::thread::lifecycle::spawn_unchecked<test[aada8e7e76ba119b]::run_test::{closure#1}, ()>::{closure#1} as core[a373ad73a504971]::ops::function::FnOnce<()>>::call_once::{shim:vtable#0}
[INFO] [stdout]   17:     0x57fb46a50d4f - <std[617be2ca0a6fd877]::sys::thread::unix::Thread>::new::thread_start
[INFO] [stdout]   18:     0x7562b669adfa - <unknown>
[INFO] [stdout]   19:     0x7562b672e3d4 - clone
[INFO] [stdout]   20:                0x0 - <unknown>
[INFO] [stdout] 
[INFO] [stdout] 
[INFO] [stdout] failures:
[INFO] [stdout]     tests::test_aes_exact_block
[INFO] [stdout] 
[INFO] [stdout] test result: FAILED. 17 passed; 1 failed; 0 ignored; 0 measured; 0 filtered out; finished in 0.01s
[INFO] [stdout] 
[INFO] [stderr] error: test failed, to rerun pass `--lib`
[INFO] running `Command { std: "docker" "inspect" "cd5c061e9a530ac19206fb3c8319be65ab7234e6a0b22aec3075365f0241647f", kill_on_drop: false }`
[INFO] running `Command { std: "docker" "rm" "-f" "cd5c061e9a530ac19206fb3c8319be65ab7234e6a0b22aec3075365f0241647f", kill_on_drop: false }`
[INFO] [stdout] cd5c061e9a530ac19206fb3c8319be65ab7234e6a0b22aec3075365f0241647f
