[INFO] fetching crate encryptman-keyring 0.1.4...
[INFO] testing encryptman-keyring-0.1.4 against 1.99.0-beta.8+cargoflags=--release for beta-release-1.100-2
[INFO] extracting crate encryptman-keyring 0.1.4 into /workspace/builds/worker-7-tc1/source
[INFO] started tweaking crates.io crate encryptman-keyring 0.1.4
[INFO] finished tweaking crates.io crate encryptman-keyring 0.1.4
[INFO] tweaked toml for crates.io crate encryptman-keyring 0.1.4 written to /workspace/builds/worker-7-tc1/source/Cargo.toml
[INFO] validating manifest of crates.io crate encryptman-keyring 0.1.4 on toolchain 1.99.0-beta.8
[INFO] running `Command { std: CARGO_HOME="/workspace/cargo-home" RUSTUP_HOME="/workspace/rustup-home" "/workspace/cargo-home/bin/cargo" "+1.99.0-beta.8" "metadata" "--manifest-path" "Cargo.toml" "--no-deps", kill_on_drop: false }`
[INFO] crate crates.io crate encryptman-keyring 0.1.4 already has a lockfile, it will not be regenerated
[INFO] running `Command { std: CARGO_HOME="/workspace/cargo-home" RUSTUP_HOME="/workspace/rustup-home" "/workspace/cargo-home/bin/cargo" "+1.99.0-beta.8" "fetch" "--manifest-path" "Cargo.toml", kill_on_drop: false }`
[INFO] [stderr]     Updating crates.io index
[INFO] [stderr]  Downloading crates ...
[INFO] [stderr]   Downloaded serial_test v4.0.1
[INFO] [stderr]   Downloaded keyring v4.2.0
[INFO] [stderr]   Downloaded serial_test_derive v4.0.1
[INFO] [stderr]   Downloaded zbus-secret-service-keyring-store v1.0.1
[INFO] [stderr]   Downloaded apple-native-keyring-store v1.0.2
[INFO] [stderr]   Downloaded zvariant_utils v3.3.0
[INFO] [stderr]   Downloaded ghash v0.6.0
[INFO] [stderr]   Downloaded windows-native-keyring-store v1.1.0
[INFO] [stderr]   Downloaded polyval v0.7.3
[INFO] [stderr]   Downloaded ctr v0.10.1
[INFO] [stderr]   Downloaded zvariant_derive v5.9.2
[INFO] [stderr]   Downloaded zbus_names v4.3.1
[INFO] [stderr]   Downloaded secret-service v5.1.0
[INFO] [stderr]   Downloaded encryptman v0.4.0
[INFO] [stderr]   Downloaded keyring-core v1.0.0
[INFO] [stderr]   Downloaded zbus_macros v5.13.2
[INFO] [stderr]   Downloaded zbus v5.13.2
[INFO] [stderr]   Downloaded zvariant v5.9.2
[INFO] [stderr]   Downloaded aes v0.9.2
[INFO] [stderr]   Downloaded aes-gcm v0.11.1
[INFO] running `Command { std: "docker" "create" "-v" "/var/lib/crater-agent-workspace/builds/worker-7-tc1/source:/opt/rustwide/workdir:ro,Z" "-v" "/var/lib/crater-agent-workspace/builds/worker-7-tc1/target:/opt/rustwide/target:rw,Z" "-v" "/var/lib/crater-agent-workspace/cargo-home:/opt/rustwide/cargo-home:ro,Z" "-v" "/var/lib/crater-agent-workspace/rustup-home:/opt/rustwide/rustup-home:ro,Z" "-m" "1610612736" "--network" "none" "ghcr.io/rust-lang/crates-build-env/linux@sha256:77db811e55d90add9212f6832c23229e3de5f1c1f9905e8cb07319ea15df73ac" "sleep" "infinity", kill_on_drop: false }`
[INFO] [stdout] fab5036c9121d9f95f933ed7ccd8a8009c36a83577adae4fad22e9321b0a4b50
[INFO] running `Command { std: "docker" "start" "fab5036c9121d9f95f933ed7ccd8a8009c36a83577adae4fad22e9321b0a4b50", kill_on_drop: false }`
[INFO] running `Command { std: "docker" "inspect" "fab5036c9121d9f95f933ed7ccd8a8009c36a83577adae4fad22e9321b0a4b50", kill_on_drop: false }`
[INFO] running `Command { std: "docker" "exec" "-e" "SOURCE_DIR=/opt/rustwide/workdir" "-e" "CARGO_HOME=/opt/rustwide/cargo-home" "-e" "RUSTUP_HOME=/opt/rustwide/rustup-home" "-e" "CARGO_TARGET_DIR=/opt/rustwide/target" "-w" "/opt/rustwide/workdir" "--user" "0:0" "fab5036c9121d9f95f933ed7ccd8a8009c36a83577adae4fad22e9321b0a4b50" "/opt/rustwide/cargo-home/bin/cargo" "+1.99.0-beta.8" "metadata" "--no-deps" "--format-version=1", kill_on_drop: false }`
[INFO] running `Command { std: "docker" "inspect" "fab5036c9121d9f95f933ed7ccd8a8009c36a83577adae4fad22e9321b0a4b50", kill_on_drop: false }`
[INFO] running `Command { std: "docker" "exec" "-e" "SOURCE_DIR=/opt/rustwide/workdir" "-e" "CARGO_HOME=/opt/rustwide/cargo-home" "-e" "RUSTUP_HOME=/opt/rustwide/rustup-home" "-e" "CARGO_TARGET_DIR=/opt/rustwide/target" "-e" "CARGO_INCREMENTAL=0" "-e" "RUST_BACKTRACE=full" "-e" "RUSTFLAGS=--cap-lints=warn" "-e" "RUSTDOCFLAGS=--cap-lints=warn" "-w" "/opt/rustwide/workdir" "--user" "0:0" "fab5036c9121d9f95f933ed7ccd8a8009c36a83577adae4fad22e9321b0a4b50" "/opt/rustwide/cargo-home/bin/cargo" "+1.99.0-beta.8" "build" "--frozen" "--message-format=json" "--release", kill_on_drop: false }`
[INFO] [stderr]    Compiling getrandom v0.4.3
[INFO] [stderr]    Compiling crossbeam-utils v0.8.23
[INFO] [stderr]    Compiling num-traits v0.2.19
[INFO] [stderr]    Compiling indexmap v2.14.2
[INFO] [stderr]    Compiling toml_parser v1.1.3+spec-1.1.0
[INFO] [stderr]    Compiling winnow v0.7.15
[INFO] [stderr]    Compiling proc-macro2 v1.0.107
[INFO] [stderr]    Compiling rustix v1.1.5
[INFO] [stderr]    Compiling unicode-ident v1.0.26
[INFO] [stderr]    Compiling syn v2.0.119
[INFO] [stderr]    Compiling generic-array v0.14.7
[INFO] [stderr]    Compiling event-listener-strategy v0.5.4
[INFO] [stderr]    Compiling futures-lite v2.6.1
[INFO] [stderr]    Compiling serde v1.0.229
[INFO] [stderr]    Compiling linux-raw-sys v0.12.1
[INFO] [stderr]    Compiling async-io v2.6.0
[INFO] [stderr]    Compiling endi v1.1.1
[INFO] [stderr]    Compiling async-task v4.7.1
[INFO] [stderr]    Compiling concurrent-queue v2.5.0
[INFO] [stderr]    Compiling inout v0.2.2
[INFO] [stderr]    Compiling piper v0.2.5
[INFO] [stderr]    Compiling async-lock v3.4.2
[INFO] [stderr]    Compiling crypto-common v0.2.2
[INFO] [stderr]    Compiling async-channel v2.5.0
[INFO] [stderr]    Compiling cpubits v0.1.1
[INFO] [stderr]    Compiling const-oid v0.10.2
[INFO] [stderr]    Compiling async-broadcast v0.7.2
[INFO] [stderr]    Compiling serde_repr v0.1.21
[INFO] [stderr]    Compiling uuid v1.26.1
[INFO] [stderr]    Compiling ordered-stream v0.2.0
[INFO] [stderr]    Compiling futures-util v0.3.34
[INFO] [stderr]    Compiling getrandom v0.2.17
[INFO] [stderr]    Compiling keyring-core v1.0.0
[INFO] [stderr]    Compiling quote v1.0.47
[INFO] [stderr]    Compiling crypto-common v0.1.7
[INFO] [stderr]    Compiling num-integer v0.1.47
[INFO] [stderr]    Compiling toml_edit v0.25.15+spec-1.1.0
[INFO] [stderr]    Compiling block-buffer v0.10.4
[INFO] [stderr]    Compiling block-padding v0.3.3
[INFO] [stderr]    Compiling digest v0.10.7
[INFO] [stderr]    Compiling inout v0.1.4
[INFO] [stderr]    Compiling num-complex v0.4.6
[INFO] [stderr]    Compiling hmac v0.12.1
[INFO] [stderr]    Compiling cipher v0.4.4
[INFO] [stderr]    Compiling blocking v1.7.0
[INFO] [stderr]    Compiling num-bigint v0.4.8
[INFO] [stderr]    Compiling proc-macro-crate v3.5.0
[INFO] [stderr]    Compiling num-iter v0.1.46
[INFO] [stderr]    Compiling async-executor v1.14.0
[INFO] [stderr]    Compiling universal-hash v0.6.1
[INFO] [stderr]    Compiling digest v0.11.3
[INFO] [stderr]    Compiling cipher v0.5.2
[INFO] [stderr]    Compiling aes v0.8.4
[INFO] [stderr]    Compiling cbc v0.1.2
[INFO] [stderr]    Compiling hkdf v0.12.4
[INFO] [stderr]    Compiling sha2 v0.10.9
[INFO] [stderr]    Compiling hmac v0.13.0
[INFO] [stderr]    Compiling aead v0.6.1
[INFO] [stderr]    Compiling sha2 v0.11.0
[INFO] [stderr]    Compiling ctr v0.10.1
[INFO] [stderr]    Compiling hkdf v0.13.0
[INFO] [stderr]    Compiling num-rational v0.4.2
[INFO] [stderr]    Compiling num v0.4.3
[INFO] [stderr]    Compiling zvariant_utils v3.3.0
[INFO] [stderr]    Compiling enumflags2_derive v0.7.12
[INFO] [stderr]    Compiling zvariant_derive v5.9.2
[INFO] [stderr]    Compiling zeroize_derive v1.5.0
[INFO] [stderr]    Compiling tracing-attributes v0.1.31
[INFO] [stderr]    Compiling enumflags2 v0.7.12
[INFO] [stderr]    Compiling zeroize v1.9.0
[INFO] [stderr]    Compiling polyval v0.7.3
[INFO] [stderr]    Compiling aes v0.9.2
[INFO] [stderr]    Compiling ghash v0.6.0
[INFO] [stderr]    Compiling tracing v0.1.44
[INFO] [stderr]    Compiling zvariant v5.9.2
[INFO] [stderr]    Compiling aes-gcm v0.11.1
[INFO] [stderr]    Compiling encryptman v0.4.0
[INFO] [stderr]    Compiling polling v3.11.0
[INFO] [stderr]    Compiling async-signal v0.2.14
[INFO] [stderr]    Compiling async-process v2.5.0
[INFO] [stderr]    Compiling zbus_names v4.3.1
[INFO] [stderr]    Compiling zbus_macros v5.13.2
[INFO] [stderr]    Compiling zbus v5.13.2
[INFO] [stderr]    Compiling secret-service v5.1.0
[INFO] [stderr]    Compiling zbus-secret-service-keyring-store v1.0.1
[INFO] [stderr]    Compiling keyring v4.2.0
[INFO] [stderr]    Compiling encryptman-keyring v0.1.4 (/opt/rustwide/workdir)
[INFO] [stderr]     Finished `release` profile [optimized] target(s) in 1m 30s
[INFO] running `Command { std: "docker" "inspect" "fab5036c9121d9f95f933ed7ccd8a8009c36a83577adae4fad22e9321b0a4b50", kill_on_drop: false }`
[INFO] running `Command { std: "docker" "exec" "-e" "SOURCE_DIR=/opt/rustwide/workdir" "-e" "CARGO_HOME=/opt/rustwide/cargo-home" "-e" "RUSTUP_HOME=/opt/rustwide/rustup-home" "-e" "CARGO_TARGET_DIR=/opt/rustwide/target" "-e" "CARGO_INCREMENTAL=0" "-e" "RUST_BACKTRACE=full" "-e" "RUSTFLAGS=--cap-lints=warn" "-e" "RUSTDOCFLAGS=--cap-lints=warn" "-w" "/opt/rustwide/workdir" "--user" "0:0" "fab5036c9121d9f95f933ed7ccd8a8009c36a83577adae4fad22e9321b0a4b50" "/opt/rustwide/cargo-home/bin/cargo" "+1.99.0-beta.8" "test" "--frozen" "--no-run" "--message-format=json" "--release", kill_on_drop: false }`
[INFO] [stderr]    Compiling rustix v1.1.5
[INFO] [stderr]    Compiling futures-executor v0.3.34
[INFO] [stderr]    Compiling serial_test_derive v4.0.1
[INFO] [stderr]    Compiling parking_lot v0.12.5
[INFO] [stderr]    Compiling serial_test v4.0.1
[INFO] [stderr]    Compiling polling v3.11.0
[INFO] [stderr]    Compiling tempfile v3.27.0
[INFO] [stderr]    Compiling async-io v2.6.0
[INFO] [stderr]    Compiling async-signal v0.2.14
[INFO] [stderr]    Compiling async-process v2.5.0
[INFO] [stderr]    Compiling zbus v5.13.2
[INFO] [stderr]    Compiling secret-service v5.1.0
[INFO] [stderr]    Compiling zbus-secret-service-keyring-store v1.0.1
[INFO] [stderr]    Compiling keyring v4.2.0
[INFO] [stderr]    Compiling encryptman-keyring v0.1.4 (/opt/rustwide/workdir)
[INFO] [stderr]     Finished `release` profile [optimized] target(s) in 51.33s
[INFO] running `Command { std: "docker" "inspect" "fab5036c9121d9f95f933ed7ccd8a8009c36a83577adae4fad22e9321b0a4b50", kill_on_drop: false }`
[INFO] running `Command { std: "docker" "exec" "-e" "SOURCE_DIR=/opt/rustwide/workdir" "-e" "CARGO_HOME=/opt/rustwide/cargo-home" "-e" "RUSTUP_HOME=/opt/rustwide/rustup-home" "-e" "CARGO_TARGET_DIR=/opt/rustwide/target" "-e" "CARGO_INCREMENTAL=0" "-e" "RUST_BACKTRACE=full" "-e" "RUSTFLAGS=--cap-lints=warn" "-e" "RUSTDOCFLAGS=--cap-lints=warn" "-w" "/opt/rustwide/workdir" "--user" "0:0" "fab5036c9121d9f95f933ed7ccd8a8009c36a83577adae4fad22e9321b0a4b50" "/opt/rustwide/cargo-home/bin/cargo" "+1.99.0-beta.8" "test" "--frozen" "--release", kill_on_drop: false }`
[INFO] [stderr]     Finished `release` profile [optimized] target(s) in 0.21s
[INFO] [stderr]      Running unittests src/lib.rs (/opt/rustwide/target/release/deps/encryptman_keyring-c7cecdda7db1e0c5)
[INFO] [stdout] 
[INFO] [stdout] running 13 tests
[INFO] [stdout] test tests::encrypt_bytes_context_isolation ... FAILED
[INFO] [stdout] test tests::encrypt_produces_different_output_each_time ... FAILED
[INFO] [stdout] test tests::encrypt_decrypt_roundtrip ... FAILED
[INFO] [stdout] test tests::context_isolation ... FAILED
[INFO] [stdout] test tests::debug_does_not_leak_key ... FAILED
[INFO] [stdout] test tests::encrypt_bytes_produces_different_output_each_time ... FAILED
[INFO] [stdout] test tests::delete_as_associated_function ... FAILED
[INFO] [stdout] test tests::migrate_from_file ... FAILED
[INFO] [stdout] test tests::new_with_target ... FAILED
[INFO] [stdout] test tests::encrypt_bytes_roundtrip ... FAILED
[INFO] [stdout] test tests::unicode_roundtrip ... FAILED
[INFO] [stdout] test tests::migrate_from_file_wrong_length ... ok
[INFO] [stdout] test tests::wrong_key_fails ... FAILED
[INFO] [stdout] 
[INFO] [stdout] failures:
[INFO] [stdout] 
[INFO] [stdout] ---- tests::encrypt_bytes_context_isolation stdout ----
[INFO] [stdout] 
[INFO] [stdout] thread 'tests::encrypt_bytes_context_isolation' (1852) panicked at src/lib.rs:525:69:
[INFO] [stdout] called `Result::unwrap()` on an `Err` value: Keychain(NoDefaultStore)
[INFO] [stdout] stack backtrace:
[INFO] [stdout]    0:     0x6112753017d1 - <<std[70759c8f55707aa4]::sys::backtrace::BacktraceLock>::print::DisplayBacktrace as core[df12db4294e9bfd3]::fmt::Display>::fmt
[INFO] [stdout]    1:     0x61127531785a - core[df12db4294e9bfd3]::fmt::write
[INFO] [stdout]    2:     0x61127530685c - <alloc[2182bb758b4b3781]::vec::Vec<u8> as core[df12db4294e9bfd3]::io::write::Write>::write_fmt
[INFO] [stdout]    3:     0x6112752da2b6 - std[70759c8f55707aa4]::panicking::default_hook::{closure#0}
[INFO] [stdout]    4:     0x6112752f8269 - std[70759c8f55707aa4]::panicking::default_hook
[INFO] [stdout]    5:     0x611275280aa0 - test[9d35eded1c95d3be]::test_main_inner::<test[9d35eded1c95d3be]::test_main_static::{closure#0}>::{closure#0}
[INFO] [stdout]    6:     0x6112752f8592 - std[70759c8f55707aa4]::panicking::panic_with_hook
[INFO] [stdout]    7:     0x6112752da362 - std[70759c8f55707aa4]::panicking::panic_handler::{closure#0}
[INFO] [stdout]    8:     0x6112752d2d59 - std[70759c8f55707aa4]::sys::backtrace::__rust_end_short_backtrace::<std[70759c8f55707aa4]::panicking::panic_handler::{closure#0}, !>
[INFO] [stdout]    9:     0x6112752db14d - __rustc[8fa7c3cbc660c2b3]::rust_begin_unwind
[INFO] [stdout]   10:     0x611275317fbc - core[df12db4294e9bfd3]::panicking::panic_fmt
[INFO] [stdout]   11:     0x611275317d92 - core[df12db4294e9bfd3]::result::unwrap_failed
[INFO] [stdout]   12:     0x611275080b83 - <encryptman_keyring[93ef981a7e14ee15]::tests::encrypt_bytes_context_isolation::{closure#0} as core[df12db4294e9bfd3]::ops::function::FnOnce<()>>::call_once
[INFO] [stdout]   13:     0x6112752b5f23 - serial_test[b21e17b9a2f26874]::serial_code_lock::local_serial_core
[INFO] [stdout]   14:     0x61127507e18d - <encryptman_keyring[93ef981a7e14ee15]::tests::encrypt_bytes_context_isolation::{closure#0} as core[df12db4294e9bfd3]::ops::function::FnOnce<()>>::call_once
[INFO] [stdout]   15:     0x611275273d8b - test[9d35eded1c95d3be]::__rust_begin_short_backtrace::<core[df12db4294e9bfd3]::result::Result<(), alloc[2182bb758b4b3781]::string::String>, fn() -> core[df12db4294e9bfd3]::result::Result<(), alloc[2182bb758b4b3781]::string::String>>
[INFO] [stdout]   16:     0x6112752813f5 - test[9d35eded1c95d3be]::run_test::{closure#0}
[INFO] [stdout]   17:     0x61127527acb4 - std[70759c8f55707aa4]::sys::backtrace::__rust_begin_short_backtrace::<test[9d35eded1c95d3be]::run_test::{closure#1}, ()>
[INFO] [stdout]   18:     0x611275284552 - <std[70759c8f55707aa4]::thread::lifecycle::spawn_unchecked<test[9d35eded1c95d3be]::run_test::{closure#1}, ()>::{closure#1} as core[df12db4294e9bfd3]::ops::function::FnOnce<()>>::call_once::{shim:vtable#0}
[INFO] [stdout]   19:     0x611275300049 - <std[70759c8f55707aa4]::sys::thread::unix::Thread>::new::thread_start
[INFO] [stdout]   20:     0x7500f707bdfa - <unknown>
[INFO] [stdout]   21:     0x7500f710f3d4 - clone
[INFO] [stdout]   22:                0x0 - <unknown>
[INFO] [stdout] 
[INFO] [stdout] ---- tests::encrypt_produces_different_output_each_time stdout ----
[INFO] [stdout] 
[INFO] [stdout] thread 'tests::encrypt_produces_different_output_each_time' (1856) panicked at src/lib.rs:397:62:
[INFO] [stdout] called `Result::unwrap()` on an `Err` value: Keychain(NoDefaultStore)
[INFO] [stdout] stack backtrace:
[INFO] [stdout]    0:     0x6112753017d1 - <<std[70759c8f55707aa4]::sys::backtrace::BacktraceLock>::print::DisplayBacktrace as core[df12db4294e9bfd3]::fmt::Display>::fmt
[INFO] [stdout]    1:     0x61127531785a - core[df12db4294e9bfd3]::fmt::write
[INFO] [stdout]    2:     0x61127530685c - <alloc[2182bb758b4b3781]::vec::Vec<u8> as core[df12db4294e9bfd3]::io::write::Write>::write_fmt
[INFO] [stdout]    3:     0x6112752da2b6 - std[70759c8f55707aa4]::panicking::default_hook::{closure#0}
[INFO] [stdout]    4:     0x6112752f8269 - std[70759c8f55707aa4]::panicking::default_hook
[INFO] [stdout]    5:     0x611275280aa0 - test[9d35eded1c95d3be]::test_main_inner::<test[9d35eded1c95d3be]::test_main_static::{closure#0}>::{closure#0}
[INFO] [stdout]    6:     0x6112752f8592 - std[70759c8f55707aa4]::panicking::panic_with_hook
[INFO] [stdout]    7:     0x6112752da362 - std[70759c8f55707aa4]::panicking::panic_handler::{closure#0}
[INFO] [stdout]    8:     0x6112752d2d59 - std[70759c8f55707aa4]::sys::backtrace::__rust_end_short_backtrace::<std[70759c8f55707aa4]::panicking::panic_handler::{closure#0}, !>
[INFO] [stdout]    9:     0x6112752db14d - __rustc[8fa7c3cbc660c2b3]::rust_begin_unwind
[INFO] [stdout]   10:     0x611275317fbc - core[df12db4294e9bfd3]::panicking::panic_fmt
[INFO] [stdout]   11:     0x611275317d92 - core[df12db4294e9bfd3]::result::unwrap_failed
[INFO] [stdout]   12:     0x611275080f2f - <encryptman_keyring[93ef981a7e14ee15]::tests::encrypt_produces_different_output_each_time::{closure#0} as core[df12db4294e9bfd3]::ops::function::FnOnce<()>>::call_once
[INFO] [stdout]   13:     0x6112752b5f23 - serial_test[b21e17b9a2f26874]::serial_code_lock::local_serial_core
[INFO] [stdout]   14:     0x61127507e20d - <encryptman_keyring[93ef981a7e14ee15]::tests::encrypt_produces_different_output_each_time::{closure#0} as core[df12db4294e9bfd3]::ops::function::FnOnce<()>>::call_once
[INFO] [stdout]   15:     0x611275273d8b - test[9d35eded1c95d3be]::__rust_begin_short_backtrace::<core[df12db4294e9bfd3]::result::Result<(), alloc[2182bb758b4b3781]::string::String>, fn() -> core[df12db4294e9bfd3]::result::Result<(), alloc[2182bb758b4b3781]::string::String>>
[INFO] [stdout]   16:     0x6112752813f5 - test[9d35eded1c95d3be]::run_test::{closure#0}
[INFO] [stdout]   17:     0x61127527acb4 - std[70759c8f55707aa4]::sys::backtrace::__rust_begin_short_backtrace::<test[9d35eded1c95d3be]::run_test::{closure#1}, ()>
[INFO] [stdout]   18:     0x611275284552 - <std[70759c8f55707aa4]::thread::lifecycle::spawn_unchecked<test[9d35eded1c95d3be]::run_test::{closure#1}, ()>::{closure#1} as core[df12db4294e9bfd3]::ops::function::FnOnce<()>>::call_once::{shim:vtable#0}
[INFO] [stdout]   19:     0x611275300049 - <std[70759c8f55707aa4]::sys::thread::unix::Thread>::new::thread_start
[INFO] [stdout]   20:     0x7500f707bdfa - <unknown>
[INFO] [stdout]   21:     0x7500f710f3d4 - clone
[INFO] [stdout]   22:                0x0 - <unknown>
[INFO] [stdout] 
[INFO] [stdout] ---- tests::encrypt_decrypt_roundtrip stdout ----
[INFO] [stdout] 
[INFO] [stdout] thread 'tests::encrypt_decrypt_roundtrip' (1855) panicked at src/lib.rs:386:59:
[INFO] [stdout] called `Result::unwrap()` on an `Err` value: Keychain(NoDefaultStore)
[INFO] [stdout] stack backtrace:
[INFO] [stdout]    0:     0x6112753017d1 - <<std[70759c8f55707aa4]::sys::backtrace::BacktraceLock>::print::DisplayBacktrace as core[df12db4294e9bfd3]::fmt::Display>::fmt
[INFO] [stdout]    1:     0x61127531785a - core[df12db4294e9bfd3]::fmt::write
[INFO] [stdout]    2:     0x61127530685c - <alloc[2182bb758b4b3781]::vec::Vec<u8> as core[df12db4294e9bfd3]::io::write::Write>::write_fmt
[INFO] [stdout]    3:     0x6112752da2b6 - std[70759c8f55707aa4]::panicking::default_hook::{closure#0}
[INFO] [stdout]    4:     0x6112752f8269 - std[70759c8f55707aa4]::panicking::default_hook
[INFO] [stdout]    5:     0x611275280aa0 - test[9d35eded1c95d3be]::test_main_inner::<test[9d35eded1c95d3be]::test_main_static::{closure#0}>::{closure#0}
[INFO] [stdout]    6:     0x6112752f8592 - std[70759c8f55707aa4]::panicking::panic_with_hook
[INFO] [stdout]    7:     0x6112752da362 - std[70759c8f55707aa4]::panicking::panic_handler::{closure#0}
[INFO] [stdout]    8:     0x6112752d2d59 - std[70759c8f55707aa4]::sys::backtrace::__rust_end_short_backtrace::<std[70759c8f55707aa4]::panicking::panic_handler::{closure#0}, !>
[INFO] [stdout]    9:     0x6112752db14d - __rustc[8fa7c3cbc660c2b3]::rust_begin_unwind
[INFO] [stdout]   10:     0x611275317fbc - core[df12db4294e9bfd3]::panicking::panic_fmt
[INFO] [stdout]   11:     0x611275317d92 - core[df12db4294e9bfd3]::result::unwrap_failed
[INFO] [stdout]   12:     0x611275080093 - <encryptman_keyring[93ef981a7e14ee15]::tests::encrypt_decrypt_roundtrip::{closure#0} as core[df12db4294e9bfd3]::ops::function::FnOnce<()>>::call_once
[INFO] [stdout]   13:     0x6112752b5f23 - serial_test[b21e17b9a2f26874]::serial_code_lock::local_serial_core
[INFO] [stdout]   14:     0x61127507e00d - <encryptman_keyring[93ef981a7e14ee15]::tests::encrypt_decrypt_roundtrip::{closure#0} as core[df12db4294e9bfd3]::ops::function::FnOnce<()>>::call_once
[INFO] [stdout]   15:     0x611275273d8b - test[9d35eded1c95d3be]::__rust_begin_short_backtrace::<core[df12db4294e9bfd3]::result::Result<(), alloc[2182bb758b4b3781]::string::String>, fn() -> core[df12db4294e9bfd3]::result::Result<(), alloc[2182bb758b4b3781]::string::String>>
[INFO] [stdout]   16:     0x6112752813f5 - test[9d35eded1c95d3be]::run_test::{closure#0}
[INFO] [stdout]   17:     0x61127527acb4 - std[70759c8f55707aa4]::sys::backtrace::__rust_begin_short_backtrace::<test[9d35eded1c95d3be]::run_test::{closure#1}, ()>
[INFO] [stdout]   18:     0x611275284552 - <std[70759c8f55707aa4]::thread::lifecycle::spawn_unchecked<test[9d35eded1c95d3be]::run_test::{closure#1}, ()>::{closure#1} as core[df12db4294e9bfd3]::ops::function::FnOnce<()>>::call_once::{shim:vtable#0}
[INFO] [stdout]   19:     0x611275300049 - <std[70759c8f55707aa4]::sys::thread::unix::Thread>::new::thread_start
[INFO] [stdout]   20:     0x7500f707bdfa - <unknown>
[INFO] [stdout]   21:     0x7500f710f3d4 - clone
[INFO] [stdout]   22:                0x0 - <unknown>
[INFO] [stdout] 
[INFO] [stdout] ---- tests::context_isolation stdout ----
[INFO] [stdout] 
[INFO] [stdout] thread 'tests::context_isolation' (1849) panicked at src/lib.rs:429:63:
[INFO] [stdout] called `Result::unwrap()` on an `Err` value: Keychain(NoDefaultStore)
[INFO] [stdout] stack backtrace:
[INFO] [stdout]    0:     0x6112753017d1 - <<std[70759c8f55707aa4]::sys::backtrace::BacktraceLock>::print::DisplayBacktrace as core[df12db4294e9bfd3]::fmt::Display>::fmt
[INFO] [stdout]    1:     0x61127531785a - core[df12db4294e9bfd3]::fmt::write
[INFO] [stdout]    2:     0x61127530685c - <alloc[2182bb758b4b3781]::vec::Vec<u8> as core[df12db4294e9bfd3]::io::write::Write>::write_fmt
[INFO] [stdout]    3:     0x6112752da2b6 - std[70759c8f55707aa4]::panicking::default_hook::{closure#0}
[INFO] [stdout]    4:     0x6112752f8269 - std[70759c8f55707aa4]::panicking::default_hook
[INFO] [stdout]    5:     0x611275280aa0 - test[9d35eded1c95d3be]::test_main_inner::<test[9d35eded1c95d3be]::test_main_static::{closure#0}>::{closure#0}
[INFO] [stdout]    6:     0x6112752f8592 - std[70759c8f55707aa4]::panicking::panic_with_hook
[INFO] [stdout]    7:     0x6112752da362 - std[70759c8f55707aa4]::panicking::panic_handler::{closure#0}
[INFO] [stdout]    8:     0x6112752d2d59 - std[70759c8f55707aa4]::sys::backtrace::__rust_end_short_backtrace::<std[70759c8f55707aa4]::panicking::panic_handler::{closure#0}, !>
[INFO] [stdout]    9:     0x6112752db14d - __rustc[8fa7c3cbc660c2b3]::rust_begin_unwind
[INFO] [stdout]   10:     0x611275317fbc - core[df12db4294e9bfd3]::panicking::panic_fmt
[INFO] [stdout]   11:     0x611275317d92 - core[df12db4294e9bfd3]::result::unwrap_failed
[INFO] [stdout]   12:     0x61127507ecd3 - <encryptman_keyring[93ef981a7e14ee15]::tests::context_isolation::{closure#0} as core[df12db4294e9bfd3]::ops::function::FnOnce<()>>::call_once
[INFO] [stdout]   13:     0x6112752b5f23 - serial_test[b21e17b9a2f26874]::serial_code_lock::local_serial_core
[INFO] [stdout]   14:     0x61127507dd8d - <encryptman_keyring[93ef981a7e14ee15]::tests::context_isolation::{closure#0} as core[df12db4294e9bfd3]::ops::function::FnOnce<()>>::call_once
[INFO] [stdout]   15:     0x611275273d8b - test[9d35eded1c95d3be]::__rust_begin_short_backtrace::<core[df12db4294e9bfd3]::result::Result<(), alloc[2182bb758b4b3781]::string::String>, fn() -> core[df12db4294e9bfd3]::result::Result<(), alloc[2182bb758b4b3781]::string::String>>
[INFO] [stdout]   16:     0x6112752813f5 - test[9d35eded1c95d3be]::run_test::{closure#0}
[INFO] [stdout]   17:     0x61127527acb4 - std[70759c8f55707aa4]::sys::backtrace::__rust_begin_short_backtrace::<test[9d35eded1c95d3be]::run_test::{closure#1}, ()>
[INFO] [stdout]   18:     0x611275284552 - <std[70759c8f55707aa4]::thread::lifecycle::spawn_unchecked<test[9d35eded1c95d3be]::run_test::{closure#1}, ()>::{closure#1} as core[df12db4294e9bfd3]::ops::function::FnOnce<()>>::call_once::{shim:vtable#0}
[INFO] [stdout]   19:     0x611275300049 - <std[70759c8f55707aa4]::sys::thread::unix::Thread>::new::thread_start
[INFO] [stdout]   20:     0x7500f707bdfa - <unknown>
[INFO] [stdout]   21:     0x7500f710f3d4 - clone
[INFO] [stdout]   22:                0x0 - <unknown>
[INFO] [stdout] 
[INFO] [stdout] ---- tests::debug_does_not_leak_key stdout ----
[INFO] [stdout] 
[INFO] [stdout] thread 'tests::debug_does_not_leak_key' (1850) panicked at src/lib.rs:440:65:
[INFO] [stdout] called `Result::unwrap()` on an `Err` value: Keychain(NoDefaultStore)
[INFO] [stdout] stack backtrace:
[INFO] [stdout]    0:     0x6112753017d1 - <<std[70759c8f55707aa4]::sys::backtrace::BacktraceLock>::print::DisplayBacktrace as core[df12db4294e9bfd3]::fmt::Display>::fmt
[INFO] [stdout]    1:     0x61127531785a - core[df12db4294e9bfd3]::fmt::write
[INFO] [stdout]    2:     0x61127530685c - <alloc[2182bb758b4b3781]::vec::Vec<u8> as core[df12db4294e9bfd3]::io::write::Write>::write_fmt
[INFO] [stdout]    3:     0x6112752da2b6 - std[70759c8f55707aa4]::panicking::default_hook::{closure#0}
[INFO] [stdout]    4:     0x6112752f8269 - std[70759c8f55707aa4]::panicking::default_hook
[INFO] [stdout]    5:     0x611275280aa0 - test[9d35eded1c95d3be]::test_main_inner::<test[9d35eded1c95d3be]::test_main_static::{closure#0}>::{closure#0}
[INFO] [stdout]    6:     0x6112752f8592 - std[70759c8f55707aa4]::panicking::panic_with_hook
[INFO] [stdout]    7:     0x6112752da362 - std[70759c8f55707aa4]::panicking::panic_handler::{closure#0}
[INFO] [stdout]    8:     0x6112752d2d59 - std[70759c8f55707aa4]::sys::backtrace::__rust_end_short_backtrace::<std[70759c8f55707aa4]::panicking::panic_handler::{closure#0}, !>
[INFO] [stdout]    9:     0x6112752db14d - __rustc[8fa7c3cbc660c2b3]::rust_begin_unwind
[INFO] [stdout]   10:     0x611275317fbc - core[df12db4294e9bfd3]::panicking::panic_fmt
[INFO] [stdout]   11:     0x611275317d92 - core[df12db4294e9bfd3]::result::unwrap_failed
[INFO] [stdout]   12:     0x61127507f98c - <encryptman_keyring[93ef981a7e14ee15]::tests::debug_does_not_leak_key::{closure#0} as core[df12db4294e9bfd3]::ops::function::FnOnce<()>>::call_once
[INFO] [stdout]   13:     0x6112752b5f23 - serial_test[b21e17b9a2f26874]::serial_code_lock::local_serial_core
[INFO] [stdout]   14:     0x61127507df0d - <encryptman_keyring[93ef981a7e14ee15]::tests::debug_does_not_leak_key::{closure#0} as core[df12db4294e9bfd3]::ops::function::FnOnce<()>>::call_once
[INFO] [stdout]   15:     0x611275273d8b - test[9d35eded1c95d3be]::__rust_begin_short_backtrace::<core[df12db4294e9bfd3]::result::Result<(), alloc[2182bb758b4b3781]::string::String>, fn() -> core[df12db4294e9bfd3]::result::Result<(), alloc[2182bb758b4b3781]::string::String>>
[INFO] [stdout]   16:     0x6112752813f5 - test[9d35eded1c95d3be]::run_test::{closure#0}
[INFO] [stdout]   17:     0x61127527acb4 - std[70759c8f55707aa4]::sys::backtrace::__rust_begin_short_backtrace::<test[9d35eded1c95d3be]::run_test::{closure#1}, ()>
[INFO] [stdout]   18:     0x611275284552 - <std[70759c8f55707aa4]::thread::lifecycle::spawn_unchecked<test[9d35eded1c95d3be]::run_test::{closure#1}, ()>::{closure#1} as core[df12db4294e9bfd3]::ops::function::FnOnce<()>>::call_once::{shim:vtable#0}
[INFO] [stdout]   19:     0x611275300049 - <std[70759c8f55707aa4]::sys::thread::unix::Thread>::new::thread_start
[INFO] [stdout]   20:     0x7500f707bdfa - <unknown>
[INFO] [stdout]   21:     0x7500f710f3d4 - clone
[INFO] [stdout]   22:                0x0 - <unknown>
[INFO] [stdout] 
[INFO] [stdout] ---- tests::encrypt_bytes_produces_different_output_each_time stdout ----
[INFO] [stdout] 
[INFO] [stdout] thread 'tests::encrypt_bytes_produces_different_output_each_time' (1853) panicked at src/lib.rs:514:68:
[INFO] [stdout] called `Result::unwrap()` on an `Err` value: Keychain(NoDefaultStore)
[INFO] [stdout] stack backtrace:
[INFO] [stdout]    0:     0x6112753017d1 - <<std[70759c8f55707aa4]::sys::backtrace::BacktraceLock>::print::DisplayBacktrace as core[df12db4294e9bfd3]::fmt::Display>::fmt
[INFO] [stdout]    1:     0x61127531785a - core[df12db4294e9bfd3]::fmt::write
[INFO] [stdout]    2:     0x61127530685c - <alloc[2182bb758b4b3781]::vec::Vec<u8> as core[df12db4294e9bfd3]::io::write::Write>::write_fmt
[INFO] [stdout]    3:     0x6112752da2b6 - std[70759c8f55707aa4]::panicking::default_hook::{closure#0}
[INFO] [stdout]    4:     0x6112752f8269 - std[70759c8f55707aa4]::panicking::default_hook
[INFO] [stdout]    5:     0x611275280aa0 - test[9d35eded1c95d3be]::test_main_inner::<test[9d35eded1c95d3be]::test_main_static::{closure#0}>::{closure#0}
[INFO] [stdout]    6:     0x6112752f8592 - std[70759c8f55707aa4]::panicking::panic_with_hook
[INFO] [stdout]    7:     0x6112752da362 - std[70759c8f55707aa4]::panicking::panic_handler::{closure#0}
[INFO] [stdout]    8:     0x6112752d2d59 - std[70759c8f55707aa4]::sys::backtrace::__rust_end_short_backtrace::<std[70759c8f55707aa4]::panicking::panic_handler::{closure#0}, !>
[INFO] [stdout]    9:     0x6112752db14d - __rustc[8fa7c3cbc660c2b3]::rust_begin_unwind
[INFO] [stdout]   10:     0x611275317fbc - core[df12db4294e9bfd3]::panicking::panic_fmt
[INFO] [stdout]   11:     0x611275317d92 - core[df12db4294e9bfd3]::result::unwrap_failed
[INFO] [stdout]   12:     0x6112750812a5 - <encryptman_keyring[93ef981a7e14ee15]::tests::encrypt_bytes_produces_different_output_each_time::{closure#0} as core[df12db4294e9bfd3]::ops::function::FnOnce<()>>::call_once
[INFO] [stdout]   13:     0x6112752b5f23 - serial_test[b21e17b9a2f26874]::serial_code_lock::local_serial_core
[INFO] [stdout]   14:     0x61127507e28d - <encryptman_keyring[93ef981a7e14ee15]::tests::encrypt_bytes_produces_different_output_each_time::{closure#0} as core[df12db4294e9bfd3]::ops::function::FnOnce<()>>::call_once
[INFO] [stdout]   15:     0x611275273d8b - test[9d35eded1c95d3be]::__rust_begin_short_backtrace::<core[df12db4294e9bfd3]::result::Result<(), alloc[2182bb758b4b3781]::string::String>, fn() -> core[df12db4294e9bfd3]::result::Result<(), alloc[2182bb758b4b3781]::string::String>>
[INFO] [stdout]   16:     0x6112752813f5 - test[9d35eded1c95d3be]::run_test::{closure#0}
[INFO] [stdout]   17:     0x61127527acb4 - std[70759c8f55707aa4]::sys::backtrace::__rust_begin_short_backtrace::<test[9d35eded1c95d3be]::run_test::{closure#1}, ()>
[INFO] [stdout]   18:     0x611275284552 - <std[70759c8f55707aa4]::thread::lifecycle::spawn_unchecked<test[9d35eded1c95d3be]::run_test::{closure#1}, ()>::{closure#1} as core[df12db4294e9bfd3]::ops::function::FnOnce<()>>::call_once::{shim:vtable#0}
[INFO] [stdout]   19:     0x611275300049 - <std[70759c8f55707aa4]::sys::thread::unix::Thread>::new::thread_start
[INFO] [stdout]   20:     0x7500f707bdfa - <unknown>
[INFO] [stdout]   21:     0x7500f710f3d4 - clone
[INFO] [stdout]   22:                0x0 - <unknown>
[INFO] [stdout] 
[INFO] [stdout] ---- tests::delete_as_associated_function stdout ----
[INFO] [stdout] 
[INFO] [stdout] thread 'tests::delete_as_associated_function' (1851) panicked at src/lib.rs:537:63:
[INFO] [stdout] called `Result::unwrap()` on an `Err` value: Keychain(NoDefaultStore)
[INFO] [stdout] stack backtrace:
[INFO] [stdout]    0:     0x6112753017d1 - <<std[70759c8f55707aa4]::sys::backtrace::BacktraceLock>::print::DisplayBacktrace as core[df12db4294e9bfd3]::fmt::Display>::fmt
[INFO] [stdout]    1:     0x61127531785a - core[df12db4294e9bfd3]::fmt::write
[INFO] [stdout]    2:     0x61127530685c - <alloc[2182bb758b4b3781]::vec::Vec<u8> as core[df12db4294e9bfd3]::io::write::Write>::write_fmt
[INFO] [stdout]    3:     0x6112752da2b6 - std[70759c8f55707aa4]::panicking::default_hook::{closure#0}
[INFO] [stdout]    4:     0x6112752f8269 - std[70759c8f55707aa4]::panicking::default_hook
[INFO] [stdout]    5:     0x611275280aa0 - test[9d35eded1c95d3be]::test_main_inner::<test[9d35eded1c95d3be]::test_main_static::{closure#0}>::{closure#0}
[INFO] [stdout]    6:     0x6112752f8592 - std[70759c8f55707aa4]::panicking::panic_with_hook
[INFO] [stdout]    7:     0x6112752da362 - std[70759c8f55707aa4]::panicking::panic_handler::{closure#0}
[INFO] [stdout]    8:     0x6112752d2d59 - std[70759c8f55707aa4]::sys::backtrace::__rust_end_short_backtrace::<std[70759c8f55707aa4]::panicking::panic_handler::{closure#0}, !>
[INFO] [stdout]    9:     0x6112752db14d - __rustc[8fa7c3cbc660c2b3]::rust_begin_unwind
[INFO] [stdout]   10:     0x611275317fbc - core[df12db4294e9bfd3]::panicking::panic_fmt
[INFO] [stdout]   11:     0x611275317d92 - core[df12db4294e9bfd3]::result::unwrap_failed
[INFO] [stdout]   12:     0x611275080447 - <encryptman_keyring[93ef981a7e14ee15]::tests::delete_as_associated_function::{closure#0} as core[df12db4294e9bfd3]::ops::function::FnOnce<()>>::call_once
[INFO] [stdout]   13:     0x6112752b5f23 - serial_test[b21e17b9a2f26874]::serial_code_lock::local_serial_core
[INFO] [stdout]   14:     0x61127507e08d - <encryptman_keyring[93ef981a7e14ee15]::tests::delete_as_associated_function::{closure#0} as core[df12db4294e9bfd3]::ops::function::FnOnce<()>>::call_once
[INFO] [stdout]   15:     0x611275273d8b - test[9d35eded1c95d3be]::__rust_begin_short_backtrace::<core[df12db4294e9bfd3]::result::Result<(), alloc[2182bb758b4b3781]::string::String>, fn() -> core[df12db4294e9bfd3]::result::Result<(), alloc[2182bb758b4b3781]::string::String>>
[INFO] [stdout]   16:     0x6112752813f5 - test[9d35eded1c95d3be]::run_test::{closure#0}
[INFO] [stdout]   17:     0x61127527acb4 - std[70759c8f55707aa4]::sys::backtrace::__rust_begin_short_backtrace::<test[9d35eded1c95d3be]::run_test::{closure#1}, ()>
[INFO] [stdout]   18:     0x611275284552 - <std[70759c8f55707aa4]::thread::lifecycle::spawn_unchecked<test[9d35eded1c95d3be]::run_test::{closure#1}, ()>::{closure#1} as core[df12db4294e9bfd3]::ops::function::FnOnce<()>>::call_once::{shim:vtable#0}
[INFO] [stdout]   19:     0x611275300049 - <std[70759c8f55707aa4]::sys::thread::unix::Thread>::new::thread_start
[INFO] [stdout]   20:     0x7500f707bdfa - <unknown>
[INFO] [stdout]   21:     0x7500f710f3d4 - clone
[INFO] [stdout]   22:                0x0 - <unknown>
[INFO] [stdout] 
[INFO] [stdout] ---- tests::migrate_from_file stdout ----
[INFO] [stdout] 
[INFO] [stdout] thread 'tests::migrate_from_file' (1857) panicked at src/lib.rs:471:92:
[INFO] [stdout] called `Result::unwrap()` on an `Err` value: Keychain(NoDefaultStore)
[INFO] [stdout] stack backtrace:
[INFO] [stdout]    0:     0x6112753017d1 - <<std[70759c8f55707aa4]::sys::backtrace::BacktraceLock>::print::DisplayBacktrace as core[df12db4294e9bfd3]::fmt::Display>::fmt
[INFO] [stdout]    1:     0x61127531785a - core[df12db4294e9bfd3]::fmt::write
[INFO] [stdout]    2:     0x61127530685c - <alloc[2182bb758b4b3781]::vec::Vec<u8> as core[df12db4294e9bfd3]::io::write::Write>::write_fmt
[INFO] [stdout]    3:     0x6112752da2b6 - std[70759c8f55707aa4]::panicking::default_hook::{closure#0}
[INFO] [stdout]    4:     0x6112752f8269 - std[70759c8f55707aa4]::panicking::default_hook
[INFO] [stdout]    5:     0x611275280aa0 - test[9d35eded1c95d3be]::test_main_inner::<test[9d35eded1c95d3be]::test_main_static::{closure#0}>::{closure#0}
[INFO] [stdout]    6:     0x6112752f8592 - std[70759c8f55707aa4]::panicking::panic_with_hook
[INFO] [stdout]    7:     0x6112752da362 - std[70759c8f55707aa4]::panicking::panic_handler::{closure#0}
[INFO] [stdout]    8:     0x6112752d2d59 - std[70759c8f55707aa4]::sys::backtrace::__rust_end_short_backtrace::<std[70759c8f55707aa4]::panicking::panic_handler::{closure#0}, !>
[INFO] [stdout]    9:     0x6112752db14d - __rustc[8fa7c3cbc660c2b3]::rust_begin_unwind
[INFO] [stdout]   10:     0x611275317fbc - core[df12db4294e9bfd3]::panicking::panic_fmt
[INFO] [stdout]   11:     0x611275317d92 - core[df12db4294e9bfd3]::result::unwrap_failed
[INFO] [stdout]   12:     0x61127507f282 - <encryptman_keyring[93ef981a7e14ee15]::tests::migrate_from_file::{closure#0} as core[df12db4294e9bfd3]::ops::function::FnOnce<()>>::call_once
[INFO] [stdout]   13:     0x6112752b5f23 - serial_test[b21e17b9a2f26874]::serial_code_lock::local_serial_core
[INFO] [stdout]   14:     0x61127507de0d - <encryptman_keyring[93ef981a7e14ee15]::tests::migrate_from_file::{closure#0} as core[df12db4294e9bfd3]::ops::function::FnOnce<()>>::call_once
[INFO] [stdout]   15:     0x611275273d8b - test[9d35eded1c95d3be]::__rust_begin_short_backtrace::<core[df12db4294e9bfd3]::result::Result<(), alloc[2182bb758b4b3781]::string::String>, fn() -> core[df12db4294e9bfd3]::result::Result<(), alloc[2182bb758b4b3781]::string::String>>
[INFO] [stdout]   16:     0x6112752813f5 - test[9d35eded1c95d3be]::run_test::{closure#0}
[INFO] [stdout]   17:     0x61127527acb4 - std[70759c8f55707aa4]::sys::backtrace::__rust_begin_short_backtrace::<test[9d35eded1c95d3be]::run_test::{closure#1}, ()>
[INFO] [stdout]   18:     0x611275284552 - <std[70759c8f55707aa4]::thread::lifecycle::spawn_unchecked<test[9d35eded1c95d3be]::run_test::{closure#1}, ()>::{closure#1} as core[df12db4294e9bfd3]::ops::function::FnOnce<()>>::call_once::{shim:vtable#0}
[INFO] [stdout]   19:     0x611275300049 - <std[70759c8f55707aa4]::sys::thread::unix::Thread>::new::thread_start
[INFO] [stdout]   20:     0x7500f707bdfa - <unknown>
[INFO] [stdout]   21:     0x7500f710f3d4 - clone
[INFO] [stdout]   22:                0x0 - <unknown>
[INFO] [stdout] 
[INFO] [stdout] ---- tests::new_with_target stdout ----
[INFO] [stdout] 
[INFO] [stdout] thread 'tests::new_with_target' (1861) panicked at src/lib.rs:453:85:
[INFO] [stdout] called `Result::unwrap()` on an `Err` value: Keychain(NoDefaultStore)
[INFO] [stdout] stack backtrace:
[INFO] [stdout]    0:     0x6112753017d1 - <<std[70759c8f55707aa4]::sys::backtrace::BacktraceLock>::print::DisplayBacktrace as core[df12db4294e9bfd3]::fmt::Display>::fmt
[INFO] [stdout]    1:     0x61127531785a - core[df12db4294e9bfd3]::fmt::write
[INFO] [stdout]    2:     0x61127530685c - <alloc[2182bb758b4b3781]::vec::Vec<u8> as core[df12db4294e9bfd3]::io::write::Write>::write_fmt
[INFO] [stdout]    3:     0x6112752da2b6 - std[70759c8f55707aa4]::panicking::default_hook::{closure#0}
[INFO] [stdout]    4:     0x6112752f8269 - std[70759c8f55707aa4]::panicking::default_hook
[INFO] [stdout]    5:     0x611275280aa0 - test[9d35eded1c95d3be]::test_main_inner::<test[9d35eded1c95d3be]::test_main_static::{closure#0}>::{closure#0}
[INFO] [stdout]    6:     0x6112752f8592 - std[70759c8f55707aa4]::panicking::panic_with_hook
[INFO] [stdout]    7:     0x6112752da362 - std[70759c8f55707aa4]::panicking::panic_handler::{closure#0}
[INFO] [stdout]    8:     0x6112752d2d59 - std[70759c8f55707aa4]::sys::backtrace::__rust_end_short_backtrace::<std[70759c8f55707aa4]::panicking::panic_handler::{closure#0}, !>
[INFO] [stdout]    9:     0x6112752db14d - __rustc[8fa7c3cbc660c2b3]::rust_begin_unwind
[INFO] [stdout]   10:     0x611275317fbc - core[df12db4294e9bfd3]::panicking::panic_fmt
[INFO] [stdout]   11:     0x611275317d92 - core[df12db4294e9bfd3]::result::unwrap_failed
[INFO] [stdout]   12:     0x61127507e4b0 - <encryptman_keyring[93ef981a7e14ee15]::tests::new_with_target::{closure#0} as core[df12db4294e9bfd3]::ops::function::FnOnce<()>>::call_once
[INFO] [stdout]   13:     0x6112752b5f23 - serial_test[b21e17b9a2f26874]::serial_code_lock::local_serial_core
[INFO] [stdout]   14:     0x61127507dc8d - <encryptman_keyring[93ef981a7e14ee15]::tests::new_with_target::{closure#0} as core[df12db4294e9bfd3]::ops::function::FnOnce<()>>::call_once
[INFO] [stdout]   15:     0x611275273d8b - test[9d35eded1c95d3be]::__rust_begin_short_backtrace::<core[df12db4294e9bfd3]::result::Result<(), alloc[2182bb758b4b3781]::string::String>, fn() -> core[df12db4294e9bfd3]::result::Result<(), alloc[2182bb758b4b3781]::string::String>>
[INFO] [stdout]   16:     0x6112752813f5 - test[9d35eded1c95d3be]::run_test::{closure#0}
[INFO] [stdout]   17:     0x61127527acb4 - std[70759c8f55707aa4]::sys::backtrace::__rust_begin_short_backtrace::<test[9d35eded1c95d3be]::run_test::{closure#1}, ()>
[INFO] [stdout]   18:     0x611275284552 - <std[70759c8f55707aa4]::thread::lifecycle::spawn_unchecked<test[9d35eded1c95d3be]::run_test::{closure#1}, ()>::{closure#1} as core[df12db4294e9bfd3]::ops::function::FnOnce<()>>::call_once::{shim:vtable#0}
[INFO] [stdout]   19:     0x611275300049 - <std[70759c8f55707aa4]::sys::thread::unix::Thread>::new::thread_start
[INFO] [stdout]   20:     0x7500f707bdfa - <unknown>
[INFO] [stdout]   21:     0x7500f710f3d4 - clone
[INFO] [stdout]   22:                0x0 - <unknown>
[INFO] [stdout] 
[INFO] [stdout] ---- tests::encrypt_bytes_roundtrip stdout ----
[INFO] [stdout] 
[INFO] [stdout] thread 'tests::encrypt_bytes_roundtrip' (1854) panicked at src/lib.rs:502:65:
[INFO] [stdout] called `Result::unwrap()` on an `Err` value: Keychain(NoDefaultStore)
[INFO] [stdout] stack backtrace:
[INFO] [stdout]    0:     0x6112753017d1 - <<std[70759c8f55707aa4]::sys::backtrace::BacktraceLock>::print::DisplayBacktrace as core[df12db4294e9bfd3]::fmt::Display>::fmt
[INFO] [stdout]    1:     0x61127531785a - core[df12db4294e9bfd3]::fmt::write
[INFO] [stdout]    2:     0x61127530685c - <alloc[2182bb758b4b3781]::vec::Vec<u8> as core[df12db4294e9bfd3]::io::write::Write>::write_fmt
[INFO] [stdout]    3:     0x6112752da2b6 - std[70759c8f55707aa4]::panicking::default_hook::{closure#0}
[INFO] [stdout]    4:     0x6112752f8269 - std[70759c8f55707aa4]::panicking::default_hook
[INFO] [stdout]    5:     0x611275280aa0 - test[9d35eded1c95d3be]::test_main_inner::<test[9d35eded1c95d3be]::test_main_static::{closure#0}>::{closure#0}
[INFO] [stdout]    6:     0x6112752f8592 - std[70759c8f55707aa4]::panicking::panic_with_hook
[INFO] [stdout]    7:     0x6112752da362 - std[70759c8f55707aa4]::panicking::panic_handler::{closure#0}
[INFO] [stdout]    8:     0x6112752d2d59 - std[70759c8f55707aa4]::sys::backtrace::__rust_end_short_backtrace::<std[70759c8f55707aa4]::panicking::panic_handler::{closure#0}, !>
[INFO] [stdout]    9:     0x6112752db14d - __rustc[8fa7c3cbc660c2b3]::rust_begin_unwind
[INFO] [stdout]   10:     0x611275317fbc - core[df12db4294e9bfd3]::panicking::panic_fmt
[INFO] [stdout]   11:     0x611275317d92 - core[df12db4294e9bfd3]::result::unwrap_failed
[INFO] [stdout]   12:     0x61127507fcd3 - <encryptman_keyring[93ef981a7e14ee15]::tests::encrypt_bytes_roundtrip::{closure#0} as core[df12db4294e9bfd3]::ops::function::FnOnce<()>>::call_once
[INFO] [stdout]   13:     0x6112752b5f23 - serial_test[b21e17b9a2f26874]::serial_code_lock::local_serial_core
[INFO] [stdout]   14:     0x61127507df8d - <encryptman_keyring[93ef981a7e14ee15]::tests::encrypt_bytes_roundtrip::{closure#0} as core[df12db4294e9bfd3]::ops::function::FnOnce<()>>::call_once
[INFO] [stdout]   15:     0x611275273d8b - test[9d35eded1c95d3be]::__rust_begin_short_backtrace::<core[df12db4294e9bfd3]::result::Result<(), alloc[2182bb758b4b3781]::string::String>, fn() -> core[df12db4294e9bfd3]::result::Result<(), alloc[2182bb758b4b3781]::string::String>>
[INFO] [stdout]   16:     0x6112752813f5 - test[9d35eded1c95d3be]::run_test::{closure#0}
[INFO] [stdout]   17:     0x61127527acb4 - std[70759c8f55707aa4]::sys::backtrace::__rust_begin_short_backtrace::<test[9d35eded1c95d3be]::run_test::{closure#1}, ()>
[INFO] [stdout]   18:     0x611275284552 - <std[70759c8f55707aa4]::thread::lifecycle::spawn_unchecked<test[9d35eded1c95d3be]::run_test::{closure#1}, ()>::{closure#1} as core[df12db4294e9bfd3]::ops::function::FnOnce<()>>::call_once::{shim:vtable#0}
[INFO] [stdout]   19:     0x611275300049 - <std[70759c8f55707aa4]::sys::thread::unix::Thread>::new::thread_start
[INFO] [stdout]   20:     0x7500f707bdfa - <unknown>
[INFO] [stdout]   21:     0x7500f710f3d4 - clone
[INFO] [stdout]   22:                0x0 - <unknown>
[INFO] [stdout] 
[INFO] [stdout] ---- tests::unicode_roundtrip stdout ----
[INFO] [stdout] 
[INFO] [stdout] thread 'tests::unicode_roundtrip' (1862) panicked at src/lib.rs:418:67:
[INFO] [stdout] called `Result::unwrap()` on an `Err` value: Keychain(NoDefaultStore)
[INFO] [stdout] stack backtrace:
[INFO] [stdout]    0:     0x6112753017d1 - <<std[70759c8f55707aa4]::sys::backtrace::BacktraceLock>::print::DisplayBacktrace as core[df12db4294e9bfd3]::fmt::Display>::fmt
[INFO] [stdout]    1:     0x61127531785a - core[df12db4294e9bfd3]::fmt::write
[INFO] [stdout]    2:     0x61127530685c - <alloc[2182bb758b4b3781]::vec::Vec<u8> as core[df12db4294e9bfd3]::io::write::Write>::write_fmt
[INFO] [stdout]    3:     0x6112752da2b6 - std[70759c8f55707aa4]::panicking::default_hook::{closure#0}
[INFO] [stdout]    4:     0x6112752f8269 - std[70759c8f55707aa4]::panicking::default_hook
[INFO] [stdout]    5:     0x611275280aa0 - test[9d35eded1c95d3be]::test_main_inner::<test[9d35eded1c95d3be]::test_main_static::{closure#0}>::{closure#0}
[INFO] [stdout]    6:     0x6112752f8592 - std[70759c8f55707aa4]::panicking::panic_with_hook
[INFO] [stdout]    7:     0x6112752da362 - std[70759c8f55707aa4]::panicking::panic_handler::{closure#0}
[INFO] [stdout]    8:     0x6112752d2d59 - std[70759c8f55707aa4]::sys::backtrace::__rust_end_short_backtrace::<std[70759c8f55707aa4]::panicking::panic_handler::{closure#0}, !>
[INFO] [stdout]    9:     0x6112752db14d - __rustc[8fa7c3cbc660c2b3]::rust_begin_unwind
[INFO] [stdout]   10:     0x611275317fbc - core[df12db4294e9bfd3]::panicking::panic_fmt
[INFO] [stdout]   11:     0x611275317d92 - core[df12db4294e9bfd3]::result::unwrap_failed
[INFO] [stdout]   12:     0x61127507f6a9 - <encryptman_keyring[93ef981a7e14ee15]::tests::unicode_roundtrip::{closure#0} as core[df12db4294e9bfd3]::ops::function::FnOnce<()>>::call_once
[INFO] [stdout]   13:     0x6112752b5f23 - serial_test[b21e17b9a2f26874]::serial_code_lock::local_serial_core
[INFO] [stdout]   14:     0x61127507de8d - <encryptman_keyring[93ef981a7e14ee15]::tests::unicode_roundtrip::{closure#0} as core[df12db4294e9bfd3]::ops::function::FnOnce<()>>::call_once
[INFO] [stdout]   15:     0x611275273d8b - test[9d35eded1c95d3be]::__rust_begin_short_backtrace::<core[df12db4294e9bfd3]::result::Result<(), alloc[2182bb758b4b3781]::string::String>, fn() -> core[df12db4294e9bfd3]::result::Result<(), alloc[2182bb758b4b3781]::string::String>>
[INFO] [stdout]   16:     0x6112752813f5 - test[9d35eded1c95d3be]::run_test::{closure#0}
[INFO] [stdout]   17:     0x61127527acb4 - std[70759c8f55707aa4]::sys::backtrace::__rust_begin_short_backtrace::<test[9d35eded1c95d3be]::run_test::{closure#1}, ()>
[INFO] [stdout]   18:     0x611275284552 - <std[70759c8f55707aa4]::thread::lifecycle::spawn_unchecked<test[9d35eded1c95d3be]::run_test::{closure#1}, ()>::{closure#1} as core[df12db4294e9bfd3]::ops::function::FnOnce<()>>::call_once::{shim:vtable#0}
[INFO] [stdout]   19:     0x611275300049 - <std[70759c8f55707aa4]::sys::thread::unix::Thread>::new::thread_start
[INFO] [stdout]   20:     0x7500f707bdfa - <unknown>
[INFO] [stdout]   21:     0x7500f710f3d4 - clone
[INFO] [stdout]   22:                0x0 - <unknown>
[INFO] [stdout] 
[INFO] [stdout] ---- tests::wrong_key_fails stdout ----
[INFO] [stdout] 
[INFO] [stdout] thread 'tests::wrong_key_fails' (1863) panicked at src/lib.rs:407:64:
[INFO] [stdout] called `Result::unwrap()` on an `Err` value: Keychain(NoDefaultStore)
[INFO] [stdout] stack backtrace:
[INFO] [stdout]    0:     0x6112753017d1 - <<std[70759c8f55707aa4]::sys::backtrace::BacktraceLock>::print::DisplayBacktrace as core[df12db4294e9bfd3]::fmt::Display>::fmt
[INFO] [stdout]    1:     0x61127531785a - core[df12db4294e9bfd3]::fmt::write
[INFO] [stdout]    2:     0x61127530685c - <alloc[2182bb758b4b3781]::vec::Vec<u8> as core[df12db4294e9bfd3]::io::write::Write>::write_fmt
[INFO] [stdout]    3:     0x6112752da2b6 - std[70759c8f55707aa4]::panicking::default_hook::{closure#0}
[INFO] [stdout]    4:     0x6112752f8269 - std[70759c8f55707aa4]::panicking::default_hook
[INFO] [stdout]    5:     0x611275280aa0 - test[9d35eded1c95d3be]::test_main_inner::<test[9d35eded1c95d3be]::test_main_static::{closure#0}>::{closure#0}
[INFO] [stdout]    6:     0x6112752f8592 - std[70759c8f55707aa4]::panicking::panic_with_hook
[INFO] [stdout]    7:     0x6112752da362 - std[70759c8f55707aa4]::panicking::panic_handler::{closure#0}
[INFO] [stdout]    8:     0x6112752d2d59 - std[70759c8f55707aa4]::sys::backtrace::__rust_end_short_backtrace::<std[70759c8f55707aa4]::panicking::panic_handler::{closure#0}, !>
[INFO] [stdout]    9:     0x6112752db14d - __rustc[8fa7c3cbc660c2b3]::rust_begin_unwind
[INFO] [stdout]   10:     0x611275317fbc - core[df12db4294e9bfd3]::panicking::panic_fmt
[INFO] [stdout]   11:     0x611275317d92 - core[df12db4294e9bfd3]::result::unwrap_failed
[INFO] [stdout]   12:     0x61127507e8a6 - <encryptman_keyring[93ef981a7e14ee15]::tests::wrong_key_fails::{closure#0} as core[df12db4294e9bfd3]::ops::function::FnOnce<()>>::call_once
[INFO] [stdout]   13:     0x6112752b5f23 - serial_test[b21e17b9a2f26874]::serial_code_lock::local_serial_core
[INFO] [stdout]   14:     0x61127507dd0d - <encryptman_keyring[93ef981a7e14ee15]::tests::wrong_key_fails::{closure#0} as core[df12db4294e9bfd3]::ops::function::FnOnce<()>>::call_once
[INFO] [stdout]   15:     0x611275273d8b - test[9d35eded1c95d3be]::__rust_begin_short_backtrace::<core[df12db4294e9bfd3]::result::Result<(), alloc[2182bb758b4b3781]::string::String>, fn() -> core[df12db4294e9bfd3]::result::Result<(), alloc[2182bb758b4b3781]::string::String>>
[INFO] [stdout]   16:     0x6112752813f5 - test[9d35eded1c95d3be]::run_test::{closure#0}
[INFO] [stdout]   17:     0x61127527acb4 - std[70759c8f55707aa4]::sys::backtrace::__rust_begin_short_backtrace::<test[9d35eded1c95d3be]::run_test::{closure#1}, ()>
[INFO] [stdout]   18:     0x611275284552 - <std[70759c8f55707aa4]::thread::lifecycle::spawn_unchecked<test[9d35eded1c95d3be]::run_test::{closure#1}, ()>::{closure#1} as core[df12db4294e9bfd3]::ops::function::FnOnce<()>>::call_once::{shim:vtable#0}
[INFO] [stdout]   19:     0x611275300049 - <std[70759c8f55707aa4]::sys::thread::unix::Thread>::new::thread_start
[INFO] [stdout]   20:     0x7500f707bdfa - <unknown>
[INFO] [stdout]   21:     0x7500f710f3d4 - clone
[INFO] [stdout]   22:                0x0 - <unknown>
[INFO] [stdout] 
[INFO] [stdout] 
[INFO] [stdout] failures:
[INFO] [stdout]     tests::context_isolation
[INFO] [stdout]     tests::debug_does_not_leak_key
[INFO] [stdout]     tests::delete_as_associated_function
[INFO] [stdout]     tests::encrypt_bytes_context_isolation
[INFO] [stdout]     tests::encrypt_bytes_produces_different_output_each_time
[INFO] [stdout]     tests::encrypt_bytes_roundtrip
[INFO] [stdout]     tests::encrypt_decrypt_roundtrip
[INFO] [stdout]     tests::encrypt_produces_different_output_each_time
[INFO] [stdout]     tests::migrate_from_file
[INFO] [stdout]     tests::new_with_target
[INFO] [stdout]     tests::unicode_roundtrip
[INFO] [stdout]     tests::wrong_key_fails
[INFO] [stdout] 
[INFO] [stdout] test result: FAILED. 1 passed; 12 failed; 0 ignored; 0 measured; 0 filtered out; finished in 2.02s
[INFO] [stdout] 
[INFO] [stderr] error: test failed, to rerun pass `--lib`
[INFO] running `Command { std: "docker" "inspect" "fab5036c9121d9f95f933ed7ccd8a8009c36a83577adae4fad22e9321b0a4b50", kill_on_drop: false }`
[INFO] running `Command { std: "docker" "rm" "-f" "fab5036c9121d9f95f933ed7ccd8a8009c36a83577adae4fad22e9321b0a4b50", kill_on_drop: false }`
[INFO] [stdout] fab5036c9121d9f95f933ed7ccd8a8009c36a83577adae4fad22e9321b0a4b50
