[INFO] fetching crate emux-mux 0.2.0...
[INFO] testing emux-mux-0.2.0 against 1.99.0-beta.8+cargoflags=--release for beta-release-1.100-2
[INFO] extracting crate emux-mux 0.2.0 into /workspace/builds/worker-1-tc1/source
[INFO] started tweaking crates.io crate emux-mux 0.2.0
[INFO] removed 0 missing tests
[INFO] finished tweaking crates.io crate emux-mux 0.2.0
[INFO] tweaked toml for crates.io crate emux-mux 0.2.0 written to /workspace/builds/worker-1-tc1/source/Cargo.toml
[INFO] validating manifest of crates.io crate emux-mux 0.2.0 on toolchain 1.99.0-beta.8
[INFO] running `Command { std: CARGO_HOME="/workspace/cargo-home" RUSTUP_HOME="/workspace/rustup-home" "/workspace/cargo-home/bin/cargo" "+1.99.0-beta.8" "metadata" "--manifest-path" "Cargo.toml" "--no-deps", kill_on_drop: false }`
[INFO] crate crates.io crate emux-mux 0.2.0 already has a lockfile, it will not be regenerated
[INFO] running `Command { std: CARGO_HOME="/workspace/cargo-home" RUSTUP_HOME="/workspace/rustup-home" "/workspace/cargo-home/bin/cargo" "+1.99.0-beta.8" "fetch" "--manifest-path" "Cargo.toml", kill_on_drop: false }`
[INFO] [stderr]     Updating crates.io index
[INFO] [stderr]  Downloading crates ...
[INFO] [stderr]   Downloaded toml_writer v1.0.7+spec-1.1.0
[INFO] [stderr]   Downloaded toml v1.0.7+spec-1.1.0
[INFO] [stderr]   Downloaded emux-pty v0.2.0
[INFO] [stderr]   Downloaded filedescriptor v0.8.3
[INFO] [stderr]   Downloaded shared_library v0.1.9
[INFO] [stderr]   Downloaded emux-vt v0.2.0
[INFO] [stderr]   Downloaded portable-pty v0.9.0
[INFO] [stderr]   Downloaded winreg v0.10.1
[INFO] [stderr]   Downloaded serial2 v0.2.34
[INFO] [stderr]   Downloaded emux-term v0.2.0
[INFO] [stderr]   Downloaded nix v0.28.0
[INFO] [stderr]   Downloaded nix v0.31.2
[INFO] running `Command { std: "docker" "create" "-v" "/var/lib/crater-agent-workspace/builds/worker-1-tc1/source:/opt/rustwide/workdir:ro,Z" "-v" "/var/lib/crater-agent-workspace/builds/worker-1-tc1/target:/opt/rustwide/target:rw,Z" "-v" "/var/lib/crater-agent-workspace/cargo-home:/opt/rustwide/cargo-home:ro,Z" "-v" "/var/lib/crater-agent-workspace/rustup-home:/opt/rustwide/rustup-home:ro,Z" "-m" "1610612736" "--network" "none" "ghcr.io/rust-lang/crates-build-env/linux@sha256:77db811e55d90add9212f6832c23229e3de5f1c1f9905e8cb07319ea15df73ac" "sleep" "infinity", kill_on_drop: false }`
[INFO] [stdout] a4ec0f4c765ed84bf33e2de6b4b6b5931572e07ac99873374bb8ec0d6c298142
[INFO] running `Command { std: "docker" "start" "a4ec0f4c765ed84bf33e2de6b4b6b5931572e07ac99873374bb8ec0d6c298142", kill_on_drop: false }`
[INFO] running `Command { std: "docker" "inspect" "a4ec0f4c765ed84bf33e2de6b4b6b5931572e07ac99873374bb8ec0d6c298142", kill_on_drop: false }`
[INFO] running `Command { std: "docker" "exec" "-e" "SOURCE_DIR=/opt/rustwide/workdir" "-e" "CARGO_HOME=/opt/rustwide/cargo-home" "-e" "RUSTUP_HOME=/opt/rustwide/rustup-home" "-e" "CARGO_TARGET_DIR=/opt/rustwide/target" "-w" "/opt/rustwide/workdir" "--user" "0:0" "a4ec0f4c765ed84bf33e2de6b4b6b5931572e07ac99873374bb8ec0d6c298142" "/opt/rustwide/cargo-home/bin/cargo" "+1.99.0-beta.8" "metadata" "--no-deps" "--format-version=1", kill_on_drop: false }`
[INFO] running `Command { std: "docker" "inspect" "a4ec0f4c765ed84bf33e2de6b4b6b5931572e07ac99873374bb8ec0d6c298142", kill_on_drop: false }`
[INFO] running `Command { std: "docker" "exec" "-e" "SOURCE_DIR=/opt/rustwide/workdir" "-e" "CARGO_HOME=/opt/rustwide/cargo-home" "-e" "RUSTUP_HOME=/opt/rustwide/rustup-home" "-e" "CARGO_TARGET_DIR=/opt/rustwide/target" "-e" "CARGO_INCREMENTAL=0" "-e" "RUST_BACKTRACE=full" "-e" "RUSTFLAGS=--cap-lints=warn" "-e" "RUSTDOCFLAGS=--cap-lints=warn" "-w" "/opt/rustwide/workdir" "--user" "0:0" "a4ec0f4c765ed84bf33e2de6b4b6b5931572e07ac99873374bb8ec0d6c298142" "/opt/rustwide/cargo-home/bin/cargo" "+1.99.0-beta.8" "build" "--frozen" "--message-format=json" "--release", kill_on_drop: false }`
[INFO] [stderr]    Compiling syn v2.0.117
[INFO] [stderr]    Compiling libc v0.2.183
[INFO] [stderr]    Compiling cfg_aliases v0.1.1
[INFO] [stderr]    Compiling bitflags v2.11.0
[INFO] [stderr]    Compiling cfg_aliases v0.2.1
[INFO] [stderr]    Compiling regex-syntax v0.8.10
[INFO] [stderr]    Compiling downcast-rs v1.2.1
[INFO] [stderr]    Compiling winnow v1.0.0
[INFO] [stderr]    Compiling shell-words v1.1.1
[INFO] [stderr]    Compiling aho-corasick v1.1.4
[INFO] [stderr]    Compiling serde v1.0.228
[INFO] [stderr]    Compiling toml_writer v1.0.7+spec-1.1.0
[INFO] [stderr]    Compiling serde_spanned v1.0.4
[INFO] [stderr]    Compiling toml_datetime v1.0.1+spec-1.1.0
[INFO] [stderr]    Compiling nix v0.31.2
[INFO] [stderr]    Compiling nix v0.28.0
[INFO] [stderr]    Compiling toml_parser v1.0.10+spec-1.1.0
[INFO] [stderr]    Compiling toml v1.0.7+spec-1.1.0
[INFO] [stderr]    Compiling thiserror-impl v1.0.69
[INFO] [stderr]    Compiling serde_derive v1.0.228
[INFO] [stderr]    Compiling serial2 v0.2.34
[INFO] [stderr]    Compiling thiserror v1.0.69
[INFO] [stderr]    Compiling filedescriptor v0.8.3
[INFO] [stderr]    Compiling regex-automata v0.4.14
[INFO] [stderr]    Compiling portable-pty v0.9.0
[INFO] [stderr]    Compiling emux-pty v0.2.0
[INFO] [stderr]    Compiling emux-vt v0.2.0
[INFO] [stderr]    Compiling regex v1.12.3
[INFO] [stderr]    Compiling emux-term v0.2.0
[INFO] [stderr]    Compiling emux-mux v0.2.0 (/opt/rustwide/workdir)
[INFO] [stderr]     Finished `release` profile [optimized] target(s) in 35.94s
[INFO] running `Command { std: "docker" "inspect" "a4ec0f4c765ed84bf33e2de6b4b6b5931572e07ac99873374bb8ec0d6c298142", kill_on_drop: false }`
[INFO] running `Command { std: "docker" "exec" "-e" "SOURCE_DIR=/opt/rustwide/workdir" "-e" "CARGO_HOME=/opt/rustwide/cargo-home" "-e" "RUSTUP_HOME=/opt/rustwide/rustup-home" "-e" "CARGO_TARGET_DIR=/opt/rustwide/target" "-e" "CARGO_INCREMENTAL=0" "-e" "RUST_BACKTRACE=full" "-e" "RUSTFLAGS=--cap-lints=warn" "-e" "RUSTDOCFLAGS=--cap-lints=warn" "-w" "/opt/rustwide/workdir" "--user" "0:0" "a4ec0f4c765ed84bf33e2de6b4b6b5931572e07ac99873374bb8ec0d6c298142" "/opt/rustwide/cargo-home/bin/cargo" "+1.99.0-beta.8" "test" "--frozen" "--no-run" "--message-format=json" "--release", kill_on_drop: false }`
[INFO] [stderr]    Compiling bitflags v2.11.0
[INFO] [stderr]    Compiling fastrand v2.3.0
[INFO] [stderr]    Compiling getrandom v0.4.2
[INFO] [stderr]    Compiling nix v0.28.0
[INFO] [stderr]    Compiling nix v0.31.2
[INFO] [stderr]    Compiling rustix v1.1.4
[INFO] [stderr]    Compiling portable-pty v0.9.0
[INFO] [stderr]    Compiling tempfile v3.27.0
[INFO] [stderr]    Compiling emux-pty v0.2.0
[INFO] [stderr]    Compiling emux-mux v0.2.0 (/opt/rustwide/workdir)
[INFO] [stderr]     Finished `release` profile [optimized] target(s) in 15.11s
[INFO] running `Command { std: "docker" "inspect" "a4ec0f4c765ed84bf33e2de6b4b6b5931572e07ac99873374bb8ec0d6c298142", kill_on_drop: false }`
[INFO] running `Command { std: "docker" "exec" "-e" "SOURCE_DIR=/opt/rustwide/workdir" "-e" "CARGO_HOME=/opt/rustwide/cargo-home" "-e" "RUSTUP_HOME=/opt/rustwide/rustup-home" "-e" "CARGO_TARGET_DIR=/opt/rustwide/target" "-e" "CARGO_INCREMENTAL=0" "-e" "RUST_BACKTRACE=full" "-e" "RUSTFLAGS=--cap-lints=warn" "-e" "RUSTDOCFLAGS=--cap-lints=warn" "-w" "/opt/rustwide/workdir" "--user" "0:0" "a4ec0f4c765ed84bf33e2de6b4b6b5931572e07ac99873374bb8ec0d6c298142" "/opt/rustwide/cargo-home/bin/cargo" "+1.99.0-beta.8" "test" "--frozen" "--release", kill_on_drop: false }`
[INFO] [stderr]     Finished `release` profile [optimized] target(s) in 0.12s
[INFO] [stderr]      Running unittests src/lib.rs (/opt/rustwide/target/release/deps/emux_mux-98570440427eb352)
[INFO] [stdout] 
[INFO] [stdout] running 73 tests
[INFO] [stdout] test domain::tests::parse_remote_invalid_port ... ok
[INFO] [stdout] test domain::tests::default_is_local ... ok
[INFO] [stdout] test domain::tests::remote_domain_host_only ... ok
[INFO] [stdout] test domain::tests::domain_equality ... ok
[INFO] [stdout] test domain::tests::remote_domain_port_no_user ... ok
[INFO] [stdout] test domain::tests::parse_remote_empty_user_fails ... ok
[INFO] [stdout] test domain::tests::remote_domain_user_no_port ... ok
[INFO] [stdout] test domain::tests::parse_remote_host_port ... ok
[INFO] [stdout] test domain::tests::parse_remote_full ... ok
[INFO] [stdout] test domain::tests::remote_domain_full ... ok
[INFO] [stdout] test domain::tests::parse_remote_host_only ... ok
[INFO] [stdout] test domain::tests::local_domain ... ok
[INFO] [stdout] test domain::tests::parse_remote_user_host ... ok
[INFO] [stdout] test domain::tests::parse_remote_empty_fails ... ok
[INFO] [stdout] test layout_template::tests::parse_template_with_defaults ... ok
[INFO] [stdout] test pane::tests::pane_notification_default ... ok
[INFO] [stdout] test pane::tests::pane_resize ... ok
[INFO] [stdout] test pane::tests::pane_scroll_operations ... ok
[INFO] [stdout] test layout_template::tests::parse_basic_template ... ok
[INFO] [stdout] test layout_template::tests::find_template_in_current_dir ... ok
[INFO] [stdout] test layout_template::tests::find_template_walks_up ... ok
[INFO] [stdout] test layout_template::tests::parse_template_all_fields ... ok
[INFO] [stdout] test layout_template::tests::serialize_roundtrip ... ok
[INFO] [stdout] test layout_template::tests::parse_template_minimal ... ok
[INFO] [stdout] test layout_template::tests::split_dir_deserialization ... ok
[INFO] [stdout] test pane::tests::pane_constraints ... ok
[INFO] [stdout] test layout_template::tests::save_and_load_roundtrip ... ok
[INFO] [stdout] test pane::tests::pane_clear_notification ... ok
[INFO] [stdout] test pane::tests::pane_set_notification ... ok
[INFO] [stdout] test pane::tests::pane_title_operations ... ok
[INFO] [stdout] test layout_template::tests::find_template_not_found ... ok
[INFO] [stdout] test project::tests::find_git_root_returns_none_for_tmp ... ok
[INFO] [stdout] test project::tests::read_git_branch_detached_head ... ok
[INFO] [stdout] test pane::tests::pane_working_directory ... ok
[INFO] [stdout] test project::tests::detect_project_returns_none_without_git ... ok
[INFO] [stdout] test project::tests::read_git_branch_symbolic_ref ... ok
[INFO] [stdout] test search::tests::search_lines_empty_input ... ok
[INFO] [stdout] test search::tests::search_lines_multiple_rows ... ok
[INFO] [stdout] test search::tests::search_session_across_panes ... ok
[INFO] [stdout] test search::tests::search_text_no_match ... ok
[INFO] [stdout] test search::tests::search_text_plain_match ... ok
[INFO] [stdout] test search::tests::search_text_regex_match ... ok
[INFO] [stdout] test tab::tests::sync_default_off ... ok
[INFO] [stdout] test tab::tests::sync_target_pane_ids_includes_floating ... ok
[INFO] [stdout] test tab::tests::sync_target_pane_ids_returns_all_except_focused ... ok
[INFO] [stdout] test tab::tests::sync_target_pane_ids_single_pane_returns_empty ... ok
[INFO] [stdout] test search::tests::search_session_empty_query ... ok
[INFO] [stdout] test search::tests::search_session_includes_floating_panes ... ok
[INFO] [stdout] test search::tests::search_session_multiple_tabs ... ok
[INFO] [stdout] test search::tests::search_session_no_match ... ok
[INFO] [stdout] test search::tests::search_session_regex ... ok
[INFO] [stdout] test search::tests::search_text_case_sensitive ... ok
[INFO] [stdout] test search::tests::search_text_multiple_matches ... ok
[INFO] [stdout] test tab::tests::tab_has_notification_from_pane ... ok
[INFO] [stdout] test tab::tests::tab_notification_cleared ... ok
[INFO] [stdout] test tab::tests::tab_notification_from_floating_pane ... ok
[INFO] [stdout] test window::tests::add_tab_increments_count ... ok
[INFO] [stdout] test window::tests::cannot_remove_last_tab ... ok
[INFO] [stdout] test window::tests::active_tab_accessors ... ok
[INFO] [stdout] test window::tests::resize_propagates ... ok
[INFO] [stdout] test window::tests::tab_names ... ok
[INFO] [stdout] test tab::tests::sync_toggle ... ok
[INFO] [stdout] test window::tests::rename_window ... ok
[INFO] [stdout] test tab::tests::tab_notification_count_multiple_panes ... ok
[INFO] [stdout] test tab::tests::tab_has_no_notification_by_default ... ok
[INFO] [stdout] test window::tests::remove_active_tab_clamps ... ok
[INFO] [stdout] test window::tests::remove_tab_by_id ... ok
[INFO] [stdout] test window::tests::new_window_has_one_tab ... ok
[INFO] [stdout] test window::tests::next_prev_single_tab_returns_false ... ok
[INFO] [stdout] test window::tests::next_prev_tab ... ok
[INFO] [stdout] test window::tests::remove_tab_adjusts_active_index ... ok
[INFO] [stdout] test window::tests::remove_tab_by_index ... ok
[INFO] [stdout] test window::tests::switch_tab ... ok
[INFO] [stdout] 
[INFO] [stdout] test result: ok. 73 passed; 0 failed; 0 ignored; 0 measured; 0 filtered out; finished in 0.03s
[INFO] [stdout] 
[INFO] [stderr]      Running tests/floating_panes.rs (/opt/rustwide/target/release/deps/floating_panes-4b994c6582abfbca)
[INFO] [stdout] 
[INFO] [stdout] running 23 tests
[INFO] [stdout] test close_floating_pane ... ok
[INFO] [stdout] test focus_cycle_includes_floating_panes ... ok
[INFO] [stdout] test create_floating_pane_with_custom_coordinates ... ok
[INFO] [stdout] test floating_pane_renders_over_tiled_layout ... ok
[INFO] [stdout] test move_floating_pane_by_offset ... ok
[INFO] [stdout] test move_floating_pane_clamped_to_viewport ... ok
[INFO] [stdout] test overlap_detection_reports_collisions ... ok
[INFO] [stdout] test create_floating_pane_clamped_to_viewport ... ok
[INFO] [stdout] test embed_floating_pane_into_tiled_layout ... ok
[INFO] [stdout] test focus_cycle_from_tiled_to_floating ... ok
[INFO] [stdout] test multiple_floating_panes_coexist ... ok
[INFO] [stdout] test focus_floating_pane_brings_to_front ... ok
[INFO] [stdout] test resize_floating_pane_minimum_size ... ok
[INFO] [stdout] test z_order_send_to_back ... ok
[INFO] [stdout] test toggle_floating_pane_on ... ok
[INFO] [stdout] test resize_floating_pane_smaller ... ok
[INFO] [stdout] test z_order_newly_created_pane_on_top ... ok
[INFO] [stdout] test z_order_swap_two_floating_panes ... ok
[INFO] [stdout] test focus_cycle_from_floating_to_tiled ... ok
[INFO] [stdout] test resize_floating_pane_larger ... ok
[INFO] [stdout] test create_floating_pane_default_size_and_position ... ok
[INFO] [stdout] test toggle_floating_pane_off ... ok
[INFO] [stdout] test toggle_all_floating_panes ... ok
[INFO] [stdout] 
[INFO] [stdout] test result: ok. 23 passed; 0 failed; 0 ignored; 0 measured; 0 filtered out; finished in 0.00s
[INFO] [stdout] 
[INFO] [stderr]      Running tests/integration.rs (/opt/rustwide/target/release/deps/integration-8a97fc35ba674146)
[INFO] [stdout] 
[INFO] [stdout] running 20 tests
[INFO] [stdout] test pane_split_close_mixed_directions ... ok
[INFO] [stdout] test pane_split_close_cycle_vertical ... ok
[INFO] [stdout] test pane_close_nonexistent_pane_fails ... ok
[INFO] [stdout] test pane_split_close_cycle_horizontal ... ok
[INFO] [stdout] test pane_close_last_pane_fails ... ok
[INFO] [stdout] test session_resize_pane_sizes_sum_to_total ... ok
[INFO] [stdout] test session_resize_updates_all_tabs_and_panes ... ok
[INFO] [stdout] test tab_lifecycle_close_first_tab_adjusts_index ... ok
[INFO] [stdout] test tab_lifecycle_create_switch_close ... ok
[INFO] [stdout] test tab_lifecycle_next_prev_cycle ... ok
[INFO] [stdout] test tab_lifecycle_switch_out_of_bounds_fails ... ok
[INFO] [stdout] test pane_split_close_reverse_order ... ok
[INFO] [stdout] test tab_lifecycle_toggle_previous_tab ... ok
[INFO] [stdout] test session_resize_horizontal_split_rows_sum_to_total ... ok
[INFO] [stdout] test session_resize_smaller_clamps_pane_sizes ... ok
[INFO] [stdout] test tab_lifecycle_cannot_close_last_tab ... ok
[INFO] [stdout] test tab_lifecycle_close_active_tab_selects_neighbor ... ok
[INFO] [stdout] test tab_lifecycle_panes_independent_across_tabs ... ok
[INFO] [stdout] test pane_close_active_updates_focus ... ok
[INFO] [stderr]      Running tests/mux_conformance.rs (/opt/rustwide/target/release/deps/mux_conformance-fe509a44852abd0a)
[INFO] [stdout] test pane_split_close_creation_order ... ok
[INFO] [stdout] 
[INFO] [stdout] test result: ok. 20 passed; 0 failed; 0 ignored; 0 measured; 0 filtered out; finished in 0.01s
[INFO] [stdout] 
[INFO] [stdout] 
[INFO] [stdout] running 124 tests
[INFO] [stdout] test cannot_close_last_pane ... ok
[INFO] [stdout] test can_swap_tiled_layout_at_runtime ... ok
[INFO] [stdout] test cannot_close_last_tab ... ok
[INFO] [stdout] test cannot_resize_down_when_pane_below_at_minimum_height ... ok
[INFO] [stdout] test cannot_resize_left_when_pane_at_minimum_width ... ok
[INFO] [stdout] test break_pane_to_new_tab ... ok
[INFO] [stdout] test cannot_resize_when_pane_has_fixed_rows ... ok
[INFO] [stdout] test close_pane_with_multiple_panes_above ... ok
[INFO] [stdout] test clear_screen_by_pane_id ... ok
[INFO] [stdout] test close_pane_with_multiple_panes_below ... ok
[INFO] [stdout] test close_pane_by_pane_id ... ok
[INFO] [stdout] test cannot_split_horizontally_when_pane_has_fixed_rows ... ok
[INFO] [stdout] test close_tab ... ok
[INFO] [stdout] test close_pane_with_pane_to_the_right ... ok
[INFO] [stdout] test cannot_split_largest_when_no_room ... ok
[INFO] [stdout] test cannot_resize_when_pane_has_fixed_columns ... ok
[INFO] [stdout] test cannot_float_only_embedded_pane ... ok
[INFO] [stdout] test cannot_split_vertically_when_pane_too_small ... ok
[INFO] [stdout] test cannot_split_horizontally_when_pane_too_small ... ok
[INFO] [stdout] test cannot_split_vertically_when_pane_has_fixed_columns ... ok
[INFO] [stdout] test close_pane_with_pane_above ... ok
[INFO] [stdout] test attach_to_existing_session ... ok
[INFO] [stdout] test basic_move_active_tab_to_left ... ok
[INFO] [stdout] test cannot_break_last_pane_to_new_tab ... ok
[INFO] [stdout] test basic_move_active_tab_to_right ... ok
[INFO] [stdout] test can_swap_floating_layout_at_runtime ... ok
[INFO] [stdout] test close_pane_with_pane_below ... ok
[INFO] [stdout] test close_pane_with_pane_to_the_left ... ok
[INFO] [stdout] test floating_pane_with_custom_coordinates ... ok
[INFO] [stdout] test decrease_floating_pane_size ... ok
[INFO] [stdout] test detach_from_session ... ok
[INFO] [stdout] test increase_floating_pane_size ... ok
[INFO] [stdout] test close_tab_by_id ... ok
[INFO] [stdout] test close_the_middle_tab ... ok
[INFO] [stdout] test correctly_resize_frameless_panes_on_close ... ok
[INFO] [stdout] test create_new_session ... ok
[INFO] [stdout] test horizontal_split_creates_two_panes ... ok
[INFO] [stdout] test floating_panes_persist_across_toggles ... ok
[INFO] [stdout] test focus_next_pane ... ok
[INFO] [stdout] test move_active_pane_down ... ok
[INFO] [stdout] test float_embedded_pane ... ok
[INFO] [stdout] test focus_previous_pane ... ok
[INFO] [stdout] test move_active_pane_left ... ok
[INFO] [stdout] test four_way_split ... ok
[INFO] [stdout] test move_active_pane_right ... ok
[INFO] [stdout] test five_new_floating_panes_no_overlap ... ok
[INFO] [stdout] test focus_direction_returns_false_at_edge ... ok
[INFO] [stdout] test embed_floating_pane ... ok
[INFO] [stdout] test move_floating_pane_focus_right ... ok
[INFO] [stdout] test move_focus_down ... ok
[INFO] [stdout] test move_focus_down_to_most_recently_used_pane ... ok
[INFO] [stdout] test go_to_tab_by_index ... ok
[INFO] [stdout] test move_focus_left ... ok
[INFO] [stdout] test move_focus_left_at_left_edge_changes_tab ... ok
[INFO] [stdout] test floating_pane_coordinates_clamped_to_viewport ... ok
[INFO] [stdout] test move_focus_right ... ok
[INFO] [stdout] test move_focus_up ... ok
[INFO] [stdout] test move_focus_up_to_most_recently_used_pane ... ok
[INFO] [stdout] test move_pane_backwards_by_pane_id ... ok
[INFO] [stdout] test move_pane_by_pane_id_down ... ok
[INFO] [stdout] test move_pane_to_new_tab_right ... ok
[INFO] [stdout] test nested_horizontal_and_vertical_splits ... ok
[INFO] [stdout] test new_floating_pane ... ok
[INFO] [stdout] test new_pane_in_auto_layout ... ok
[INFO] [stdout] test new_pane_with_command_and_cwd ... ok
[INFO] [stdout] test multiple_clients_in_session ... ok
[INFO] [stdout] test nondirectional_resize_increase_with_pane_to_left ... ok
[INFO] [stdout] test next_tab_wraps_around ... ok
[INFO] [stdout] test move_active_pane_up ... ok
[INFO] [stdout] test prev_tab_wraps_around ... ok
[INFO] [stdout] test open_new_tab ... ok
[INFO] [stdout] test move_floating_pane_focus_left ... ok
[INFO] [stdout] test move_focus_right_at_right_edge_changes_tab ... ok
[INFO] [stdout] test rename_floating_pane ... ok
[INFO] [stdout] test resize_down_with_pane_below ... ok
[INFO] [stdout] test resize_floating_pane_left ... ok
[INFO] [stdout] test resize_floating_pane_right ... ok
[INFO] [stdout] test resize_left_with_pane_to_the_left ... ok
[INFO] [stdout] test resize_right_with_pane_to_the_right ... ok
[INFO] [stdout] test scroll_to_bottom_by_pane_id ... ok
[INFO] [stdout] test resize_tab_with_floating_panes ... ok
[INFO] [stdout] test scroll_to_top_by_pane_id ... ok
[INFO] [stdout] test rename_tab ... ok
[INFO] [stdout] test scroll_up_by_pane_id ... ok
[INFO] [stdout] test split_largest_pane_picks_biggest_area ... ok
[INFO] [stdout] test split_stack_horizontally ... ok
[INFO] [stdout] test new_pane_with_default_placement ... ok
[INFO] [stdout] test split_stack_vertically ... ok
[INFO] [stdout] test resize_by_pane_id ... ok
[INFO] [stdout] test stacked_panes_can_become_fullscreen ... ok
[INFO] [stdout] test switch_to_next_tab ... ok
[INFO] [stdout] test switch_to_next_pane_exits_fullscreen ... ok
[INFO] [stdout] test switch_to_prev_pane_exits_fullscreen ... ok
[INFO] [stdout] test switch_to_tab_by_name ... ok
[INFO] [stdout] test session_rename ... ok
[INFO] [stdout] test shrink_whole_tab_and_expand_back ... ok
[INFO] [stdout] test switch_to_prev_tab ... ok
[INFO] [stdout] test new_pane_with_split_direction ... ok
[INFO] [stdout] test tab_id_remains_stable_after_switch ... ok
[INFO] [stdout] test switch_to_tab_with_fullscreen_pane ... ok
[INFO] [stdout] test session_resize_propagates_to_all_tabs ... ok
[INFO] [stdout] test tab_with_basic_layout ... ok
[INFO] [stdout] test resize_down_with_pane_above ... ok
[INFO] [stdout] test scroll_down_by_pane_id ... ok
[INFO] [stdout] test tab_with_layout_that_has_floating_panes ... ok
[INFO] [stdout] test session_survives_client_disconnect ... ok
[INFO] [stdout] test nondirectional_resize_increase_with_single_pane ... ok
[INFO] [stdout] test toggle_focused_pane_fullscreen ... ok
[INFO] [stdout] test toggle_floating_panes_off ... ok
[INFO] [stdout] test resize_up_with_pane_above ... ok
[INFO] [stdout] test toggle_fullscreen_by_pane_id ... ok
[INFO] [stdout] test rename_embedded_pane ... ok
[INFO] [stdout] test tab_with_nested_layout ... ok
[INFO] [stdout] test split_then_close_returns_to_single_pane ... ok
[INFO] [stdout] test update_screen_pixel_dimensions ... ok
[INFO] [stdout] test wrapping_move_of_active_tab_to_left ... ok
[INFO] [stdout] test undo_rename_pane_by_pane_id ... ok
[INFO] [stdout] test toggle_floating_panes_on ... ok
[INFO] [stdout] test wrapping_move_of_active_tab_to_right ... ok
[INFO] [stdout] test vertical_split_creates_two_panes ... ok
[INFO] [stdout] test toggle_fullscreen_off_restores_layout ... ok
[INFO] [stdout] test toggle_to_previous_tab ... ok
[INFO] [stdout] test undo_rename_tab ... ok
[INFO] [stdout] test pane_size_updates_after_tab_resize ... ok
[INFO] [stdout] 
[INFO] [stdout] test result: ok. 124 passed; 0 failed; 0 ignored; 0 measured; 0 filtered out; finished in 0.04s
[INFO] [stdout] 
[INFO] [stderr]      Running tests/project_detection.rs (/opt/rustwide/target/release/deps/project_detection-28194c95f1c1da63)
[INFO] [stdout] 
[INFO] [stdout] running 9 tests
[INFO] [stdout] test test_find_git_root_nonexistent ... ok
[INFO] [stdout] test test_read_git_branch_detached ... ok
[INFO] [stdout] test test_session_project_info ... ok
[INFO] [stdout] test test_detect_project_full ... FAILED
[INFO] [stdout] test test_find_git_root_at_root ... FAILED
[INFO] [stdout] test test_find_git_root_in_repo ... FAILED
[INFO] [stdout] test test_project_name_from_dir ... ok
[INFO] [stdout] test test_read_git_branch ... ok
[INFO] [stdout] test test_pane_working_directory ... ok
[INFO] [stderr] error: test failed, to rerun pass `--test project_detection`
[INFO] [stdout] 
[INFO] [stdout] failures:
[INFO] [stdout] 
[INFO] [stdout] ---- test_detect_project_full stdout ----
[INFO] [stdout] 
[INFO] [stdout] thread 'test_detect_project_full' (1377) panicked at tests/project_detection.rs:63:37:
[INFO] [stdout] should detect project
[INFO] [stdout] stack backtrace:
[INFO] [stdout]    0:     0x616a32b9f641 - <<std[70759c8f55707aa4]::sys::backtrace::BacktraceLock>::print::DisplayBacktrace as core[df12db4294e9bfd3]::fmt::Display>::fmt
[INFO] [stdout]    1:     0x616a32bb3aea - core[df12db4294e9bfd3]::fmt::write
[INFO] [stdout]    2:     0x616a32ba3d3c - <alloc[2182bb758b4b3781]::vec::Vec<u8> as core[df12db4294e9bfd3]::io::write::Write>::write_fmt
[INFO] [stdout]    3:     0x616a32b7a146 - std[70759c8f55707aa4]::panicking::default_hook::{closure#0}
[INFO] [stdout]    4:     0x616a32b97179 - std[70759c8f55707aa4]::panicking::default_hook
[INFO] [stdout]    5:     0x616a32b306f0 - test[9d35eded1c95d3be]::test_main_inner::<test[9d35eded1c95d3be]::test_main_static::{closure#0}>::{closure#0}
[INFO] [stdout]    6:     0x616a32b97332 - std[70759c8f55707aa4]::panicking::panic_with_hook
[INFO] [stdout]    7:     0x616a32b7a1f2 - std[70759c8f55707aa4]::panicking::panic_handler::{closure#0}
[INFO] [stdout]    8:     0x616a32b72cc9 - std[70759c8f55707aa4]::sys::backtrace::__rust_end_short_backtrace::<std[70759c8f55707aa4]::panicking::panic_handler::{closure#0}, !>
[INFO] [stdout]    9:     0x616a32b7aded - __rustc[8fa7c3cbc660c2b3]::rust_begin_unwind
[INFO] [stdout]   10:     0x616a32bb421c - core[df12db4294e9bfd3]::panicking::panic_fmt
[INFO] [stdout]   11:     0x616a32bb3f74 - core[df12db4294e9bfd3]::option::expect_failed
[INFO] [stdout]   12:     0x616a32b2138b - <project_detection[92256ab56e280a73]::test_detect_project_full::{closure#0} as core[df12db4294e9bfd3]::ops::function::FnOnce<()>>::call_once
[INFO] [stdout]   13:     0x616a32b239db - test[9d35eded1c95d3be]::__rust_begin_short_backtrace::<core[df12db4294e9bfd3]::result::Result<(), alloc[2182bb758b4b3781]::string::String>, fn() -> core[df12db4294e9bfd3]::result::Result<(), alloc[2182bb758b4b3781]::string::String>>
[INFO] [stdout]   14:     0x616a32b31045 - test[9d35eded1c95d3be]::run_test::{closure#0}
[INFO] [stdout]   15:     0x616a32b2a904 - std[70759c8f55707aa4]::sys::backtrace::__rust_begin_short_backtrace::<test[9d35eded1c95d3be]::run_test::{closure#1}, ()>
[INFO] [stdout]   16:     0x616a32b341a2 - <std[70759c8f55707aa4]::thread::lifecycle::spawn_unchecked<test[9d35eded1c95d3be]::run_test::{closure#1}, ()>::{closure#1} as core[df12db4294e9bfd3]::ops::function::FnOnce<()>>::call_once::{shim:vtable#0}
[INFO] [stdout]   17:     0x616a32b9e9b9 - <std[70759c8f55707aa4]::sys::thread::unix::Thread>::new::thread_start
[INFO] [stdout]   18:     0x71c53b31ddfa - <unknown>
[INFO] [stdout]   19:     0x71c53b3b13d4 - clone
[INFO] [stdout]   20:                0x0 - <unknown>
[INFO] [stdout] 
[INFO] [stdout] ---- test_find_git_root_at_root stdout ----
[INFO] [stdout] 
[INFO] [stdout] thread 'test_find_git_root_at_root' (1378) panicked at tests/project_detection.rs:21:36:
[INFO] [stdout] called `Option::unwrap()` on a `None` value
[INFO] [stdout] stack backtrace:
[INFO] [stdout]    0:     0x616a32b9f641 - <<std[70759c8f55707aa4]::sys::backtrace::BacktraceLock>::print::DisplayBacktrace as core[df12db4294e9bfd3]::fmt::Display>::fmt
[INFO] [stdout]    1:     0x616a32bb3aea - core[df12db4294e9bfd3]::fmt::write
[INFO] [stdout]    2:     0x616a32ba3d3c - <alloc[2182bb758b4b3781]::vec::Vec<u8> as core[df12db4294e9bfd3]::io::write::Write>::write_fmt
[INFO] [stdout]    3:     0x616a32b7a146 - std[70759c8f55707aa4]::panicking::default_hook::{closure#0}
[INFO] [stdout]    4:     0x616a32b97179 - std[70759c8f55707aa4]::panicking::default_hook
[INFO] [stdout]    5:     0x616a32b306f0 - test[9d35eded1c95d3be]::test_main_inner::<test[9d35eded1c95d3be]::test_main_static::{closure#0}>::{closure#0}
[INFO] [stdout]    6:     0x616a32b97332 - std[70759c8f55707aa4]::panicking::panic_with_hook
[INFO] [stdout]    7:     0x616a32b7a224 - std[70759c8f55707aa4]::panicking::panic_handler::{closure#0}
[INFO] [stdout]    8:     0x616a32b72cc9 - std[70759c8f55707aa4]::sys::backtrace::__rust_end_short_backtrace::<std[70759c8f55707aa4]::panicking::panic_handler::{closure#0}, !>
[INFO] [stdout]    9:     0x616a32b7aded - __rustc[8fa7c3cbc660c2b3]::rust_begin_unwind
[INFO] [stdout]   10:     0x616a32bb421c - core[df12db4294e9bfd3]::panicking::panic_fmt
[INFO] [stdout]   11:     0x616a32bb41e2 - core[df12db4294e9bfd3]::panicking::panic
[INFO] [stdout]   12:     0x616a32bb3f99 - core[df12db4294e9bfd3]::option::unwrap_failed
[INFO] [stdout]   13:     0x616a32b21d82 - <project_detection[92256ab56e280a73]::test_find_git_root_at_root::{closure#0} as core[df12db4294e9bfd3]::ops::function::FnOnce<()>>::call_once
[INFO] [stdout]   14:     0x616a32b239db - test[9d35eded1c95d3be]::__rust_begin_short_backtrace::<core[df12db4294e9bfd3]::result::Result<(), alloc[2182bb758b4b3781]::string::String>, fn() -> core[df12db4294e9bfd3]::result::Result<(), alloc[2182bb758b4b3781]::string::String>>
[INFO] [stdout]   15:     0x616a32b31045 - test[9d35eded1c95d3be]::run_test::{closure#0}
[INFO] [stdout]   16:     0x616a32b2a904 - std[70759c8f55707aa4]::sys::backtrace::__rust_begin_short_backtrace::<test[9d35eded1c95d3be]::run_test::{closure#1}, ()>
[INFO] [stdout]   17:     0x616a32b341a2 - <std[70759c8f55707aa4]::thread::lifecycle::spawn_unchecked<test[9d35eded1c95d3be]::run_test::{closure#1}, ()>::{closure#1} as core[df12db4294e9bfd3]::ops::function::FnOnce<()>>::call_once::{shim:vtable#0}
[INFO] [stdout]   18:     0x616a32b9e9b9 - <std[70759c8f55707aa4]::sys::thread::unix::Thread>::new::thread_start
[INFO] [stdout]   19:     0x71c53b31ddfa - <unknown>
[INFO] [stdout]   20:     0x71c53b3b13d4 - clone
[INFO] [stdout]   21:                0x0 - <unknown>
[INFO] [stdout] 
[INFO] [stdout] ---- test_find_git_root_in_repo stdout ----
[INFO] [stdout] 
[INFO] [stdout] thread 'test_find_git_root_in_repo' (1379) panicked at tests/project_detection.rs:11:36:
[INFO] [stdout] should find repo root
[INFO] [stdout] stack backtrace:
[INFO] [stdout]    0:     0x616a32b9f641 - <<std[70759c8f55707aa4]::sys::backtrace::BacktraceLock>::print::DisplayBacktrace as core[df12db4294e9bfd3]::fmt::Display>::fmt
[INFO] [stdout]    1:     0x616a32bb3aea - core[df12db4294e9bfd3]::fmt::write
[INFO] [stdout]    2:     0x616a32ba3d3c - <alloc[2182bb758b4b3781]::vec::Vec<u8> as core[df12db4294e9bfd3]::io::write::Write>::write_fmt
[INFO] [stdout]    3:     0x616a32b7a146 - std[70759c8f55707aa4]::panicking::default_hook::{closure#0}
[INFO] [stdout]    4:     0x616a32b97179 - std[70759c8f55707aa4]::panicking::default_hook
[INFO] [stdout]    5:     0x616a32b306f0 - test[9d35eded1c95d3be]::test_main_inner::<test[9d35eded1c95d3be]::test_main_static::{closure#0}>::{closure#0}
[INFO] [stdout]    6:     0x616a32b97332 - std[70759c8f55707aa4]::panicking::panic_with_hook
[INFO] [stdout]    7:     0x616a32b7a1f2 - std[70759c8f55707aa4]::panicking::panic_handler::{closure#0}
[INFO] [stdout]    8:     0x616a32b72cc9 - std[70759c8f55707aa4]::sys::backtrace::__rust_end_short_backtrace::<std[70759c8f55707aa4]::panicking::panic_handler::{closure#0}, !>
[INFO] [stdout]    9:     0x616a32b7aded - __rustc[8fa7c3cbc660c2b3]::rust_begin_unwind
[INFO] [stdout]   10:     0x616a32bb421c - core[df12db4294e9bfd3]::panicking::panic_fmt
[INFO] [stdout]   11:     0x616a32bb3f74 - core[df12db4294e9bfd3]::option::expect_failed
[INFO] [stdout]   12:     0x616a32b21f82 - <project_detection[92256ab56e280a73]::test_find_git_root_in_repo::{closure#0} as core[df12db4294e9bfd3]::ops::function::FnOnce<()>>::call_once
[INFO] [stdout]   13:     0x616a32b239db - test[9d35eded1c95d3be]::__rust_begin_short_backtrace::<core[df12db4294e9bfd3]::result::Result<(), alloc[2182bb758b4b3781]::string::String>, fn() -> core[df12db4294e9bfd3]::result::Result<(), alloc[2182bb758b4b3781]::string::String>>
[INFO] [stdout]   14:     0x616a32b31045 - test[9d35eded1c95d3be]::run_test::{closure#0}
[INFO] [stdout]   15:     0x616a32b2a904 - std[70759c8f55707aa4]::sys::backtrace::__rust_begin_short_backtrace::<test[9d35eded1c95d3be]::run_test::{closure#1}, ()>
[INFO] [stdout]   16:     0x616a32b341a2 - <std[70759c8f55707aa4]::thread::lifecycle::spawn_unchecked<test[9d35eded1c95d3be]::run_test::{closure#1}, ()>::{closure#1} as core[df12db4294e9bfd3]::ops::function::FnOnce<()>>::call_once::{shim:vtable#0}
[INFO] [stdout]   17:     0x616a32b9e9b9 - <std[70759c8f55707aa4]::sys::thread::unix::Thread>::new::thread_start
[INFO] [stdout]   18:     0x71c53b31ddfa - <unknown>
[INFO] [stdout]   19:     0x71c53b3b13d4 - clone
[INFO] [stdout]   20:                0x0 - <unknown>
[INFO] [stdout] 
[INFO] [stdout] 
[INFO] [stdout] failures:
[INFO] [stdout]     test_detect_project_full
[INFO] [stdout]     test_find_git_root_at_root
[INFO] [stdout]     test_find_git_root_in_repo
[INFO] [stdout] 
[INFO] [stdout] test result: FAILED. 6 passed; 3 failed; 0 ignored; 0 measured; 0 filtered out; finished in 0.02s
[INFO] [stdout] 
[INFO] running `Command { std: "docker" "inspect" "a4ec0f4c765ed84bf33e2de6b4b6b5931572e07ac99873374bb8ec0d6c298142", kill_on_drop: false }`
[INFO] running `Command { std: "docker" "rm" "-f" "a4ec0f4c765ed84bf33e2de6b4b6b5931572e07ac99873374bb8ec0d6c298142", kill_on_drop: false }`
[INFO] [stdout] a4ec0f4c765ed84bf33e2de6b4b6b5931572e07ac99873374bb8ec0d6c298142
