[INFO] fetching crate emu-cli 0.4.3...
[INFO] testing emu-cli-0.4.3 against 1.99.0-beta.8+cargoflags=--release for beta-release-1.100-2
[INFO] extracting crate emu-cli 0.4.3 into /workspace/builds/worker-0-tc1/source
[INFO] started tweaking crates.io crate emu-cli 0.4.3
[INFO] finished tweaking crates.io crate emu-cli 0.4.3
[INFO] tweaked toml for crates.io crate emu-cli 0.4.3 written to /workspace/builds/worker-0-tc1/source/Cargo.toml
[INFO] validating manifest of crates.io crate emu-cli 0.4.3 on toolchain 1.99.0-beta.8
[INFO] running `Command { std: CARGO_HOME="/workspace/cargo-home" RUSTUP_HOME="/workspace/rustup-home" "/workspace/cargo-home/bin/cargo" "+1.99.0-beta.8" "metadata" "--manifest-path" "Cargo.toml" "--no-deps", kill_on_drop: false }`
[INFO] crate crates.io crate emu-cli 0.4.3 already has a lockfile, it will not be regenerated
[INFO] running `Command { std: CARGO_HOME="/workspace/cargo-home" RUSTUP_HOME="/workspace/rustup-home" "/workspace/cargo-home/bin/cargo" "+1.99.0-beta.8" "fetch" "--manifest-path" "Cargo.toml", kill_on_drop: false }`
[INFO] [stderr]     Updating crates.io index
[INFO] [stderr]  Downloading crates ...
[INFO] [stderr]   Downloaded serde_derive v1.0.218
[INFO] [stderr]   Downloaded serde v1.0.218
[INFO] [stderr]   Downloaded unicode-ident v1.0.17
[INFO] [stderr]   Downloaded utf8-width v0.1.7
[INFO] [stderr]   Downloaded itoa v1.0.14
[INFO] [stderr]   Downloaded terminal_size v0.4.1
[INFO] [stderr]   Downloaded fork v0.2.0
[INFO] [stderr]   Downloaded wit-bindgen-rt v0.33.0
[INFO] [stderr]   Downloaded netlink-packet-utils v0.5.2
[INFO] [stderr]   Downloaded errno v0.3.10
[INFO] [stderr]   Downloaded borsh-derive v1.5.5
[INFO] [stderr]   Downloaded ppv-lite86 v0.2.20
[INFO] [stderr]   Downloaded redox_syscall v0.5.9
[INFO] [stderr]   Downloaded rkyv_derive v0.7.45
[INFO] [stderr]   Downloaded netlink-packet-core v0.7.0
[INFO] [stderr]   Downloaded async-trait v0.1.86
[INFO] [stderr]   Downloaded netlink-sys v0.8.7
[INFO] [stderr]   Downloaded netlink-proto v0.11.5
[INFO] [stderr]   Downloaded rtnetlink v0.14.1
[INFO] [stderr]   Downloaded kdam v0.6.2
[INFO] [stderr]   Downloaded clap_derive v4.5.28
[INFO] [stderr]   Downloaded tinyvec v1.8.1
[INFO] [stderr]   Downloaded indexmap v2.7.1
[INFO] [stderr]   Downloaded getrandom v0.3.1
[INFO] [stderr]   Downloaded smallvec v1.14.0
[INFO] [stderr]   Downloaded clap v4.5.31
[INFO] [stderr]   Downloaded byte-unit v5.1.6
[INFO] [stderr]   Downloaded log v0.4.26
[INFO] [stderr]   Downloaded ryu v1.0.19
[INFO] [stderr]   Downloaded tempfile v3.17.1
[INFO] [stderr]   Downloaded anyhow v1.0.96
[INFO] [stderr]   Downloaded uuid v1.15.1
[INFO] [stderr]   Downloaded borsh v1.5.5
[INFO] [stderr]   Downloaded rkyv v0.7.45
[INFO] [stderr]   Downloaded winnow v0.7.3
[INFO] [stderr]   Downloaded netlink-packet-route v0.19.0
[INFO] [stderr]   Downloaded rust_decimal v1.36.0
[INFO] [stderr]   Downloaded wasi v0.13.3+wasi-0.2.2
[INFO] [stderr]   Downloaded serde_json v1.0.139
[INFO] [stderr]   Downloaded clap_builder v4.5.31
[INFO] [stderr]   Downloaded libc v0.2.170
[INFO] running `Command { std: "docker" "create" "-v" "/var/lib/crater-agent-workspace/builds/worker-0-tc1/source:/opt/rustwide/workdir:ro,Z" "-v" "/var/lib/crater-agent-workspace/builds/worker-0-tc1/target:/opt/rustwide/target:rw,Z" "-v" "/var/lib/crater-agent-workspace/cargo-home:/opt/rustwide/cargo-home:ro,Z" "-v" "/var/lib/crater-agent-workspace/rustup-home:/opt/rustwide/rustup-home:ro,Z" "-m" "1610612736" "--network" "none" "ghcr.io/rust-lang/crates-build-env/linux@sha256:77db811e55d90add9212f6832c23229e3de5f1c1f9905e8cb07319ea15df73ac" "sleep" "infinity", kill_on_drop: false }`
[INFO] [stdout] 59051cacc77413f975db3dba32b74d6ec62ff9fcc8221be50ebb1253bd424118
[INFO] running `Command { std: "docker" "start" "59051cacc77413f975db3dba32b74d6ec62ff9fcc8221be50ebb1253bd424118", kill_on_drop: false }`
[INFO] running `Command { std: "docker" "inspect" "59051cacc77413f975db3dba32b74d6ec62ff9fcc8221be50ebb1253bd424118", kill_on_drop: false }`
[INFO] running `Command { std: "docker" "exec" "-e" "SOURCE_DIR=/opt/rustwide/workdir" "-e" "CARGO_HOME=/opt/rustwide/cargo-home" "-e" "RUSTUP_HOME=/opt/rustwide/rustup-home" "-e" "CARGO_TARGET_DIR=/opt/rustwide/target" "-w" "/opt/rustwide/workdir" "--user" "0:0" "59051cacc77413f975db3dba32b74d6ec62ff9fcc8221be50ebb1253bd424118" "/opt/rustwide/cargo-home/bin/cargo" "+1.99.0-beta.8" "metadata" "--no-deps" "--format-version=1", kill_on_drop: false }`
[INFO] running `Command { std: "docker" "inspect" "59051cacc77413f975db3dba32b74d6ec62ff9fcc8221be50ebb1253bd424118", kill_on_drop: false }`
[INFO] running `Command { std: "docker" "exec" "-e" "SOURCE_DIR=/opt/rustwide/workdir" "-e" "CARGO_HOME=/opt/rustwide/cargo-home" "-e" "RUSTUP_HOME=/opt/rustwide/rustup-home" "-e" "CARGO_TARGET_DIR=/opt/rustwide/target" "-e" "CARGO_INCREMENTAL=0" "-e" "RUST_BACKTRACE=full" "-e" "RUSTFLAGS=--cap-lints=warn" "-e" "RUSTDOCFLAGS=--cap-lints=warn" "-w" "/opt/rustwide/workdir" "--user" "0:0" "59051cacc77413f975db3dba32b74d6ec62ff9fcc8221be50ebb1253bd424118" "/opt/rustwide/cargo-home/bin/cargo" "+1.99.0-beta.8" "build" "--frozen" "--message-format=json" "--release", kill_on_drop: false }`
[INFO] [stderr]    Compiling proc-macro2 v1.0.93
[INFO] [stderr]    Compiling unicode-ident v1.0.17
[INFO] [stderr]    Compiling autocfg v1.4.0
[INFO] [stderr]    Compiling libc v0.2.170
[INFO] [stderr]    Compiling serde v1.0.218
[INFO] [stderr]    Compiling memchr v2.7.4
[INFO] [stderr]    Compiling futures-sink v0.3.31
[INFO] [stderr]    Compiling parking_lot_core v0.9.10
[INFO] [stderr]    Compiling thiserror v1.0.69
[INFO] [stderr]    Compiling cfg-if v1.0.0
[INFO] [stderr]    Compiling pin-project-lite v0.2.16
[INFO] [stderr]    Compiling paste v1.0.15
[INFO] [stderr]    Compiling anyhow v1.0.96
[INFO] [stderr]    Compiling futures-core v0.3.31
[INFO] [stderr]    Compiling smallvec v1.14.0
[INFO] [stderr]    Compiling futures-task v0.3.31
[INFO] [stderr]    Compiling scopeguard v1.2.0
[INFO] [stderr]    Compiling pin-utils v0.1.0
[INFO] [stderr]    Compiling futures-io v0.3.31
[INFO] [stderr]    Compiling bitflags v2.9.0
[INFO] [stderr]    Compiling byteorder v1.5.0
[INFO] [stderr]    Compiling utf8parse v0.2.2
[INFO] [stderr]    Compiling rustix v0.38.44
[INFO] [stderr]    Compiling thiserror v2.0.11
[INFO] [stderr]    Compiling log v0.4.26
[INFO] [stderr]    Compiling bytes v1.10.0
[INFO] [stderr]    Compiling futures-channel v0.3.31
[INFO] [stderr]    Compiling anstyle-parse v0.2.6
[INFO] [stderr]    Compiling is_terminal_polyfill v1.70.1
[INFO] [stderr]    Compiling anstyle-query v1.1.2
[INFO] [stderr]    Compiling linux-raw-sys v0.4.15
[INFO] [stderr]    Compiling serde_json v1.0.139
[INFO] [stderr]    Compiling colorchoice v1.0.3
[INFO] [stderr]    Compiling anstyle v1.0.10
[INFO] [stderr]    Compiling hashbrown v0.15.2
[INFO] [stderr]    Compiling equivalent v1.0.2
[INFO] [stderr]    Compiling rust_decimal v1.36.0
[INFO] [stderr]    Compiling clap_lex v0.7.4
[INFO] [stderr]    Compiling heck v0.5.0
[INFO] [stderr]    Compiling arrayvec v0.7.6
[INFO] [stderr]    Compiling option-ext v0.2.0
[INFO] [stderr]    Compiling winnow v0.7.3
[INFO] [stderr]    Compiling strsim v0.11.1
[INFO] [stderr]    Compiling itoa v1.0.14
[INFO] [stderr]    Compiling slab v0.4.9
[INFO] [stderr]    Compiling lock_api v0.4.12
[INFO] [stderr]    Compiling num-traits v0.2.19
[INFO] [stderr]    Compiling anstream v0.6.18
[INFO] [stderr]    Compiling indexmap v2.7.1
[INFO] [stderr]    Compiling ryu v1.0.19
[INFO] [stderr]    Compiling utf8-width v0.1.7
[INFO] [stderr]    Compiling clap_builder v4.5.31
[INFO] [stderr]    Compiling quote v1.0.38
[INFO] [stderr]    Compiling syn v2.0.98
[INFO] [stderr]    Compiling terminal_size v0.4.1
[INFO] [stderr]    Compiling kdam v0.6.2
[INFO] [stderr]    Compiling byte-unit v5.1.6
[INFO] [stderr]    Compiling mio v1.0.3
[INFO] [stderr]    Compiling signal-hook-registry v1.4.2
[INFO] [stderr]    Compiling socket2 v0.5.8
[INFO] [stderr]    Compiling nix v0.27.1
[INFO] [stderr]    Compiling dirs-sys v0.5.0
[INFO] [stderr]    Compiling fork v0.2.0
[INFO] [stderr]    Compiling dirs v6.0.0
[INFO] [stderr]    Compiling parking_lot v0.12.3
[INFO] [stderr]    Compiling serde_derive v1.0.218
[INFO] [stderr]    Compiling futures-macro v0.3.31
[INFO] [stderr]    Compiling thiserror-impl v1.0.69
[INFO] [stderr]    Compiling tokio-macros v2.5.0
[INFO] [stderr]    Compiling thiserror-impl v2.0.11
[INFO] [stderr]    Compiling clap_derive v4.5.28
[INFO] [stderr]    Compiling async-trait v0.1.86
[INFO] [stderr]    Compiling tokio v1.43.0
[INFO] [stderr]    Compiling futures-util v0.3.31
[INFO] [stderr]    Compiling netlink-packet-utils v0.5.2
[INFO] [stderr]    Compiling netlink-packet-core v0.7.0
[INFO] [stderr]    Compiling clap v4.5.31
[INFO] [stderr]    Compiling netlink-packet-route v0.19.0
[INFO] [stderr]    Compiling futures-executor v0.3.31
[INFO] [stderr]    Compiling futures v0.3.31
[INFO] [stderr]    Compiling toml_datetime v0.6.8
[INFO] [stderr]    Compiling serde_spanned v0.6.8
[INFO] [stderr]    Compiling toml_edit v0.22.24
[INFO] [stderr]    Compiling tinytemplate v1.2.1
[INFO] [stderr]    Compiling netlink-sys v0.8.7
[INFO] [stderr]    Compiling netlink-proto v0.11.5
[INFO] [stderr]    Compiling rtnetlink v0.14.1
[INFO] [stderr]    Compiling toml v0.8.20
[INFO] [stderr]    Compiling emu-cli v0.4.3 (/opt/rustwide/workdir)
[INFO] [stderr]     Finished `release` profile [optimized] target(s) in 1m 17s
[INFO] running `Command { std: "docker" "inspect" "59051cacc77413f975db3dba32b74d6ec62ff9fcc8221be50ebb1253bd424118", kill_on_drop: false }`
[INFO] running `Command { std: "docker" "exec" "-e" "SOURCE_DIR=/opt/rustwide/workdir" "-e" "CARGO_HOME=/opt/rustwide/cargo-home" "-e" "RUSTUP_HOME=/opt/rustwide/rustup-home" "-e" "CARGO_TARGET_DIR=/opt/rustwide/target" "-e" "CARGO_INCREMENTAL=0" "-e" "RUST_BACKTRACE=full" "-e" "RUSTFLAGS=--cap-lints=warn" "-e" "RUSTDOCFLAGS=--cap-lints=warn" "-w" "/opt/rustwide/workdir" "--user" "0:0" "59051cacc77413f975db3dba32b74d6ec62ff9fcc8221be50ebb1253bd424118" "/opt/rustwide/cargo-home/bin/cargo" "+1.99.0-beta.8" "test" "--frozen" "--no-run" "--message-format=json" "--release", kill_on_drop: false }`
[INFO] [stderr]    Compiling rustix v0.38.44
[INFO] [stderr]    Compiling getrandom v0.3.1
[INFO] [stderr]    Compiling once_cell v1.20.3
[INFO] [stderr]    Compiling fastrand v2.3.0
[INFO] [stderr]    Compiling terminal_size v0.4.1
[INFO] [stderr]    Compiling tempfile v3.17.1
[INFO] [stderr]    Compiling kdam v0.6.2
[INFO] [stderr]    Compiling emu-cli v0.4.3 (/opt/rustwide/workdir)
[INFO] [stderr]     Finished `release` profile [optimized] target(s) in 34.22s
[INFO] running `Command { std: "docker" "inspect" "59051cacc77413f975db3dba32b74d6ec62ff9fcc8221be50ebb1253bd424118", kill_on_drop: false }`
[INFO] running `Command { std: "docker" "exec" "-e" "SOURCE_DIR=/opt/rustwide/workdir" "-e" "CARGO_HOME=/opt/rustwide/cargo-home" "-e" "RUSTUP_HOME=/opt/rustwide/rustup-home" "-e" "CARGO_TARGET_DIR=/opt/rustwide/target" "-e" "CARGO_INCREMENTAL=0" "-e" "RUST_BACKTRACE=full" "-e" "RUSTFLAGS=--cap-lints=warn" "-e" "RUSTDOCFLAGS=--cap-lints=warn" "-w" "/opt/rustwide/workdir" "--user" "0:0" "59051cacc77413f975db3dba32b74d6ec62ff9fcc8221be50ebb1253bd424118" "/opt/rustwide/cargo-home/bin/cargo" "+1.99.0-beta.8" "test" "--frozen" "--release", kill_on_drop: false }`
[INFO] [stderr]     Finished `release` profile [optimized] target(s) in 0.14s
[INFO] [stderr]      Running unittests src/lib.rs (/opt/rustwide/target/release/deps/emu_cli-36318b48cd83f017)
[INFO] [stdout] 
[INFO] [stdout] running 12 tests
[INFO] [stdout] test template::tests::test_template ... ok
[INFO] [stdout] test vm::tests::test_serde ... ok
[INFO] [stdout] test util::tests::test_path_exists ... ok
[INFO] [stdout] test config::tests::test_set_machine_value ... ok
[INFO] [stdout] test util::tests::test_pid_running ... ok
[INFO] [stdout] test vm::tests::test_into ... ok
[INFO] [stdout] test config::tests::test_map_unmap_ports ... ok
[INFO] [stdout] test vm::tests::test_vm_operations ... ok
[INFO] [stdout] test util::tests::test_valid_filename ... ok
[INFO] [stdout] test config::tests::test_io ... ok
[INFO] [stdout] test config_storage::tests::test_xdg_storage ... FAILED
[INFO] [stderr] error: test failed, to rerun pass `--lib`
[INFO] [stdout] test image::tests::test_image ... ok
[INFO] [stdout] 
[INFO] [stdout] failures:
[INFO] [stdout] 
[INFO] [stdout] ---- config_storage::tests::test_xdg_storage stdout ----
[INFO] [stdout] 
[INFO] [stdout] thread 'config_storage::tests::test_xdg_storage' (2379) panicked at src/config_storage.rs:198:9:
[INFO] [stdout] assertion `left == right` failed
[INFO] [stdout]   left: [VM { name: "vm2", cdrom: None, extra_disk: None, config: Configuration { machine: MachineConfiguration { ssh_port: 2222, memory: 16384, cpus: 8, cpu_type: "host", vga: "virtio", image_interface: "virtio" }, ports: {} }, headless: false, supervisor: Pid }, VM { name: "vm1", cdrom: None, extra_disk: None, config: Configuration { machine: MachineConfiguration { ssh_port: 2222, memory: 16384, cpus: 8, cpu_type: "host", vga: "virtio", image_interface: "virtio" }, ports: {} }, headless: false, supervisor: Pid }]
[INFO] [stdout]  right: [VM { name: "vm1", cdrom: None, extra_disk: None, config: Configuration { machine: MachineConfiguration { ssh_port: 2222, memory: 16384, cpus: 8, cpu_type: "host", vga: "virtio", image_interface: "virtio" }, ports: {} }, headless: false, supervisor: Pid }, VM { name: "vm2", cdrom: None, extra_disk: None, config: Configuration { machine: MachineConfiguration { ssh_port: 2222, memory: 16384, cpus: 8, cpu_type: "host", vga: "virtio", image_interface: "virtio" }, ports: {} }, headless: false, supervisor: Pid }]
[INFO] [stdout] stack backtrace:
[INFO] [stdout]    0:     0x600d940a59b5 - <unknown>
[INFO] [stdout]    1:     0x600d9405e56a - <unknown>
[INFO] [stdout]    2:     0x600d940a504b - <unknown>
[INFO] [stdout]    3:     0x600d940a4b2f - <unknown>
[INFO] [stdout]    4:     0x600d940a475a - <unknown>
[INFO] [stdout]    5:     0x600d940a4292 - <unknown>
[INFO] [stdout]    6:     0x600d940cb8b1 - <unknown>
[INFO] [stdout]    7:     0x600d940cb869 - <unknown>
[INFO] [stdout]    8:     0x600d940cbd7c - <unknown>
[INFO] [stdout]    9:     0x600d9405e3fb - <unknown>
[INFO] [stdout]   10:     0x600d9405e31e - <unknown>
[INFO] [stdout]   11:     0x600d9408e49f - <unknown>
[INFO] [stdout]   12:     0x600d9405675c - <unknown>
[INFO] [stdout]   13:     0x600d940e875b - <unknown>
[INFO] [stdout]   14:     0x600d940e43bc - <unknown>
[INFO] [stdout]   15:     0x600d940e3aec - <unknown>
[INFO] [stdout]   16:     0x600d941009ac - <unknown>
[INFO] [stdout]   17:     0x600d940cd242 - <unknown>
[INFO] [stdout]   18:     0x71fbd888cdfa - <unknown>
[INFO] [stdout]   19:     0x71fbd89203d4 - clone
[INFO] [stdout]   20:                0x0 - <unknown>
[INFO] [stdout] 
[INFO] [stdout] 
[INFO] [stdout] failures:
[INFO] [stdout]     config_storage::tests::test_xdg_storage
[INFO] [stdout] 
[INFO] [stdout] test result: FAILED. 11 passed; 1 failed; 0 ignored; 0 measured; 0 filtered out; finished in 0.14s
[INFO] [stdout] 
[INFO] running `Command { std: "docker" "inspect" "59051cacc77413f975db3dba32b74d6ec62ff9fcc8221be50ebb1253bd424118", kill_on_drop: false }`
[INFO] running `Command { std: "docker" "rm" "-f" "59051cacc77413f975db3dba32b74d6ec62ff9fcc8221be50ebb1253bd424118", kill_on_drop: false }`
[INFO] [stdout] 59051cacc77413f975db3dba32b74d6ec62ff9fcc8221be50ebb1253bd424118
