[INFO] fetching crate ems-model 0.1.1...
[INFO] testing ems-model-0.1.1 against 1.99.0-beta.8+cargoflags=--release for beta-release-1.100-2
[INFO] extracting crate ems-model 0.1.1 into /workspace/builds/worker-1-tc1/source
[INFO] started tweaking crates.io crate ems-model 0.1.1
[INFO] finished tweaking crates.io crate ems-model 0.1.1
[INFO] tweaked toml for crates.io crate ems-model 0.1.1 written to /workspace/builds/worker-1-tc1/source/Cargo.toml
[INFO] validating manifest of crates.io crate ems-model 0.1.1 on toolchain 1.99.0-beta.8
[INFO] running `Command { std: CARGO_HOME="/workspace/cargo-home" RUSTUP_HOME="/workspace/rustup-home" "/workspace/cargo-home/bin/cargo" "+1.99.0-beta.8" "metadata" "--manifest-path" "Cargo.toml" "--no-deps", kill_on_drop: false }`
[INFO] crate crates.io crate ems-model 0.1.1 already has a lockfile, it will not be regenerated
[INFO] running `Command { std: CARGO_HOME="/workspace/cargo-home" RUSTUP_HOME="/workspace/rustup-home" "/workspace/cargo-home/bin/cargo" "+1.99.0-beta.8" "fetch" "--manifest-path" "Cargo.toml", kill_on_drop: false }`
[INFO] [stderr]     Updating crates.io index
[INFO] [stderr]  Downloading crates ...
[INFO] [stderr]   Downloaded ts-rs v10.1.0
[INFO] [stderr]   Downloaded serde_derive v1.0.225
[INFO] [stderr]   Downloaded wasm-bindgen-shared v0.2.101
[INFO] [stderr]   Downloaded wasm-bindgen-macro v0.2.101
[INFO] [stderr]   Downloaded find-msvc-tools v0.1.1
[INFO] [stderr]   Downloaded serde v1.0.225
[INFO] [stderr]   Downloaded wasm-bindgen-macro-support v0.2.101
[INFO] [stderr]   Downloaded ts-rs-macros v10.1.0
[INFO] [stderr]   Downloaded wasm-bindgen v0.2.101
[INFO] [stderr]   Downloaded wasm-bindgen-backend v0.2.101
[INFO] [stderr]   Downloaded js-sys v0.3.78
[INFO] [stderr]   Downloaded serde_core v1.0.225
[INFO] [stderr]   Downloaded indexmap v2.11.3
[INFO] [stderr]   Downloaded cc v1.2.37
[INFO] running `Command { std: "docker" "create" "-v" "/var/lib/crater-agent-workspace/builds/worker-1-tc1/source:/opt/rustwide/workdir:ro,Z" "-v" "/var/lib/crater-agent-workspace/builds/worker-1-tc1/target:/opt/rustwide/target:rw,Z" "-v" "/var/lib/crater-agent-workspace/cargo-home:/opt/rustwide/cargo-home:ro,Z" "-v" "/var/lib/crater-agent-workspace/rustup-home:/opt/rustwide/rustup-home:ro,Z" "-m" "1610612736" "--network" "none" "ghcr.io/rust-lang/crates-build-env/linux@sha256:77db811e55d90add9212f6832c23229e3de5f1c1f9905e8cb07319ea15df73ac" "sleep" "infinity", kill_on_drop: false }`
[INFO] [stdout] 4a0a4f50120c79b6bec6252dc6d2c91cfd32224d64ace44bf75b4f6e352cb9f7
[INFO] running `Command { std: "docker" "start" "4a0a4f50120c79b6bec6252dc6d2c91cfd32224d64ace44bf75b4f6e352cb9f7", kill_on_drop: false }`
[INFO] running `Command { std: "docker" "inspect" "4a0a4f50120c79b6bec6252dc6d2c91cfd32224d64ace44bf75b4f6e352cb9f7", kill_on_drop: false }`
[INFO] running `Command { std: "docker" "exec" "-e" "SOURCE_DIR=/opt/rustwide/workdir" "-e" "CARGO_HOME=/opt/rustwide/cargo-home" "-e" "RUSTUP_HOME=/opt/rustwide/rustup-home" "-e" "CARGO_TARGET_DIR=/opt/rustwide/target" "-w" "/opt/rustwide/workdir" "--user" "0:0" "4a0a4f50120c79b6bec6252dc6d2c91cfd32224d64ace44bf75b4f6e352cb9f7" "/opt/rustwide/cargo-home/bin/cargo" "+1.99.0-beta.8" "metadata" "--no-deps" "--format-version=1", kill_on_drop: false }`
[INFO] running `Command { std: "docker" "inspect" "4a0a4f50120c79b6bec6252dc6d2c91cfd32224d64ace44bf75b4f6e352cb9f7", kill_on_drop: false }`
[INFO] running `Command { std: "docker" "exec" "-e" "SOURCE_DIR=/opt/rustwide/workdir" "-e" "CARGO_HOME=/opt/rustwide/cargo-home" "-e" "RUSTUP_HOME=/opt/rustwide/rustup-home" "-e" "CARGO_TARGET_DIR=/opt/rustwide/target" "-e" "CARGO_INCREMENTAL=0" "-e" "RUST_BACKTRACE=full" "-e" "RUSTFLAGS=--cap-lints=warn" "-e" "RUSTDOCFLAGS=--cap-lints=warn" "-w" "/opt/rustwide/workdir" "--user" "0:0" "4a0a4f50120c79b6bec6252dc6d2c91cfd32224d64ace44bf75b4f6e352cb9f7" "/opt/rustwide/cargo-home/bin/cargo" "+1.99.0-beta.8" "build" "--frozen" "--message-format=json" "--release", kill_on_drop: false }`
[INFO] [stderr]    Compiling unicode-ident v1.0.19
[INFO] [stderr]    Compiling serde_core v1.0.225
[INFO] [stderr]    Compiling serde_json v1.0.145
[INFO] [stderr]    Compiling thiserror v2.0.16
[INFO] [stderr]    Compiling serde v1.0.225
[INFO] [stderr]    Compiling hashbrown v0.15.5
[INFO] [stderr]    Compiling iana-time-zone v0.1.64
[INFO] [stderr]    Compiling memchr v2.7.5
[INFO] [stderr]    Compiling chrono v0.4.42
[INFO] [stderr]    Compiling proc-macro2 v1.0.101
[INFO] [stderr]    Compiling quote v1.0.40
[INFO] [stderr]    Compiling syn v1.0.109
[INFO] [stderr]    Compiling syn v2.0.106
[INFO] [stderr]    Compiling proc-macro-error-attr v1.0.4
[INFO] [stderr]    Compiling proc-macro-error v1.0.4
[INFO] [stderr]    Compiling indexmap v2.11.3
[INFO] [stderr]    Compiling thiserror-impl v2.0.16
[INFO] [stderr]    Compiling serde_derive v1.0.225
[INFO] [stderr]    Compiling ts-rs-macros v10.1.0
[INFO] [stderr]    Compiling utoipa-gen v4.3.1
[INFO] [stderr]    Compiling ts-rs v10.1.0
[INFO] [stderr]    Compiling utoipa v4.2.3
[INFO] [stderr]    Compiling ems-model v0.1.1 (/opt/rustwide/workdir)
[INFO] [stderr]     Finished `release` profile [optimized] target(s) in 30.43s
[INFO] running `Command { std: "docker" "inspect" "4a0a4f50120c79b6bec6252dc6d2c91cfd32224d64ace44bf75b4f6e352cb9f7", kill_on_drop: false }`
[INFO] running `Command { std: "docker" "exec" "-e" "SOURCE_DIR=/opt/rustwide/workdir" "-e" "CARGO_HOME=/opt/rustwide/cargo-home" "-e" "RUSTUP_HOME=/opt/rustwide/rustup-home" "-e" "CARGO_TARGET_DIR=/opt/rustwide/target" "-e" "CARGO_INCREMENTAL=0" "-e" "RUST_BACKTRACE=full" "-e" "RUSTFLAGS=--cap-lints=warn" "-e" "RUSTDOCFLAGS=--cap-lints=warn" "-w" "/opt/rustwide/workdir" "--user" "0:0" "4a0a4f50120c79b6bec6252dc6d2c91cfd32224d64ace44bf75b4f6e352cb9f7" "/opt/rustwide/cargo-home/bin/cargo" "+1.99.0-beta.8" "test" "--frozen" "--no-run" "--message-format=json" "--release", kill_on_drop: false }`
[INFO] [stderr]    Compiling ems-model v0.1.1 (/opt/rustwide/workdir)
[INFO] [stdout] warning: function `create_test_step` is never used
[INFO] [stdout]    --> src/factory/line.rs:263:8
[INFO] [stdout]     |
[INFO] [stdout] 263 |     fn create_test_step(id: &str, name: &str) -> Step {
[INFO] [stdout]     |        ^^^^^^^^^^^^^^^^
[INFO] [stdout]     |
[INFO] [stdout]     = note: `#[warn(dead_code)]` (part of `#[warn(unused)]`) on by default
[INFO] [stdout] 
[INFO] [stdout] 
[INFO] [stderr]     Finished `release` profile [optimized] target(s) in 4.94s
[INFO] running `Command { std: "docker" "inspect" "4a0a4f50120c79b6bec6252dc6d2c91cfd32224d64ace44bf75b4f6e352cb9f7", kill_on_drop: false }`
[INFO] running `Command { std: "docker" "exec" "-e" "SOURCE_DIR=/opt/rustwide/workdir" "-e" "CARGO_HOME=/opt/rustwide/cargo-home" "-e" "RUSTUP_HOME=/opt/rustwide/rustup-home" "-e" "CARGO_TARGET_DIR=/opt/rustwide/target" "-e" "CARGO_INCREMENTAL=0" "-e" "RUST_BACKTRACE=full" "-e" "RUSTFLAGS=--cap-lints=warn" "-e" "RUSTDOCFLAGS=--cap-lints=warn" "-w" "/opt/rustwide/workdir" "--user" "0:0" "4a0a4f50120c79b6bec6252dc6d2c91cfd32224d64ace44bf75b4f6e352cb9f7" "/opt/rustwide/cargo-home/bin/cargo" "+1.99.0-beta.8" "test" "--frozen" "--release", kill_on_drop: false }`
[INFO] [stderr] warning: function `create_test_step` is never used
[INFO] [stderr]    --> src/factory/line.rs:263:8
[INFO] [stderr]     |
[INFO] [stderr] 263 |     fn create_test_step(id: &str, name: &str) -> Step {
[INFO] [stderr]     |        ^^^^^^^^^^^^^^^^
[INFO] [stderr]     |
[INFO] [stderr]     = note: `#[warn(dead_code)]` (part of `#[warn(unused)]`) on by default
[INFO] [stderr] 
[INFO] [stderr] warning: `ems-model` (lib test) generated 1 warning
[INFO] [stderr]     Finished `release` profile [optimized] target(s) in 0.05s
[INFO] [stderr]      Running unittests src/lib.rs (/opt/rustwide/target/release/deps/ems_model-2d709b11fd02c975)
[INFO] [stdout] 
[INFO] [stdout] running 31 tests
[INFO] [stdout] test building::electricity::tests::test_fixed_rate ... ok
[INFO] [stdout] test building::electricity::tests::test_hour_range_matching ... ok
[INFO] [stdout] test building::electricity::tests::test_fixed_rate_weekly_conversion ... ok
[INFO] [stdout] test building::electricity::tests::test_weekday_type_determination ... ok
[INFO] [stdout] test building::electricity::tests::test_fixed_rate_is_valid ... ok
[INFO] [stdout] test building::electricity::tests::test_invalid_tiered_rate_overlapping_hours ... ok
[INFO] [stdout] test building::electricity::tests::test_valid_tiered_rate ... ok
[INFO] [stdout] test building::electricity::tests::test_invalid_tiered_rate_wrapping_overlap ... ok
[INFO] [stdout] test factory::line::tests::test_add_steps_and_dependencies ... ok
[INFO] [stdout] test building::electricity::tests::test_tiered_rate ... ok
[INFO] [stdout] test factory::line::tests::test_cycle_detection ... ok
[INFO] [stdout] test building::electricity::tests::test_valid_tiered_rate_with_wrapping_ranges ... ok
[INFO] [stdout] test factory::line::tests::test_get_ready_steps ... ok
[INFO] [stdout] test building::electricity::tests::test_wrapping_hour_range ... ok
[INFO] [stdout] test building::electricity::tests::test_valid_tiered_rate_separate_weekday_weekend ... ok
[INFO] [stdout] test factory::export_bindings_factory ... FAILED
[INFO] [stdout] test factory::machine::export_bindings_machinecontrol ... FAILED
[INFO] [stdout] test factory::machine::export_bindings_step ... FAILED
[INFO] [stdout] test factory::worker::export_bindings_specialization ... FAILED
[INFO] [stdout] test factory::worker::export_bindings_time ... FAILED
[INFO] [stdout] test building::electricity::tests::test_tiered_rate_weekly_conversion ... ok
[INFO] [stdout] test factory::worker::export_bindings_worker ... FAILED
[INFO] [stdout] test factory::line::export_bindings_line ... FAILED
[INFO] [stdout] test factory::line::export_bindings_linenode ... FAILED
[INFO] [stdout] test building::electricity::tests::test_fixed_rate_yearly_conversion ... ok
[INFO] [stdout] test factory::worker::export_bindings_schedule ... FAILED
[INFO] [stdout] test factory::worker::export_bindings_weekday ... FAILED
[INFO] [stdout] test factory::worker::export_bindings_workshift ... FAILED
[INFO] [stdout] test building::electricity::tests::test_invalid_tiered_rate_missing_weekend_hours ... ok
[INFO] [stdout] test building::electricity::tests::test_invalid_tiered_rate_missing_weekday_hours ... ok
[INFO] [stdout] test factory::machine::export_bindings_steptype ... FAILED
[INFO] [stdout] 
[INFO] [stdout] failures:
[INFO] [stdout] 
[INFO] [stdout] ---- factory::export_bindings_factory stdout ----
[INFO] [stdout] 
[INFO] [stdout] thread 'factory::export_bindings_factory' (754) panicked at src/factory/mod.rs:9:58:
[INFO] [stdout] could not export type: Io(Os { code: 30, kind: ReadOnlyFilesystem, message: "Read-only file system" })
[INFO] [stdout] stack backtrace:
[INFO] [stdout]    0:     0x64a475506301 - <<std[70759c8f55707aa4]::sys::backtrace::BacktraceLock>::print::DisplayBacktrace as core[df12db4294e9bfd3]::fmt::Display>::fmt
[INFO] [stdout]    1:     0x64a47551a97a - core[df12db4294e9bfd3]::fmt::write
[INFO] [stdout]    2:     0x64a47550a83c - <alloc[2182bb758b4b3781]::vec::Vec<u8> as core[df12db4294e9bfd3]::io::write::Write>::write_fmt
[INFO] [stdout]    3:     0x64a4754e1b06 - std[70759c8f55707aa4]::panicking::default_hook::{closure#0}
[INFO] [stdout]    4:     0x64a4754fea69 - std[70759c8f55707aa4]::panicking::default_hook
[INFO] [stdout]    5:     0x64a4754912e0 - test[9d35eded1c95d3be]::test_main_inner::<test[9d35eded1c95d3be]::test_main_static::{closure#0}>::{closure#0}
[INFO] [stdout]    6:     0x64a4754fec22 - std[70759c8f55707aa4]::panicking::panic_with_hook
[INFO] [stdout]    7:     0x64a4754e1bb2 - std[70759c8f55707aa4]::panicking::panic_handler::{closure#0}
[INFO] [stdout]    8:     0x64a4754da819 - std[70759c8f55707aa4]::sys::backtrace::__rust_end_short_backtrace::<std[70759c8f55707aa4]::panicking::panic_handler::{closure#0}, !>
[INFO] [stdout]    9:     0x64a4754e27ad - __rustc[8fa7c3cbc660c2b3]::rust_begin_unwind
[INFO] [stdout]   10:     0x64a47551b0ac - core[df12db4294e9bfd3]::panicking::panic_fmt
[INFO] [stdout]   11:     0x64a47551ae82 - core[df12db4294e9bfd3]::result::unwrap_failed
[INFO] [stdout]   12:     0x64a47547eba0 - <ems_model[ceeaa696c548f223]::factory::export_bindings_factory::{closure#0} as core[df12db4294e9bfd3]::ops::function::FnOnce<()>>::call_once
[INFO] [stdout]   13:     0x64a4754845cb - test[9d35eded1c95d3be]::__rust_begin_short_backtrace::<core[df12db4294e9bfd3]::result::Result<(), alloc[2182bb758b4b3781]::string::String>, fn() -> core[df12db4294e9bfd3]::result::Result<(), alloc[2182bb758b4b3781]::string::String>>
[INFO] [stdout]   14:     0x64a475491c35 - test[9d35eded1c95d3be]::run_test::{closure#0}
[INFO] [stdout]   15:     0x64a47548b4f4 - std[70759c8f55707aa4]::sys::backtrace::__rust_begin_short_backtrace::<test[9d35eded1c95d3be]::run_test::{closure#1}, ()>
[INFO] [stdout]   16:     0x64a475494d92 - <std[70759c8f55707aa4]::thread::lifecycle::spawn_unchecked<test[9d35eded1c95d3be]::run_test::{closure#1}, ()>::{closure#1} as core[df12db4294e9bfd3]::ops::function::FnOnce<()>>::call_once::{shim:vtable#0}
[INFO] [stdout]   17:     0x64a475505bd9 - <std[70759c8f55707aa4]::sys::thread::unix::Thread>::new::thread_start
[INFO] [stdout]   18:     0x762898f33dfa - <unknown>
[INFO] [stdout]   19:     0x762898fc73d4 - clone
[INFO] [stdout]   20:                0x0 - <unknown>
[INFO] [stdout] 
[INFO] [stdout] ---- factory::machine::export_bindings_machinecontrol stdout ----
[INFO] [stdout] 
[INFO] [stdout] thread 'factory::machine::export_bindings_machinecontrol' (760) panicked at src/factory/machine.rs:8:58:
[INFO] [stdout] could not export type: Io(Os { code: 30, kind: ReadOnlyFilesystem, message: "Read-only file system" })
[INFO] [stdout] stack backtrace:
[INFO] [stdout]    0:     0x64a475506301 - <<std[70759c8f55707aa4]::sys::backtrace::BacktraceLock>::print::DisplayBacktrace as core[df12db4294e9bfd3]::fmt::Display>::fmt
[INFO] [stdout]    1:     0x64a47551a97a - core[df12db4294e9bfd3]::fmt::write
[INFO] [stdout]    2:     0x64a47550a83c - <alloc[2182bb758b4b3781]::vec::Vec<u8> as core[df12db4294e9bfd3]::io::write::Write>::write_fmt
[INFO] [stdout]    3:     0x64a4754e1b06 - std[70759c8f55707aa4]::panicking::default_hook::{closure#0}
[INFO] [stdout]    4:     0x64a4754fea69 - std[70759c8f55707aa4]::panicking::default_hook
[INFO] [stdout]    5:     0x64a4754912e0 - test[9d35eded1c95d3be]::test_main_inner::<test[9d35eded1c95d3be]::test_main_static::{closure#0}>::{closure#0}
[INFO] [stdout]    6:     0x64a4754fec22 - std[70759c8f55707aa4]::panicking::panic_with_hook
[INFO] [stdout]    7:     0x64a4754e1bb2 - std[70759c8f55707aa4]::panicking::panic_handler::{closure#0}
[INFO] [stdout]    8:     0x64a4754da819 - std[70759c8f55707aa4]::sys::backtrace::__rust_end_short_backtrace::<std[70759c8f55707aa4]::panicking::panic_handler::{closure#0}, !>
[INFO] [stdout]    9:     0x64a4754e27ad - __rustc[8fa7c3cbc660c2b3]::rust_begin_unwind
[INFO] [stdout]   10:     0x64a47551b0ac - core[df12db4294e9bfd3]::panicking::panic_fmt
[INFO] [stdout]   11:     0x64a47551ae82 - core[df12db4294e9bfd3]::result::unwrap_failed
[INFO] [stdout]   12:     0x64a475473c93 - ems_model[ceeaa696c548f223]::factory::machine::export_bindings_machinecontrol
[INFO] [stdout]   13:     0x64a47547ed29 - <ems_model[ceeaa696c548f223]::factory::machine::export_bindings_machinecontrol::{closure#0} as core[df12db4294e9bfd3]::ops::function::FnOnce<()>>::call_once
[INFO] [stdout]   14:     0x64a4754845cb - test[9d35eded1c95d3be]::__rust_begin_short_backtrace::<core[df12db4294e9bfd3]::result::Result<(), alloc[2182bb758b4b3781]::string::String>, fn() -> core[df12db4294e9bfd3]::result::Result<(), alloc[2182bb758b4b3781]::string::String>>
[INFO] [stdout]   15:     0x64a475491c35 - test[9d35eded1c95d3be]::run_test::{closure#0}
[INFO] [stdout]   16:     0x64a47548b4f4 - std[70759c8f55707aa4]::sys::backtrace::__rust_begin_short_backtrace::<test[9d35eded1c95d3be]::run_test::{closure#1}, ()>
[INFO] [stdout]   17:     0x64a475494d92 - <std[70759c8f55707aa4]::thread::lifecycle::spawn_unchecked<test[9d35eded1c95d3be]::run_test::{closure#1}, ()>::{closure#1} as core[df12db4294e9bfd3]::ops::function::FnOnce<()>>::call_once::{shim:vtable#0}
[INFO] [stdout]   18:     0x64a475505bd9 - <std[70759c8f55707aa4]::sys::thread::unix::Thread>::new::thread_start
[INFO] [stdout]   19:     0x762898f33dfa - <unknown>
[INFO] [stdout]   20:     0x762898fc73d4 - clone
[INFO] [stdout]   21:                0x0 - <unknown>
[INFO] [stdout] 
[INFO] [stdout] ---- factory::machine::export_bindings_step stdout ----
[INFO] [stdout] 
[INFO] [stdout] thread 'factory::machine::export_bindings_step' (761) panicked at src/factory/machine.rs:30:58:
[INFO] [stdout] could not export type: Io(Os { code: 30, kind: ReadOnlyFilesystem, message: "Read-only file system" })
[INFO] [stdout] stack backtrace:
[INFO] [stdout]    0:     0x64a475506301 - <<std[70759c8f55707aa4]::sys::backtrace::BacktraceLock>::print::DisplayBacktrace as core[df12db4294e9bfd3]::fmt::Display>::fmt
[INFO] [stdout]    1:     0x64a47551a97a - core[df12db4294e9bfd3]::fmt::write
[INFO] [stdout]    2:     0x64a47550a83c - <alloc[2182bb758b4b3781]::vec::Vec<u8> as core[df12db4294e9bfd3]::io::write::Write>::write_fmt
[INFO] [stdout]    3:     0x64a4754e1b06 - std[70759c8f55707aa4]::panicking::default_hook::{closure#0}
[INFO] [stdout]    4:     0x64a4754fea69 - std[70759c8f55707aa4]::panicking::default_hook
[INFO] [stdout]    5:     0x64a4754912e0 - test[9d35eded1c95d3be]::test_main_inner::<test[9d35eded1c95d3be]::test_main_static::{closure#0}>::{closure#0}
[INFO] [stdout]    6:     0x64a4754fec22 - std[70759c8f55707aa4]::panicking::panic_with_hook
[INFO] [stdout]    7:     0x64a4754e1bb2 - std[70759c8f55707aa4]::panicking::panic_handler::{closure#0}
[INFO] [stdout]    8:     0x64a4754da819 - std[70759c8f55707aa4]::sys::backtrace::__rust_end_short_backtrace::<std[70759c8f55707aa4]::panicking::panic_handler::{closure#0}, !>
[INFO] [stdout]    9:     0x64a4754e27ad - __rustc[8fa7c3cbc660c2b3]::rust_begin_unwind
[INFO] [stdout]   10:     0x64a47551b0ac - core[df12db4294e9bfd3]::panicking::panic_fmt
[INFO] [stdout]   11:     0x64a47551ae82 - core[df12db4294e9bfd3]::result::unwrap_failed
[INFO] [stdout]   12:     0x64a475473b13 - ems_model[ceeaa696c548f223]::factory::machine::export_bindings_step
[INFO] [stdout]   13:     0x64a47547ece9 - <ems_model[ceeaa696c548f223]::factory::machine::export_bindings_step::{closure#0} as core[df12db4294e9bfd3]::ops::function::FnOnce<()>>::call_once
[INFO] [stdout]   14:     0x64a4754845cb - test[9d35eded1c95d3be]::__rust_begin_short_backtrace::<core[df12db4294e9bfd3]::result::Result<(), alloc[2182bb758b4b3781]::string::String>, fn() -> core[df12db4294e9bfd3]::result::Result<(), alloc[2182bb758b4b3781]::string::String>>
[INFO] [stdout]   15:     0x64a475491c35 - test[9d35eded1c95d3be]::run_test::{closure#0}
[INFO] [stdout]   16:     0x64a47548b4f4 - std[70759c8f55707aa4]::sys::backtrace::__rust_begin_short_backtrace::<test[9d35eded1c95d3be]::run_test::{closure#1}, ()>
[INFO] [stdout]   17:     0x64a475494d92 - <std[70759c8f55707aa4]::thread::lifecycle::spawn_unchecked<test[9d35eded1c95d3be]::run_test::{closure#1}, ()>::{closure#1} as core[df12db4294e9bfd3]::ops::function::FnOnce<()>>::call_once::{shim:vtable#0}
[INFO] [stdout]   18:     0x64a475505bd9 - <std[70759c8f55707aa4]::sys::thread::unix::Thread>::new::thread_start
[INFO] [stdout]   19:     0x762898f33dfa - <unknown>
[INFO] [stdout]   20:     0x762898fc73d4 - clone
[INFO] [stdout]   21:                0x0 - <unknown>
[INFO] [stdout] 
[INFO] [stdout] ---- factory::worker::export_bindings_specialization stdout ----
[INFO] [stdout] 
[INFO] [stdout] thread 'factory::worker::export_bindings_specialization' (764) panicked at src/factory/worker.rs:89:58:
[INFO] [stdout] could not export type: Io(Os { code: 30, kind: ReadOnlyFilesystem, message: "Read-only file system" })
[INFO] [stdout] stack backtrace:
[INFO] [stdout]    0:     0x64a475506301 - <<std[70759c8f55707aa4]::sys::backtrace::BacktraceLock>::print::DisplayBacktrace as core[df12db4294e9bfd3]::fmt::Display>::fmt
[INFO] [stdout]    1:     0x64a47551a97a - core[df12db4294e9bfd3]::fmt::write
[INFO] [stdout]    2:     0x64a47550a83c - <alloc[2182bb758b4b3781]::vec::Vec<u8> as core[df12db4294e9bfd3]::io::write::Write>::write_fmt
[INFO] [stdout]    3:     0x64a4754e1b06 - std[70759c8f55707aa4]::panicking::default_hook::{closure#0}
[INFO] [stdout]    4:     0x64a4754fea69 - std[70759c8f55707aa4]::panicking::default_hook
[INFO] [stdout]    5:     0x64a4754912e0 - test[9d35eded1c95d3be]::test_main_inner::<test[9d35eded1c95d3be]::test_main_static::{closure#0}>::{closure#0}
[INFO] [stdout]    6:     0x64a4754fec22 - std[70759c8f55707aa4]::panicking::panic_with_hook
[INFO] [stdout]    7:     0x64a4754e1bb2 - std[70759c8f55707aa4]::panicking::panic_handler::{closure#0}
[INFO] [stdout]    8:     0x64a4754da819 - std[70759c8f55707aa4]::sys::backtrace::__rust_end_short_backtrace::<std[70759c8f55707aa4]::panicking::panic_handler::{closure#0}, !>
[INFO] [stdout]    9:     0x64a4754e27ad - __rustc[8fa7c3cbc660c2b3]::rust_begin_unwind
[INFO] [stdout]   10:     0x64a47551b0ac - core[df12db4294e9bfd3]::panicking::panic_fmt
[INFO] [stdout]   11:     0x64a47551ae82 - core[df12db4294e9bfd3]::result::unwrap_failed
[INFO] [stdout]   12:     0x64a47547a213 - ems_model[ceeaa696c548f223]::factory::worker::export_bindings_specialization
[INFO] [stdout]   13:     0x64a47547ecc9 - <ems_model[ceeaa696c548f223]::factory::worker::export_bindings_specialization::{closure#0} as core[df12db4294e9bfd3]::ops::function::FnOnce<()>>::call_once
[INFO] [stdout]   14:     0x64a4754845cb - test[9d35eded1c95d3be]::__rust_begin_short_backtrace::<core[df12db4294e9bfd3]::result::Result<(), alloc[2182bb758b4b3781]::string::String>, fn() -> core[df12db4294e9bfd3]::result::Result<(), alloc[2182bb758b4b3781]::string::String>>
[INFO] [stdout]   15:     0x64a475491c35 - test[9d35eded1c95d3be]::run_test::{closure#0}
[INFO] [stdout]   16:     0x64a47548b4f4 - std[70759c8f55707aa4]::sys::backtrace::__rust_begin_short_backtrace::<test[9d35eded1c95d3be]::run_test::{closure#1}, ()>
[INFO] [stdout]   17:     0x64a475494d92 - <std[70759c8f55707aa4]::thread::lifecycle::spawn_unchecked<test[9d35eded1c95d3be]::run_test::{closure#1}, ()>::{closure#1} as core[df12db4294e9bfd3]::ops::function::FnOnce<()>>::call_once::{shim:vtable#0}
[INFO] [stdout]   18:     0x64a475505bd9 - <std[70759c8f55707aa4]::sys::thread::unix::Thread>::new::thread_start
[INFO] [stdout]   19:     0x762898f33dfa - <unknown>
[INFO] [stdout]   20:     0x762898fc73d4 - clone
[INFO] [stdout]   21:                0x0 - <unknown>
[INFO] [stdout] 
[INFO] [stdout] ---- factory::worker::export_bindings_time stdout ----
[INFO] [stdout] 
[INFO] [stdout] thread 'factory::worker::export_bindings_time' (765) panicked at src/factory/worker.rs:7:90:
[INFO] [stdout] could not export type: Io(Os { code: 30, kind: ReadOnlyFilesystem, message: "Read-only file system" })
[INFO] [stdout] stack backtrace:
[INFO] [stdout]    0:     0x64a475506301 - <<std[70759c8f55707aa4]::sys::backtrace::BacktraceLock>::print::DisplayBacktrace as core[df12db4294e9bfd3]::fmt::Display>::fmt
[INFO] [stdout]    1:     0x64a47551a97a - core[df12db4294e9bfd3]::fmt::write
[INFO] [stdout]    2:     0x64a47550a83c - <alloc[2182bb758b4b3781]::vec::Vec<u8> as core[df12db4294e9bfd3]::io::write::Write>::write_fmt
[INFO] [stdout]    3:     0x64a4754e1b06 - std[70759c8f55707aa4]::panicking::default_hook::{closure#0}
[INFO] [stdout]    4:     0x64a4754fea69 - std[70759c8f55707aa4]::panicking::default_hook
[INFO] [stdout]    5:     0x64a4754912e0 - test[9d35eded1c95d3be]::test_main_inner::<test[9d35eded1c95d3be]::test_main_static::{closure#0}>::{closure#0}
[INFO] [stdout]    6:     0x64a4754fec22 - std[70759c8f55707aa4]::panicking::panic_with_hook
[INFO] [stdout]    7:     0x64a4754e1bb2 - std[70759c8f55707aa4]::panicking::panic_handler::{closure#0}
[INFO] [stdout]    8:     0x64a4754da819 - std[70759c8f55707aa4]::sys::backtrace::__rust_end_short_backtrace::<std[70759c8f55707aa4]::panicking::panic_handler::{closure#0}, !>
[INFO] [stdout]    9:     0x64a4754e27ad - __rustc[8fa7c3cbc660c2b3]::rust_begin_unwind
[INFO] [stdout]   10:     0x64a47551b0ac - core[df12db4294e9bfd3]::panicking::panic_fmt
[INFO] [stdout]   11:     0x64a47551ae82 - core[df12db4294e9bfd3]::result::unwrap_failed
[INFO] [stdout]   12:     0x64a475479d73 - ems_model[ceeaa696c548f223]::factory::worker::export_bindings_time
[INFO] [stdout]   13:     0x64a47547ec29 - <ems_model[ceeaa696c548f223]::factory::worker::export_bindings_time::{closure#0} as core[df12db4294e9bfd3]::ops::function::FnOnce<()>>::call_once
[INFO] [stdout]   14:     0x64a4754845cb - test[9d35eded1c95d3be]::__rust_begin_short_backtrace::<core[df12db4294e9bfd3]::result::Result<(), alloc[2182bb758b4b3781]::string::String>, fn() -> core[df12db4294e9bfd3]::result::Result<(), alloc[2182bb758b4b3781]::string::String>>
[INFO] [stdout]   15:     0x64a475491c35 - test[9d35eded1c95d3be]::run_test::{closure#0}
[INFO] [stdout]   16:     0x64a47548b4f4 - std[70759c8f55707aa4]::sys::backtrace::__rust_begin_short_backtrace::<test[9d35eded1c95d3be]::run_test::{closure#1}, ()>
[INFO] [stdout]   17:     0x64a475494d92 - <std[70759c8f55707aa4]::thread::lifecycle::spawn_unchecked<test[9d35eded1c95d3be]::run_test::{closure#1}, ()>::{closure#1} as core[df12db4294e9bfd3]::ops::function::FnOnce<()>>::call_once::{shim:vtable#0}
[INFO] [stdout]   18:     0x64a475505bd9 - <std[70759c8f55707aa4]::sys::thread::unix::Thread>::new::thread_start
[INFO] [stdout]   19:     0x762898f33dfa - <unknown>
[INFO] [stdout]   20:     0x762898fc73d4 - clone
[INFO] [stdout]   21:                0x0 - <unknown>
[INFO] [stdout] 
[INFO] [stdout] ---- factory::worker::export_bindings_worker stdout ----
[INFO] [stdout] 
[INFO] [stdout] thread 'factory::worker::export_bindings_worker' (767) panicked at src/factory/worker.rs:96:58:
[INFO] [stdout] could not export type: Io(Os { code: 30, kind: ReadOnlyFilesystem, message: "Read-only file system" })
[INFO] [stdout] stack backtrace:
[INFO] [stdout]    0:     0x64a475506301 - <<std[70759c8f55707aa4]::sys::backtrace::BacktraceLock>::print::DisplayBacktrace as core[df12db4294e9bfd3]::fmt::Display>::fmt
[INFO] [stdout]    1:     0x64a47551a97a - core[df12db4294e9bfd3]::fmt::write
[INFO] [stdout]    2:     0x64a47550a83c - <alloc[2182bb758b4b3781]::vec::Vec<u8> as core[df12db4294e9bfd3]::io::write::Write>::write_fmt
[INFO] [stdout]    3:     0x64a4754e1b06 - std[70759c8f55707aa4]::panicking::default_hook::{closure#0}
[INFO] [stdout]    4:     0x64a4754fea69 - std[70759c8f55707aa4]::panicking::default_hook
[INFO] [stdout]    5:     0x64a4754912e0 - test[9d35eded1c95d3be]::test_main_inner::<test[9d35eded1c95d3be]::test_main_static::{closure#0}>::{closure#0}
[INFO] [stdout]    6:     0x64a4754fec22 - std[70759c8f55707aa4]::panicking::panic_with_hook
[INFO] [stdout]    7:     0x64a4754e1bb2 - std[70759c8f55707aa4]::panicking::panic_handler::{closure#0}
[INFO] [stdout]    8:     0x64a4754da819 - std[70759c8f55707aa4]::sys::backtrace::__rust_end_short_backtrace::<std[70759c8f55707aa4]::panicking::panic_handler::{closure#0}, !>
[INFO] [stdout]    9:     0x64a4754e27ad - __rustc[8fa7c3cbc660c2b3]::rust_begin_unwind
[INFO] [stdout]   10:     0x64a47551b0ac - core[df12db4294e9bfd3]::panicking::panic_fmt
[INFO] [stdout]   11:     0x64a47551ae82 - core[df12db4294e9bfd3]::result::unwrap_failed
[INFO] [stdout]   12:     0x64a475479e33 - ems_model[ceeaa696c548f223]::factory::worker::export_bindings_worker
[INFO] [stdout]   13:     0x64a47547ec49 - <ems_model[ceeaa696c548f223]::factory::worker::export_bindings_worker::{closure#0} as core[df12db4294e9bfd3]::ops::function::FnOnce<()>>::call_once
[INFO] [stdout]   14:     0x64a4754845cb - test[9d35eded1c95d3be]::__rust_begin_short_backtrace::<core[df12db4294e9bfd3]::result::Result<(), alloc[2182bb758b4b3781]::string::String>, fn() -> core[df12db4294e9bfd3]::result::Result<(), alloc[2182bb758b4b3781]::string::String>>
[INFO] [stdout]   15:     0x64a475491c35 - test[9d35eded1c95d3be]::run_test::{closure#0}
[INFO] [stdout]   16:     0x64a47548b4f4 - std[70759c8f55707aa4]::sys::backtrace::__rust_begin_short_backtrace::<test[9d35eded1c95d3be]::run_test::{closure#1}, ()>
[INFO] [stdout]   17:     0x64a475494d92 - <std[70759c8f55707aa4]::thread::lifecycle::spawn_unchecked<test[9d35eded1c95d3be]::run_test::{closure#1}, ()>::{closure#1} as core[df12db4294e9bfd3]::ops::function::FnOnce<()>>::call_once::{shim:vtable#0}
[INFO] [stdout]   18:     0x64a475505bd9 - <std[70759c8f55707aa4]::sys::thread::unix::Thread>::new::thread_start
[INFO] [stdout]   19:     0x762898f33dfa - <unknown>
[INFO] [stdout]   20:     0x762898fc73d4 - clone
[INFO] [stdout]   21:                0x0 - <unknown>
[INFO] [stdout] 
[INFO] [stdout] ---- factory::line::export_bindings_line stdout ----
[INFO] [stdout] 
[INFO] [stdout] thread 'factory::line::export_bindings_line' (755) panicked at src/factory/line.rs:47:58:
[INFO] [stdout] could not export type: Io(Os { code: 30, kind: ReadOnlyFilesystem, message: "Read-only file system" })
[INFO] [stdout] stack backtrace:
[INFO] [stdout]    0:     0x64a475506301 - <<std[70759c8f55707aa4]::sys::backtrace::BacktraceLock>::print::DisplayBacktrace as core[df12db4294e9bfd3]::fmt::Display>::fmt
[INFO] [stdout]    1:     0x64a47551a97a - core[df12db4294e9bfd3]::fmt::write
[INFO] [stdout]    2:     0x64a47550a83c - <alloc[2182bb758b4b3781]::vec::Vec<u8> as core[df12db4294e9bfd3]::io::write::Write>::write_fmt
[INFO] [stdout]    3:     0x64a4754e1b06 - std[70759c8f55707aa4]::panicking::default_hook::{closure#0}
[INFO] [stdout]    4:     0x64a4754fea69 - std[70759c8f55707aa4]::panicking::default_hook
[INFO] [stdout]    5:     0x64a4754912e0 - test[9d35eded1c95d3be]::test_main_inner::<test[9d35eded1c95d3be]::test_main_static::{closure#0}>::{closure#0}
[INFO] [stdout]    6:     0x64a4754fec22 - std[70759c8f55707aa4]::panicking::panic_with_hook
[INFO] [stdout]    7:     0x64a4754e1bb2 - std[70759c8f55707aa4]::panicking::panic_handler::{closure#0}
[INFO] [stdout]    8:     0x64a4754da819 - std[70759c8f55707aa4]::sys::backtrace::__rust_end_short_backtrace::<std[70759c8f55707aa4]::panicking::panic_handler::{closure#0}, !>
[INFO] [stdout]    9:     0x64a4754e27ad - __rustc[8fa7c3cbc660c2b3]::rust_begin_unwind
[INFO] [stdout]   10:     0x64a47551b0ac - core[df12db4294e9bfd3]::panicking::panic_fmt
[INFO] [stdout]   11:     0x64a47551ae82 - core[df12db4294e9bfd3]::result::unwrap_failed
[INFO] [stdout]   12:     0x64a475478473 - ems_model[ceeaa696c548f223]::factory::line::export_bindings_line
[INFO] [stdout]   13:     0x64a47547ebe9 - <ems_model[ceeaa696c548f223]::factory::line::export_bindings_line::{closure#0} as core[df12db4294e9bfd3]::ops::function::FnOnce<()>>::call_once
[INFO] [stdout]   14:     0x64a4754845cb - test[9d35eded1c95d3be]::__rust_begin_short_backtrace::<core[df12db4294e9bfd3]::result::Result<(), alloc[2182bb758b4b3781]::string::String>, fn() -> core[df12db4294e9bfd3]::result::Result<(), alloc[2182bb758b4b3781]::string::String>>
[INFO] [stdout]   15:     0x64a475491c35 - test[9d35eded1c95d3be]::run_test::{closure#0}
[INFO] [stdout]   16:     0x64a47548b4f4 - std[70759c8f55707aa4]::sys::backtrace::__rust_begin_short_backtrace::<test[9d35eded1c95d3be]::run_test::{closure#1}, ()>
[INFO] [stdout]   17:     0x64a475494d92 - <std[70759c8f55707aa4]::thread::lifecycle::spawn_unchecked<test[9d35eded1c95d3be]::run_test::{closure#1}, ()>::{closure#1} as core[df12db4294e9bfd3]::ops::function::FnOnce<()>>::call_once::{shim:vtable#0}
[INFO] [stdout]   18:     0x64a475505bd9 - <std[70759c8f55707aa4]::sys::thread::unix::Thread>::new::thread_start
[INFO] [stdout]   19:     0x762898f33dfa - <unknown>
[INFO] [stdout]   20:     0x762898fc73d4 - clone
[INFO] [stdout]   21:                0x0 - <unknown>
[INFO] [stdout] 
[INFO] [stdout] ---- factory::line::export_bindings_linenode stdout ----
[INFO] [stdout] 
[INFO] [stdout] thread 'factory::line::export_bindings_linenode' (756) panicked at src/factory/line.rs:7:58:
[INFO] [stdout] could not export type: Io(Os { code: 30, kind: ReadOnlyFilesystem, message: "Read-only file system" })
[INFO] [stdout] stack backtrace:
[INFO] [stdout]    0:     0x64a475506301 - <<std[70759c8f55707aa4]::sys::backtrace::BacktraceLock>::print::DisplayBacktrace as core[df12db4294e9bfd3]::fmt::Display>::fmt
[INFO] [stdout]    1:     0x64a47551a97a - core[df12db4294e9bfd3]::fmt::write
[INFO] [stdout]    2:     0x64a47550a83c - <alloc[2182bb758b4b3781]::vec::Vec<u8> as core[df12db4294e9bfd3]::io::write::Write>::write_fmt
[INFO] [stdout]    3:     0x64a4754e1b06 - std[70759c8f55707aa4]::panicking::default_hook::{closure#0}
[INFO] [stdout]    4:     0x64a4754fea69 - std[70759c8f55707aa4]::panicking::default_hook
[INFO] [stdout]    5:     0x64a4754912e0 - test[9d35eded1c95d3be]::test_main_inner::<test[9d35eded1c95d3be]::test_main_static::{closure#0}>::{closure#0}
[INFO] [stdout]    6:     0x64a4754fec22 - std[70759c8f55707aa4]::panicking::panic_with_hook
[INFO] [stdout]    7:     0x64a4754e1bb2 - std[70759c8f55707aa4]::panicking::panic_handler::{closure#0}
[INFO] [stdout]    8:     0x64a4754da819 - std[70759c8f55707aa4]::sys::backtrace::__rust_end_short_backtrace::<std[70759c8f55707aa4]::panicking::panic_handler::{closure#0}, !>
[INFO] [stdout]    9:     0x64a4754e27ad - __rustc[8fa7c3cbc660c2b3]::rust_begin_unwind
[INFO] [stdout]   10:     0x64a47551b0ac - core[df12db4294e9bfd3]::panicking::panic_fmt
[INFO] [stdout]   11:     0x64a47551ae82 - core[df12db4294e9bfd3]::result::unwrap_failed
[INFO] [stdout]   12:     0x64a475478533 - ems_model[ceeaa696c548f223]::factory::line::export_bindings_linenode
[INFO] [stdout]   13:     0x64a47547ec09 - <ems_model[ceeaa696c548f223]::factory::line::export_bindings_linenode::{closure#0} as core[df12db4294e9bfd3]::ops::function::FnOnce<()>>::call_once
[INFO] [stdout]   14:     0x64a4754845cb - test[9d35eded1c95d3be]::__rust_begin_short_backtrace::<core[df12db4294e9bfd3]::result::Result<(), alloc[2182bb758b4b3781]::string::String>, fn() -> core[df12db4294e9bfd3]::result::Result<(), alloc[2182bb758b4b3781]::string::String>>
[INFO] [stdout]   15:     0x64a475491c35 - test[9d35eded1c95d3be]::run_test::{closure#0}
[INFO] [stdout]   16:     0x64a47548b4f4 - std[70759c8f55707aa4]::sys::backtrace::__rust_begin_short_backtrace::<test[9d35eded1c95d3be]::run_test::{closure#1}, ()>
[INFO] [stdout]   17:     0x64a475494d92 - <std[70759c8f55707aa4]::thread::lifecycle::spawn_unchecked<test[9d35eded1c95d3be]::run_test::{closure#1}, ()>::{closure#1} as core[df12db4294e9bfd3]::ops::function::FnOnce<()>>::call_once::{shim:vtable#0}
[INFO] [stdout]   18:     0x64a475505bd9 - <std[70759c8f55707aa4]::sys::thread::unix::Thread>::new::thread_start
[INFO] [stdout]   19:     0x762898f33dfa - <unknown>
[INFO] [stdout]   20:     0x762898fc73d4 - clone
[INFO] [stdout]   21:                0x0 - <unknown>
[INFO] [stdout] 
[INFO] [stdout] ---- factory::worker::export_bindings_schedule stdout ----
[INFO] [stdout] 
[INFO] [stdout] thread 'factory::worker::export_bindings_schedule' (763) panicked at src/factory/worker.rs:62:69:
[INFO] [stdout] could not export type: Io(Os { code: 30, kind: ReadOnlyFilesystem, message: "Read-only file system" })
[INFO] [stdout] stack backtrace:
[INFO] [stdout]    0:     0x64a475506301 - <<std[70759c8f55707aa4]::sys::backtrace::BacktraceLock>::print::DisplayBacktrace as core[df12db4294e9bfd3]::fmt::Display>::fmt
[INFO] [stdout]    1:     0x64a47551a97a - core[df12db4294e9bfd3]::fmt::write
[INFO] [stdout]    2:     0x64a47550a83c - <alloc[2182bb758b4b3781]::vec::Vec<u8> as core[df12db4294e9bfd3]::io::write::Write>::write_fmt
[INFO] [stdout]    3:     0x64a4754e1b06 - std[70759c8f55707aa4]::panicking::default_hook::{closure#0}
[INFO] [stdout]    4:     0x64a4754fea69 - std[70759c8f55707aa4]::panicking::default_hook
[INFO] [stdout]    5:     0x64a4754912e0 - test[9d35eded1c95d3be]::test_main_inner::<test[9d35eded1c95d3be]::test_main_static::{closure#0}>::{closure#0}
[INFO] [stdout]    6:     0x64a4754fec22 - std[70759c8f55707aa4]::panicking::panic_with_hook
[INFO] [stdout]    7:     0x64a4754e1bb2 - std[70759c8f55707aa4]::panicking::panic_handler::{closure#0}
[INFO] [stdout]    8:     0x64a4754da819 - std[70759c8f55707aa4]::sys::backtrace::__rust_end_short_backtrace::<std[70759c8f55707aa4]::panicking::panic_handler::{closure#0}, !>
[INFO] [stdout]    9:     0x64a4754e27ad - __rustc[8fa7c3cbc660c2b3]::rust_begin_unwind
[INFO] [stdout]   10:     0x64a47551b0ac - core[df12db4294e9bfd3]::panicking::panic_fmt
[INFO] [stdout]   11:     0x64a47551ae82 - core[df12db4294e9bfd3]::result::unwrap_failed
[INFO] [stdout]   12:     0x64a47547a015 - ems_model[ceeaa696c548f223]::factory::worker::export_bindings_schedule
[INFO] [stdout]   13:     0x64a47547ec89 - <ems_model[ceeaa696c548f223]::factory::worker::export_bindings_schedule::{closure#0} as core[df12db4294e9bfd3]::ops::function::FnOnce<()>>::call_once
[INFO] [stdout]   14:     0x64a4754845cb - test[9d35eded1c95d3be]::__rust_begin_short_backtrace::<core[df12db4294e9bfd3]::result::Result<(), alloc[2182bb758b4b3781]::string::String>, fn() -> core[df12db4294e9bfd3]::result::Result<(), alloc[2182bb758b4b3781]::string::String>>
[INFO] [stdout]   15:     0x64a475491c35 - test[9d35eded1c95d3be]::run_test::{closure#0}
[INFO] [stdout]   16:     0x64a47548b4f4 - std[70759c8f55707aa4]::sys::backtrace::__rust_begin_short_backtrace::<test[9d35eded1c95d3be]::run_test::{closure#1}, ()>
[INFO] [stdout]   17:     0x64a475494d92 - <std[70759c8f55707aa4]::thread::lifecycle::spawn_unchecked<test[9d35eded1c95d3be]::run_test::{closure#1}, ()>::{closure#1} as core[df12db4294e9bfd3]::ops::function::FnOnce<()>>::call_once::{shim:vtable#0}
[INFO] [stdout]   18:     0x64a475505bd9 - <std[70759c8f55707aa4]::sys::thread::unix::Thread>::new::thread_start
[INFO] [stdout]   19:     0x762898f33dfa - <unknown>
[INFO] [stdout]   20:     0x762898fc73d4 - clone
[INFO] [stdout]   21:                0x0 - <unknown>
[INFO] [stdout] 
[INFO] [stdout] ---- factory::worker::export_bindings_weekday stdout ----
[INFO] [stdout] 
[INFO] [stdout] thread 'factory::worker::export_bindings_weekday' (766) panicked at src/factory/worker.rs:35:85:
[INFO] [stdout] could not export type: Io(Os { code: 30, kind: ReadOnlyFilesystem, message: "Read-only file system" })
[INFO] [stdout] stack backtrace:
[INFO] [stdout]    0:     0x64a475506301 - <<std[70759c8f55707aa4]::sys::backtrace::BacktraceLock>::print::DisplayBacktrace as core[df12db4294e9bfd3]::fmt::Display>::fmt
[INFO] [stdout]    1:     0x64a47551a97a - core[df12db4294e9bfd3]::fmt::write
[INFO] [stdout]    2:     0x64a47550a83c - <alloc[2182bb758b4b3781]::vec::Vec<u8> as core[df12db4294e9bfd3]::io::write::Write>::write_fmt
[INFO] [stdout]    3:     0x64a4754e1b06 - std[70759c8f55707aa4]::panicking::default_hook::{closure#0}
[INFO] [stdout]    4:     0x64a4754fea69 - std[70759c8f55707aa4]::panicking::default_hook
[INFO] [stdout]    5:     0x64a4754912e0 - test[9d35eded1c95d3be]::test_main_inner::<test[9d35eded1c95d3be]::test_main_static::{closure#0}>::{closure#0}
[INFO] [stdout]    6:     0x64a4754fec22 - std[70759c8f55707aa4]::panicking::panic_with_hook
[INFO] [stdout]    7:     0x64a4754e1bb2 - std[70759c8f55707aa4]::panicking::panic_handler::{closure#0}
[INFO] [stdout]    8:     0x64a4754da819 - std[70759c8f55707aa4]::sys::backtrace::__rust_end_short_backtrace::<std[70759c8f55707aa4]::panicking::panic_handler::{closure#0}, !>
[INFO] [stdout]    9:     0x64a4754e27ad - __rustc[8fa7c3cbc660c2b3]::rust_begin_unwind
[INFO] [stdout]   10:     0x64a47551b0ac - core[df12db4294e9bfd3]::panicking::panic_fmt
[INFO] [stdout]   11:     0x64a47551ae82 - core[df12db4294e9bfd3]::result::unwrap_failed
[INFO] [stdout]   12:     0x64a475479ef3 - ems_model[ceeaa696c548f223]::factory::worker::export_bindings_weekday
[INFO] [stdout]   13:     0x64a47547ec69 - <ems_model[ceeaa696c548f223]::factory::worker::export_bindings_weekday::{closure#0} as core[df12db4294e9bfd3]::ops::function::FnOnce<()>>::call_once
[INFO] [stdout]   14:     0x64a4754845cb - test[9d35eded1c95d3be]::__rust_begin_short_backtrace::<core[df12db4294e9bfd3]::result::Result<(), alloc[2182bb758b4b3781]::string::String>, fn() -> core[df12db4294e9bfd3]::result::Result<(), alloc[2182bb758b4b3781]::string::String>>
[INFO] [stdout]   15:     0x64a475491c35 - test[9d35eded1c95d3be]::run_test::{closure#0}
[INFO] [stdout]   16:     0x64a47548b4f4 - std[70759c8f55707aa4]::sys::backtrace::__rust_begin_short_backtrace::<test[9d35eded1c95d3be]::run_test::{closure#1}, ()>
[INFO] [stdout]   17:     0x64a475494d92 - <std[70759c8f55707aa4]::thread::lifecycle::spawn_unchecked<test[9d35eded1c95d3be]::run_test::{closure#1}, ()>::{closure#1} as core[df12db4294e9bfd3]::ops::function::FnOnce<()>>::call_once::{shim:vtable#0}
[INFO] [stdout]   18:     0x64a475505bd9 - <std[70759c8f55707aa4]::sys::thread::unix::Thread>::new::thread_start
[INFO] [stdout]   19:     0x762898f33dfa - <unknown>
[INFO] [stdout]   20:     0x762898fc73d4 - clone
[INFO] [stdout]   21:                0x0 - <unknown>
[INFO] [stdout] 
[INFO] [stdout] ---- factory::worker::export_bindings_workshift stdout ----
[INFO] [stdout] 
[INFO] [stdout] thread 'factory::worker::export_bindings_workshift' (768) panicked at src/factory/worker.rs:21:69:
[INFO] [stdout] could not export type: Io(Os { code: 30, kind: ReadOnlyFilesystem, message: "Read-only file system" })
[INFO] [stdout] stack backtrace:
[INFO] [stdout]    0:     0x64a475506301 - <<std[70759c8f55707aa4]::sys::backtrace::BacktraceLock>::print::DisplayBacktrace as core[df12db4294e9bfd3]::fmt::Display>::fmt
[INFO] [stdout]    1:     0x64a47551a97a - core[df12db4294e9bfd3]::fmt::write
[INFO] [stdout]    2:     0x64a47550a83c - <alloc[2182bb758b4b3781]::vec::Vec<u8> as core[df12db4294e9bfd3]::io::write::Write>::write_fmt
[INFO] [stdout]    3:     0x64a4754e1b06 - std[70759c8f55707aa4]::panicking::default_hook::{closure#0}
[INFO] [stdout]    4:     0x64a4754fea69 - std[70759c8f55707aa4]::panicking::default_hook
[INFO] [stdout]    5:     0x64a4754912e0 - test[9d35eded1c95d3be]::test_main_inner::<test[9d35eded1c95d3be]::test_main_static::{closure#0}>::{closure#0}
[INFO] [stdout]    6:     0x64a4754fec22 - std[70759c8f55707aa4]::panicking::panic_with_hook
[INFO] [stdout]    7:     0x64a4754e1bb2 - std[70759c8f55707aa4]::panicking::panic_handler::{closure#0}
[INFO] [stdout]    8:     0x64a4754da819 - std[70759c8f55707aa4]::sys::backtrace::__rust_end_short_backtrace::<std[70759c8f55707aa4]::panicking::panic_handler::{closure#0}, !>
[INFO] [stdout]    9:     0x64a4754e27ad - __rustc[8fa7c3cbc660c2b3]::rust_begin_unwind
[INFO] [stdout]   10:     0x64a47551b0ac - core[df12db4294e9bfd3]::panicking::panic_fmt
[INFO] [stdout]   11:     0x64a47551ae82 - core[df12db4294e9bfd3]::result::unwrap_failed
[INFO] [stdout]   12:     0x64a47547a145 - ems_model[ceeaa696c548f223]::factory::worker::export_bindings_workshift
[INFO] [stdout]   13:     0x64a47547eca9 - <ems_model[ceeaa696c548f223]::factory::worker::export_bindings_workshift::{closure#0} as core[df12db4294e9bfd3]::ops::function::FnOnce<()>>::call_once
[INFO] [stdout]   14:     0x64a4754845cb - test[9d35eded1c95d3be]::__rust_begin_short_backtrace::<core[df12db4294e9bfd3]::result::Result<(), alloc[2182bb758b4b3781]::string::String>, fn() -> core[df12db4294e9bfd3]::result::Result<(), alloc[2182bb758b4b3781]::string::String>>
[INFO] [stdout]   15:     0x64a475491c35 - test[9d35eded1c95d3be]::run_test::{closure#0}
[INFO] [stdout]   16:     0x64a47548b4f4 - std[70759c8f55707aa4]::sys::backtrace::__rust_begin_short_backtrace::<test[9d35eded1c95d3be]::run_test::{closure#1}, ()>
[INFO] [stdout]   17:     0x64a475494d92 - <std[70759c8f55707aa4]::thread::lifecycle::spawn_unchecked<test[9d35eded1c95d3be]::run_test::{closure#1}, ()>::{closure#1} as core[df12db4294e9bfd3]::ops::function::FnOnce<()>>::call_once::{shim:vtable#0}
[INFO] [stdout]   18:     0x64a475505bd9 - <std[70759c8f55707aa4]::sys::thread::unix::Thread>::new::thread_start
[INFO] [stdout]   19:     0x762898f33dfa - <unknown>
[INFO] [stdout]   20:     0x762898fc73d4 - clone
[INFO] [stdout]   21:                0x0 - <unknown>
[INFO] [stdout] 
[INFO] [stdout] ---- factory::machine::export_bindings_steptype stdout ----
[INFO] [stdout] 
[INFO] [stdout] thread 'factory::machine::export_bindings_steptype' (762) panicked at src/factory/machine.rs:17:58:
[INFO] [stdout] could not export type: Io(Os { code: 30, kind: ReadOnlyFilesystem, message: "Read-only file system" })
[INFO] [stdout] stack backtrace:
[INFO] [stdout]    0:     0x64a475506301 - <<std[70759c8f55707aa4]::sys::backtrace::BacktraceLock>::print::DisplayBacktrace as core[df12db4294e9bfd3]::fmt::Display>::fmt
[INFO] [stdout]    1:     0x64a47551a97a - core[df12db4294e9bfd3]::fmt::write
[INFO] [stdout]    2:     0x64a47550a83c - <alloc[2182bb758b4b3781]::vec::Vec<u8> as core[df12db4294e9bfd3]::io::write::Write>::write_fmt
[INFO] [stdout]    3:     0x64a4754e1b06 - std[70759c8f55707aa4]::panicking::default_hook::{closure#0}
[INFO] [stdout]    4:     0x64a4754fea69 - std[70759c8f55707aa4]::panicking::default_hook
[INFO] [stdout]    5:     0x64a4754912e0 - test[9d35eded1c95d3be]::test_main_inner::<test[9d35eded1c95d3be]::test_main_static::{closure#0}>::{closure#0}
[INFO] [stdout]    6:     0x64a4754fec22 - std[70759c8f55707aa4]::panicking::panic_with_hook
[INFO] [stdout]    7:     0x64a4754e1bb2 - std[70759c8f55707aa4]::panicking::panic_handler::{closure#0}
[INFO] [stdout]    8:     0x64a4754da819 - std[70759c8f55707aa4]::sys::backtrace::__rust_end_short_backtrace::<std[70759c8f55707aa4]::panicking::panic_handler::{closure#0}, !>
[INFO] [stdout]    9:     0x64a4754e27ad - __rustc[8fa7c3cbc660c2b3]::rust_begin_unwind
[INFO] [stdout]   10:     0x64a47551b0ac - core[df12db4294e9bfd3]::panicking::panic_fmt
[INFO] [stdout]   11:     0x64a47551ae82 - core[df12db4294e9bfd3]::result::unwrap_failed
[INFO] [stdout]   12:     0x64a475473bd3 - ems_model[ceeaa696c548f223]::factory::machine::export_bindings_steptype
[INFO] [stdout]   13:     0x64a47547ed09 - <ems_model[ceeaa696c548f223]::factory::machine::export_bindings_steptype::{closure#0} as core[df12db4294e9bfd3]::ops::function::FnOnce<()>>::call_once
[INFO] [stdout]   14:     0x64a4754845cb - test[9d35eded1c95d3be]::__rust_begin_short_backtrace::<core[df12db4294e9bfd3]::result::Result<(), alloc[2182bb758b4b3781]::string::String>, fn() -> core[df12db4294e9bfd3]::result::Result<(), alloc[2182bb758b4b3781]::string::String>>
[INFO] [stdout]   15:     0x64a475491c35 - test[9d35eded1c95d3be]::run_test::{closure#0}
[INFO] [stdout]   16:     0x64a47548b4f4 - std[70759c8f55707aa4]::sys::backtrace::__rust_begin_short_backtrace::<test[9d35eded1c95d3be]::run_test::{closure#1}, ()>
[INFO] [stdout]   17:     0x64a475494d92 - <std[70759c8f55707aa4]::thread::lifecycle::spawn_unchecked<test[9d35eded1c95d3be]::run_test::{closure#1}, ()>::{closure#1} as core[df12db4294e9bfd3]::ops::function::FnOnce<()>>::call_once::{shim:vtable#0}
[INFO] [stdout]   18:     0x64a475505bd9 - <std[70759c8f55707aa4]::sys::thread::unix::Thread>::new::thread_start
[INFO] [stdout]   19:     0x762898f33dfa - <unknown>
[INFO] [stdout]   20:     0x762898fc73d4 - clone
[INFO] [stdout]   21:                0x0 - <unknown>
[INFO] [stdout] 
[INFO] [stdout] 
[INFO] [stdout] failures:
[INFO] [stdout]     factory::export_bindings_factory
[INFO] [stdout]     factory::line::export_bindings_line
[INFO] [stdout]     factory::line::export_bindings_linenode
[INFO] [stdout]     factory::machine::export_bindings_machinecontrol
[INFO] [stdout]     factory::machine::export_bindings_step
[INFO] [stdout]     factory::machine::export_bindings_steptype
[INFO] [stdout]     factory::worker::export_bindings_schedule
[INFO] [stdout]     factory::worker::export_bindings_specialization
[INFO] [stdout]     factory::worker::export_bindings_time
[INFO] [stdout]     factory::worker::export_bindings_weekday
[INFO] [stdout]     factory::worker::export_bindings_worker
[INFO] [stdout]     factory::worker::export_bindings_workshift
[INFO] [stdout] 
[INFO] [stdout] test result: FAILED. 19 passed; 12 failed; 0 ignored; 0 measured; 0 filtered out; finished in 0.02s
[INFO] [stdout] 
[INFO] [stderr] error: test failed, to rerun pass `--lib`
[INFO] running `Command { std: "docker" "inspect" "4a0a4f50120c79b6bec6252dc6d2c91cfd32224d64ace44bf75b4f6e352cb9f7", kill_on_drop: false }`
[INFO] running `Command { std: "docker" "rm" "-f" "4a0a4f50120c79b6bec6252dc6d2c91cfd32224d64ace44bf75b4f6e352cb9f7", kill_on_drop: false }`
[INFO] [stdout] 4a0a4f50120c79b6bec6252dc6d2c91cfd32224d64ace44bf75b4f6e352cb9f7
