[INFO] fetching crate emotiva 0.1.2...
[INFO] testing emotiva-0.1.2 against 1.100.0-beta.1+cargoflags=--release for beta-release-1.100-2
[INFO] extracting crate emotiva 0.1.2 into /workspace/builds/worker-6-tc2/source
[INFO] started tweaking crates.io crate emotiva 0.1.2
[INFO] finished tweaking crates.io crate emotiva 0.1.2
[INFO] tweaked toml for crates.io crate emotiva 0.1.2 written to /workspace/builds/worker-6-tc2/source/Cargo.toml
[INFO] validating manifest of crates.io crate emotiva 0.1.2 on toolchain 1.100.0-beta.1
[INFO] running `Command { std: CARGO_HOME="/workspace/cargo-home" RUSTUP_HOME="/workspace/rustup-home" "/workspace/cargo-home/bin/cargo" "+1.100.0-beta.1" "metadata" "--manifest-path" "Cargo.toml" "--no-deps", kill_on_drop: false }`
[INFO] crate crates.io crate emotiva 0.1.2 already has a lockfile, it will not be regenerated
[INFO] running `Command { std: CARGO_HOME="/workspace/cargo-home" RUSTUP_HOME="/workspace/rustup-home" "/workspace/cargo-home/bin/cargo" "+1.100.0-beta.1" "fetch" "--manifest-path" "Cargo.toml", kill_on_drop: false }`
[INFO] [stderr] warning: `package.homepage` is redundant with `package.repository`
[INFO] [stderr]   --> Cargo.toml:31:12
[INFO] [stderr]    |
[INFO] [stderr] 31 | homepage = "https://github.com/araujol/emotiva"
[INFO] [stderr]    |            ^^^^^^^^^^^^^^^^^^^^^^^^^^^^^^^^^^^^
[INFO] [stderr] ...
[INFO] [stderr] 37 | repository = "https://github.com/araujol/emotiva"
[INFO] [stderr]    |              ------------------------------------
[INFO] [stderr]    |
[INFO] [stderr]    = note: `cargo::redundant_homepage` is set to `warn` by default
[INFO] [stderr] help: consider removing `package.homepage`
[INFO] [stderr] warning: `emotiva` (manifest) generated 1 warning
[INFO] running `Command { std: "docker" "create" "-v" "/var/lib/crater-agent-workspace/builds/worker-6-tc2/source:/opt/rustwide/workdir:ro,Z" "-v" "/var/lib/crater-agent-workspace/builds/worker-6-tc2/target:/opt/rustwide/target:rw,Z" "-v" "/var/lib/crater-agent-workspace/cargo-home:/opt/rustwide/cargo-home:ro,Z" "-v" "/var/lib/crater-agent-workspace/rustup-home:/opt/rustwide/rustup-home:ro,Z" "-m" "1610612736" "--network" "none" "ghcr.io/rust-lang/crates-build-env/linux@sha256:77db811e55d90add9212f6832c23229e3de5f1c1f9905e8cb07319ea15df73ac" "sleep" "infinity", kill_on_drop: false }`
[INFO] [stdout] db8748953998cf479b330c4da1bd6fba8ad1eedb04f238176d5d56187ce35a12
[INFO] running `Command { std: "docker" "start" "db8748953998cf479b330c4da1bd6fba8ad1eedb04f238176d5d56187ce35a12", kill_on_drop: false }`
[INFO] running `Command { std: "docker" "inspect" "db8748953998cf479b330c4da1bd6fba8ad1eedb04f238176d5d56187ce35a12", kill_on_drop: false }`
[INFO] running `Command { std: "docker" "exec" "-e" "SOURCE_DIR=/opt/rustwide/workdir" "-e" "CARGO_HOME=/opt/rustwide/cargo-home" "-e" "RUSTUP_HOME=/opt/rustwide/rustup-home" "-e" "CARGO_TARGET_DIR=/opt/rustwide/target" "-w" "/opt/rustwide/workdir" "--user" "0:0" "db8748953998cf479b330c4da1bd6fba8ad1eedb04f238176d5d56187ce35a12" "/opt/rustwide/cargo-home/bin/cargo" "+1.100.0-beta.1" "metadata" "--no-deps" "--format-version=1", kill_on_drop: false }`
[INFO] running `Command { std: "docker" "inspect" "db8748953998cf479b330c4da1bd6fba8ad1eedb04f238176d5d56187ce35a12", kill_on_drop: false }`
[INFO] running `Command { std: "docker" "exec" "-e" "SOURCE_DIR=/opt/rustwide/workdir" "-e" "CARGO_HOME=/opt/rustwide/cargo-home" "-e" "RUSTUP_HOME=/opt/rustwide/rustup-home" "-e" "CARGO_TARGET_DIR=/opt/rustwide/target" "-e" "CARGO_INCREMENTAL=0" "-e" "RUST_BACKTRACE=full" "-e" "RUSTFLAGS=--cap-lints=warn" "-e" "RUSTDOCFLAGS=--cap-lints=warn" "-w" "/opt/rustwide/workdir" "--user" "0:0" "db8748953998cf479b330c4da1bd6fba8ad1eedb04f238176d5d56187ce35a12" "/opt/rustwide/cargo-home/bin/cargo" "+1.100.0-beta.1" "build" "--frozen" "--message-format=json" "--release", kill_on_drop: false }`
[INFO] [stderr] warning: `package.homepage` is redundant with `package.repository`
[INFO] [stderr]   --> Cargo.toml:31:12
[INFO] [stderr]    |
[INFO] [stderr] 31 | homepage = "https://github.com/araujol/emotiva"
[INFO] [stderr]    |            ^^^^^^^^^^^^^^^^^^^^^^^^^^^^^^^^^^^^
[INFO] [stderr] ...
[INFO] [stderr] 37 | repository = "https://github.com/araujol/emotiva"
[INFO] [stderr]    |              ------------------------------------
[INFO] [stderr]    |
[INFO] [stderr]    = note: `cargo::redundant_homepage` is set to `warn` by default
[INFO] [stderr] help: consider removing `package.homepage`
[INFO] [stderr] warning: `emotiva` (manifest) generated 1 warning
[INFO] [stderr]    Compiling proc-macro2 v1.0.106
[INFO] [stderr]    Compiling libc v0.2.182
[INFO] [stderr]    Compiling quote v1.0.44
[INFO] [stderr]    Compiling serde v1.0.228
[INFO] [stderr]    Compiling getrandom v0.4.1
[INFO] [stderr]    Compiling rand_core v0.10.0
[INFO] [stderr]    Compiling miniquad v0.4.8
[INFO] [stderr]    Compiling hashbrown v0.15.5
[INFO] [stderr]    Compiling bytemuck v1.25.0
[INFO] [stderr]    Compiling ttf-parser v0.21.1
[INFO] [stderr]    Compiling flate2 v1.1.9
[INFO] [stderr]    Compiling bitflags v2.11.0
[INFO] [stderr]    Compiling once_cell v1.21.3
[INFO] [stderr]    Compiling quad-rand v0.2.3
[INFO] [stderr]    Compiling macroquad_macro v0.1.8
[INFO] [stderr]    Compiling glam v0.27.0
[INFO] [stderr]    Compiling chacha20 v0.10.0
[INFO] [stderr]    Compiling png v0.17.16
[INFO] [stderr]    Compiling syn v2.0.117
[INFO] [stderr]    Compiling image v0.24.9
[INFO] [stderr]    Compiling rand v0.10.0
[INFO] [stderr]    Compiling fontdue v0.9.3
[INFO] [stderr]    Compiling serde_derive v1.0.228
[INFO] [stderr]    Compiling macroquad v0.4.14
[INFO] [stderr]    Compiling ron v0.12.0
[INFO] [stderr]    Compiling emotiva v0.1.2 (/opt/rustwide/workdir)
[INFO] [stderr]     Finished `release` profile [optimized] target(s) in 28.91s
[INFO] running `Command { std: "docker" "inspect" "db8748953998cf479b330c4da1bd6fba8ad1eedb04f238176d5d56187ce35a12", kill_on_drop: false }`
[INFO] running `Command { std: "docker" "exec" "-e" "SOURCE_DIR=/opt/rustwide/workdir" "-e" "CARGO_HOME=/opt/rustwide/cargo-home" "-e" "RUSTUP_HOME=/opt/rustwide/rustup-home" "-e" "CARGO_TARGET_DIR=/opt/rustwide/target" "-e" "CARGO_INCREMENTAL=0" "-e" "RUST_BACKTRACE=full" "-e" "RUSTFLAGS=--cap-lints=warn" "-e" "RUSTDOCFLAGS=--cap-lints=warn" "-w" "/opt/rustwide/workdir" "--user" "0:0" "db8748953998cf479b330c4da1bd6fba8ad1eedb04f238176d5d56187ce35a12" "/opt/rustwide/cargo-home/bin/cargo" "+1.100.0-beta.1" "test" "--frozen" "--no-run" "--message-format=json" "--release", kill_on_drop: false }`
[INFO] [stderr] warning: `package.homepage` is redundant with `package.repository`
[INFO] [stderr]   --> Cargo.toml:31:12
[INFO] [stderr]    |
[INFO] [stderr] 31 | homepage = "https://github.com/araujol/emotiva"
[INFO] [stderr]    |            ^^^^^^^^^^^^^^^^^^^^^^^^^^^^^^^^^^^^
[INFO] [stderr] ...
[INFO] [stderr] 37 | repository = "https://github.com/araujol/emotiva"
[INFO] [stderr]    |              ------------------------------------
[INFO] [stderr]    |
[INFO] [stderr]    = note: `cargo::redundant_homepage` is set to `warn` by default
[INFO] [stderr] help: consider removing `package.homepage`
[INFO] [stderr] warning: `emotiva` (manifest) generated 1 warning
[INFO] [stderr]    Compiling emotiva v0.1.2 (/opt/rustwide/workdir)
[INFO] [stderr]     Finished `release` profile [optimized] target(s) in 1.31s
[INFO] running `Command { std: "docker" "inspect" "db8748953998cf479b330c4da1bd6fba8ad1eedb04f238176d5d56187ce35a12", kill_on_drop: false }`
[INFO] running `Command { std: "docker" "exec" "-e" "SOURCE_DIR=/opt/rustwide/workdir" "-e" "CARGO_HOME=/opt/rustwide/cargo-home" "-e" "RUSTUP_HOME=/opt/rustwide/rustup-home" "-e" "CARGO_TARGET_DIR=/opt/rustwide/target" "-e" "CARGO_INCREMENTAL=0" "-e" "RUST_BACKTRACE=full" "-e" "RUSTFLAGS=--cap-lints=warn" "-e" "RUSTDOCFLAGS=--cap-lints=warn" "-w" "/opt/rustwide/workdir" "--user" "0:0" "db8748953998cf479b330c4da1bd6fba8ad1eedb04f238176d5d56187ce35a12" "/opt/rustwide/cargo-home/bin/cargo" "+1.100.0-beta.1" "test" "--frozen" "--release", kill_on_drop: false }`
[INFO] [stderr] warning: `package.homepage` is redundant with `package.repository`
[INFO] [stderr]   --> Cargo.toml:31:12
[INFO] [stderr]    |
[INFO] [stderr] 31 | homepage = "https://github.com/araujol/emotiva"
[INFO] [stderr]    |            ^^^^^^^^^^^^^^^^^^^^^^^^^^^^^^^^^^^^
[INFO] [stderr] ...
[INFO] [stderr] 37 | repository = "https://github.com/araujol/emotiva"
[INFO] [stderr]    |              ------------------------------------
[INFO] [stderr]    |
[INFO] [stderr]    = note: `cargo::redundant_homepage` is set to `warn` by default
[INFO] [stderr] help: consider removing `package.homepage`
[INFO] [stderr] warning: `emotiva` (manifest) generated 1 warning
[INFO] [stderr]     Finished `release` profile [optimized] target(s) in 0.06s
[INFO] [stderr]      Running unittests src/lib.rs (/opt/rustwide/target/release/build/emotiva/021118b4f93c6806/out/emotiva-021118b4f93c6806)
[INFO] [stdout] 
[INFO] [stderr]    Doc-tests emotiva
[INFO] [stdout] running 0 tests
[INFO] [stdout] 
[INFO] [stdout] test result: ok. 0 passed; 0 failed; 0 ignored; 0 measured; 0 filtered out; finished in 0.00s
[INFO] [stdout] 
[INFO] [stdout] 
[INFO] [stdout] running 10 tests
[INFO] [stdout] test src/api/anim.rs - api::anim (line 23) ... ignored
[INFO] [stdout] test src/api/callback.rs - api::callback (line 22) ... ignored
[INFO] [stdout] test src/api/fx.rs - api::fx (line 26) ... ignored
[INFO] [stdout] test src/api/layer.rs - api::layer (line 26) ... ignored
[INFO] [stdout] test src/api/mod.rs - api (line 25) ... ignored
[INFO] [stdout] test src/api/motion.rs - api::motion (line 25) ... ignored
[INFO] [stdout] test src/api/tween.rs - api::tween (line 23) ... ignored
[INFO] [stdout] test src/emotiva.rs - emotiva (line 28) ... ignored
[INFO] [stdout] test src/format.rs - format (line 40) ... ignored
[INFO] [stdout] test src/macros.rs - macros::impl_fns_ref (line 20) ... FAILED
[INFO] [stdout] 
[INFO] [stdout] failures:
[INFO] [stdout] 
[INFO] [stdout] ---- src/macros.rs - macros::impl_fns_ref (line 20) stdout ----
[INFO] [stdout] error: cannot find macro `impl_fns_ref` in this scope
[INFO] [stdout]   --> src/macros.rs:24:5
[INFO] [stdout]    |
[INFO] [stdout] 24 |     impl_fns_ref! {
[INFO] [stdout]    |     ^^^^^^^^^^^^
[INFO] [stdout] 
[INFO] [stdout] error: cannot find macro `impl_fns_mut` in this scope
[INFO] [stdout]   --> src/macros.rs:30:5
[INFO] [stdout]    |
[INFO] [stdout] 30 |     impl_fns_mut! {
[INFO] [stdout]    |     ^^^^^^^^^^^^
[INFO] [stdout] 
[INFO] [stdout] error[E0425]: cannot find type `EmotivaHeart` in this scope
[INFO] [stdout]   --> src/macros.rs:21:29
[INFO] [stdout]    |
[INFO] [stdout] 21 | struct EmotivaQuad { heart: EmotivaHeart }
[INFO] [stdout]    |                             ^^^^^^^^^^^^ not found in this scope
[INFO] [stdout] 
[INFO] [stdout] error[E0405]: cannot find trait `EmotivaAPI` in this scope
[INFO] [stdout]   --> src/macros.rs:23:6
[INFO] [stdout]    |
[INFO] [stdout] 23 | impl EmotivaAPI for EmotivaQuad {
[INFO] [stdout]    |      ^^^^^^^^^^ not found in this scope
[INFO] [stdout] 
[INFO] [stdout] error: aborting due to 4 previous errors
[INFO] [stdout] 
[INFO] [stdout] Some errors have detailed explanations: E0405, E0425.
[INFO] [stdout] For more information about an error, try `rustc --explain E0405`.
[INFO] [stdout] Couldn't compile the test.
[INFO] [stdout] 
[INFO] [stdout] failures:
[INFO] [stdout]     src/macros.rs - macros::impl_fns_ref (line 20)
[INFO] [stdout] 
[INFO] [stdout] test result: FAILED. 0 passed; 1 failed; 9 ignored; 0 measured; 0 filtered out; finished in 0.09s
[INFO] [stdout] 
[INFO] [stdout] all doctests ran in 0.17s; merged doctests compilation took 0.08s
[INFO] [stderr] error: doctest failed, to rerun pass `--doc`
[INFO] running `Command { std: "docker" "inspect" "db8748953998cf479b330c4da1bd6fba8ad1eedb04f238176d5d56187ce35a12", kill_on_drop: false }`
[INFO] running `Command { std: "docker" "rm" "-f" "db8748953998cf479b330c4da1bd6fba8ad1eedb04f238176d5d56187ce35a12", kill_on_drop: false }`
[INFO] [stdout] db8748953998cf479b330c4da1bd6fba8ad1eedb04f238176d5d56187ce35a12
