[INFO] fetching crate emergence 2.0.1...
[INFO] testing emergence-2.0.1 against 1.99.0-beta.8+cargoflags=--release for beta-release-1.100-2
[INFO] extracting crate emergence 2.0.1 into /workspace/builds/worker-6-tc1/source
[INFO] started tweaking crates.io crate emergence 2.0.1
[INFO] finished tweaking crates.io crate emergence 2.0.1
[INFO] tweaked toml for crates.io crate emergence 2.0.1 written to /workspace/builds/worker-6-tc1/source/Cargo.toml
[INFO] validating manifest of crates.io crate emergence 2.0.1 on toolchain 1.99.0-beta.8
[INFO] running `Command { std: CARGO_HOME="/workspace/cargo-home" RUSTUP_HOME="/workspace/rustup-home" "/workspace/cargo-home/bin/cargo" "+1.99.0-beta.8" "metadata" "--manifest-path" "Cargo.toml" "--no-deps", kill_on_drop: false }`
[INFO] crate crates.io crate emergence 2.0.1 already has a lockfile, it will not be regenerated
[INFO] running `Command { std: CARGO_HOME="/workspace/cargo-home" RUSTUP_HOME="/workspace/rustup-home" "/workspace/cargo-home/bin/cargo" "+1.99.0-beta.8" "fetch" "--manifest-path" "Cargo.toml", kill_on_drop: false }`
[INFO] [stderr]     Blocking waiting for file lock on package cache
[INFO] [stderr]  Downloading crates ...
[INFO] [stderr]   Downloaded proc-macro2 v1.0.92
[INFO] [stderr]   Downloaded wasm-bindgen-shared v0.2.97
[INFO] [stderr]   Downloaded wasm-bindgen-macro v0.2.97
[INFO] [stderr]   Downloaded wasm-bindgen-futures v0.4.47
[INFO] [stderr]   Downloaded wasm-bindgen-macro-support v0.2.97
[INFO] [stderr]   Downloaded wasm-bindgen-backend v0.2.97
[INFO] [stderr]   Downloaded wasm-bindgen v0.2.97
[INFO] [stderr]   Downloaded js-sys v0.3.74
[INFO] [stderr]   Downloaded bytes v1.9.0
[INFO] [stderr]   Downloaded cc v1.2.2
[INFO] [stderr]   Downloaded syn v2.0.90
[INFO] [stderr]   Downloaded web-sys v0.3.74
[INFO] [stderr]   Downloaded libc v0.2.167
[INFO] [stderr]   Downloaded indexmap v2.7.0
[INFO] running `Command { std: "docker" "create" "-v" "/var/lib/crater-agent-workspace/builds/worker-6-tc1/source:/opt/rustwide/workdir:ro,Z" "-v" "/var/lib/crater-agent-workspace/builds/worker-6-tc1/target:/opt/rustwide/target:rw,Z" "-v" "/var/lib/crater-agent-workspace/cargo-home:/opt/rustwide/cargo-home:ro,Z" "-v" "/var/lib/crater-agent-workspace/rustup-home:/opt/rustwide/rustup-home:ro,Z" "-m" "1610612736" "--network" "none" "ghcr.io/rust-lang/crates-build-env/linux@sha256:77db811e55d90add9212f6832c23229e3de5f1c1f9905e8cb07319ea15df73ac" "sleep" "infinity", kill_on_drop: false }`
[INFO] [stdout] d8e29e6079c0f3a74b360e4207bc860df939907524d7b4d47993990c483a4083
[INFO] running `Command { std: "docker" "start" "d8e29e6079c0f3a74b360e4207bc860df939907524d7b4d47993990c483a4083", kill_on_drop: false }`
[INFO] running `Command { std: "docker" "inspect" "d8e29e6079c0f3a74b360e4207bc860df939907524d7b4d47993990c483a4083", kill_on_drop: false }`
[INFO] running `Command { std: "docker" "exec" "-e" "SOURCE_DIR=/opt/rustwide/workdir" "-e" "CARGO_HOME=/opt/rustwide/cargo-home" "-e" "RUSTUP_HOME=/opt/rustwide/rustup-home" "-e" "CARGO_TARGET_DIR=/opt/rustwide/target" "-w" "/opt/rustwide/workdir" "--user" "0:0" "d8e29e6079c0f3a74b360e4207bc860df939907524d7b4d47993990c483a4083" "/opt/rustwide/cargo-home/bin/cargo" "+1.99.0-beta.8" "metadata" "--no-deps" "--format-version=1", kill_on_drop: false }`
[INFO] running `Command { std: "docker" "inspect" "d8e29e6079c0f3a74b360e4207bc860df939907524d7b4d47993990c483a4083", kill_on_drop: false }`
[INFO] running `Command { std: "docker" "exec" "-e" "SOURCE_DIR=/opt/rustwide/workdir" "-e" "CARGO_HOME=/opt/rustwide/cargo-home" "-e" "RUSTUP_HOME=/opt/rustwide/rustup-home" "-e" "CARGO_TARGET_DIR=/opt/rustwide/target" "-e" "CARGO_INCREMENTAL=0" "-e" "RUST_BACKTRACE=full" "-e" "RUSTFLAGS=--cap-lints=warn" "-e" "RUSTDOCFLAGS=--cap-lints=warn" "-w" "/opt/rustwide/workdir" "--user" "0:0" "d8e29e6079c0f3a74b360e4207bc860df939907524d7b4d47993990c483a4083" "/opt/rustwide/cargo-home/bin/cargo" "+1.99.0-beta.8" "build" "--frozen" "--message-format=json" "--release", kill_on_drop: false }`
[INFO] [stderr]    Compiling proc-macro2 v1.0.92
[INFO] [stderr]    Compiling unicode-ident v1.0.14
[INFO] [stderr]    Compiling libc v0.2.167
[INFO] [stderr]    Compiling stable_deref_trait v1.2.0
[INFO] [stderr]    Compiling autocfg v1.4.0
[INFO] [stderr]    Compiling pin-project-lite v0.2.15
[INFO] [stderr]    Compiling writeable v0.5.5
[INFO] [stderr]    Compiling litemap v0.7.4
[INFO] [stderr]    Compiling bytes v1.9.0
[INFO] [stderr]    Compiling icu_locid_transform_data v1.5.0
[INFO] [stderr]    Compiling itoa v1.0.14
[INFO] [stderr]    Compiling cc v1.2.2
[INFO] [stderr]    Compiling icu_properties_data v1.5.0
[INFO] [stderr]    Compiling once_cell v1.20.2
[INFO] [stderr]    Compiling smallvec v1.13.2
[INFO] [stderr]    Compiling rustls v0.21.12
[INFO] [stderr]    Compiling write16 v1.0.0
[INFO] [stderr]    Compiling hashbrown v0.15.2
[INFO] [stderr]    Compiling memchr v2.7.4
[INFO] [stderr]    Compiling icu_normalizer_data v1.5.0
[INFO] [stderr]    Compiling utf16_iter v1.0.5
[INFO] [stderr]    Compiling httparse v1.9.5
[INFO] [stderr]    Compiling log v0.4.22
[INFO] [stderr]    Compiling serde v1.0.215
[INFO] [stderr]    Compiling slab v0.4.9
[INFO] [stderr]    Compiling num-traits v0.2.19
[INFO] [stderr]    Compiling futures-channel v0.3.31
[INFO] [stderr]    Compiling encoding_rs v0.8.35
[INFO] [stderr]    Compiling webpki-roots v0.25.4
[INFO] [stderr]    Compiling ipnet v2.10.1
[INFO] [stderr]    Compiling sync_wrapper v0.1.2
[INFO] [stderr]    Compiling quote v1.0.37
[INFO] [stderr]    Compiling tracing-core v0.1.33
[INFO] [stderr]    Compiling iana-time-zone v0.1.61
[INFO] [stderr]    Compiling getrandom v0.2.15
[INFO] [stderr]    Compiling mio v1.0.3
[INFO] [stderr]    Compiling socket2 v0.5.8
[INFO] [stderr]    Compiling dirs-sys v0.4.1
[INFO] [stderr]    Compiling syn v2.0.90
[INFO] [stderr]    Compiling dirs v5.0.1
[INFO] [stderr]    Compiling http v0.2.12
[INFO] [stderr]    Compiling tracing v0.1.41
[INFO] [stderr]    Compiling futures-util v0.3.31
[INFO] [stderr]    Compiling tokio v1.41.1
[INFO] [stderr]    Compiling indexmap v2.7.0
[INFO] [stderr]    Compiling chrono v0.4.38
[INFO] [stderr]    Compiling ring v0.17.8
[INFO] [stderr]    Compiling synstructure v0.13.1
[INFO] [stderr]    Compiling http-body v0.4.6
[INFO] [stderr]    Compiling zerovec-derive v0.10.3
[INFO] [stderr]    Compiling displaydoc v0.2.5
[INFO] [stderr]    Compiling icu_provider_macros v1.5.0
[INFO] [stderr]    Compiling thiserror-impl v1.0.69
[INFO] [stderr]    Compiling zerofrom-derive v0.1.5
[INFO] [stderr]    Compiling yoke-derive v0.7.5
[INFO] [stderr]    Compiling zerofrom v0.1.5
[INFO] [stderr]    Compiling yoke v0.7.5
[INFO] [stderr]    Compiling thiserror v1.0.69
[INFO] [stderr]    Compiling zerovec v0.10.4
[INFO] [stderr]    Compiling serde_urlencoded v0.7.1
[INFO] [stderr]    Compiling tinystr v0.7.6
[INFO] [stderr]    Compiling icu_collections v1.5.0
[INFO] [stderr]    Compiling icu_locid v1.5.0
[INFO] [stderr]    Compiling icu_provider v1.5.0
[INFO] [stderr]    Compiling icu_locid_transform v1.5.0
[INFO] [stderr]    Compiling tokio-util v0.7.12
[INFO] [stderr]    Compiling h2 v0.3.26
[INFO] [stderr]    Compiling icu_properties v1.5.1
[INFO] [stderr]    Compiling icu_normalizer v1.5.0
[INFO] [stderr]    Compiling idna_adapter v1.2.0
[INFO] [stderr]    Compiling idna v1.0.3
[INFO] [stderr]    Compiling hyper v0.14.31
[INFO] [stderr]    Compiling url v2.5.4
[INFO] [stderr]    Compiling sct v0.7.1
[INFO] [stderr]    Compiling rustls-webpki v0.101.7
[INFO] [stderr]    Compiling tokio-rustls v0.24.1
[INFO] [stderr]    Compiling hyper-rustls v0.24.2
[INFO] [stderr]    Compiling reqwest v0.11.27
[INFO] [stderr]    Compiling emergence v2.0.1 (/opt/rustwide/workdir)
[INFO] [stderr]     Finished `release` profile [optimized] target(s) in 1m 18s
[INFO] running `Command { std: "docker" "inspect" "d8e29e6079c0f3a74b360e4207bc860df939907524d7b4d47993990c483a4083", kill_on_drop: false }`
[INFO] running `Command { std: "docker" "exec" "-e" "SOURCE_DIR=/opt/rustwide/workdir" "-e" "CARGO_HOME=/opt/rustwide/cargo-home" "-e" "RUSTUP_HOME=/opt/rustwide/rustup-home" "-e" "CARGO_TARGET_DIR=/opt/rustwide/target" "-e" "CARGO_INCREMENTAL=0" "-e" "RUST_BACKTRACE=full" "-e" "RUSTFLAGS=--cap-lints=warn" "-e" "RUSTDOCFLAGS=--cap-lints=warn" "-w" "/opt/rustwide/workdir" "--user" "0:0" "d8e29e6079c0f3a74b360e4207bc860df939907524d7b4d47993990c483a4083" "/opt/rustwide/cargo-home/bin/cargo" "+1.99.0-beta.8" "test" "--frozen" "--no-run" "--message-format=json" "--release", kill_on_drop: false }`
[INFO] [stderr]    Compiling rand v0.4.6
[INFO] [stderr]    Compiling tempdir v0.3.7
[INFO] [stderr]    Compiling emergence v2.0.1 (/opt/rustwide/workdir)
[INFO] [stderr]     Finished `release` profile [optimized] target(s) in 2.18s
[INFO] running `Command { std: "docker" "inspect" "d8e29e6079c0f3a74b360e4207bc860df939907524d7b4d47993990c483a4083", kill_on_drop: false }`
[INFO] running `Command { std: "docker" "exec" "-e" "SOURCE_DIR=/opt/rustwide/workdir" "-e" "CARGO_HOME=/opt/rustwide/cargo-home" "-e" "RUSTUP_HOME=/opt/rustwide/rustup-home" "-e" "CARGO_TARGET_DIR=/opt/rustwide/target" "-e" "CARGO_INCREMENTAL=0" "-e" "RUST_BACKTRACE=full" "-e" "RUSTFLAGS=--cap-lints=warn" "-e" "RUSTDOCFLAGS=--cap-lints=warn" "-w" "/opt/rustwide/workdir" "--user" "0:0" "d8e29e6079c0f3a74b360e4207bc860df939907524d7b4d47993990c483a4083" "/opt/rustwide/cargo-home/bin/cargo" "+1.99.0-beta.8" "test" "--frozen" "--release", kill_on_drop: false }`
[INFO] [stderr]     Finished `release` profile [optimized] target(s) in 0.14s
[INFO] [stderr]      Running unittests src/lib.rs (/opt/rustwide/target/release/deps/emergence-0409622419d7d4a6)
[INFO] [stdout] 
[INFO] [stdout] running 7 tests
[INFO] [stdout] test tests::finds_tokenfile ... ok
[INFO] [stdout] test tests::cache_miss ... FAILED
[INFO] [stdout] test tests::cache_hit ... FAILED
[INFO] [stdout] test tests::day31 ... FAILED
[INFO] [stdout] test tests::day00 ... FAILED
[INFO] [stdout] test tests::future - should panic ... ok
[INFO] [stdout] test tests::cache_create ... FAILED
[INFO] [stdout] 
[INFO] [stdout] failures:
[INFO] [stdout] 
[INFO] [stdout] ---- tests::cache_miss stdout ----
[INFO] [stdout] 
[INFO] [stdout] thread 'tests::cache_miss' (1702) panicked at src/lib.rs:105:13:
[INFO] [stdout] Could not read token from $TOKEN or find a ./tokenfile in this directory or any parent. Please set the token in one of these locations or use `AoC::with_path_and_token`
[INFO] [stdout] stack backtrace:
[INFO] [stdout]    0:     0x63d016b2a881 - <<std[70759c8f55707aa4]::sys::backtrace::BacktraceLock>::print::DisplayBacktrace as core[df12db4294e9bfd3]::fmt::Display>::fmt
[INFO] [stdout]    1:     0x63d016b40c0a - core[df12db4294e9bfd3]::fmt::write
[INFO] [stdout]    2:     0x63d016b2f5ac - <alloc[2182bb758b4b3781]::vec::Vec<u8> as core[df12db4294e9bfd3]::io::write::Write>::write_fmt
[INFO] [stdout]    3:     0x63d016b04126 - std[70759c8f55707aa4]::panicking::default_hook::{closure#0}
[INFO] [stdout]    4:     0x63d016b21a29 - std[70759c8f55707aa4]::panicking::default_hook
[INFO] [stdout]    5:     0x63d0168bf2b0 - test[9d35eded1c95d3be]::test_main_inner::<test[9d35eded1c95d3be]::test_main_static::{closure#0}>::{closure#0}
[INFO] [stdout]    6:     0x63d016b21d52 - std[70759c8f55707aa4]::panicking::panic_with_hook
[INFO] [stdout]    7:     0x63d016b04204 - std[70759c8f55707aa4]::panicking::panic_handler::{closure#0}
[INFO] [stdout]    8:     0x63d016afcb39 - std[70759c8f55707aa4]::sys::backtrace::__rust_end_short_backtrace::<std[70759c8f55707aa4]::panicking::panic_handler::{closure#0}, !>
[INFO] [stdout]    9:     0x63d016b04fbd - __rustc[8fa7c3cbc660c2b3]::rust_begin_unwind
[INFO] [stdout]   10:     0x63d016b4136c - core[df12db4294e9bfd3]::panicking::panic_fmt
[INFO] [stdout]   11:     0x63d0168ada23 - <emergence[968b1895b9610c0a]::AoC>::with_path::<&std[70759c8f55707aa4]::path::Path>
[INFO] [stdout]   12:     0x63d0168b0b80 - emergence[968b1895b9610c0a]::tests::cache_miss
[INFO] [stdout]   13:     0x63d0168aff89 - <emergence[968b1895b9610c0a]::tests::cache_miss::{closure#0} as core[df12db4294e9bfd3]::ops::function::FnOnce<()>>::call_once
[INFO] [stdout]   14:     0x63d0168b259b - test[9d35eded1c95d3be]::__rust_begin_short_backtrace::<core[df12db4294e9bfd3]::result::Result<(), alloc[2182bb758b4b3781]::string::String>, fn() -> core[df12db4294e9bfd3]::result::Result<(), alloc[2182bb758b4b3781]::string::String>>
[INFO] [stdout]   15:     0x63d0168bfc05 - test[9d35eded1c95d3be]::run_test::{closure#0}
[INFO] [stdout]   16:     0x63d0168b94c4 - std[70759c8f55707aa4]::sys::backtrace::__rust_begin_short_backtrace::<test[9d35eded1c95d3be]::run_test::{closure#1}, ()>
[INFO] [stdout]   17:     0x63d0168c2d62 - <std[70759c8f55707aa4]::thread::lifecycle::spawn_unchecked<test[9d35eded1c95d3be]::run_test::{closure#1}, ()>::{closure#1} as core[df12db4294e9bfd3]::ops::function::FnOnce<()>>::call_once::{shim:vtable#0}
[INFO] [stdout]   18:     0x63d016b29849 - <std[70759c8f55707aa4]::sys::thread::unix::Thread>::new::thread_start
[INFO] [stdout]   19:     0x7967352e4dfa - <unknown>
[INFO] [stdout]   20:     0x7967353783d4 - clone
[INFO] [stdout]   21:                0x0 - <unknown>
[INFO] [stdout] 
[INFO] [stdout] ---- tests::cache_hit stdout ----
[INFO] [stdout] 
[INFO] [stdout] thread 'tests::cache_hit' (1701) panicked at src/lib.rs:105:13:
[INFO] [stdout] Could not read token from $TOKEN or find a ./tokenfile in this directory or any parent. Please set the token in one of these locations or use `AoC::with_path_and_token`
[INFO] [stdout] stack backtrace:
[INFO] [stdout]    0:     0x63d016b2a881 - <<std[70759c8f55707aa4]::sys::backtrace::BacktraceLock>::print::DisplayBacktrace as core[df12db4294e9bfd3]::fmt::Display>::fmt
[INFO] [stdout]    1:     0x63d016b40c0a - core[df12db4294e9bfd3]::fmt::write
[INFO] [stdout]    2:     0x63d016b2f5ac - <alloc[2182bb758b4b3781]::vec::Vec<u8> as core[df12db4294e9bfd3]::io::write::Write>::write_fmt
[INFO] [stdout]    3:     0x63d016b04126 - std[70759c8f55707aa4]::panicking::default_hook::{closure#0}
[INFO] [stdout]    4:     0x63d016b21a29 - std[70759c8f55707aa4]::panicking::default_hook
[INFO] [stdout]    5:     0x63d0168bf2b0 - test[9d35eded1c95d3be]::test_main_inner::<test[9d35eded1c95d3be]::test_main_static::{closure#0}>::{closure#0}
[INFO] [stdout]    6:     0x63d016b21d52 - std[70759c8f55707aa4]::panicking::panic_with_hook
[INFO] [stdout]    7:     0x63d016b04204 - std[70759c8f55707aa4]::panicking::panic_handler::{closure#0}
[INFO] [stdout]    8:     0x63d016afcb39 - std[70759c8f55707aa4]::sys::backtrace::__rust_end_short_backtrace::<std[70759c8f55707aa4]::panicking::panic_handler::{closure#0}, !>
[INFO] [stdout]    9:     0x63d016b04fbd - __rustc[8fa7c3cbc660c2b3]::rust_begin_unwind
[INFO] [stdout]   10:     0x63d016b4136c - core[df12db4294e9bfd3]::panicking::panic_fmt
[INFO] [stdout]   11:     0x63d0168ada23 - <emergence[968b1895b9610c0a]::AoC>::with_path::<&std[70759c8f55707aa4]::path::Path>
[INFO] [stdout]   12:     0x63d0168b1f01 - emergence[968b1895b9610c0a]::tests::cache_hit
[INFO] [stdout]   13:     0x63d0168b0049 - <emergence[968b1895b9610c0a]::tests::cache_hit::{closure#0} as core[df12db4294e9bfd3]::ops::function::FnOnce<()>>::call_once
[INFO] [stdout]   14:     0x63d0168b259b - test[9d35eded1c95d3be]::__rust_begin_short_backtrace::<core[df12db4294e9bfd3]::result::Result<(), alloc[2182bb758b4b3781]::string::String>, fn() -> core[df12db4294e9bfd3]::result::Result<(), alloc[2182bb758b4b3781]::string::String>>
[INFO] [stdout]   15:     0x63d0168bfc05 - test[9d35eded1c95d3be]::run_test::{closure#0}
[INFO] [stdout]   16:     0x63d0168b94c4 - std[70759c8f55707aa4]::sys::backtrace::__rust_begin_short_backtrace::<test[9d35eded1c95d3be]::run_test::{closure#1}, ()>
[INFO] [stdout]   17:     0x63d0168c2d62 - <std[70759c8f55707aa4]::thread::lifecycle::spawn_unchecked<test[9d35eded1c95d3be]::run_test::{closure#1}, ()>::{closure#1} as core[df12db4294e9bfd3]::ops::function::FnOnce<()>>::call_once::{shim:vtable#0}
[INFO] [stdout]   18:     0x63d016b29849 - <std[70759c8f55707aa4]::sys::thread::unix::Thread>::new::thread_start
[INFO] [stdout]   19:     0x7967352e4dfa - <unknown>
[INFO] [stdout]   20:     0x7967353783d4 - clone
[INFO] [stdout]   21:                0x0 - <unknown>
[INFO] [stdout] 
[INFO] [stdout] ---- tests::day31 stdout ----
[INFO] [stdout] 
[INFO] [stdout] thread 'tests::day31' (1704) panicked at src/lib.rs:105:13:
[INFO] [stdout] Could not read token from $TOKEN or find a ./tokenfile in this directory or any parent. Please set the token in one of these locations or use `AoC::with_path_and_token`
[INFO] [stdout] stack backtrace:
[INFO] [stdout]    0:     0x63d016b2a881 - <<std[70759c8f55707aa4]::sys::backtrace::BacktraceLock>::print::DisplayBacktrace as core[df12db4294e9bfd3]::fmt::Display>::fmt
[INFO] [stdout]    1:     0x63d016b40c0a - core[df12db4294e9bfd3]::fmt::write
[INFO] [stdout]    2:     0x63d016b2f5ac - <alloc[2182bb758b4b3781]::vec::Vec<u8> as core[df12db4294e9bfd3]::io::write::Write>::write_fmt
[INFO] [stdout]    3:     0x63d016b04126 - std[70759c8f55707aa4]::panicking::default_hook::{closure#0}
[INFO] [stdout]    4:     0x63d016b21a29 - std[70759c8f55707aa4]::panicking::default_hook
[INFO] [stdout]    5:     0x63d0168bf2b0 - test[9d35eded1c95d3be]::test_main_inner::<test[9d35eded1c95d3be]::test_main_static::{closure#0}>::{closure#0}
[INFO] [stdout]    6:     0x63d016b21d52 - std[70759c8f55707aa4]::panicking::panic_with_hook
[INFO] [stdout]    7:     0x63d016b04204 - std[70759c8f55707aa4]::panicking::panic_handler::{closure#0}
[INFO] [stdout]    8:     0x63d016afcb39 - std[70759c8f55707aa4]::sys::backtrace::__rust_end_short_backtrace::<std[70759c8f55707aa4]::panicking::panic_handler::{closure#0}, !>
[INFO] [stdout]    9:     0x63d016b04fbd - __rustc[8fa7c3cbc660c2b3]::rust_begin_unwind
[INFO] [stdout]   10:     0x63d016b4136c - core[df12db4294e9bfd3]::panicking::panic_fmt
[INFO] [stdout]   11:     0x63d0168ada23 - <emergence[968b1895b9610c0a]::AoC>::with_path::<&std[70759c8f55707aa4]::path::Path>
[INFO] [stdout]   12:     0x63d0168b1aef - emergence[968b1895b9610c0a]::tests::day31
[INFO] [stdout]   13:     0x63d0168b0009 - <emergence[968b1895b9610c0a]::tests::day31::{closure#0} as core[df12db4294e9bfd3]::ops::function::FnOnce<()>>::call_once
[INFO] [stdout]   14:     0x63d0168b259b - test[9d35eded1c95d3be]::__rust_begin_short_backtrace::<core[df12db4294e9bfd3]::result::Result<(), alloc[2182bb758b4b3781]::string::String>, fn() -> core[df12db4294e9bfd3]::result::Result<(), alloc[2182bb758b4b3781]::string::String>>
[INFO] [stdout]   15:     0x63d0168bfc05 - test[9d35eded1c95d3be]::run_test::{closure#0}
[INFO] [stdout]   16:     0x63d0168b94c4 - std[70759c8f55707aa4]::sys::backtrace::__rust_begin_short_backtrace::<test[9d35eded1c95d3be]::run_test::{closure#1}, ()>
[INFO] [stdout]   17:     0x63d0168c2d62 - <std[70759c8f55707aa4]::thread::lifecycle::spawn_unchecked<test[9d35eded1c95d3be]::run_test::{closure#1}, ()>::{closure#1} as core[df12db4294e9bfd3]::ops::function::FnOnce<()>>::call_once::{shim:vtable#0}
[INFO] [stdout]   18:     0x63d016b29849 - <std[70759c8f55707aa4]::sys::thread::unix::Thread>::new::thread_start
[INFO] [stdout]   19:     0x7967352e4dfa - <unknown>
[INFO] [stdout]   20:     0x7967353783d4 - clone
[INFO] [stdout]   21:                0x0 - <unknown>
[INFO] [stdout] 
[INFO] [stdout] ---- tests::day00 stdout ----
[INFO] [stdout] 
[INFO] [stdout] thread 'tests::day00' (1703) panicked at src/lib.rs:105:13:
[INFO] [stdout] Could not read token from $TOKEN or find a ./tokenfile in this directory or any parent. Please set the token in one of these locations or use `AoC::with_path_and_token`
[INFO] [stdout] stack backtrace:
[INFO] [stdout]    0:     0x63d016b2a881 - <<std[70759c8f55707aa4]::sys::backtrace::BacktraceLock>::print::DisplayBacktrace as core[df12db4294e9bfd3]::fmt::Display>::fmt
[INFO] [stdout]    1:     0x63d016b40c0a - core[df12db4294e9bfd3]::fmt::write
[INFO] [stdout]    2:     0x63d016b2f5ac - <alloc[2182bb758b4b3781]::vec::Vec<u8> as core[df12db4294e9bfd3]::io::write::Write>::write_fmt
[INFO] [stdout]    3:     0x63d016b04126 - std[70759c8f55707aa4]::panicking::default_hook::{closure#0}
[INFO] [stdout]    4:     0x63d016b21a29 - std[70759c8f55707aa4]::panicking::default_hook
[INFO] [stdout]    5:     0x63d0168bf2b0 - test[9d35eded1c95d3be]::test_main_inner::<test[9d35eded1c95d3be]::test_main_static::{closure#0}>::{closure#0}
[INFO] [stdout]    6:     0x63d016b21d52 - std[70759c8f55707aa4]::panicking::panic_with_hook
[INFO] [stdout]    7:     0x63d016b04204 - std[70759c8f55707aa4]::panicking::panic_handler::{closure#0}
[INFO] [stdout]    8:     0x63d016afcb39 - std[70759c8f55707aa4]::sys::backtrace::__rust_end_short_backtrace::<std[70759c8f55707aa4]::panicking::panic_handler::{closure#0}, !>
[INFO] [stdout]    9:     0x63d016b04fbd - __rustc[8fa7c3cbc660c2b3]::rust_begin_unwind
[INFO] [stdout]   10:     0x63d016b4136c - core[df12db4294e9bfd3]::panicking::panic_fmt
[INFO] [stdout]   11:     0x63d0168ada23 - <emergence[968b1895b9610c0a]::AoC>::with_path::<&std[70759c8f55707aa4]::path::Path>
[INFO] [stdout]   12:     0x63d0168b18cf - emergence[968b1895b9610c0a]::tests::day00
[INFO] [stdout]   13:     0x63d0168affe9 - <emergence[968b1895b9610c0a]::tests::day00::{closure#0} as core[df12db4294e9bfd3]::ops::function::FnOnce<()>>::call_once
[INFO] [stdout]   14:     0x63d0168b259b - test[9d35eded1c95d3be]::__rust_begin_short_backtrace::<core[df12db4294e9bfd3]::result::Result<(), alloc[2182bb758b4b3781]::string::String>, fn() -> core[df12db4294e9bfd3]::result::Result<(), alloc[2182bb758b4b3781]::string::String>>
[INFO] [stdout]   15:     0x63d0168bfc05 - test[9d35eded1c95d3be]::run_test::{closure#0}
[INFO] [stdout]   16:     0x63d0168b94c4 - std[70759c8f55707aa4]::sys::backtrace::__rust_begin_short_backtrace::<test[9d35eded1c95d3be]::run_test::{closure#1}, ()>
[INFO] [stdout]   17:     0x63d0168c2d62 - <std[70759c8f55707aa4]::thread::lifecycle::spawn_unchecked<test[9d35eded1c95d3be]::run_test::{closure#1}, ()>::{closure#1} as core[df12db4294e9bfd3]::ops::function::FnOnce<()>>::call_once::{shim:vtable#0}
[INFO] [stdout]   18:     0x63d016b29849 - <std[70759c8f55707aa4]::sys::thread::unix::Thread>::new::thread_start
[INFO] [stdout]   19:     0x7967352e4dfa - <unknown>
[INFO] [stdout]   20:     0x7967353783d4 - clone
[INFO] [stdout]   21:                0x0 - <unknown>
[INFO] [stdout] 
[INFO] [stdout] ---- tests::cache_create stdout ----
[INFO] [stdout] 
[INFO] [stdout] thread 'tests::cache_create' (1700) panicked at src/lib.rs:105:13:
[INFO] [stdout] Could not read token from $TOKEN or find a ./tokenfile in this directory or any parent. Please set the token in one of these locations or use `AoC::with_path_and_token`
[INFO] [stdout] stack backtrace:
[INFO] [stdout]    0:     0x63d016b2a881 - <<std[70759c8f55707aa4]::sys::backtrace::BacktraceLock>::print::DisplayBacktrace as core[df12db4294e9bfd3]::fmt::Display>::fmt
[INFO] [stdout]    1:     0x63d016b40c0a - core[df12db4294e9bfd3]::fmt::write
[INFO] [stdout]    2:     0x63d016b2f5ac - <alloc[2182bb758b4b3781]::vec::Vec<u8> as core[df12db4294e9bfd3]::io::write::Write>::write_fmt
[INFO] [stdout]    3:     0x63d016b04126 - std[70759c8f55707aa4]::panicking::default_hook::{closure#0}
[INFO] [stdout]    4:     0x63d016b21a29 - std[70759c8f55707aa4]::panicking::default_hook
[INFO] [stdout]    5:     0x63d0168bf2b0 - test[9d35eded1c95d3be]::test_main_inner::<test[9d35eded1c95d3be]::test_main_static::{closure#0}>::{closure#0}
[INFO] [stdout]    6:     0x63d016b21d52 - std[70759c8f55707aa4]::panicking::panic_with_hook
[INFO] [stdout]    7:     0x63d016b04204 - std[70759c8f55707aa4]::panicking::panic_handler::{closure#0}
[INFO] [stdout]    8:     0x63d016afcb39 - std[70759c8f55707aa4]::sys::backtrace::__rust_end_short_backtrace::<std[70759c8f55707aa4]::panicking::panic_handler::{closure#0}, !>
[INFO] [stdout]    9:     0x63d016b04fbd - __rustc[8fa7c3cbc660c2b3]::rust_begin_unwind
[INFO] [stdout]   10:     0x63d016b4136c - core[df12db4294e9bfd3]::panicking::panic_fmt
[INFO] [stdout]   11:     0x63d0168ada23 - <emergence[968b1895b9610c0a]::AoC>::with_path::<&std[70759c8f55707aa4]::path::Path>
[INFO] [stdout]   12:     0x63d0168b0f2b - emergence[968b1895b9610c0a]::tests::cache_create
[INFO] [stdout]   13:     0x63d0168affa9 - <emergence[968b1895b9610c0a]::tests::cache_create::{closure#0} as core[df12db4294e9bfd3]::ops::function::FnOnce<()>>::call_once
[INFO] [stdout]   14:     0x63d0168b259b - test[9d35eded1c95d3be]::__rust_begin_short_backtrace::<core[df12db4294e9bfd3]::result::Result<(), alloc[2182bb758b4b3781]::string::String>, fn() -> core[df12db4294e9bfd3]::result::Result<(), alloc[2182bb758b4b3781]::string::String>>
[INFO] [stdout]   15:     0x63d0168bfc05 - test[9d35eded1c95d3be]::run_test::{closure#0}
[INFO] [stdout]   16:     0x63d0168b94c4 - std[70759c8f55707aa4]::sys::backtrace::__rust_begin_short_backtrace::<test[9d35eded1c95d3be]::run_test::{closure#1}, ()>
[INFO] [stdout]   17:     0x63d0168c2d62 - <std[70759c8f55707aa4]::thread::lifecycle::spawn_unchecked<test[9d35eded1c95d3be]::run_test::{closure#1}, ()>::{closure#1} as core[df12db4294e9bfd3]::ops::function::FnOnce<()>>::call_once::{shim:vtable#0}
[INFO] [stdout]   18:     0x63d016b29849 - <std[70759c8f55707aa4]::sys::thread::unix::Thread>::new::thread_start
[INFO] [stdout]   19:     0x7967352e4dfa - <unknown>
[INFO] [stdout]   20:     0x7967353783d4 - clone
[INFO] [stdout]   21:                0x0 - <unknown>
[INFO] [stdout] 
[INFO] [stdout] 
[INFO] [stdout] failures:
[INFO] [stdout]     tests::cache_create
[INFO] [stdout]     tests::cache_hit
[INFO] [stdout]     tests::cache_miss
[INFO] [stdout]     tests::day00
[INFO] [stdout]     tests::day31
[INFO] [stdout] 
[INFO] [stdout] test result: FAILED. 2 passed; 5 failed; 0 ignored; 0 measured; 0 filtered out; finished in 0.01s
[INFO] [stdout] 
[INFO] [stderr] error: test failed, to rerun pass `--lib`
[INFO] running `Command { std: "docker" "inspect" "d8e29e6079c0f3a74b360e4207bc860df939907524d7b4d47993990c483a4083", kill_on_drop: false }`
[INFO] running `Command { std: "docker" "rm" "-f" "d8e29e6079c0f3a74b360e4207bc860df939907524d7b4d47993990c483a4083", kill_on_drop: false }`
[INFO] [stdout] d8e29e6079c0f3a74b360e4207bc860df939907524d7b4d47993990c483a4083
