[INFO] fetching crate embystream 0.0.43...
[INFO] testing embystream-0.0.43 against 1.99.0-beta.8+cargoflags=--release for beta-release-1.100-2
[INFO] extracting crate embystream 0.0.43 into /workspace/builds/worker-6-tc1/source
[INFO] started tweaking crates.io crate embystream 0.0.43
[INFO] finished tweaking crates.io crate embystream 0.0.43
[INFO] tweaked toml for crates.io crate embystream 0.0.43 written to /workspace/builds/worker-6-tc1/source/Cargo.toml
[INFO] validating manifest of crates.io crate embystream 0.0.43 on toolchain 1.99.0-beta.8
[INFO] running `Command { std: CARGO_HOME="/workspace/cargo-home" RUSTUP_HOME="/workspace/rustup-home" "/workspace/cargo-home/bin/cargo" "+1.99.0-beta.8" "metadata" "--manifest-path" "Cargo.toml" "--no-deps", kill_on_drop: false }`
[INFO] crate crates.io crate embystream 0.0.43 already has a lockfile, it will not be regenerated
[INFO] running `Command { std: CARGO_HOME="/workspace/cargo-home" RUSTUP_HOME="/workspace/rustup-home" "/workspace/cargo-home/bin/cargo" "+1.99.0-beta.8" "fetch" "--manifest-path" "Cargo.toml", kill_on_drop: false }`
[INFO] [stderr]     Updating crates.io index
[INFO] [stderr]  Downloading crates ...
[INFO] [stderr]   Downloaded wasm-bindgen-macro v0.2.125
[INFO] [stderr]   Downloaded wasm-bindgen-shared v0.2.125
[INFO] [stderr]   Downloaded yup-oauth2 v12.1.2
[INFO] [stderr]   Downloaded wasm-bindgen-futures v0.4.75
[INFO] [stderr]   Downloaded http-serde v2.1.1
[INFO] [stderr]   Downloaded webbrowser v1.2.1
[INFO] [stderr]   Downloaded wasm-bindgen v0.2.125
[INFO] [stderr]   Downloaded uuid v1.23.3
[INFO] [stderr]   Downloaded wasm-bindgen-macro-support v0.2.125
[INFO] [stderr]   Downloaded figlet-rs v0.1.5
[INFO] [stderr]   Downloaded dialoguer v0.12.0
[INFO] [stderr]   Downloaded js-sys v0.3.102
[INFO] [stderr]   Downloaded cc v1.2.64
[INFO] [stderr]   Downloaded generic-array v1.4.3
[INFO] [stderr]   Downloaded axum-extra v0.10.3
[INFO] [stderr]   Downloaded web-sys v0.3.102
[INFO] running `Command { std: "docker" "create" "-v" "/var/lib/crater-agent-workspace/builds/worker-6-tc1/source:/opt/rustwide/workdir:ro,Z" "-v" "/var/lib/crater-agent-workspace/builds/worker-6-tc1/target:/opt/rustwide/target:rw,Z" "-v" "/var/lib/crater-agent-workspace/cargo-home:/opt/rustwide/cargo-home:ro,Z" "-v" "/var/lib/crater-agent-workspace/rustup-home:/opt/rustwide/rustup-home:ro,Z" "-m" "1610612736" "--network" "none" "ghcr.io/rust-lang/crates-build-env/linux@sha256:77db811e55d90add9212f6832c23229e3de5f1c1f9905e8cb07319ea15df73ac" "sleep" "infinity", kill_on_drop: false }`
[INFO] [stdout] 8ad6acdfe972388e258cd8d1cca199d33be085c6b7963aec739ebf2ccfef91c7
[INFO] running `Command { std: "docker" "start" "8ad6acdfe972388e258cd8d1cca199d33be085c6b7963aec739ebf2ccfef91c7", kill_on_drop: false }`
[INFO] running `Command { std: "docker" "inspect" "8ad6acdfe972388e258cd8d1cca199d33be085c6b7963aec739ebf2ccfef91c7", kill_on_drop: false }`
[INFO] running `Command { std: "docker" "exec" "-e" "SOURCE_DIR=/opt/rustwide/workdir" "-e" "CARGO_HOME=/opt/rustwide/cargo-home" "-e" "RUSTUP_HOME=/opt/rustwide/rustup-home" "-e" "CARGO_TARGET_DIR=/opt/rustwide/target" "-w" "/opt/rustwide/workdir" "--user" "0:0" "8ad6acdfe972388e258cd8d1cca199d33be085c6b7963aec739ebf2ccfef91c7" "/opt/rustwide/cargo-home/bin/cargo" "+1.99.0-beta.8" "metadata" "--no-deps" "--format-version=1", kill_on_drop: false }`
[INFO] running `Command { std: "docker" "inspect" "8ad6acdfe972388e258cd8d1cca199d33be085c6b7963aec739ebf2ccfef91c7", kill_on_drop: false }`
[INFO] running `Command { std: "docker" "exec" "-e" "SOURCE_DIR=/opt/rustwide/workdir" "-e" "CARGO_HOME=/opt/rustwide/cargo-home" "-e" "RUSTUP_HOME=/opt/rustwide/rustup-home" "-e" "CARGO_TARGET_DIR=/opt/rustwide/target" "-e" "CARGO_INCREMENTAL=0" "-e" "RUST_BACKTRACE=full" "-e" "RUSTFLAGS=--cap-lints=warn" "-e" "RUSTDOCFLAGS=--cap-lints=warn" "-w" "/opt/rustwide/workdir" "--user" "0:0" "8ad6acdfe972388e258cd8d1cca199d33be085c6b7963aec739ebf2ccfef91c7" "/opt/rustwide/cargo-home/bin/cargo" "+1.99.0-beta.8" "build" "--frozen" "--message-format=json" "--release", kill_on_drop: false }`
[INFO] [stderr]    Compiling libc v0.2.186
[INFO] [stderr]    Compiling proc-macro2 v1.0.106
[INFO] [stderr]    Compiling quote v1.0.45
[INFO] [stderr]    Compiling unicode-ident v1.0.24
[INFO] [stderr]    Compiling cfg-if v1.0.4
[INFO] [stderr]    Compiling pin-project-lite v0.2.17
[INFO] [stderr]    Compiling shlex v2.0.1
[INFO] [stderr]    Compiling find-msvc-tools v0.1.9
[INFO] [stderr]    Compiling serde_core v1.0.228
[INFO] [stderr]    Compiling itoa v1.0.18
[INFO] [stderr]    Compiling once_cell v1.21.4
[INFO] [stderr]    Compiling bytes v1.11.1
[INFO] [stderr]    Compiling version_check v0.9.5
[INFO] [stderr]    Compiling smallvec v1.15.2
[INFO] [stderr]    Compiling log v0.4.32
[INFO] [stderr]    Compiling futures-core v0.3.32
[INFO] [stderr]    Compiling stable_deref_trait v1.2.1
[INFO] [stderr]    Compiling tracing-core v0.1.36
[INFO] [stderr]    Compiling generic-array v0.14.7
[INFO] [stderr]    Compiling crossbeam-utils v0.8.21
[INFO] [stderr]    Compiling typenum v1.20.1
[INFO] [stderr]    Compiling http v1.4.2
[INFO] [stderr]    Compiling memchr v2.8.2
[INFO] [stderr]    Compiling syn v2.0.117
[INFO] [stderr]    Compiling jobserver v0.1.34
[INFO] [stderr]    Compiling errno v0.3.14
[INFO] [stderr]    Compiling signal-hook-registry v1.4.8
[INFO] [stderr]    Compiling cc v1.2.64
[INFO] [stderr]    Compiling socket2 v0.6.4
[INFO] [stderr]    Compiling mio v1.2.1
[INFO] [stderr]    Compiling futures-sink v0.3.32
[INFO] [stderr]    Compiling serde v1.0.228
[INFO] [stderr]    Compiling slab v0.4.12
[INFO] [stderr]    Compiling cmake v0.1.58
[INFO] [stderr]    Compiling getrandom v0.2.17
[INFO] [stderr]    Compiling dunce v1.0.5
[INFO] [stderr]    Compiling percent-encoding v2.3.2
[INFO] [stderr]    Compiling fs_extra v1.3.0
[INFO] [stderr]    Compiling zeroize v1.9.0
[INFO] [stderr]    Compiling subtle v2.6.1
[INFO] [stderr]    Compiling writeable v0.6.3
[INFO] [stderr]    Compiling litemap v0.8.2
[INFO] [stderr]    Compiling futures-task v0.3.32
[INFO] [stderr]    Compiling httparse v1.10.1
[INFO] [stderr]    Compiling aws-lc-sys v0.41.0
[INFO] [stderr]    Compiling http-body v1.0.1
[INFO] [stderr]    Compiling equivalent v1.0.2
[INFO] [stderr]    Compiling icu_normalizer_data v2.1.1
[INFO] [stderr]    Compiling icu_properties_data v2.1.2
[INFO] [stderr]    Compiling rustls-pki-types v1.14.1
[INFO] [stderr]    Compiling crypto-common v0.1.7
[INFO] [stderr]    Compiling ring v0.17.14
[INFO] [stderr]    Compiling tower-service v0.3.3
[INFO] [stderr]    Compiling aws-lc-rs v1.17.0
[INFO] [stderr]    Compiling zmij v1.0.21
[INFO] [stderr]    Compiling zerocopy v0.8.52
[INFO] [stderr]    Compiling tower-layer v0.3.3
[INFO] [stderr]    Compiling hashbrown v0.17.1
[INFO] [stderr]    Compiling form_urlencoded v1.2.2
[INFO] [stderr]    Compiling fnv v1.0.7
[INFO] [stderr]    Compiling httpdate v1.0.3
[INFO] [stderr]    Compiling atomic-waker v1.1.2
[INFO] [stderr]    Compiling try-lock v0.2.5
[INFO] [stderr]    Compiling serde_json v1.0.150
[INFO] [stderr]    Compiling want v0.3.1
[INFO] [stderr]    Compiling indexmap v2.14.0
[INFO] [stderr]    Compiling futures-channel v0.3.32
[INFO] [stderr]    Compiling time-core v0.1.7
[INFO] [stderr]    Compiling powerfmt v0.2.0
[INFO] [stderr]    Compiling getrandom v0.3.4
[INFO] [stderr]    Compiling autocfg v1.5.1
[INFO] [stderr]    Compiling crc32fast v1.5.0
[INFO] [stderr]    Compiling num-conv v0.1.0
[INFO] [stderr]    Compiling untrusted v0.9.0
[INFO] [stderr]    Compiling time-macros v0.2.25
[INFO] [stderr]    Compiling deranged v0.5.8
[INFO] [stderr]    Compiling num-traits v0.2.19
[INFO] [stderr]    Compiling synstructure v0.13.2
[INFO] [stderr]    Compiling http-body-util v0.1.3
[INFO] [stderr]    Compiling block-buffer v0.10.4
[INFO] [stderr]    Compiling sync_wrapper v1.0.2
[INFO] [stderr]    Compiling mime v0.3.17
[INFO] [stderr]    Compiling thiserror v2.0.18
[INFO] [stderr]    Compiling num_threads v0.1.7
[INFO] [stderr]    Compiling adler2 v2.0.1
[INFO] [stderr]    Compiling rustls v0.23.40
[INFO] [stderr]    Compiling getrandom v0.4.2
[INFO] [stderr]    Compiling simd-adler32 v0.3.9
[INFO] [stderr]    Compiling bitflags v2.13.0
[INFO] [stderr]    Compiling utf8_iter v1.0.4
[INFO] [stderr]    Compiling ipnet v2.12.0
[INFO] [stderr]    Compiling base64 v0.22.1
[INFO] [stderr]    Compiling zerofrom-derive v0.1.7
[INFO] [stderr]    Compiling yoke-derive v0.8.2
[INFO] [stderr]    Compiling tokio-macros v2.7.0
[INFO] [stderr]    Compiling zerovec-derive v0.11.3
[INFO] [stderr]    Compiling displaydoc v0.2.6
[INFO] [stderr]    Compiling zerofrom v0.1.8
[INFO] [stderr]    Compiling tokio v1.52.3
[INFO] [stderr]    Compiling tracing-attributes v0.1.31
[INFO] [stderr]    Compiling yoke v0.8.3
[INFO] [stderr]    Compiling serde_derive v1.0.228
[INFO] [stderr]    Compiling futures-macro v0.3.32
[INFO] [stderr]    Compiling zerovec v0.11.6
[INFO] [stderr]    Compiling futures-util v0.3.32
[INFO] [stderr]    Compiling zerotrie v0.2.4
[INFO] [stderr]    Compiling tracing v0.1.44
[INFO] [stderr]    Compiling tinystr v0.8.3
[INFO] [stderr]    Compiling potential_utf v0.1.5
[INFO] [stderr]    Compiling icu_collections v2.1.1
[INFO] [stderr]    Compiling icu_locale_core v2.1.1
[INFO] [stderr]    Compiling ppv-lite86 v0.2.21
[INFO] [stderr]    Compiling thiserror-impl v2.0.18
[INFO] [stderr]    Compiling miniz_oxide v0.8.9
[INFO] [stderr]    Compiling icu_provider v2.1.1
[INFO] [stderr]    Compiling icu_properties v2.1.2
[INFO] [stderr]    Compiling icu_normalizer v2.1.1
[INFO] [stderr]    Compiling time v0.3.45
[INFO] [stderr]    Compiling digest v0.10.7
[INFO] [stderr]    Compiling crossbeam-epoch v0.9.18
[INFO] [stderr]    Compiling aho-corasick v1.1.4
[INFO] [stderr]    Compiling idna_adapter v1.2.1
[INFO] [stderr]    Compiling idna v1.1.0
[INFO] [stderr]    Compiling cpufeatures v0.2.17
[INFO] [stderr]    Compiling unicase v2.9.0
[INFO] [stderr]    Compiling parking_lot_core v0.9.12
[INFO] [stderr]    Compiling regex-syntax v0.8.11
[INFO] [stderr]    Compiling url v2.5.8
[INFO] [stderr]    Compiling tokio-util v0.7.18
[INFO] [stderr]    Compiling h2 v0.4.15
[INFO] [stderr]    Compiling regex-automata v0.4.14
[INFO] [stderr]    Compiling tower v0.5.3
[INFO] [stderr]    Compiling mime_guess v2.0.5
[INFO] [stderr]    Compiling rand_core v0.9.5
[INFO] [stderr]    Compiling flate2 v1.1.9
[INFO] [stderr]    Compiling concurrent-queue v2.5.0
[INFO] [stderr]    Compiling rand_core v0.6.4
[INFO] [stderr]    Compiling block-padding v0.3.3
[INFO] [stderr]    Compiling rustversion v1.0.22
[INFO] [stderr]    Compiling utf8parse v0.2.2
[INFO] [stderr]    Compiling openssl-probe v0.2.1
[INFO] [stderr]    Compiling rustix v1.1.4
[INFO] [stderr]    Compiling scopeguard v1.2.0
[INFO] [stderr]    Compiling pkg-config v0.3.33
[INFO] [stderr]    Compiling parking v2.2.1
[INFO] [stderr]    Compiling ryu v1.0.23
[INFO] [stderr]    Compiling vcpkg v0.2.15
[INFO] [stderr]    Compiling compression-core v0.4.32
[INFO] [stderr]    Compiling rayon-core v1.13.0
[INFO] [stderr]    Compiling compression-codecs v0.4.38
[INFO] [stderr]    Compiling serde_urlencoded v0.7.1
[INFO] [stderr]    Compiling hyper v1.10.1
[INFO] [stderr]    Compiling libsqlite3-sys v0.35.0
[INFO] [stderr]    Compiling event-listener v5.4.1
[INFO] [stderr]    Compiling lock_api v0.4.14
[INFO] [stderr]    Compiling rustls-native-certs v0.8.4
[INFO] [stderr]    Compiling anstyle-parse v1.0.0
[INFO] [stderr]    Compiling inout v0.1.4
[INFO] [stderr]    Compiling rand_chacha v0.9.0
[INFO] [stderr]    Compiling crossbeam-deque v0.8.6
[INFO] [stderr]    Compiling webpki-roots v1.0.7
[INFO] [stderr]    Compiling cookie v0.18.1
[INFO] [stderr]    Compiling anstyle v1.0.14
[INFO] [stderr]    Compiling foldhash v0.1.5
[INFO] [stderr]    Compiling anstyle-query v1.1.5
[INFO] [stderr]    Compiling linux-raw-sys v0.12.1
[INFO] [stderr]    Compiling hyper-util v0.1.20
[INFO] [stderr]    Compiling portable-atomic v1.13.1
[INFO] [stderr]    Compiling is_terminal_polyfill v1.70.2
[INFO] [stderr]    Compiling lazy_static v1.5.0
[INFO] [stderr]    Compiling colorchoice v1.0.5
[INFO] [stderr]    Compiling anstream v1.0.0
[INFO] [stderr]    Compiling sharded-slab v0.1.7
[INFO] [stderr]    Compiling hashbrown v0.15.5
[INFO] [stderr]    Compiling rand v0.9.4
[INFO] [stderr]    Compiling cipher v0.4.4
[INFO] [stderr]    Compiling event-listener-strategy v0.5.4
[INFO] [stderr]    Compiling async-compression v0.4.42
[INFO] [stderr]    Compiling matchers v0.2.0
[INFO] [stderr]    Compiling sha1 v0.10.6
[INFO] [stderr]    Compiling tracing-serde v0.2.0
[INFO] [stderr]    Compiling axum-core v0.5.6
[INFO] [stderr]    Compiling serde_path_to_error v0.1.20
[INFO] [stderr]    Compiling crossbeam-channel v0.5.15
[INFO] [stderr]    Compiling blake3 v1.8.5
[INFO] [stderr]    Compiling tracing-log v0.2.0
[INFO] [stderr]    Compiling thread_local v1.1.9
[INFO] [stderr]    Compiling either v1.16.0
[INFO] [stderr]    Compiling heck v0.5.0
[INFO] [stderr]    Compiling option-ext v0.2.0
[INFO] [stderr]    Compiling fastrand v2.4.1
[INFO] [stderr]    Compiling utf-8 v0.7.6
[INFO] [stderr]    Compiling strsim v0.11.1
[INFO] [stderr]    Compiling unicode-width v0.2.2
[INFO] [stderr]    Compiling data-encoding v2.11.0
[INFO] [stderr]    Compiling matchit v0.8.4
[INFO] [stderr]    Compiling iana-time-zone v0.1.65
[INFO] [stderr]    Compiling winnow v1.0.3
[INFO] [stderr]    Compiling clap_lex v1.1.0
[INFO] [stderr]    Compiling anyhow v1.0.102
[INFO] [stderr]    Compiling base64ct v1.8.3
[INFO] [stderr]    Compiling nu-ansi-term v0.50.3
[INFO] [stderr]    Compiling http-range-header v0.4.2
[INFO] [stderr]    Compiling tower-http v0.6.11
[INFO] [stderr]    Compiling tracing-subscriber v0.3.23
[INFO] [stderr]    Compiling password-hash v0.5.0
[INFO] [stderr]    Compiling toml_parser v1.1.2+spec-1.1.0
[INFO] [stderr]    Compiling axum v0.8.9
[INFO] [stderr]    Compiling clap_builder v4.6.0
[INFO] [stderr]    Compiling chrono v0.4.45
[INFO] [stderr]    Compiling tungstenite v0.28.0
[INFO] [stderr]    Compiling console v0.16.3
[INFO] [stderr]    Compiling tempfile v3.27.0
[INFO] [stderr]    Compiling clap_derive v4.6.1
[INFO] [stderr]    Compiling dirs-sys v0.5.0
[INFO] [stderr]    Compiling rayon v1.12.0
[INFO] [stderr]    Compiling async-lock v3.4.2
[INFO] [stderr]    Compiling hashlink v0.10.0
[INFO] [stderr]    Compiling parking_lot v0.12.5
[INFO] [stderr]    Compiling rand_chacha v0.3.1
[INFO] [stderr]    Compiling uuid v1.23.3
[INFO] [stderr]    Compiling rmp v0.8.15
[INFO] [stderr]    Compiling blake2 v0.10.6
[INFO] [stderr]    Compiling async-trait v0.1.89
[INFO] [stderr]    Compiling toml_datetime v0.7.5+spec-1.1.0
[INFO] [stderr]    Compiling serde_spanned v1.1.1
[INFO] [stderr]    Compiling cpufeatures v0.3.0
[INFO] [stderr]    Compiling constant_time_eq v0.4.2
[INFO] [stderr]    Compiling embystream v0.0.43 (/opt/rustwide/workdir)
[INFO] [stderr]    Compiling arrayvec v0.7.6
[INFO] [stderr]    Compiling fallible-iterator v0.3.0
[INFO] [stderr]    Compiling symlink v0.1.0
[INFO] [stderr]    Compiling seahash v4.1.0
[INFO] [stderr]    Compiling shell-words v1.1.1
[INFO] [stderr]    Compiling tagptr v0.2.0
[INFO] [stderr]    Compiling winnow v0.7.15
[INFO] [stderr]    Compiling arrayref v0.3.9
[INFO] [stderr]    Compiling fallible-streaming-iterator v0.1.9
[INFO] [stderr]    Compiling hashbrown v0.14.5
[INFO] [stderr]    Compiling toml_writer v1.1.1+spec-1.1.0
[INFO] [stderr]    Compiling moka v0.12.15
[INFO] [stderr]    Compiling dialoguer v0.12.0
[INFO] [stderr]    Compiling dashmap v6.2.1
[INFO] [stderr]    Compiling tracing-appender v0.2.5
[INFO] [stderr]    Compiling rmp-serde v1.3.1
[INFO] [stderr]    Compiling argon2 v0.5.3
[INFO] [stderr]    Compiling toml v0.9.12+spec-1.1.0
[INFO] [stderr]    Compiling sysinfo v0.33.1
[INFO] [stderr]    Compiling rand v0.8.6
[INFO] [stderr]    Compiling axum-extra v0.10.3
[INFO] [stderr]    Compiling clap v4.6.1
[INFO] [stderr]    Compiling directories v6.0.0
[INFO] [stderr]    Compiling tokio-tungstenite v0.28.0
[INFO] [stderr]    Compiling generic-array v1.4.3
[INFO] [stderr]    Compiling cbc v0.1.2
[INFO] [stderr]    Compiling aes v0.8.4
[INFO] [stderr]    Compiling regex v1.12.4
[INFO] [stderr]    Compiling webbrowser v1.2.1
[INFO] [stderr]    Compiling tokio-stream v0.1.18
[INFO] [stderr]    Compiling http-serde v2.1.1
[INFO] [stderr]    Compiling rustls-pemfile v2.2.0
[INFO] [stderr]    Compiling figlet-rs v0.1.5
[INFO] [stderr]    Compiling rustls-webpki v0.103.13
[INFO] [stderr]    Compiling tokio-rustls v0.26.4
[INFO] [stderr]    Compiling hyper-rustls v0.27.9
[INFO] [stderr]    Compiling reqwest v0.12.28
[INFO] [stderr]    Compiling yup-oauth2 v12.1.2
[INFO] [stderr]    Compiling rusqlite v0.37.0
[INFO] [stdout] warning: trailing semicolon in macro used in expression position
[INFO] [stdout]    --> src/main.rs:272:5
[INFO] [stdout]     |
[INFO] [stdout] 272 |     info_log!(INIT_LOGGER_DOMAIN, "User agent: {}", config.user_agent)
[INFO] [stdout]     |     ^^^^^^^^^^^^^^^^^^^^^^^^^^^^^^^^^^^^^^^^^^^^^^^^^^^^^^^^^^^^^^^^^^
[INFO] [stdout]     |
[INFO] [stdout]     = note: macro invocations at the end of a block are treated as expressions
[INFO] [stdout]     = note: to ignore the value produced by the macro, add a semicolon after the invocation of `_log_internal`
[INFO] [stdout]     = warning: this was previously accepted by the compiler but is being phased out; it will become a hard error in a future release!
[INFO] [stdout]     = note: for more information, see issue #79813 <https://github.com/rust-lang/rust/issues/79813>
[INFO] [stdout]     = note: `#[warn(semicolon_in_expressions_from_non_local_macros)]` (part of `#[warn(future_incompatible)]`) on by default
[INFO] [stdout]     = note: this warning originates in the macro `$crate::_log_internal` which comes from the expansion of the macro `info_log` (in Nightly builds, run with -Z macro-backtrace for more info)
[INFO] [stdout] 
[INFO] [stdout] 
[INFO] [stderr]     Finished `release` profile [optimized] target(s) in 11m 26s
[INFO] running `Command { std: "docker" "inspect" "8ad6acdfe972388e258cd8d1cca199d33be085c6b7963aec739ebf2ccfef91c7", kill_on_drop: false }`
[INFO] running `Command { std: "docker" "exec" "-e" "SOURCE_DIR=/opt/rustwide/workdir" "-e" "CARGO_HOME=/opt/rustwide/cargo-home" "-e" "RUSTUP_HOME=/opt/rustwide/rustup-home" "-e" "CARGO_TARGET_DIR=/opt/rustwide/target" "-e" "CARGO_INCREMENTAL=0" "-e" "RUST_BACKTRACE=full" "-e" "RUSTFLAGS=--cap-lints=warn" "-e" "RUSTDOCFLAGS=--cap-lints=warn" "-w" "/opt/rustwide/workdir" "--user" "0:0" "8ad6acdfe972388e258cd8d1cca199d33be085c6b7963aec739ebf2ccfef91c7" "/opt/rustwide/cargo-home/bin/cargo" "+1.99.0-beta.8" "test" "--frozen" "--no-run" "--message-format=json" "--release", kill_on_drop: false }`
[INFO] [stderr]    Compiling filetime v0.2.29
[INFO] [stderr]    Compiling embystream v0.0.43 (/opt/rustwide/workdir)
[INFO] [stdout] warning: trailing semicolon in macro used in expression position
[INFO] [stdout]    --> src/main.rs:272:5
[INFO] [stdout]     |
[INFO] [stdout] 272 |     info_log!(INIT_LOGGER_DOMAIN, "User agent: {}", config.user_agent)
[INFO] [stdout]     |     ^^^^^^^^^^^^^^^^^^^^^^^^^^^^^^^^^^^^^^^^^^^^^^^^^^^^^^^^^^^^^^^^^^
[INFO] [stdout]     |
[INFO] [stdout]     = note: macro invocations at the end of a block are treated as expressions
[INFO] [stdout]     = note: to ignore the value produced by the macro, add a semicolon after the invocation of `_log_internal`
[INFO] [stdout]     = warning: this was previously accepted by the compiler but is being phased out; it will become a hard error in a future release!
[INFO] [stdout]     = note: for more information, see issue #79813 <https://github.com/rust-lang/rust/issues/79813>
[INFO] [stdout]     = note: `#[warn(semicolon_in_expressions_from_non_local_macros)]` (part of `#[warn(future_incompatible)]`) on by default
[INFO] [stdout]     = note: this warning originates in the macro `$crate::_log_internal` which comes from the expansion of the macro `info_log` (in Nightly builds, run with -Z macro-backtrace for more info)
[INFO] [stdout] 
[INFO] [stdout] 
[INFO] [stderr]     Finished `release` profile [optimized] target(s) in 2m 19s
[INFO] running `Command { std: "docker" "inspect" "8ad6acdfe972388e258cd8d1cca199d33be085c6b7963aec739ebf2ccfef91c7", kill_on_drop: false }`
[INFO] running `Command { std: "docker" "exec" "-e" "SOURCE_DIR=/opt/rustwide/workdir" "-e" "CARGO_HOME=/opt/rustwide/cargo-home" "-e" "RUSTUP_HOME=/opt/rustwide/rustup-home" "-e" "CARGO_TARGET_DIR=/opt/rustwide/target" "-e" "CARGO_INCREMENTAL=0" "-e" "RUST_BACKTRACE=full" "-e" "RUSTFLAGS=--cap-lints=warn" "-e" "RUSTDOCFLAGS=--cap-lints=warn" "-w" "/opt/rustwide/workdir" "--user" "0:0" "8ad6acdfe972388e258cd8d1cca199d33be085c6b7963aec739ebf2ccfef91c7" "/opt/rustwide/cargo-home/bin/cargo" "+1.99.0-beta.8" "test" "--frozen" "--release", kill_on_drop: false }`
[INFO] [stderr] warning: trailing semicolon in macro used in expression position
[INFO] [stderr]    --> src/main.rs:272:5
[INFO] [stderr]     |
[INFO] [stderr] 272 |     info_log!(INIT_LOGGER_DOMAIN, "User agent: {}", config.user_agent)
[INFO] [stderr]     |     ^^^^^^^^^^^^^^^^^^^^^^^^^^^^^^^^^^^^^^^^^^^^^^^^^^^^^^^^^^^^^^^^^^
[INFO] [stderr]     |
[INFO] [stderr]     = note: macro invocations at the end of a block are treated as expressions
[INFO] [stderr]     = note: to ignore the value produced by the macro, add a semicolon after the invocation of `_log_internal`
[INFO] [stderr]     = warning: this was previously accepted by the compiler but is being phased out; it will become a hard error in a future release!
[INFO] [stderr]     = note: for more information, see issue #79813 <https://github.com/rust-lang/rust/issues/79813>
[INFO] [stderr]     = note: `#[warn(semicolon_in_expressions_from_non_local_macros)]` (part of `#[warn(future_incompatible)]`) on by default
[INFO] [stderr]     = note: this warning originates in the macro `$crate::_log_internal` which comes from the expansion of the macro `info_log` (in Nightly builds, run with -Z macro-backtrace for more info)
[INFO] [stderr] 
[INFO] [stderr] warning: `embystream` (bin "embystream" test) generated 1 warning
[INFO] [stderr]     Finished `release` profile [optimized] target(s) in 0.52s
[INFO] [stderr]      Running unittests src/lib.rs (/opt/rustwide/target/release/deps/embystream-33a1fc4c54df3c7e)
[INFO] [stdout] 
[INFO] [stdout] running 246 tests
[INFO] [stdout] test api::emby::response::playback_info::tests::test_media_source_direct_stream_url_round_trip ... ok
[INFO] [stdout] test api::emby::response::playback_info::tests::test_media_source_subtitle_index_round_trip ... ok
[INFO] [stdout] test api::emby::response::playback_info::tests::test_media_source_e_tag_round_trip ... ok
[INFO] [stdout] test api::emby::response::playback_info::tests::test_media_stream_missing_optional_fields_default_to_none ... ok
[INFO] [stdout] test api::emby::response::playback_info::tests::test_media_stream_title_and_path_round_trip ... ok
[INFO] [stdout] test api::emby::response::playback_info::tests::test_playback_info_deserialize_empty_object ... ok
[INFO] [stdout] test api::emby::response::playback_info::tests::test_media_stream_deserialize_empty_object ... ok
[INFO] [stdout] test api::emby::response::playback_info::tests::test_media_source_transcoding_fields_round_trip ... ok
[INFO] [stdout] test api::emby::response::playback_info::tests::test_playback_info_find_media_source_path_by_id_no_path ... ok
[INFO] [stdout] test api::emby::response::playback_info::tests::test_media_source_deserialize_empty_object ... ok
[INFO] [stdout] test api::emby::response::playback_info::tests::test_media_source_missing_optional_fields_default_to_none ... ok
[INFO] [stdout] test api::emby::response::playback_info::tests::test_playback_info_deserialize_full ... ok
[INFO] [stdout] test api::emby::response::playback_info::tests::test_playback_info_deserialize_minimal ... ok
[INFO] [stdout] test api::emby::response::playback_info::tests::test_playback_info_find_media_source_path_by_id_found ... ok
[INFO] [stdout] test api::emby::response::playback_info::tests::test_media_stream_delivery_fields_round_trip ... ok
[INFO] [stdout] test api::emby::response::playback_info::tests::test_playback_info_find_media_source_path_by_id_not_found ... ok
[INFO] [stdout] test api::emby::response::playback_info::tests::test_select_media_source_empty_returns_none ... ok
[INFO] [stdout] test api::emby::response::playback_info::tests::test_select_media_source_multi_source_without_id_is_ambiguous ... ok
[INFO] [stdout] test api::emby::response::playback_info::tests::test_select_media_source_single_source_blank_id ... ok
[INFO] [stdout] test api::emby::response::playback_info::tests::test_select_media_source_unknown_id_returns_none ... ok
[INFO] [stdout] test auth::google::tests::build_secret_uses_google_endpoints_and_loopback_redirects ... ok
[INFO] [stdout] test api::emby::response::playback_info::tests::test_select_media_source_matches_by_id ... ok
[INFO] [stdout] test auth::google::tests::parse_token_info_supports_yup_oauth2_cache_payload ... ok
[INFO] [stdout] test app::tests::cleanup_request_lock_removes_unshared_lock ... ok
[INFO] [stdout] test app::tests::get_open_list_client_reuses_single_instance ... ok
[INFO] [stdout] test app::tests::cleanup_request_lock_keeps_shared_lock ... ok
[INFO] [stdout] test app::tests::get_emby_client_reuses_single_instance ... ok
[INFO] [stdout] test auth::google::tests::parse_token_info_supports_flat_object_payload ... ok
[INFO] [stdout] test api::emby::response::playback_info::tests::test_select_media_source_single_source_without_id ... ok
[INFO] [stdout] test cli_wizard::mask::tests::masks_token_line ... ok
[INFO] [stdout] test cli_wizard::mask::tests::redact_long ... ok
[INFO] [stdout] test cli_wizard::mask::tests::redact_short ... ok
[INFO] [stdout] test cli_wizard::discover::tests::sorts_and_skips_invalid ... ok
[INFO] [stdout] test cli_wizard::template_payload::tests::template_secrets_are_random_and_emby_token_is_blank ... ok
[INFO] [stdout] test cli_wizard::template_payload::tests::template_frontend_roundtrip ... ok
[INFO] [stdout] test cli_wizard::persist::tests::safe_join_rejects_traversal ... ok
[INFO] [stdout] test cli_wizard::tests_wizard::emit_and_reparse_min_frontend ... ok
[INFO] [stdout] test cli_wizard::tests_wizard::emit_wizard_keeps_core_defaults_visible ... ok
[INFO] [stdout] test cli_wizard::tests_wizard::discover_sorts_lexicographically ... ok
[INFO] [stdout] test cli_wizard::tests_wizard::emit_wizard_trims_backend_node_webdav_and_anti_defaults ... ok
[INFO] [stdout] test cli_wizard::tests_wizard::finish_raw_min_frontend ... ok
[INFO] [stdout] test cli_wizard::tests_wizard::discover_finds_valid_file ... ok
[INFO] [stdout] test cli_wizard::persist::tests::atomic_write_roundtrip ... ok
[INFO] [stdout] test cli_wizard::tests_wizard::finish_raw_rejects_duplicate_google_drive_node_uuid ... ok
[INFO] [stdout] test cli_wizard::tests_wizard::finish_raw_rejects_google_drive_without_refresh_token ... ok
[INFO] [stdout] test cli_wizard::tests_wizard::invalid_regex_in_node_rejected ... ok
[INFO] [stdout] test cli_wizard::tests_wizard::finish_raw_rejects_webdav_accel_redirect_without_node_uuid ... ok
[INFO] [stdout] test cli_wizard::tests_wizard::finish_raw_rejects_duplicate_webdav_accel_redirect_node_uuid ... ok
[INFO] [stdout] test cli_wizard::tests_wizard::mask_secrets_line ... ok
[INFO] [stdout] test cli_wizard::tests_wizard::atomic_write_readable ... ok
[INFO] [stdout] test cli_wizard::tests_wizard::finish_raw_rejects_google_drive_without_node_uuid ... ok
[INFO] [stdout] test cli_wizard::tests_wizard::parse_validate_min_frontend ... ok
[INFO] [stdout] test cli_wizard::tests_wizard::safe_join_rejects_path_traversal ... ok
[INFO] [stdout] test cli_wizard::wizard::normalize_emby_url_tests::empty_and_whitespace_default ... ok
[INFO] [stdout] test cli_wizard::wizard::normalize_emby_url_tests::keeps_explicit_scheme ... ok
[INFO] [stdout] test cli_wizard::wizard::normalize_emby_url_tests::prepends_http_without_scheme ... ok
[INFO] [stdout] test client::emby::playback_info_service::tests::item_id_from_path_extracts_id_with_emby_prefix ... ok
[INFO] [stdout] test client::emby::playback_info_service::tests::item_id_from_path_extracts_id_without_emby_prefix ... ok
[INFO] [stdout] test client::emby::playback_info_service::tests::item_id_from_path_rejects_non_playback_info_path ... ok
[INFO] [stdout] test client::emby::playback_info_service::tests::item_index_cache_key_is_media_source_independent ... ok
[INFO] [stdout] test cli_wizard::template_payload::tests::template_backend_roundtrip ... ok
[INFO] [stdout] test client::emby::playback_info_service::tests::item_index_cache_key_rejects_blank_item_id ... ok
[INFO] [stdout] test client::emby::playback_info_service::tests::response_cache_key_is_item_id_case_insensitive ... ok
[INFO] [stdout] test client::emby::playback_info_service::tests::response_cache_key_is_query_order_independent ... ok
[INFO] [stdout] test client::emby::playback_info_service::tests::playback_info_service_parses_api_token_from_json_body ... ok
[INFO] [stdout] test client::emby::playback_info_service::tests::response_cache_key_differs_on_query_value ... ok
[INFO] [stdout] test client::emby::playback_info_service::tests::playback_info_service_parses_api_token_from_unquoted_emby_header ... ok
[INFO] [stdout] test client::emby::playback_info_service::tests::response_cache_key_differs_on_item_id ... ok
[INFO] [stdout] test client::emby::playback_info_service::tests::response_cache_key_ignores_auth_credentials ... ok
[INFO] [stdout] test client::google_drive::client::tests::build_files_query_uses_folder_filter_for_non_terminal_segments ... ok
[INFO] [stdout] test cli_wizard::template_payload::tests::template_dual_roundtrip_and_ports ... ok
[INFO] [stdout] test config::core::tests::persist_google_drive_token_errors_when_node_is_missing ... ok
[INFO] [stdout] test config::core::tests::persist_google_drive_token_preserves_original_order_and_comments ... ok
[INFO] [stdout] test config::core::tests::persist_google_drive_token_replaces_multiline_token_without_reordering ... ok
[INFO] [stdout] test config::core::tests::read_google_drive_token_supports_legacy_fields ... ok
[INFO] [stdout] test config::core::tests::read_google_drive_token_prefers_token_blob ... ok
[INFO] [stdout] test config::core::tests::persist_google_drive_token_updates_matching_node_only ... ok
[INFO] [stdout] test config::types::anti_reverse_proxy_tests::any_trusted_host_passes_with_multiple_domains ... ok
[INFO] [stdout] test config::types::anti_reverse_proxy_tests::apex_and_wildcard_can_be_combined ... ok
[INFO] [stdout] test config::types::anti_reverse_proxy_tests::disabled_or_empty_never_blocks ... ok
[INFO] [stdout] test config::types::anti_reverse_proxy_tests::legacy_single_string_host_becomes_one_element_vec ... ok
[INFO] [stdout] test config::types::anti_reverse_proxy_tests::missing_host_defaults_to_empty_vec ... ok
[INFO] [stdout] test config::types::anti_reverse_proxy_tests::list_form_keeps_all_hosts_and_trims_blanks ... ok
[INFO] [stdout] test config::types::anti_reverse_proxy_tests::serializes_back_as_list ... ok
[INFO] [stdout] test config::types::anti_reverse_proxy_tests::wildcard_matches_subdomains_at_any_depth ... ok
[INFO] [stdout] test core::backend::google_drive::tests::configured_drive_name_crops_prefix_and_keeps_duplicate_folder ... ok
[INFO] [stdout] test core::backend::google_drive::tests::configured_drive_name_is_prepended_when_path_lacks_drive_segment ... ok
[INFO] [stdout] test core::backend::google_drive::tests::drive_id_takes_precedence_over_drive_name_for_lookup ... ok
[INFO] [stdout] test core::backend::google_drive_auth::tests::scheduled_refresh_delay_is_zero_for_missing_expiry ... ok
[INFO] [stdout] test core::backend::google_drive::tests::infer_drive_name_from_first_segment_when_config_is_empty ... ok
[INFO] [stdout] test core::backend::google_drive_auth::tests::collect_refreshable_google_drive_nodes_only_keeps_valid_google_drive_nodes ... ok
[INFO] [stdout] test core::backend::google_drive_auth::tests::scheduled_refresh_delay_respects_backoff ... ok
[INFO] [stdout] test core::backend::google_drive_auth::tests::scheduled_refresh_delay_waits_until_lead_window ... ok
[INFO] [stdout] test core::backend::local_streamer::tests::local_metadata_cache_key_is_structured ... ok
[INFO] [stdout] test core::backend::local_streamer::tests::prepare_stream_target_prefers_primary_path ... ok
[INFO] [stdout] test core::backend::local_streamer::tests::prepare_stream_target_reuses_cached_metadata ... ok
[INFO] [stdout] test core::backend::local_streamer::tests::prepare_stream_target_returns_not_found_when_primary_and_fallback_fail ... ok
[INFO] [stdout] test core::backend::local_streamer::tests::prepare_stream_target_uses_fallback_when_primary_missing ... ok
[INFO] [stdout] test core::backend::local_streamer::tests::stream_rejects_malformed_range ... ok
[INFO] [stdout] test core::backend::local_streamer::tests::stream_uses_fallback_when_primary_missing ... ok
[INFO] [stdout] test core::backend::read_stream::tests::disk_main_read_chunk_after_seek_is_4mb ... ok
[INFO] [stdout] test core::backend::read_stream::tests::disk_main_read_chunk_from_zero_is_2mb ... ok
[INFO] [stdout] test core::backend::local_streamer::tests::stream_returns_partial_content_for_primary_target ... ok
[INFO] [stdout] test core::backend::local_streamer::tests::stream_returns_not_found_when_primary_and_fallback_missing ... ok
[INFO] [stdout] test core::backend::read_stream::tests::reader_stream_reads_range_from_opened_file ... ok
[INFO] [stdout] test core::backend::service::tests::build_google_drive_accel_redirect_info_embeds_auth_in_query ... ok
[INFO] [stdout] test core::backend::service::tests::build_redirect_info_injects_google_drive_auth_and_strips_host ... ok
[INFO] [stdout] test core::backend::service::tests::google_drive_file_id_cache_key_is_structured ... ok
[INFO] [stdout] test core::backend::service::tests::google_drive_redirect_falls_back_to_proxy ... ok
[INFO] [stdout] test core::backend::service::tests::open_list_cache_key_trims_trailing_whitespace_only ... ok
[INFO] [stdout] test core::backend::service::tests::open_list_request_lock_reuses_same_key_mutex ... ok
[INFO] [stdout] test core::backend::service::tests::open_list_request_lock_separates_distinct_keys ... ok
[INFO] [stdout] test core::backend::service::tests::parse_proxy_mode_trims_whitespace ... ok
[INFO] [stdout] test core::backend::service::tests::open_list_cache_key_is_structured ... ok
[INFO] [stdout] test client::google_drive::client::tests::build_media_url_adds_required_google_params ... ok
[INFO] [stdout] test client::google_drive::client::tests::resolve_file_id_by_path_walks_shared_drive_segments ... ok
[INFO] [stdout] test core::backend::service::tests::resolve_google_drive_file_id_with_retry_refreshes_after_401 ... ok
[INFO] [stdout] test core::backend::session_id::tests::playback_session_ids_are_unique ... ok
[INFO] [stdout] test core::backend::session_id::tests::session_id_format_is_valid ... ok
[INFO] [stdout] test core::backend::session_id::tests::playback_session_id_format_is_valid ... ok
[INFO] [stdout] test core::backend::stream_relay::tests::build_redirect_location_preserves_query ... ok
[INFO] [stdout] test core::backend::session_id::tests::session_ids_are_unique ... ok
[INFO] [stdout] test core::backend::stream_relay::tests::loop_same_authority_and_path ... ok
[INFO] [stdout] test core::backend::stream_relay::tests::http_path_matches_regex ... ok
[INFO] [stdout] test core::backend::stream_relay::tests::middleware_skips_when_no_sign ... ok
[INFO] [stdout] test core::backend::service::tests::route_with_sign_prefers_google_drive_config_over_local_fallback ... ok
[INFO] [stdout] test core::backend::stream_relay::tests::no_loop_different_host ... ok
[INFO] [stdout] test core::backend::stream_relay::tests::no_loop_different_port_same_ip ... ok
[INFO] [stdout] test core::backend::types::tests::prepared_local_stream_target_can_carry_opened_file ... ok
[INFO] [stdout] test core::backend::types::tests::prepared_local_stream_target_can_mark_fallback ... ok
[INFO] [stdout] test core::backend::types::tests::prepared_local_stream_target_defaults_to_primary_without_file ... ok
[INFO] [stdout] test core::backend::stream_relay::tests::relay_nodes_sorted_filters_and_orders ... ok
[INFO] [stdout] test core::backend::upstream_proxy::tests::hop_by_hop_detects_connection ... ok
[INFO] [stdout] test core::backend::upstream_proxy::tests::stream_session_log_suffix_dash_when_none_or_blank ... ok
[INFO] [stdout] test core::backend::upstream_proxy::tests::stream_session_log_suffix_uses_trimmed_id ... ok
[INFO] [stdout] test core::backend::upstream_proxy::tests::upstream_uri_hint_joins_host_and_path ... ok
[INFO] [stdout] test core::backend::upstream_proxy::tests::upstream_uri_hint_truncates_long_path_with_ellipsis ... ok
[INFO] [stdout] test core::backend::webdav::url::tests::empty_base_url_errors ... ok
[INFO] [stdout] test core::backend::webdav::url::tests::path_join_appends_encoded_segments ... ok
[INFO] [stdout] test core::backend::webdav::url::tests::path_join_encodes_anime_style_path_with_parens_and_cjk ... ok
[INFO] [stdout] test core::backend::webdav::url::tests::path_join_rejects_empty_path ... ok
[INFO] [stdout] test core::backend::webdav::url::tests::path_join_table_encodes_special_characters ... ok
[INFO] [stdout] test core::backend::stream_relay::tests::middleware_301_preserves_query ... ok
[INFO] [stdout] test core::backend::webdav::url::tests::template_in_query_uses_query_encoding ... ok
[INFO] [stdout] test core::backend::webdav::url::tests::template_missing_placeholder_errors ... ok
[INFO] [stdout] test core::backend::webdav::url::tests::template_placeholder_in_path_segment_encodes_parens ... ok
[INFO] [stdout] test core::backend::webdav::url::tests::query_path_encodes_hash_and_question_in_value ... ok
[INFO] [stdout] test core::backend::webdav::url::tests::query_path_encodes_value ... ok
[INFO] [stdout] test core::backend::webdav_auth::tests::basic_header_format ... ok
[INFO] [stdout] test core::backend::webdav_auth::tests::cache_key_stable ... ok
[INFO] [stdout] test core::backend::webdav_auth::tests::credentials_configured_requires_non_empty_field ... ok
[INFO] [stdout] test core::frontend::service::tests::encrypt_cache_key_is_structured ... ok
[INFO] [stdout] test core::frontend::service::tests::signed_stream_query_carries_session_id ... ok
[INFO] [stdout] test core::frontend::service::tests::strm_cache_key_is_structured ... ok
[INFO] [stdout] test core::frontend::service::tests::strm_cache_key_rejects_empty_path ... ok
[INFO] [stdout] test core::frontend::service::tests::strm_request_lock_reuses_same_key_mutex ... ok
[INFO] [stdout] test core::frontend::service::tests::strm_request_lock_separates_distinct_keys ... ok
[INFO] [stdout] test core::frontend::types::tests::test_get_token_case_insensitive ... ok
[INFO] [stdout] test core::frontend::types::tests::test_parse_mediabrowser_token_header ... ok
[INFO] [stdout] test core::frontend::types::tests::test_parse_token_header ... ok
[INFO] [stdout] test core::frontend::types::tests::test_parse_unquoted_emby_authorization_header ... ok
[INFO] [stdout] test core::sign_decryptor::tests::decrypt_cache_key_is_structured ... ok
[INFO] [stdout] test crypto::aes_encrypt::tests::aes_encrypt_and_decrypt_roundtrip_with_new_format ... ok
[INFO] [stdout] test core::sign_decryptor::tests::decrypt_cache_key_rejects_empty_sign ... ok
[INFO] [stdout] test crypto::aes_encrypt::tests::experimental_msgpack_sign_is_shorter_than_current_json_sign ... ok
[INFO] [stdout] test crypto::aes_encrypt::tests::experimental_msgpack_sign_roundtrip_is_deterministic ... ok
[INFO] [stdout] test gateway::client_filter::tests::test_ua_matching_logic ... ok
[INFO] [stdout] test gateway::logger::tests::cacheable_api_uses_info_logging ... ok
[INFO] [stdout] test gateway::logger::tests::playback_info_request_uses_info_logging ... ok
[INFO] [stdout] test gateway::logger::tests::signed_stream_request_uses_info_logging ... ok
[INFO] [stdout] test gateway::logger::tests::static_web_asset_stays_debug_only ... ok
[INFO] [stdout] test gateway::logger_test::context_clones_request_id ... ok
[INFO] [stdout] test gateway::logger_test::context_request_id_is_unique ... ok
[INFO] [stdout] test gateway::logger_test::context_stores_request_id ... ok
[INFO] [stdout] test gateway::logger_test::context_tracks_start_time ... ok
[INFO] [stdout] test gateway::request_id::tests::request_id_format_is_valid ... ok
[INFO] [stdout] test gateway::request_id::tests::request_id_is_uuid_sized ... ok
[INFO] [stdout] test gateway::request_id::tests::request_ids_are_unique ... ok
[INFO] [stdout] test gateway::reverse_proxy::tests::build_target_url_collapses_double_slash_from_normalized_base ... ok
[INFO] [stdout] test gateway::reverse_proxy::tests::build_target_url_inserts_slash_when_path_missing_leading_slash ... ok
[INFO] [stdout] test gateway::reverse_proxy::tests::build_target_url_keeps_single_slash_without_trailing_base_slash ... ok
[INFO] [stdout] test gateway::reverse_proxy::tests::should_cache_json_success_response ... ok
[INFO] [stdout] test gateway::reverse_proxy::tests::should_not_cache_json_error_response ... ok
[INFO] [stdout] test gateway::reverse_proxy::tests::should_not_cache_non_json_success_response ... ok
[INFO] [stdout] test log_stream::tests::publish_broadcasts_to_subscribers ... ok
[INFO] [stdout] test log_stream::tests::snapshot_filters_by_source_and_level ... ok
[INFO] [stdout] test log_stream::tests::snapshot_respects_capacity_and_returns_newest_first ... ok
[INFO] [stdout] test logger::cleanup::tests::cleanup_handles_empty_directory ... ok
[INFO] [stdout] test logger::cleanup::tests::cleanup_handles_nonexistent_directory ... ok
[INFO] [stdout] test logger::cleanup::tests::is_log_file_detects_log_extension ... ok
[INFO] [stdout] test logger::cleanup::tests::is_log_file_detects_log_in_name ... ok
[INFO] [stdout] test logger::cleanup::tests::is_log_file_rejects_non_log ... ok
[INFO] [stdout] test oauthutil::google::tests::refresh_failure_sets_backoff_until_next_retry_window ... ok
[INFO] [stdout] test oauthutil::google::tests::refresh_response_maps_expiry_and_refresh_token ... ok
[INFO] [stdout] test oauthutil::google::tests::token_blob_helper_supports_explicit_timestamp ... ok
[INFO] [stdout] test client::google_drive::client::tests::find_shared_drive_by_name_uses_exact_query ... ok
[INFO] [stdout] test logger::cleanup::tests::cleanup_removes_old_files ... ok
[INFO] [stdout] test oauthutil::google::tests::token_enforces_accel_redirect_min_validity ... ok
[INFO] [stdout] test client::google_drive::client::tests::refresh_access_token_posts_expected_form ... ok
[INFO] [stdout] test oauthutil::google::tests::token_uses_store_reread_when_shared_store_is_newer ... ok
[INFO] [stdout] test oauthutil::google::tests::token_does_not_update_runtime_cache_when_persist_fails ... FAILED
[INFO] [stdout] test client::google_drive::client::tests::build_media_url_with_token_appends_access_token ... ok
[INFO] [stdout] test oauthutil::google::tests::token_multi_instance_reuses_store_token_from_other_instance ... ok
[INFO] [stdout] test util::privacy::tests::sanitize_google_drive_internal_path_masks_token_query ... ok
[INFO] [stdout] test oauthutil::token::tests::token_validity_requires_access_token_and_expiry ... ok
[INFO] [stdout] test util::privacy::tests::mask_google_drive_token_keeps_prefix_and_suffix_only ... ok
[INFO] [stdout] test util::uri_ext::tests::test_force_from_path_or_url ... ok
[INFO] [stdout] test util::timing::tests::timer_tracks_elapsed_time ... ok
[INFO] [stdout] test util::timing::tests::timer_detects_fast_operations ... ok
[INFO] [stdout] test util::uri_ext::tests::test_from_path_or_url ... ok
[INFO] [stdout] test util::uri_ext::tests::test_is_local ... ok
[INFO] [stdout] test util::uri_ext::tests::test_to_path_or_url_string ... ok
[INFO] [stdout] test util::timing::tests::timer_detects_slow_operations ... ok
[INFO] [stdout] test core::backend::webdav_auth::tests::concurrent_cache_miss_single_probe ... ok
[INFO] [stdout] test core::backend::service::tests::probe_google_drive_redirect_target_retries_after_401 ... ok
[INFO] [stdout] test oauthutil::google::tests::token_singleflight_runs_refresh_only_once ... ok
[INFO] [stdout] test core::backend::remote_streamer::tests::stream_retries_google_drive_proxy_after_401 ... ok
[INFO] [stdout] test web::api::tests::admin_bootstrap_creates_default_admin_once ... ok
[INFO] [stdout] test web::api::tests::api_responses_include_security_headers ... ok
[INFO] [stdout] test web::api::tests::cross_origin_unsafe_request_is_blocked ... ok
[INFO] [stdout] test web::artifacts::tests::backend_nginx_adds_tls_comments_and_google_drive_log_formats ... ok
[INFO] [stdout] test web::artifacts::tests::backend_nginx_omits_google_drive_log_formats_without_google_drive_node ... ok
[INFO] [stdout] test web::artifacts::tests::render_all_emits_every_required_artifact ... ok
[INFO] [stdout] test web::artifacts::tests::rendered_artifacts_use_runtime_values ... ok
[INFO] [stdout] test web::artifacts::tests::systemd_and_pm2_use_new_default_paths_without_pilipili ... ok
[INFO] [stdout] test web::backgrounds::tests::background_response_uses_six_hour_cache_window ... ok
[INFO] [stdout] test web::backgrounds::tests::static_fallback_contains_items ... ok
[INFO] [stdout] test web::drafts::tests::save_draft_request_accepts_web_backend_node_field_names ... ok
[INFO] [stdout] test web::drafts::tests::wizard_payload_round_trip_preserves_generated_config ... ok
[INFO] [stdout] test web::drafts::tests::wizard_templates_start_with_empty_backend_nodes ... ok
[INFO] [stdout] test web::api::tests::registration_is_closed_by_default ... ok
[INFO] [stdout] test web::api::tests::invalid_login_returns_unauthorized ... ok
[INFO] [stdout] test web::logs::tests::logs_http_replay_reads_recent_runtime_entries ... ok
[INFO] [stdout] test web::logs::tests::read_named_logs_accepts_rotated_stream_log_with_date_only_file_name ... ok
[INFO] [stdout] test web::logs::tests::read_named_logs_accepts_rotated_stream_log_without_log_extension ... ok
[INFO] [stdout] test web::logs::tests::runtime_log_level_falls_back_to_info ... ok
[INFO] [stdout] test web::logs::tests::runtime_log_masking_hides_secret_values ... ok
[INFO] [stdout] test web::logs::tests::runtime_log_message_strips_timestamp_and_level_prefix ... ok
[INFO] [stdout] test web::logs::tests::runtime_log_reader_returns_newest_first ... ok
[INFO] [stdout] test web::logs::tests::logs_http_requires_admin ... ok
[INFO] [stdout] test web::api::tests::non_admin_cannot_access_logs ... ok
[INFO] [stdout] test web::logs::tests::logs_websocket_replays_recent_live_entries_for_admin ... ok
[INFO] [stdout] test web::api::tests::change_own_password_requires_current_password_and_invalidates_old_login ... ok
[INFO] [stdout] test web::api::tests::draft_generation_persists_config_sets_and_artifacts ... ok
[INFO] [stdout] test web::api::tests::login_rate_limit_blocks_bruteforce_attempts ... ok
[INFO] [stdout] test web::api::tests::secure_cookie_is_set_when_forwarded_proto_is_https ... ok
[INFO] [stdout] 
[INFO] [stdout] failures:
[INFO] [stdout] 
[INFO] [stdout] ---- oauthutil::google::tests::token_does_not_update_runtime_cache_when_persist_fails stdout ----
[INFO] [stdout] 
[INFO] [stdout] thread 'oauthutil::google::tests::token_does_not_update_runtime_cache_when_persist_fails' (5922) panicked at src/oauthutil/google.rs:773:14:
[INFO] [stdout] persist failure should fail: TokenSnapshot { token: OAuthToken { access_token: "fresh-access", refresh_token: "refresh-1", token_type: "Bearer", expiry: Some(2026-10-18T09:26:24.117188180Z) }, source: "refresh" }
[INFO] [stdout] stack backtrace:
[INFO] [stdout]    0:     0x63ecb8c8f6f1 - <unknown>
[INFO] [stdout]    1:     0x63ecb8ca98ba - <unknown>
[INFO] [stdout]    2:     0x63ecb8c950fc - <unknown>
[INFO] [stdout]    3:     0x63ecb8c668a6 - <unknown>
[INFO] [stdout]    4:     0x63ecb8c85619 - <unknown>
[INFO] [stdout]    5:     0x63ecb843dea0 - <unknown>
[INFO] [stdout]    6:     0x63ecb8c85942 - <unknown>
[INFO] [stdout]    7:     0x63ecb8c66952 - <unknown>
[INFO] [stdout]    8:     0x63ecb8c5eca9 - <unknown>
[INFO] [stdout]    9:     0x63ecb8c679fd - <unknown>
[INFO] [stdout]   10:     0x63ecb8caa0dc - <unknown>
[INFO] [stdout]   11:     0x63ecb8ca9eb2 - <unknown>
[INFO] [stdout]   12:     0x63ecb8206940 - <unknown>
[INFO] [stdout]   13:     0x63ecb838254b - <unknown>
[INFO] [stdout]   14:     0x63ecb819e732 - <unknown>
[INFO] [stdout]   15:     0x63ecb822c1fb - <unknown>
[INFO] [stdout]   16:     0x63ecb815b449 - <unknown>
[INFO] [stdout]   17:     0x63ecb843118b - <unknown>
[INFO] [stdout]   18:     0x63ecb843e7f5 - <unknown>
[INFO] [stdout]   19:     0x63ecb84380b4 - <unknown>
[INFO] [stdout]   20:     0x63ecb8441952 - <unknown>
[INFO] [stdout]   21:     0x63ecb8c8e399 - <unknown>
[INFO] [stdout]   22:     0x7c7fbbdc5dfa - <unknown>
[INFO] [stdout]   23:     0x7c7fbbe593d4 - clone
[INFO] [stdout]   24:                0x0 - <unknown>
[INFO] [stdout] 
[INFO] [stdout] 
[INFO] [stdout] failures:
[INFO] [stdout]     oauthutil::google::tests::token_does_not_update_runtime_cache_when_persist_fails
[INFO] [stdout] 
[INFO] [stdout] test result: FAILED. 245 passed; 1 failed; 0 ignored; 0 measured; 0 filtered out; finished in 1.85s
[INFO] [stdout] 
[INFO] [stderr] error: test failed, to rerun pass `--lib`
[INFO] running `Command { std: "docker" "inspect" "8ad6acdfe972388e258cd8d1cca199d33be085c6b7963aec739ebf2ccfef91c7", kill_on_drop: false }`
[INFO] running `Command { std: "docker" "rm" "-f" "8ad6acdfe972388e258cd8d1cca199d33be085c6b7963aec739ebf2ccfef91c7", kill_on_drop: false }`
[INFO] [stdout] 8ad6acdfe972388e258cd8d1cca199d33be085c6b7963aec739ebf2ccfef91c7
