[INFO] fetching crate emberly 0.5.3...
[INFO] testing emberly-0.5.3 against 1.100.0-beta.1+cargoflags=--release for beta-release-1.100-2
[INFO] extracting crate emberly 0.5.3 into /workspace/builds/worker-4-tc2/source
[INFO] started tweaking crates.io crate emberly 0.5.3
[INFO] removed 0 missing tests
[INFO] finished tweaking crates.io crate emberly 0.5.3
[INFO] tweaked toml for crates.io crate emberly 0.5.3 written to /workspace/builds/worker-4-tc2/source/Cargo.toml
[INFO] validating manifest of crates.io crate emberly 0.5.3 on toolchain 1.100.0-beta.1
[INFO] running `Command { std: CARGO_HOME="/workspace/cargo-home" RUSTUP_HOME="/workspace/rustup-home" "/workspace/cargo-home/bin/cargo" "+1.100.0-beta.1" "metadata" "--manifest-path" "Cargo.toml" "--no-deps", kill_on_drop: false }`
[INFO] crate crates.io crate emberly 0.5.3 already has a lockfile, it will not be regenerated
[INFO] running `Command { std: CARGO_HOME="/workspace/cargo-home" RUSTUP_HOME="/workspace/rustup-home" "/workspace/cargo-home/bin/cargo" "+1.100.0-beta.1" "fetch" "--manifest-path" "Cargo.toml", kill_on_drop: false }`
[INFO] [stderr] warning: `package.homepage` is redundant with `package.repository`
[INFO] [stderr]   --> Cargo.toml:69:12
[INFO] [stderr]    |
[INFO] [stderr] 69 | homepage = "https://github.com/wattanit/emberly-code"
[INFO] [stderr]    |            ^^^^^^^^^^^^^^^^^^^^^^^^^^^^^^^^^^^^^^^^^^
[INFO] [stderr] ...
[INFO] [stderr] 73 | repository = "https://github.com/wattanit/emberly-code"
[INFO] [stderr]    |              ------------------------------------------
[INFO] [stderr]    |
[INFO] [stderr]    = note: `cargo::redundant_homepage` is set to `warn` by default
[INFO] [stderr] help: consider removing `package.homepage`
[INFO] [stderr] warning: `emberly` (manifest) generated 1 warning
[INFO] running `Command { std: "docker" "create" "-v" "/var/lib/crater-agent-workspace/builds/worker-4-tc2/source:/opt/rustwide/workdir:ro,Z" "-v" "/var/lib/crater-agent-workspace/builds/worker-4-tc2/target:/opt/rustwide/target:rw,Z" "-v" "/var/lib/crater-agent-workspace/cargo-home:/opt/rustwide/cargo-home:ro,Z" "-v" "/var/lib/crater-agent-workspace/rustup-home:/opt/rustwide/rustup-home:ro,Z" "-m" "1610612736" "--network" "none" "ghcr.io/rust-lang/crates-build-env/linux@sha256:77db811e55d90add9212f6832c23229e3de5f1c1f9905e8cb07319ea15df73ac" "sleep" "infinity", kill_on_drop: false }`
[INFO] [stdout] b5bdb59684dd5ad007902971a28f18f4ad7ab4682e035ef449d6749cbcefa227
[INFO] running `Command { std: "docker" "start" "b5bdb59684dd5ad007902971a28f18f4ad7ab4682e035ef449d6749cbcefa227", kill_on_drop: false }`
[INFO] running `Command { std: "docker" "inspect" "b5bdb59684dd5ad007902971a28f18f4ad7ab4682e035ef449d6749cbcefa227", kill_on_drop: false }`
[INFO] running `Command { std: "docker" "exec" "-e" "SOURCE_DIR=/opt/rustwide/workdir" "-e" "CARGO_HOME=/opt/rustwide/cargo-home" "-e" "RUSTUP_HOME=/opt/rustwide/rustup-home" "-e" "CARGO_TARGET_DIR=/opt/rustwide/target" "-w" "/opt/rustwide/workdir" "--user" "0:0" "b5bdb59684dd5ad007902971a28f18f4ad7ab4682e035ef449d6749cbcefa227" "/opt/rustwide/cargo-home/bin/cargo" "+1.100.0-beta.1" "metadata" "--no-deps" "--format-version=1", kill_on_drop: false }`
[INFO] running `Command { std: "docker" "inspect" "b5bdb59684dd5ad007902971a28f18f4ad7ab4682e035ef449d6749cbcefa227", kill_on_drop: false }`
[INFO] running `Command { std: "docker" "exec" "-e" "SOURCE_DIR=/opt/rustwide/workdir" "-e" "CARGO_HOME=/opt/rustwide/cargo-home" "-e" "RUSTUP_HOME=/opt/rustwide/rustup-home" "-e" "CARGO_TARGET_DIR=/opt/rustwide/target" "-e" "CARGO_INCREMENTAL=0" "-e" "RUST_BACKTRACE=full" "-e" "RUSTFLAGS=--cap-lints=warn" "-e" "RUSTDOCFLAGS=--cap-lints=warn" "-w" "/opt/rustwide/workdir" "--user" "0:0" "b5bdb59684dd5ad007902971a28f18f4ad7ab4682e035ef449d6749cbcefa227" "/opt/rustwide/cargo-home/bin/cargo" "+1.100.0-beta.1" "build" "--frozen" "--message-format=json" "--release", kill_on_drop: false }`
[INFO] [stderr] warning: `package.homepage` is redundant with `package.repository`
[INFO] [stderr]   --> Cargo.toml:69:12
[INFO] [stderr]    |
[INFO] [stderr] 69 | homepage = "https://github.com/wattanit/emberly-code"
[INFO] [stderr]    |            ^^^^^^^^^^^^^^^^^^^^^^^^^^^^^^^^^^^^^^^^^^
[INFO] [stderr] ...
[INFO] [stderr] 73 | repository = "https://github.com/wattanit/emberly-code"
[INFO] [stderr]    |              ------------------------------------------
[INFO] [stderr]    |
[INFO] [stderr]    = note: `cargo::redundant_homepage` is set to `warn` by default
[INFO] [stderr] help: consider removing `package.homepage`
[INFO] [stderr] warning: `emberly` (manifest) generated 1 warning
[INFO] [stderr]    Compiling syn v2.0.118
[INFO] [stderr]    Compiling memchr v2.8.2
[INFO] [stderr]    Compiling mio v1.2.1
[INFO] [stderr]    Compiling bytes v1.12.0
[INFO] [stderr]    Compiling base64ct v1.8.3
[INFO] [stderr]    Compiling rustls v0.23.41
[INFO] [stderr]    Compiling zerocopy v0.8.52
[INFO] [stderr]    Compiling num-traits v0.2.19
[INFO] [stderr]    Compiling tracing v0.1.44
[INFO] [stderr]    Compiling ff v0.13.1
[INFO] [stderr]    Compiling group v0.13.0
[INFO] [stderr]    Compiling pem-rfc7468 v0.7.0
[INFO] [stderr]    Compiling serde_core v1.0.228
[INFO] [stderr]    Compiling crossbeam-epoch v0.9.20
[INFO] [stderr]    Compiling aho-corasick v1.1.4
[INFO] [stderr]    Compiling http v1.4.2
[INFO] [stderr]    Compiling serde_json v1.0.150
[INFO] [stderr]    Compiling grep-matcher v0.1.8
[INFO] [stderr]    Compiling curve25519-dalek v4.1.3
[INFO] [stderr]    Compiling deranged v0.5.8
[INFO] [stderr]    Compiling rustix v0.38.44
[INFO] [stderr]    Compiling rustix v1.1.4
[INFO] [stderr]    Compiling encoding_rs_io v0.1.7
[INFO] [stderr]    Compiling num-integer v0.1.46
[INFO] [stderr]    Compiling crossbeam-deque v0.8.7
[INFO] [stderr]    Compiling http-body v1.0.1
[INFO] [stderr]    Compiling http-body-util v0.1.3
[INFO] [stderr]    Compiling regex-automata v0.4.14
[INFO] [stderr]    Compiling time v0.3.53
[INFO] [stderr]    Compiling parking_lot_core v0.9.12
[INFO] [stderr]    Compiling signal-hook v0.3.18
[INFO] [stderr]    Compiling num-bigint-dig v0.8.6
[INFO] [stderr]    Compiling linux-raw-sys v0.12.1
[INFO] [stderr]    Compiling either v1.16.0
[INFO] [stderr]    Compiling synstructure v0.13.2
[INFO] [stderr]    Compiling darling_core v0.23.0
[INFO] [stderr]    Compiling ppv-lite86 v0.2.21
[INFO] [stderr]    Compiling rand_chacha v0.3.1
[INFO] [stderr]    Compiling rand v0.8.6
[INFO] [stderr]    Compiling itertools v0.13.0
[INFO] [stderr]    Compiling zeroize_derive v1.5.0
[INFO] [stderr]    Compiling zerofrom-derive v0.1.7
[INFO] [stderr]    Compiling zeroize v1.9.0
[INFO] [stderr]    Compiling yoke-derive v0.8.2
[INFO] [stderr]    Compiling generic-array v0.14.7
[INFO] [stderr]    Compiling crypto-common v0.1.7
[INFO] [stderr]    Compiling block-buffer v0.10.4
[INFO] [stderr]    Compiling zerovec-derive v0.11.3
[INFO] [stderr]    Compiling digest v0.10.7
[INFO] [stderr]    Compiling zerofrom v0.1.8
[INFO] [stderr]    Compiling displaydoc v0.2.6
[INFO] [stderr]    Compiling serde_derive v1.0.228
[INFO] [stderr]    Compiling yoke v0.8.3
[INFO] [stderr]    Compiling der v0.7.10
[INFO] [stderr]    Compiling tokio-macros v2.7.0
[INFO] [stderr]    Compiling rustls-pki-types v1.15.0
[INFO] [stderr]    Compiling zerotrie v0.2.4
[INFO] [stderr]    Compiling tokio v1.52.3
[INFO] [stderr]    Compiling futures-macro v0.3.32
[INFO] [stderr]    Compiling rustls-webpki v0.103.13
[INFO] [stderr]    Compiling zerovec v0.11.6
[INFO] [stderr]    Compiling hmac v0.12.1
[INFO] [stderr]    Compiling thiserror-impl v2.0.18
[INFO] [stderr]    Compiling futures-util v0.3.32
[INFO] [stderr]    Compiling tinystr v0.8.3
[INFO] [stderr]    Compiling spki v0.7.3
[INFO] [stderr]    Compiling pkcs5 v0.7.1
[INFO] [stderr]    Compiling icu_locale_core v2.2.0
[INFO] [stderr]    Compiling potential_utf v0.1.5
[INFO] [stderr]    Compiling icu_collections v2.2.0
[INFO] [stderr]    Compiling serde v1.0.228
[INFO] [stderr]    Compiling pkcs8 v0.10.2
[INFO] [stderr]    Compiling icu_provider v2.2.0
[INFO] [stderr]    Compiling thiserror v2.0.18
[INFO] [stderr]    Compiling signature v2.2.0
[INFO] [stderr]    Compiling icu_properties v2.2.0
[INFO] [stderr]    Compiling icu_normalizer v2.2.0
[INFO] [stderr]    Compiling inout v0.1.4
[INFO] [stderr]    Compiling bstr v1.12.3
[INFO] [stderr]    Compiling cipher v0.4.4
[INFO] [stderr]    Compiling sec1 v0.7.3
[INFO] [stderr]    Compiling idna_adapter v1.2.2
[INFO] [stderr]    Compiling hkdf v0.12.4
[INFO] [stderr]    Compiling idna v1.1.0
[INFO] [stderr]    Compiling webpki-roots v1.0.8
[INFO] [stderr]    Compiling universal-hash v0.5.1
[INFO] [stderr]    Compiling crypto-bigint v0.5.5
[INFO] [stderr]    Compiling serde_urlencoded v0.7.1
[INFO] [stderr]    Compiling serde_spanned v0.6.9
[INFO] [stderr]    Compiling toml_datetime v0.6.11
[INFO] [stderr]    Compiling url v2.5.8
[INFO] [stderr]    Compiling sha2 v0.10.9
[INFO] [stderr]    Compiling hyper v1.10.1
[INFO] [stderr]    Compiling hyper-util v0.1.20
[INFO] [stderr]    Compiling tower v0.5.3
[INFO] [stderr]    Compiling tokio-rustls v0.26.4
[INFO] [stderr]    Compiling tower-http v0.6.11
[INFO] [stderr]    Compiling elliptic-curve v0.13.8
[INFO] [stderr]    Compiling tokio-util v0.7.18
[INFO] [stderr]    Compiling enumflags2_derive v0.7.12
[INFO] [stderr]    Compiling hyper-rustls v0.27.9
[INFO] [stderr]    Compiling enumflags2 v0.7.12
[INFO] [stderr]    Compiling reqwest v0.12.28
[INFO] [stderr]    Compiling toml_edit v0.22.27
[INFO] [stderr]    Compiling globset v0.4.18
[INFO] [stderr]    Compiling futures-executor v0.3.32
[INFO] [stderr]    Compiling rfc6979 v0.4.0
[INFO] [stderr]    Compiling darling_macro v0.23.0
[INFO] [stderr]    Compiling curve25519-dalek-derive v0.1.1
[INFO] [stderr]    Compiling async-trait v0.1.89
[INFO] [stderr]    Compiling darling v0.23.0
[INFO] [stderr]    Compiling ecdsa v0.16.9
[INFO] [stderr]    Compiling toml v0.8.23
[INFO] [stderr]    Compiling ignore v0.4.27
[INFO] [stderr]    Compiling futures v0.3.32
[INFO] [stderr]    Compiling landlock v0.4.5
[INFO] [stderr]    Compiling primeorder v0.13.6
[INFO] [stderr]    Compiling polyval v0.6.2
[INFO] [stderr]    Compiling grep-searcher v0.1.16
[INFO] [stderr]    Compiling grep-regex v0.1.14
[INFO] [stderr]    Compiling aead v0.5.2
[INFO] [stderr]    Compiling strum_macros v0.26.4
[INFO] [stderr]    Compiling lazy_static v1.5.0
[INFO] [stderr]    Compiling signal-hook-mio v0.2.5
[INFO] [stderr]    Compiling parking_lot v0.12.5
[INFO] [stderr]    Compiling num-iter v0.1.45
[INFO] [stderr]    Compiling quick-xml v0.41.0
[INFO] [stderr]    Compiling similar v2.7.0
[INFO] [stderr]    Compiling imagesize v0.15.0
[INFO] [stderr]    Compiling linked-hash-map v0.5.6
[INFO] [stderr]    Compiling yaml-rust v0.4.5
[INFO] [stderr]    Compiling emberly-tools v0.5.3
[INFO] [stderr]    Compiling plist v1.10.0
[INFO] [stderr]    Compiling strum v0.26.3
[INFO] [stderr]    Compiling instability v0.3.12
[INFO] [stderr]    Compiling emberly-providers v0.5.3
[INFO] [stderr]    Compiling compact_str v0.8.2
[INFO] [stderr]    Compiling unicode-truncate v1.1.0
[INFO] [stderr]    Compiling uuid v1.23.4
[INFO] [stderr]    Compiling crossterm v0.28.1
[INFO] [stderr]    Compiling ghash v0.5.1
[INFO] [stderr]    Compiling emberly-sandbox v0.5.3
[INFO] [stderr]    Compiling poly1305 v0.8.0
[INFO] [stderr]    Compiling aes v0.8.4
[INFO] [stderr]    Compiling chacha20 v0.9.1
[INFO] [stderr]    Compiling ctr v0.9.2
[INFO] [stderr]    Compiling ed25519 v2.2.3
[INFO] [stderr]    Compiling bincode v1.3.3
[INFO] [stderr]    Compiling pkcs1 v0.7.5
[INFO] [stderr]    Compiling fancy-regex v0.16.2
[INFO] [stderr]    Compiling ratatui v0.29.0
[INFO] [stderr]    Compiling rsa v0.9.10
[INFO] [stderr]    Compiling syntect v5.3.0
[INFO] [stderr]    Compiling ed25519-dalek v2.2.0
[INFO] [stderr]    Compiling aes-gcm v0.10.3
[INFO] [stderr]    Compiling chacha20poly1305 v0.10.1
[INFO] [stderr]    Compiling emberly v0.5.3 (/opt/rustwide/workdir)
[INFO] [stderr]    Compiling emberly-core v0.5.3
[INFO] [stderr]    Compiling p384 v0.13.1
[INFO] [stderr]    Compiling p256 v0.13.2
[INFO] [stderr]    Compiling x25519-dalek v2.0.1
[INFO] [stderr]    Compiling rustls-webpki v0.102.8
[INFO] [stderr]    Compiling rustls-rustcrypto v0.0.2-alpha
[INFO] [stderr]    Compiling emberly-tui v0.5.3
[INFO] [stderr]     Finished `release` profile [optimized] target(s) in 6m 20s
[INFO] running `Command { std: "docker" "inspect" "b5bdb59684dd5ad007902971a28f18f4ad7ab4682e035ef449d6749cbcefa227", kill_on_drop: false }`
[INFO] running `Command { std: "docker" "exec" "-e" "SOURCE_DIR=/opt/rustwide/workdir" "-e" "CARGO_HOME=/opt/rustwide/cargo-home" "-e" "RUSTUP_HOME=/opt/rustwide/rustup-home" "-e" "CARGO_TARGET_DIR=/opt/rustwide/target" "-e" "CARGO_INCREMENTAL=0" "-e" "RUST_BACKTRACE=full" "-e" "RUSTFLAGS=--cap-lints=warn" "-e" "RUSTDOCFLAGS=--cap-lints=warn" "-w" "/opt/rustwide/workdir" "--user" "0:0" "b5bdb59684dd5ad007902971a28f18f4ad7ab4682e035ef449d6749cbcefa227" "/opt/rustwide/cargo-home/bin/cargo" "+1.100.0-beta.1" "test" "--frozen" "--no-run" "--message-format=json" "--release", kill_on_drop: false }`
[INFO] [stderr] warning: `package.homepage` is redundant with `package.repository`
[INFO] [stderr]   --> Cargo.toml:69:12
[INFO] [stderr]    |
[INFO] [stderr] 69 | homepage = "https://github.com/wattanit/emberly-code"
[INFO] [stderr]    |            ^^^^^^^^^^^^^^^^^^^^^^^^^^^^^^^^^^^^^^^^^^
[INFO] [stderr] ...
[INFO] [stderr] 73 | repository = "https://github.com/wattanit/emberly-code"
[INFO] [stderr]    |              ------------------------------------------
[INFO] [stderr]    |
[INFO] [stderr]    = note: `cargo::redundant_homepage` is set to `warn` by default
[INFO] [stderr] help: consider removing `package.homepage`
[INFO] [stderr] warning: `emberly` (manifest) generated 1 warning
[INFO] [stderr]    Compiling emberly v0.5.3 (/opt/rustwide/workdir)
[INFO] [stderr]     Finished `release` profile [optimized] target(s) in 20.86s
[INFO] running `Command { std: "docker" "inspect" "b5bdb59684dd5ad007902971a28f18f4ad7ab4682e035ef449d6749cbcefa227", kill_on_drop: false }`
[INFO] running `Command { std: "docker" "exec" "-e" "SOURCE_DIR=/opt/rustwide/workdir" "-e" "CARGO_HOME=/opt/rustwide/cargo-home" "-e" "RUSTUP_HOME=/opt/rustwide/rustup-home" "-e" "CARGO_TARGET_DIR=/opt/rustwide/target" "-e" "CARGO_INCREMENTAL=0" "-e" "RUST_BACKTRACE=full" "-e" "RUSTFLAGS=--cap-lints=warn" "-e" "RUSTDOCFLAGS=--cap-lints=warn" "-w" "/opt/rustwide/workdir" "--user" "0:0" "b5bdb59684dd5ad007902971a28f18f4ad7ab4682e035ef449d6749cbcefa227" "/opt/rustwide/cargo-home/bin/cargo" "+1.100.0-beta.1" "test" "--frozen" "--release", kill_on_drop: false }`
[INFO] [stderr] warning: `package.homepage` is redundant with `package.repository`
[INFO] [stderr]   --> Cargo.toml:69:12
[INFO] [stderr]    |
[INFO] [stderr] 69 | homepage = "https://github.com/wattanit/emberly-code"
[INFO] [stderr]    |            ^^^^^^^^^^^^^^^^^^^^^^^^^^^^^^^^^^^^^^^^^^
[INFO] [stderr] ...
[INFO] [stderr] 73 | repository = "https://github.com/wattanit/emberly-code"
[INFO] [stderr]    |              ------------------------------------------
[INFO] [stderr]    |
[INFO] [stderr]    = note: `cargo::redundant_homepage` is set to `warn` by default
[INFO] [stderr] help: consider removing `package.homepage`
[INFO] [stderr] warning: `emberly` (manifest) generated 1 warning
[INFO] [stderr]     Finished `release` profile [optimized] target(s) in 0.57s
[INFO] [stderr]      Running unittests src/main.rs (/opt/rustwide/target/release/build/emberly/8cb180118e27f509/out/emberly-8cb180118e27f509)
[INFO] [stdout] 
[INFO] [stdout] running 67 tests
[INFO] [stdout] test config::tests::agents_md_wins_over_claude_md_with_a_notice ... ok
[INFO] [stdout] test config::tests::builtin_profiles_present_and_field_merge ... ok
[INFO] [stdout] test config::tests::claude_md_is_the_fallback ... ok
[INFO] [stdout] test config::tests::agents_config_parses_and_merges ... ok
[INFO] [stdout] test clean::tests::scan_all_finds_every_session_directory_sorted ... ok
[INFO] [stdout] test clean::tests::dir_size_sums_files_in_a_directory ... ok
[INFO] [stdout] test config::tests::document_config_parses_and_merges_scalars ... ok
[INFO] [stdout] test config::tests::completion_gate_inert_defaults_when_unconfigured ... ok
[INFO] [stdout] test clean::tests::format_size_picks_the_right_unit ... ok
[INFO] [stdout] test config::tests::completion_gate_resolves_defaults_and_checks_with_provenance ... ok
[INFO] [stdout] test config::tests::completion_check_list_replaces_rather_than_concatenates_on_merge ... ok
[INFO] [stdout] test clean::tests::scan_all_on_a_missing_root_is_empty_not_an_error ... ok
[INFO] [stdout] test config::tests::completion_config_parses_and_merges_scalars ... ok
[INFO] [stdout] test config::tests::document_max_bytes_defaults_to_32_mib_when_unconfigured ... ok
[INFO] [stdout] test config::tests::document_max_bytes_resolves_with_provenance ... ok
[INFO] [stdout] test config::tests::every_file_tier_key_is_recorded_in_show_order ... ok
[INFO] [stdout] test config::tests::family_maps_models_to_prompt_variants ... ok
[INFO] [stdout] test config::tests::rejects_group_readable_keys_file ... ok
[INFO] [stdout] test config::tests::prompt_prefers_family_variant_then_falls_back ... ok
[INFO] [stdout] test config::tests::stream_timeouts_resolve_from_config_or_fall_back_to_defaults ... ok
[INFO] [stdout] test config::tests::trust_parses_but_is_not_merged_global_only ... ok
[INFO] [stdout] test config::tests::ui_mouse_parses_and_merges ... ok
[INFO] [stdout] test config::tests::merge_replaces_active_selectors ... ok
[INFO] [stdout] test config::tests::ui_tool_explanations_parses_and_merges ... ok
[INFO] [stdout] test config::tests::parses_provider_profile_with_model_metadata ... ok
[INFO] [stdout] test config::tests::load_records_project_provenance_and_builds_system_prompt ... ok
[INFO] [stdout] test config::tests::loop_config_parses_and_merges ... ok
[INFO] [stdout] test init::tests::init_materializes_the_tree ... ok
[INFO] [stdout] test init::tests::init_never_clobbers_existing_files ... ok
[INFO] [stdout] test export::tests::export_writes_a_file_and_reports_it ... ok
[INFO] [stdout] test export::tests::resolve_by_explicit_id_is_a_plain_path_join ... ok
[INFO] [stdout] test provider_setup::tests::build_profile_errors_are_clear ... ok
[INFO] [stdout] test export::tests::resolve_with_no_id_and_no_sessions_is_an_error_not_a_panic ... ok
[INFO] [stdout] test config::tests::untouched_keys_record_no_provenance ... ok
[INFO] [stdout] test export::tests::export_includes_a_real_subagent_and_never_mutates_either_source_file ... ok
[INFO] [stdout] test provider_setup::tests::documents_flag_feeds_model_info ... ok
[INFO] [stdout] test provider_setup::tests::effort_config_declares_default_and_levels ... ok
[INFO] [stdout] test provider_setup::tests::effort_config_honors_an_explicit_level_subset ... ok
[INFO] [stdout] test provider_setup::tests::no_effort_config_means_no_control ... ok
[INFO] [stdout] test provider_setup::tests::build_profile_selects_adapter_from_config_only ... ok
[INFO] [stdout] test provider_setup::tests::per_model_metadata_feeds_model_info ... ok
[INFO] [stdout] test provider_write::tests::preserves_other_tables_and_existing_profiles ... ok
[INFO] [stdout] test provider_setup::tests::profile_file_equality_distinguishes_content_not_just_names ... ok
[INFO] [stdout] test provider_write::tests::anthropic_adapter_gets_x_api_key_scheme ... ok
[INFO] [stdout] test provider_write::tests::overwrites_an_existing_entry_for_the_same_reference ... ok
[INFO] [stdout] test provider_write::tests::writes_a_fresh_provider_toml_when_none_exists ... ok
[INFO] [stdout] test provider_write::tests::writes_key_at_0600_and_preserves_other_entries ... ok
[INFO] [stdout] test tests::a_positional_that_happens_to_read_help_is_not_swallowed ... ok
[INFO] [stdout] test tests::clean_takes_an_optional_session_id ... ok
[INFO] [stdout] test provider_setup::tests::unsupported_transport_is_a_structured_failure ... ok
[INFO] [stdout] test tests::errors_are_clean ... ok
[INFO] [stdout] test tests::every_help_topic_has_non_empty_text ... ok
[INFO] [stdout] test tests::flags_accumulate_into_run_opts ... ok
[INFO] [stdout] test tests::help_is_reachable_at_the_top_level_three_ways ... ok
[INFO] [stdout] test tests::help_is_reachable_per_subcommand ... ok
[INFO] [stdout] test tests::resume_takes_an_optional_id ... ok
[INFO] [stdout] test tests::subcommands_short_circuit ... ok
[INFO] [stdout] test trust::tests::accepts_only_deliberate_words_no_unsafe_default ... ok
[INFO] [stdout] test trust::tests::expand_tilde_uses_home ... ok
[INFO] [stdout] test trust::tests::revoke_removes_an_entry_and_re_arms_the_gate ... ok
[INFO] [stdout] test trust::tests::store_is_written_0600_and_group_readable_is_rejected ... ok
[INFO] [stdout] test trust::tests::store_round_trips_and_membership_reflects_it ... ok
[INFO] [stdout] test trust::tests::missing_store_is_empty_not_an_error ... ok
[INFO] [stdout] test trust::tests::subtree_trust_covers_descendants_only ... ok
[INFO] [stdout] test provider_setup::tests::project_scoped_server_is_refused_without_trust ... ok
[INFO] [stdout] test provider_setup::tests::project_scoped_server_connects_once_trust_is_granted ... ok
[INFO] [stderr]      Running tests/landlock_escape.rs (/opt/rustwide/target/release/build/emberly/8f99c1e6a4767fcb/out/landlock_escape-8f99c1e6a4767fcb)
[INFO] [stdout] test provider_setup::tests::mcp_server_connects_and_registers_its_tool ... ok
[INFO] [stdout] 
[INFO] [stdout] test result: ok. 67 passed; 0 failed; 0 ignored; 0 measured; 0 filtered out; finished in 0.15s
[INFO] [stdout] 
[INFO] [stdout] 
[INFO] [stdout] running 5 tests
[INFO] [stdout] test confined_child_cannot_write_outside_the_root ... ok
[INFO] [stdout] test confined_child_can_write_inside_the_root ... ok
[INFO] [stdout] test git_writable_spec_permits_dot_git_writes ... ok
[INFO] [stdout] test confined_child_cannot_write_under_git ... ok
[INFO] [stderr]      Running tests/no_vendor_code_in_providers.rs (/opt/rustwide/target/release/build/emberly/cd12d0784639767b/out/no_vendor_code_in_providers-cd12d0784639767b)
[INFO] [stdout] test genuine_git_commits_under_the_writable_profile_but_not_the_default ... ok
[INFO] [stdout] 
[INFO] [stdout] test result: ok. 5 passed; 0 failed; 0 ignored; 0 measured; 0 filtered out; finished in 0.11s
[INFO] [stdout] 
[INFO] [stdout] 
[INFO] [stdout] running 1 test
[INFO] [stdout] test no_vendor_specific_code_in_providers ... FAILED
[INFO] [stderr] error: test failed, to rerun pass `--test no_vendor_code_in_providers`
[INFO] [stdout] 
[INFO] [stdout] failures:
[INFO] [stdout] 
[INFO] [stdout] ---- no_vendor_specific_code_in_providers stdout ----
[INFO] [stdout] 
[INFO] [stdout] thread 'no_vendor_specific_code_in_providers' (3157) panicked at tests/no_vendor_code_in_providers.rs:23:19:
[INFO] [stdout] cannot read /opt/rustwide/workdir/../emberly-providers/src: No such file or directory (os error 2)
[INFO] [stdout] stack backtrace:
[INFO] [stdout]    0:     0x5b8116611b61 - <<std[617be2ca0a6fd877]::sys::backtrace::BacktraceLock>::print::DisplayBacktrace as core[a373ad73a504971]::fmt::Display>::fmt
[INFO] [stdout]    1:     0x5b8116625dba - core[a373ad73a504971]::fmt::write
[INFO] [stdout]    2:     0x5b811661606c - <alloc[2e1b2a31b91974c5]::vec::Vec<u8> as core[a373ad73a504971]::io::write::Write>::write_fmt
[INFO] [stdout]    3:     0x5b81165ed6c6 - std[617be2ca0a6fd877]::panicking::default_hook::{closure#0}
[INFO] [stdout]    4:     0x5b8116609c89 - std[617be2ca0a6fd877]::panicking::default_hook
[INFO] [stdout]    5:     0x5b81165a5950 - test[aada8e7e76ba119b]::test_main_inner::{closure#0}
[INFO] [stdout]    6:     0x5b8116609e42 - std[617be2ca0a6fd877]::panicking::panic_with_hook
[INFO] [stdout]    7:     0x5b81165ed772 - std[617be2ca0a6fd877]::panicking::panic_handler::{closure#0}
[INFO] [stdout]    8:     0x5b81165e6259 - std[617be2ca0a6fd877]::sys::backtrace::__rust_end_short_backtrace::<std[617be2ca0a6fd877]::panicking::panic_handler::{closure#0}, !>
[INFO] [stdout]    9:     0x5b81165ee37d - __rustc[ea4f61d10b84890b]::rust_begin_unwind
[INFO] [stdout]   10:     0x5b81166264ec - core[a373ad73a504971]::panicking::panic_fmt
[INFO] [stdout]   11:     0x5b81165988ef - no_vendor_code_in_providers[e1ac855278b4e4a2]::check_dir
[INFO] [stdout]   12:     0x5b8116598c6b - <no_vendor_code_in_providers[e1ac855278b4e4a2]::no_vendor_specific_code_in_providers::{closure#0} as core[a373ad73a504971]::ops::function::FnOnce<()>>::call_once
[INFO] [stdout]   13:     0x5b8116598d9b - test[aada8e7e76ba119b]::__rust_begin_short_backtrace::<core[a373ad73a504971]::result::Result<(), alloc[2e1b2a31b91974c5]::string::String>, fn() -> core[a373ad73a504971]::result::Result<(), alloc[2e1b2a31b91974c5]::string::String>>
[INFO] [stdout]   14:     0x5b81165a5f75 - test[aada8e7e76ba119b]::run_test::{closure#0}
[INFO] [stdout]   15:     0x5b811659f864 - std[617be2ca0a6fd877]::sys::backtrace::__rust_begin_short_backtrace::<test[aada8e7e76ba119b]::run_test::{closure#1}, ()>
[INFO] [stdout]   16:     0x5b81165a9002 - <std[617be2ca0a6fd877]::thread::lifecycle::spawn_unchecked<test[aada8e7e76ba119b]::run_test::{closure#1}, ()>::{closure#1} as core[a373ad73a504971]::ops::function::FnOnce<()>>::call_once::{shim:vtable#0}
[INFO] [stdout]   17:     0x5b811661105f - <std[617be2ca0a6fd877]::sys::thread::unix::Thread>::new::thread_start
[INFO] [stdout]   18:     0x7a6504a44dfa - <unknown>
[INFO] [stdout]   19:     0x7a6504ad83d4 - clone
[INFO] [stdout]   20:                0x0 - <unknown>
[INFO] [stdout] 
[INFO] [stdout] 
[INFO] [stdout] failures:
[INFO] [stdout]     no_vendor_specific_code_in_providers
[INFO] [stdout] 
[INFO] [stdout] test result: FAILED. 0 passed; 1 failed; 0 ignored; 0 measured; 0 filtered out; finished in 0.00s
[INFO] [stdout] 
[INFO] running `Command { std: "docker" "inspect" "b5bdb59684dd5ad007902971a28f18f4ad7ab4682e035ef449d6749cbcefa227", kill_on_drop: false }`
[INFO] running `Command { std: "docker" "rm" "-f" "b5bdb59684dd5ad007902971a28f18f4ad7ab4682e035ef449d6749cbcefa227", kill_on_drop: false }`
[INFO] [stdout] b5bdb59684dd5ad007902971a28f18f4ad7ab4682e035ef449d6749cbcefa227
