[INFO] fetching crate embedded-timers 0.4.0...
[INFO] testing embedded-timers-0.4.0 against 1.99.0-beta.8+cargoflags=--release for beta-release-1.100-2
[INFO] extracting crate embedded-timers 0.4.0 into /workspace/builds/worker-0-tc1/source
[INFO] started tweaking crates.io crate embedded-timers 0.4.0
[INFO] finished tweaking crates.io crate embedded-timers 0.4.0
[INFO] tweaked toml for crates.io crate embedded-timers 0.4.0 written to /workspace/builds/worker-0-tc1/source/Cargo.toml
[INFO] validating manifest of crates.io crate embedded-timers 0.4.0 on toolchain 1.99.0-beta.8
[INFO] running `Command { std: CARGO_HOME="/workspace/cargo-home" RUSTUP_HOME="/workspace/rustup-home" "/workspace/cargo-home/bin/cargo" "+1.99.0-beta.8" "metadata" "--manifest-path" "Cargo.toml" "--no-deps", kill_on_drop: false }`
[INFO] running `Command { std: CARGO_HOME="/workspace/cargo-home" RUSTUP_HOME="/workspace/rustup-home" "/workspace/cargo-home/bin/cargo" "+1.99.0-beta.8" "generate-lockfile" "--manifest-path" "Cargo.toml", kill_on_drop: false }`
[INFO] [stderr]     Updating crates.io index
[INFO] [stderr]      Locking 33 packages to highest compatible versions
[INFO] [stderr]       Adding embedded-hal-mock v0.8.0 (available: v0.11.1)
[INFO] [stderr]       Adding mockall v0.11.4 (available: v0.15.0)
[INFO] running `Command { std: CARGO_HOME="/workspace/cargo-home" RUSTUP_HOME="/workspace/rustup-home" "/workspace/cargo-home/bin/cargo" "+1.99.0-beta.8" "fetch" "--manifest-path" "Cargo.toml", kill_on_drop: false }`
[INFO] [stderr]  Downloading crates ...
[INFO] [stderr]   Downloaded embedded-hal-mock v0.8.0
[INFO] running `Command { std: "docker" "create" "-v" "/var/lib/crater-agent-workspace/builds/worker-0-tc1/source:/opt/rustwide/workdir:ro,Z" "-v" "/var/lib/crater-agent-workspace/builds/worker-0-tc1/target:/opt/rustwide/target:rw,Z" "-v" "/var/lib/crater-agent-workspace/cargo-home:/opt/rustwide/cargo-home:ro,Z" "-v" "/var/lib/crater-agent-workspace/rustup-home:/opt/rustwide/rustup-home:ro,Z" "-m" "1610612736" "--network" "none" "ghcr.io/rust-lang/crates-build-env/linux@sha256:77db811e55d90add9212f6832c23229e3de5f1c1f9905e8cb07319ea15df73ac" "sleep" "infinity", kill_on_drop: false }`
[INFO] [stdout] 58b451594b91f92ef6e4b9fab30931e342c614b6a6c672542a64dce981154059
[INFO] running `Command { std: "docker" "start" "58b451594b91f92ef6e4b9fab30931e342c614b6a6c672542a64dce981154059", kill_on_drop: false }`
[INFO] running `Command { std: "docker" "inspect" "58b451594b91f92ef6e4b9fab30931e342c614b6a6c672542a64dce981154059", kill_on_drop: false }`
[INFO] running `Command { std: "docker" "exec" "-e" "SOURCE_DIR=/opt/rustwide/workdir" "-e" "CARGO_HOME=/opt/rustwide/cargo-home" "-e" "RUSTUP_HOME=/opt/rustwide/rustup-home" "-e" "CARGO_TARGET_DIR=/opt/rustwide/target" "-w" "/opt/rustwide/workdir" "--user" "0:0" "58b451594b91f92ef6e4b9fab30931e342c614b6a6c672542a64dce981154059" "/opt/rustwide/cargo-home/bin/cargo" "+1.99.0-beta.8" "metadata" "--no-deps" "--format-version=1", kill_on_drop: false }`
[INFO] running `Command { std: "docker" "inspect" "58b451594b91f92ef6e4b9fab30931e342c614b6a6c672542a64dce981154059", kill_on_drop: false }`
[INFO] running `Command { std: "docker" "exec" "-e" "SOURCE_DIR=/opt/rustwide/workdir" "-e" "CARGO_HOME=/opt/rustwide/cargo-home" "-e" "RUSTUP_HOME=/opt/rustwide/rustup-home" "-e" "CARGO_TARGET_DIR=/opt/rustwide/target" "-e" "CARGO_INCREMENTAL=0" "-e" "RUST_BACKTRACE=full" "-e" "RUSTFLAGS=--cap-lints=warn" "-e" "RUSTDOCFLAGS=--cap-lints=warn" "-w" "/opt/rustwide/workdir" "--user" "0:0" "58b451594b91f92ef6e4b9fab30931e342c614b6a6c672542a64dce981154059" "/opt/rustwide/cargo-home/bin/cargo" "+1.99.0-beta.8" "build" "--frozen" "--message-format=json" "--release", kill_on_drop: false }`
[INFO] [stderr]    Compiling embedded-timers v0.4.0 (/opt/rustwide/workdir)
[INFO] [stderr]     Finished `release` profile [optimized] target(s) in 0.36s
[INFO] running `Command { std: "docker" "inspect" "58b451594b91f92ef6e4b9fab30931e342c614b6a6c672542a64dce981154059", kill_on_drop: false }`
[INFO] running `Command { std: "docker" "exec" "-e" "SOURCE_DIR=/opt/rustwide/workdir" "-e" "CARGO_HOME=/opt/rustwide/cargo-home" "-e" "RUSTUP_HOME=/opt/rustwide/rustup-home" "-e" "CARGO_TARGET_DIR=/opt/rustwide/target" "-e" "CARGO_INCREMENTAL=0" "-e" "RUST_BACKTRACE=full" "-e" "RUSTFLAGS=--cap-lints=warn" "-e" "RUSTDOCFLAGS=--cap-lints=warn" "-w" "/opt/rustwide/workdir" "--user" "0:0" "58b451594b91f92ef6e4b9fab30931e342c614b6a6c672542a64dce981154059" "/opt/rustwide/cargo-home/bin/cargo" "+1.99.0-beta.8" "test" "--frozen" "--no-run" "--message-format=json" "--release", kill_on_drop: false }`
[INFO] [stderr]    Compiling aho-corasick v1.1.5
[INFO] [stderr]    Compiling predicates-core v1.0.10
[INFO] [stderr]    Compiling either v1.19.0
[INFO] [stderr]    Compiling nb v0.1.3
[INFO] [stderr]    Compiling difflib v0.4.0
[INFO] [stderr]    Compiling float-cmp v0.9.0
[INFO] [stderr]    Compiling termtree v0.5.1
[INFO] [stderr]    Compiling syn v1.0.109
[INFO] [stderr]    Compiling normalize-line-endings v0.3.0
[INFO] [stderr]    Compiling fragile v2.1.0
[INFO] [stderr]    Compiling embedded-hal v0.2.7
[INFO] [stderr]    Compiling predicates-tree v1.0.13
[INFO] [stderr]    Compiling itertools v0.10.5
[INFO] [stderr]    Compiling lazy_static v1.5.1
[INFO] [stderr]    Compiling downcast v0.11.0
[INFO] [stderr]    Compiling embedded-hal-mock v0.8.0
[INFO] [stderr]    Compiling regex-automata v0.4.18
[INFO] [stderr]    Compiling mockall_derive v0.11.4
[INFO] [stderr]    Compiling regex v1.13.1
[INFO] [stderr]    Compiling predicates v2.1.5
[INFO] [stderr]    Compiling mockall v0.11.4
[INFO] [stderr]    Compiling embedded-timers v0.4.0 (/opt/rustwide/workdir)
[INFO] [stderr]     Finished `release` profile [optimized] target(s) in 39.93s
[INFO] running `Command { std: "docker" "inspect" "58b451594b91f92ef6e4b9fab30931e342c614b6a6c672542a64dce981154059", kill_on_drop: false }`
[INFO] running `Command { std: "docker" "exec" "-e" "SOURCE_DIR=/opt/rustwide/workdir" "-e" "CARGO_HOME=/opt/rustwide/cargo-home" "-e" "RUSTUP_HOME=/opt/rustwide/rustup-home" "-e" "CARGO_TARGET_DIR=/opt/rustwide/target" "-e" "CARGO_INCREMENTAL=0" "-e" "RUST_BACKTRACE=full" "-e" "RUSTFLAGS=--cap-lints=warn" "-e" "RUSTDOCFLAGS=--cap-lints=warn" "-w" "/opt/rustwide/workdir" "--user" "0:0" "58b451594b91f92ef6e4b9fab30931e342c614b6a6c672542a64dce981154059" "/opt/rustwide/cargo-home/bin/cargo" "+1.99.0-beta.8" "test" "--frozen" "--release", kill_on_drop: false }`
[INFO] [stderr]     Finished `release` profile [optimized] target(s) in 0.08s
[INFO] [stderr]      Running unittests src/lib.rs (/opt/rustwide/target/release/deps/embedded_timers-699599f51130a23e)
[INFO] [stdout] 
[INFO] [stdout] running 5 tests
[INFO] [stdout] test delay::tests::delay_us_basic ... ok
[INFO] [stdout] test timer::tests::test_timer_cancel ... ok
[INFO] [stdout] test delay::tests::delay_ms_basic ... ok
[INFO] [stdout] test timer::tests::test_clock_mock ... ok
[INFO] [stderr]    Doc-tests embedded_timers
[INFO] [stdout] test timer::tests::test_timer_basic ... ok
[INFO] [stdout] 
[INFO] [stdout] test result: ok. 5 passed; 0 failed; 0 ignored; 0 measured; 0 filtered out; finished in 0.01s
[INFO] [stdout] 
[INFO] [stdout] 
[INFO] [stdout] running 10 tests
[INFO] [stdout] test src/lib.rs - (line 119) - compile ... FAILED
[INFO] [stdout] test src/instant.rs - instant::Instant::duration_since (line 84) - compile ... ok
[INFO] [stdout] test src/instant.rs - instant::Instant::checked_duration_since (line 115) - compile ... ok
[INFO] [stdout] test src/clock.rs - clock::Clock::elapsed (line 60) - compile ... ok
[INFO] [stdout] test src/lib.rs - (line 145) - compile ... FAILED
[INFO] [stdout] test src/instant.rs - instant::Instant::saturating_duration_since (line 144) - compile ... ok
[INFO] [stdout] test src/lib.rs - (line 175) - compile ... FAILED
[INFO] [stdout] test src/lib.rs - (line 77) ... FAILED
[INFO] [stdout] test src/lib.rs - (line 48) ... ok
[INFO] [stdout] test src/lib.rs - (line 92) ... ok
[INFO] [stdout] 
[INFO] [stdout] failures:
[INFO] [stdout] 
[INFO] [stdout] ---- src/lib.rs - (line 119) stdout ----
[INFO] [stdout] error[E0277]: the trait bound `std::time::Instant: embedded_timers::instant::Instant` is not satisfied
[INFO] [stdout]    --> src/lib.rs:126:20
[INFO] [stdout]     |
[INFO] [stdout] 126 |     type Instant = std::time::Instant;
[INFO] [stdout]     |                    ^^^^^^^^^^^^^^^^^^ the trait `embedded_timers::instant::Instant` is not implemented for `std::time::Instant`
[INFO] [stdout]     |
[INFO] [stdout] help: the following other types implement trait `embedded_timers::instant::Instant`
[INFO] [stdout]    --> src/instant.rs:226:1
[INFO] [stdout]     |
[INFO] [stdout] 226 | impl Instant for TimespecInstant {
[INFO] [stdout]     | ^^^^^^^^^^^^^^^^^^^^^^^^^^^^^^^^ `TimespecInstant`
[INFO] [stdout] ...
[INFO] [stdout] 334 |         impl<const TICKS_PER_SEC: u32> Instant for $instant_name<TICKS_PER_SEC> {
[INFO] [stdout]     |         ^^^^^^^^^^^^^^^^^^^^^^^^^^^^^^^^^^^^^^^^^^^^^^^^^^^^^^^^^^^^^^^^^^^^^^^
[INFO] [stdout]     |         |
[INFO] [stdout]     |         `Instant32<TICKS_PER_SEC>`
[INFO] [stdout]     |         `Instant64<TICKS_PER_SEC>`
[INFO] [stdout] ...
[INFO] [stdout] 429 | impl_instant!(Instant32, u32);
[INFO] [stdout]     | ----------------------------- in this macro invocation
[INFO] [stdout] 430 | impl_instant!(Instant64, u64);
[INFO] [stdout]     | ----------------------------- in this macro invocation
[INFO] [stdout] note: required by a bound in `embedded_timers::clock::Clock::Instant`
[INFO] [stdout]    --> src/clock.rs:47:19
[INFO] [stdout]     |
[INFO] [stdout]  47 |     type Instant: Instant;
[INFO] [stdout]     |                   ^^^^^^^ required by this bound in `Clock::Instant`
[INFO] [stdout]     = note: this error originates in the macro `impl_instant` (in Nightly builds, run with -Z macro-backtrace for more info)
[INFO] [stdout] 
[INFO] [stdout] error: aborting due to 1 previous error
[INFO] [stdout] 
[INFO] [stdout] For more information about this error, try `rustc --explain E0277`.
[INFO] [stdout] Couldn't compile the test.
[INFO] [stdout] ---- src/lib.rs - (line 145) stdout ----
[INFO] [stdout] error[E0277]: the trait bound `std::time::Instant: embedded_timers::instant::Instant` is not satisfied
[INFO] [stdout]    --> src/lib.rs:152:20
[INFO] [stdout]     |
[INFO] [stdout] 152 |     type Instant = std::time::Instant;
[INFO] [stdout]     |                    ^^^^^^^^^^^^^^^^^^ the trait `embedded_timers::instant::Instant` is not implemented for `std::time::Instant`
[INFO] [stdout]     |
[INFO] [stdout] help: the following other types implement trait `embedded_timers::instant::Instant`
[INFO] [stdout]    --> src/instant.rs:226:1
[INFO] [stdout]     |
[INFO] [stdout] 226 | impl Instant for TimespecInstant {
[INFO] [stdout]     | ^^^^^^^^^^^^^^^^^^^^^^^^^^^^^^^^ `TimespecInstant`
[INFO] [stdout] ...
[INFO] [stdout] 334 |         impl<const TICKS_PER_SEC: u32> Instant for $instant_name<TICKS_PER_SEC> {
[INFO] [stdout]     |         ^^^^^^^^^^^^^^^^^^^^^^^^^^^^^^^^^^^^^^^^^^^^^^^^^^^^^^^^^^^^^^^^^^^^^^^
[INFO] [stdout]     |         |
[INFO] [stdout]     |         `Instant32<TICKS_PER_SEC>`
[INFO] [stdout]     |         `Instant64<TICKS_PER_SEC>`
[INFO] [stdout] ...
[INFO] [stdout] 429 | impl_instant!(Instant32, u32);
[INFO] [stdout]     | ----------------------------- in this macro invocation
[INFO] [stdout] 430 | impl_instant!(Instant64, u64);
[INFO] [stdout]     | ----------------------------- in this macro invocation
[INFO] [stdout] note: required by a bound in `embedded_timers::clock::Clock::Instant`
[INFO] [stdout]    --> src/clock.rs:47:19
[INFO] [stdout]     |
[INFO] [stdout]  47 |     type Instant: Instant;
[INFO] [stdout]     |                   ^^^^^^^ required by this bound in `Clock::Instant`
[INFO] [stdout]     = note: this error originates in the macro `impl_instant` (in Nightly builds, run with -Z macro-backtrace for more info)
[INFO] [stdout] 
[INFO] [stdout] error: aborting due to 1 previous error
[INFO] [stdout] 
[INFO] [stdout] For more information about this error, try `rustc --explain E0277`.
[INFO] [stdout] Couldn't compile the test.
[INFO] [stdout] ---- src/lib.rs - (line 175) stdout ----
[INFO] [stdout] error[E0277]: the trait bound `std::time::Instant: embedded_timers::instant::Instant` is not satisfied
[INFO] [stdout]    --> src/lib.rs:183:20
[INFO] [stdout]     |
[INFO] [stdout] 183 |     type Instant = std::time::Instant;
[INFO] [stdout]     |                    ^^^^^^^^^^^^^^^^^^ the trait `embedded_timers::instant::Instant` is not implemented for `std::time::Instant`
[INFO] [stdout]     |
[INFO] [stdout] help: the following other types implement trait `embedded_timers::instant::Instant`
[INFO] [stdout]    --> src/instant.rs:226:1
[INFO] [stdout]     |
[INFO] [stdout] 226 | impl Instant for TimespecInstant {
[INFO] [stdout]     | ^^^^^^^^^^^^^^^^^^^^^^^^^^^^^^^^ `TimespecInstant`
[INFO] [stdout] ...
[INFO] [stdout] 334 |         impl<const TICKS_PER_SEC: u32> Instant for $instant_name<TICKS_PER_SEC> {
[INFO] [stdout]     |         ^^^^^^^^^^^^^^^^^^^^^^^^^^^^^^^^^^^^^^^^^^^^^^^^^^^^^^^^^^^^^^^^^^^^^^^
[INFO] [stdout]     |         |
[INFO] [stdout]     |         `Instant32<TICKS_PER_SEC>`
[INFO] [stdout]     |         `Instant64<TICKS_PER_SEC>`
[INFO] [stdout] ...
[INFO] [stdout] 429 | impl_instant!(Instant32, u32);
[INFO] [stdout]     | ----------------------------- in this macro invocation
[INFO] [stdout] 430 | impl_instant!(Instant64, u64);
[INFO] [stdout]     | ----------------------------- in this macro invocation
[INFO] [stdout] note: required by a bound in `embedded_timers::clock::Clock::Instant`
[INFO] [stdout]    --> src/clock.rs:47:19
[INFO] [stdout]     |
[INFO] [stdout]  47 |     type Instant: Instant;
[INFO] [stdout]     |                   ^^^^^^^ required by this bound in `Clock::Instant`
[INFO] [stdout]     = note: this error originates in the macro `impl_instant` (in Nightly builds, run with -Z macro-backtrace for more info)
[INFO] [stdout] 
[INFO] [stdout] error: aborting due to 1 previous error
[INFO] [stdout] 
[INFO] [stdout] For more information about this error, try `rustc --explain E0277`.
[INFO] [stdout] Couldn't compile the test.
[INFO] [stdout] ---- src/lib.rs - (line 77) stdout ----
[INFO] [stdout] error[E0277]: the trait bound `std::time::Instant: embedded_timers::instant::Instant` is not satisfied
[INFO] [stdout]    --> src/lib.rs:82:20
[INFO] [stdout]     |
[INFO] [stdout]  82 |     type Instant = std::time::Instant;
[INFO] [stdout]     |                    ^^^^^^^^^^^^^^^^^^ the trait `embedded_timers::instant::Instant` is not implemented for `std::time::Instant`
[INFO] [stdout]     |
[INFO] [stdout] help: the following other types implement trait `embedded_timers::instant::Instant`
[INFO] [stdout]    --> src/instant.rs:226:1
[INFO] [stdout]     |
[INFO] [stdout] 226 | impl Instant for TimespecInstant {
[INFO] [stdout]     | ^^^^^^^^^^^^^^^^^^^^^^^^^^^^^^^^ `TimespecInstant`
[INFO] [stdout] ...
[INFO] [stdout] 334 |         impl<const TICKS_PER_SEC: u32> Instant for $instant_name<TICKS_PER_SEC> {
[INFO] [stdout]     |         ^^^^^^^^^^^^^^^^^^^^^^^^^^^^^^^^^^^^^^^^^^^^^^^^^^^^^^^^^^^^^^^^^^^^^^^
[INFO] [stdout]     |         |
[INFO] [stdout]     |         `Instant32<TICKS_PER_SEC>`
[INFO] [stdout]     |         `Instant64<TICKS_PER_SEC>`
[INFO] [stdout] ...
[INFO] [stdout] 429 | impl_instant!(Instant32, u32);
[INFO] [stdout]     | ----------------------------- in this macro invocation
[INFO] [stdout] 430 | impl_instant!(Instant64, u64);
[INFO] [stdout]     | ----------------------------- in this macro invocation
[INFO] [stdout] note: required by a bound in `embedded_timers::clock::Clock::Instant`
[INFO] [stdout]    --> src/clock.rs:47:19
[INFO] [stdout]     |
[INFO] [stdout]  47 |     type Instant: Instant;
[INFO] [stdout]     |                   ^^^^^^^ required by this bound in `Clock::Instant`
[INFO] [stdout]     = note: this error originates in the macro `impl_instant` (in Nightly builds, run with -Z macro-backtrace for more info)
[INFO] [stdout] 
[INFO] [stdout] error: aborting due to 1 previous error
[INFO] [stdout] 
[INFO] [stdout] For more information about this error, try `rustc --explain E0277`.
[INFO] [stdout] Couldn't compile the test.
[INFO] [stdout] 
[INFO] [stdout] failures:
[INFO] [stdout]     src/lib.rs - (line 119)
[INFO] [stdout]     src/lib.rs - (line 145)
[INFO] [stdout]     src/lib.rs - (line 175)
[INFO] [stdout]     src/lib.rs - (line 77)
[INFO] [stdout] 
[INFO] [stdout] test result: FAILED. 6 passed; 4 failed; 0 ignored; 0 measured; 0 filtered out; finished in 0.62s
[INFO] [stdout] 
[INFO] [stderr] error: doctest failed, to rerun pass `--doc`
[INFO] running `Command { std: "docker" "inspect" "58b451594b91f92ef6e4b9fab30931e342c614b6a6c672542a64dce981154059", kill_on_drop: false }`
[INFO] running `Command { std: "docker" "rm" "-f" "58b451594b91f92ef6e4b9fab30931e342c614b6a6c672542a64dce981154059", kill_on_drop: false }`
[INFO] [stdout] 58b451594b91f92ef6e4b9fab30931e342c614b6a6c672542a64dce981154059
