[INFO] fetching crate embedded-camsense-x1 0.1.0...
[INFO] testing embedded-camsense-x1-0.1.0 against 1.99.0-beta.8+cargoflags=--release for beta-release-1.100-2
[INFO] extracting crate embedded-camsense-x1 0.1.0 into /workspace/builds/worker-5-tc1/source
[INFO] started tweaking crates.io crate embedded-camsense-x1 0.1.0
[INFO] finished tweaking crates.io crate embedded-camsense-x1 0.1.0
[INFO] tweaked toml for crates.io crate embedded-camsense-x1 0.1.0 written to /workspace/builds/worker-5-tc1/source/Cargo.toml
[INFO] validating manifest of crates.io crate embedded-camsense-x1 0.1.0 on toolchain 1.99.0-beta.8
[INFO] running `Command { std: CARGO_HOME="/workspace/cargo-home" RUSTUP_HOME="/workspace/rustup-home" "/workspace/cargo-home/bin/cargo" "+1.99.0-beta.8" "metadata" "--manifest-path" "Cargo.toml" "--no-deps", kill_on_drop: false }`
[INFO] crate crates.io crate embedded-camsense-x1 0.1.0 already has a lockfile, it will not be regenerated
[INFO] running `Command { std: CARGO_HOME="/workspace/cargo-home" RUSTUP_HOME="/workspace/rustup-home" "/workspace/cargo-home/bin/cargo" "+1.99.0-beta.8" "fetch" "--manifest-path" "Cargo.toml", kill_on_drop: false }`
[INFO] [stderr]     Updating crates.io index
[INFO] [stderr]  Downloading crates ...
[INFO] [stderr]   Downloaded futures-timer v3.0.4
[INFO] [stderr]   Downloaded toml_edit v0.25.12+spec-1.1.0
[INFO] [stderr]   Downloaded rstest v0.26.1
[INFO] [stderr]   Downloaded bisync v0.3.0
[INFO] [stderr]   Downloaded relative-path v1.9.3
[INFO] [stderr]   Downloaded rstest_macros v0.26.1
[INFO] [stderr]   Downloaded embedded-hal-nb v1.0.0
[INFO] [stderr]   Downloaded num v0.3.1
[INFO] [stderr]   Downloaded bisync_macros v0.2.3
[INFO] [stderr]   Downloaded defmt-macros v1.1.0
[INFO] [stderr]   Downloaded defmt v1.1.0
[INFO] [stderr]   Downloaded num-rational v0.3.2
[INFO] [stderr]   Downloaded num-complex v0.3.1
[INFO] [stderr]   Downloaded embedded-hal-mock v0.11.1
[INFO] [stderr]   Downloaded embedded-time v0.12.1
[INFO] [stderr]   Downloaded micromath v2.1.0
[INFO] running `Command { std: "docker" "create" "-v" "/var/lib/crater-agent-workspace/builds/worker-5-tc1/source:/opt/rustwide/workdir:ro,Z" "-v" "/var/lib/crater-agent-workspace/builds/worker-5-tc1/target:/opt/rustwide/target:rw,Z" "-v" "/var/lib/crater-agent-workspace/cargo-home:/opt/rustwide/cargo-home:ro,Z" "-v" "/var/lib/crater-agent-workspace/rustup-home:/opt/rustwide/rustup-home:ro,Z" "-m" "1610612736" "--network" "none" "ghcr.io/rust-lang/crates-build-env/linux@sha256:77db811e55d90add9212f6832c23229e3de5f1c1f9905e8cb07319ea15df73ac" "sleep" "infinity", kill_on_drop: false }`
[INFO] [stdout] 79f482e426be800c3ae7793243bce0b6d14ea84242cc64f22c81ec30ded276f0
[INFO] running `Command { std: "docker" "start" "79f482e426be800c3ae7793243bce0b6d14ea84242cc64f22c81ec30ded276f0", kill_on_drop: false }`
[INFO] running `Command { std: "docker" "inspect" "79f482e426be800c3ae7793243bce0b6d14ea84242cc64f22c81ec30ded276f0", kill_on_drop: false }`
[INFO] running `Command { std: "docker" "exec" "-e" "SOURCE_DIR=/opt/rustwide/workdir" "-e" "CARGO_HOME=/opt/rustwide/cargo-home" "-e" "RUSTUP_HOME=/opt/rustwide/rustup-home" "-e" "CARGO_TARGET_DIR=/opt/rustwide/target" "-w" "/opt/rustwide/workdir" "--user" "0:0" "79f482e426be800c3ae7793243bce0b6d14ea84242cc64f22c81ec30ded276f0" "/opt/rustwide/cargo-home/bin/cargo" "+1.99.0-beta.8" "metadata" "--no-deps" "--format-version=1", kill_on_drop: false }`
[INFO] running `Command { std: "docker" "inspect" "79f482e426be800c3ae7793243bce0b6d14ea84242cc64f22c81ec30ded276f0", kill_on_drop: false }`
[INFO] running `Command { std: "docker" "exec" "-e" "SOURCE_DIR=/opt/rustwide/workdir" "-e" "CARGO_HOME=/opt/rustwide/cargo-home" "-e" "RUSTUP_HOME=/opt/rustwide/rustup-home" "-e" "CARGO_TARGET_DIR=/opt/rustwide/target" "-e" "CARGO_INCREMENTAL=0" "-e" "RUST_BACKTRACE=full" "-e" "RUSTFLAGS=--cap-lints=warn" "-e" "RUSTDOCFLAGS=--cap-lints=warn" "-w" "/opt/rustwide/workdir" "--user" "0:0" "79f482e426be800c3ae7793243bce0b6d14ea84242cc64f22c81ec30ded276f0" "/opt/rustwide/cargo-home/bin/cargo" "+1.99.0-beta.8" "build" "--frozen" "--message-format=json" "--release", kill_on_drop: false }`
[INFO] [stderr]    Compiling bisync_macros v0.2.3
[INFO] [stderr]    Compiling embedded-hal v1.0.0
[INFO] [stderr]    Compiling micromath v2.1.0
[INFO] [stderr]    Compiling embedded-io v0.7.1
[INFO] [stderr]    Compiling bisync v0.3.0
[INFO] [stderr]    Compiling embedded-camsense-x1 v0.1.0 (/opt/rustwide/workdir)
[INFO] [stderr]     Finished `release` profile [optimized] target(s) in 0.66s
[INFO] running `Command { std: "docker" "inspect" "79f482e426be800c3ae7793243bce0b6d14ea84242cc64f22c81ec30ded276f0", kill_on_drop: false }`
[INFO] running `Command { std: "docker" "exec" "-e" "SOURCE_DIR=/opt/rustwide/workdir" "-e" "CARGO_HOME=/opt/rustwide/cargo-home" "-e" "RUSTUP_HOME=/opt/rustwide/rustup-home" "-e" "CARGO_TARGET_DIR=/opt/rustwide/target" "-e" "CARGO_INCREMENTAL=0" "-e" "RUST_BACKTRACE=full" "-e" "RUSTFLAGS=--cap-lints=warn" "-e" "RUSTDOCFLAGS=--cap-lints=warn" "-w" "/opt/rustwide/workdir" "--user" "0:0" "79f482e426be800c3ae7793243bce0b6d14ea84242cc64f22c81ec30ded276f0" "/opt/rustwide/cargo-home/bin/cargo" "+1.99.0-beta.8" "test" "--frozen" "--no-run" "--message-format=json" "--release", kill_on_drop: false }`
[INFO] [stderr]    Compiling num-traits v0.2.19
[INFO] [stderr]    Compiling num-rational v0.3.2
[INFO] [stderr]    Compiling memchr v2.8.2
[INFO] [stderr]    Compiling winnow v1.0.3
[INFO] [stderr]    Compiling regex-syntax v0.8.11
[INFO] [stderr]    Compiling toml_datetime v1.1.1+spec-1.1.0
[INFO] [stderr]    Compiling nb v1.1.0
[INFO] [stderr]    Compiling embedded-hal-async v1.0.0
[INFO] [stderr]    Compiling indexmap v2.14.0
[INFO] [stderr]    Compiling glob v0.3.3
[INFO] [stderr]    Compiling void v1.0.2
[INFO] [stderr]    Compiling cfg-if v1.0.4
[INFO] [stderr]    Compiling rstest_macros v0.26.1
[INFO] [stderr]    Compiling relative-path v1.9.3
[INFO] [stderr]    Compiling syn v2.0.106
[INFO] [stderr]    Compiling futures-timer v3.0.4
[INFO] [stderr]    Compiling nb v0.1.3
[INFO] [stderr]    Compiling embedded-hal-nb v1.0.0
[INFO] [stderr]    Compiling embedded-hal v0.2.7
[INFO] [stderr]    Compiling aho-corasick v1.1.4
[INFO] [stderr]    Compiling num-integer v0.1.46
[INFO] [stderr]    Compiling num-complex v0.3.1
[INFO] [stderr]    Compiling num-iter v0.1.45
[INFO] [stderr]    Compiling toml_parser v1.1.2+spec-1.1.0
[INFO] [stderr]    Compiling num v0.3.1
[INFO] [stderr]    Compiling embedded-time v0.12.1
[INFO] [stderr]    Compiling toml_edit v0.25.12+spec-1.1.0
[INFO] [stderr]    Compiling regex-automata v0.4.14
[INFO] [stderr]    Compiling proc-macro-crate v3.5.0
[INFO] [stderr]    Compiling embedded-hal-mock v0.11.1
[INFO] [stderr]    Compiling regex v1.12.4
[INFO] [stderr]    Compiling futures-macro v0.3.32
[INFO] [stderr]    Compiling futures-util v0.3.32
[INFO] [stderr]    Compiling rstest v0.26.1
[INFO] [stderr]    Compiling embedded-camsense-x1 v0.1.0 (/opt/rustwide/workdir)
[INFO] [stderr]     Finished `release` profile [optimized] target(s) in 22.68s
[INFO] running `Command { std: "docker" "inspect" "79f482e426be800c3ae7793243bce0b6d14ea84242cc64f22c81ec30ded276f0", kill_on_drop: false }`
[INFO] running `Command { std: "docker" "exec" "-e" "SOURCE_DIR=/opt/rustwide/workdir" "-e" "CARGO_HOME=/opt/rustwide/cargo-home" "-e" "RUSTUP_HOME=/opt/rustwide/rustup-home" "-e" "CARGO_TARGET_DIR=/opt/rustwide/target" "-e" "CARGO_INCREMENTAL=0" "-e" "RUST_BACKTRACE=full" "-e" "RUSTFLAGS=--cap-lints=warn" "-e" "RUSTDOCFLAGS=--cap-lints=warn" "-w" "/opt/rustwide/workdir" "--user" "0:0" "79f482e426be800c3ae7793243bce0b6d14ea84242cc64f22c81ec30ded276f0" "/opt/rustwide/cargo-home/bin/cargo" "+1.99.0-beta.8" "test" "--frozen" "--release", kill_on_drop: false }`
[INFO] [stderr]     Finished `release` profile [optimized] target(s) in 0.11s
[INFO] [stderr]      Running unittests src/lib.rs (/opt/rustwide/target/release/deps/embedded_camsense_x1-035ce851f4a7ca98)
[INFO] [stdout] 
[INFO] [stdout] running 0 tests
[INFO] [stdout] 
[INFO] [stdout] test result: ok. 0 passed; 0 failed; 0 ignored; 0 measured; 0 filtered out; finished in 0.00s
[INFO] [stdout] 
[INFO] [stderr]    Doc-tests embedded_camsense_x1
[INFO] [stdout] 
[INFO] [stdout] running 2 tests
[INFO] [stdout] test src/driver/device.rs - driver::blocking::device::CamsenseX1 (line 33) ... FAILED
[INFO] [stdout] test src/config.rs - config::Config (line 10) ... FAILED
[INFO] [stdout] 
[INFO] [stdout] failures:
[INFO] [stdout] 
[INFO] [stdout] ---- src/driver/device.rs - driver::blocking::device::CamsenseX1 (line 33) stdout ----
[INFO] [stdout] error[E0425]: cannot find value `uart` in this scope
[INFO] [stdout]   --> src/driver/device.rs:34:31
[INFO] [stdout]    |
[INFO] [stdout] 34 | let mut lidar = Camsense::new(uart, delay);
[INFO] [stdout]    |                               ^^^^ not found in this scope
[INFO] [stdout] 
[INFO] [stdout] error[E0425]: cannot find value `delay` in this scope
[INFO] [stdout]   --> src/driver/device.rs:34:37
[INFO] [stdout]    |
[INFO] [stdout] 34 | let mut lidar = Camsense::new(uart, delay);
[INFO] [stdout]    |                                     ^^^^^ not found in this scope
[INFO] [stdout] 
[INFO] [stdout] error[E0433]: cannot find type `Camsense` in this scope
[INFO] [stdout]   --> src/driver/device.rs:34:17
[INFO] [stdout]    |
[INFO] [stdout] 34 | let mut lidar = Camsense::new(uart, delay);
[INFO] [stdout]    |                 ^^^^^^^^ use of undeclared type `Camsense`
[INFO] [stdout] 
[INFO] [stdout] error: aborting due to 3 previous errors
[INFO] [stdout] 
[INFO] [stdout] Some errors have detailed explanations: E0425, E0433.
[INFO] [stdout] For more information about an error, try `rustc --explain E0425`.
[INFO] [stdout] Couldn't compile the test.
[INFO] [stdout] ---- src/config.rs - config::Config (line 10) stdout ----
[INFO] [stdout] error[E0422]: cannot find struct, variant or union type `Config` in this scope
[INFO] [stdout]   --> src/config.rs:12:14
[INFO] [stdout]    |
[INFO] [stdout] 12 | let config = Config { angle_offset: 28.5, update_interval: Duration::from_micros(10) };
[INFO] [stdout]    |              ^^^^^^ not found in this scope
[INFO] [stdout] 
[INFO] [stdout] error[E0425]: cannot find value `uart` in this scope
[INFO] [stdout]   --> src/config.rs:13:35
[INFO] [stdout]    |
[INFO] [stdout] 13 | let lidar = Camsense::with_config(uart, delay, config);
[INFO] [stdout]    |                                   ^^^^ not found in this scope
[INFO] [stdout] 
[INFO] [stdout] error[E0425]: cannot find value `delay` in this scope
[INFO] [stdout]   --> src/config.rs:13:41
[INFO] [stdout]    |
[INFO] [stdout] 13 | let lidar = Camsense::with_config(uart, delay, config);
[INFO] [stdout]    |                                         ^^^^^ not found in this scope
[INFO] [stdout] 
[INFO] [stdout] error[E0433]: cannot find type `Camsense` in this scope
[INFO] [stdout]   --> src/config.rs:13:13
[INFO] [stdout]    |
[INFO] [stdout] 13 | let lidar = Camsense::with_config(uart, delay, config);
[INFO] [stdout]    |             ^^^^^^^^ use of undeclared type `Camsense`
[INFO] [stdout] 
[INFO] [stdout] error: aborting due to 4 previous errors
[INFO] [stdout] 
[INFO] [stdout] Some errors have detailed explanations: E0422, E0425, E0433.
[INFO] [stdout] For more information about an error, try `rustc --explain E0422`.
[INFO] [stdout] Couldn't compile the test.
[INFO] [stdout] 
[INFO] [stdout] failures:
[INFO] [stdout]     src/config.rs - config::Config (line 10)
[INFO] [stdout]     src/driver/device.rs - driver::blocking::device::CamsenseX1 (line 33)
[INFO] [stdout] 
[INFO] [stdout] test result: FAILED. 0 passed; 2 failed; 0 ignored; 0 measured; 0 filtered out; finished in 0.14s
[INFO] [stdout] 
[INFO] [stdout] all doctests ran in 0.28s; merged doctests compilation took 0.14s
[INFO] [stderr] error: doctest failed, to rerun pass `--doc`
[INFO] running `Command { std: "docker" "inspect" "79f482e426be800c3ae7793243bce0b6d14ea84242cc64f22c81ec30ded276f0", kill_on_drop: false }`
[INFO] running `Command { std: "docker" "rm" "-f" "79f482e426be800c3ae7793243bce0b6d14ea84242cc64f22c81ec30ded276f0", kill_on_drop: false }`
[INFO] [stdout] 79f482e426be800c3ae7793243bce0b6d14ea84242cc64f22c81ec30ded276f0
