[INFO] fetching crate embassy-st7789v-plot 0.4.0...
[INFO] testing embassy-st7789v-plot-0.4.0 against 1.100.0-beta.1+cargoflags=--release for beta-release-1.100-2
[INFO] extracting crate embassy-st7789v-plot 0.4.0 into /workspace/builds/worker-6-tc2/source
[INFO] started tweaking crates.io crate embassy-st7789v-plot 0.4.0
[INFO] finished tweaking crates.io crate embassy-st7789v-plot 0.4.0
[INFO] tweaked toml for crates.io crate embassy-st7789v-plot 0.4.0 written to /workspace/builds/worker-6-tc2/source/Cargo.toml
[INFO] validating manifest of crates.io crate embassy-st7789v-plot 0.4.0 on toolchain 1.100.0-beta.1
[INFO] running `Command { std: CARGO_HOME="/workspace/cargo-home" RUSTUP_HOME="/workspace/rustup-home" "/workspace/cargo-home/bin/cargo" "+1.100.0-beta.1" "metadata" "--manifest-path" "Cargo.toml" "--no-deps", kill_on_drop: false }`
[INFO] crate crates.io crate embassy-st7789v-plot 0.4.0 already has a lockfile, it will not be regenerated
[INFO] running `Command { std: CARGO_HOME="/workspace/cargo-home" RUSTUP_HOME="/workspace/rustup-home" "/workspace/cargo-home/bin/cargo" "+1.100.0-beta.1" "fetch" "--manifest-path" "Cargo.toml", kill_on_drop: false }`
[INFO] running `Command { std: "docker" "create" "-v" "/var/lib/crater-agent-workspace/builds/worker-6-tc2/source:/opt/rustwide/workdir:ro,Z" "-v" "/var/lib/crater-agent-workspace/builds/worker-6-tc2/target:/opt/rustwide/target:rw,Z" "-v" "/var/lib/crater-agent-workspace/cargo-home:/opt/rustwide/cargo-home:ro,Z" "-v" "/var/lib/crater-agent-workspace/rustup-home:/opt/rustwide/rustup-home:ro,Z" "-m" "1610612736" "--network" "none" "ghcr.io/rust-lang/crates-build-env/linux@sha256:77db811e55d90add9212f6832c23229e3de5f1c1f9905e8cb07319ea15df73ac" "sleep" "infinity", kill_on_drop: false }`
[INFO] [stdout] 009fc5188a1a976bf5f8b0a1333fc5da4fbecd51578844a9aee25ec57d1be14d
[INFO] running `Command { std: "docker" "start" "009fc5188a1a976bf5f8b0a1333fc5da4fbecd51578844a9aee25ec57d1be14d", kill_on_drop: false }`
[INFO] running `Command { std: "docker" "inspect" "009fc5188a1a976bf5f8b0a1333fc5da4fbecd51578844a9aee25ec57d1be14d", kill_on_drop: false }`
[INFO] running `Command { std: "docker" "exec" "-e" "SOURCE_DIR=/opt/rustwide/workdir" "-e" "CARGO_HOME=/opt/rustwide/cargo-home" "-e" "RUSTUP_HOME=/opt/rustwide/rustup-home" "-e" "CARGO_TARGET_DIR=/opt/rustwide/target" "-w" "/opt/rustwide/workdir" "--user" "0:0" "009fc5188a1a976bf5f8b0a1333fc5da4fbecd51578844a9aee25ec57d1be14d" "/opt/rustwide/cargo-home/bin/cargo" "+1.100.0-beta.1" "metadata" "--no-deps" "--format-version=1", kill_on_drop: false }`
[INFO] running `Command { std: "docker" "inspect" "009fc5188a1a976bf5f8b0a1333fc5da4fbecd51578844a9aee25ec57d1be14d", kill_on_drop: false }`
[INFO] running `Command { std: "docker" "exec" "-e" "SOURCE_DIR=/opt/rustwide/workdir" "-e" "CARGO_HOME=/opt/rustwide/cargo-home" "-e" "RUSTUP_HOME=/opt/rustwide/rustup-home" "-e" "CARGO_TARGET_DIR=/opt/rustwide/target" "-e" "CARGO_INCREMENTAL=0" "-e" "RUST_BACKTRACE=full" "-e" "RUSTFLAGS=--cap-lints=warn" "-e" "RUSTDOCFLAGS=--cap-lints=warn" "-w" "/opt/rustwide/workdir" "--user" "0:0" "009fc5188a1a976bf5f8b0a1333fc5da4fbecd51578844a9aee25ec57d1be14d" "/opt/rustwide/cargo-home/bin/cargo" "+1.100.0-beta.1" "build" "--frozen" "--message-format=json" "--release", kill_on_drop: false }`
[INFO] [stderr]    Compiling embedded-hal-async v1.0.0
[INFO] [stderr]    Compiling nb v1.1.0
[INFO] [stderr]    Compiling embassy-time-driver v0.2.2
[INFO] [stderr]    Compiling litrs v1.0.0
[INFO] [stderr]    Compiling void v1.0.2
[INFO] [stderr]    Compiling embedded-hal v1.0.0
[INFO] [stderr]    Compiling cfg-if v1.0.4
[INFO] [stderr]    Compiling futures-core v0.3.32
[INFO] [stderr]    Compiling critical-section v1.2.0
[INFO] [stderr]    Compiling embedded-trig-f32 v0.1.0
[INFO] [stderr]    Compiling nb v0.1.3
[INFO] [stderr]    Compiling embedded-hal v0.2.7
[INFO] [stderr]    Compiling document-features v0.2.12
[INFO] [stderr]    Compiling embassy-time v0.5.1
[INFO] [stderr]    Compiling embassy-st7789v v0.5.0
[INFO] [stderr]    Compiling embassy-st7789v-graphics v0.4.0
[INFO] [stderr]    Compiling embassy-st7789v-plot v0.4.0 (/opt/rustwide/workdir)
[INFO] [stderr] warning: unused dependency `embedded-trig-f32`
[INFO] [stderr]   --> Cargo.toml:13:15
[INFO] [stderr]    |
[INFO] [stderr] 13 | [dependencies.embedded-trig-f32]
[INFO] [stderr]    |               ^^^^^^^^^^^^^^^^^^
[INFO] [stderr]    |
[INFO] [stderr]    = note: `cargo::unused_dependencies` is set to `warn` by default
[INFO] [stderr] help: consider removing the dependency on `embedded-trig-f32`
[INFO] [stderr] warning: `embassy-st7789v-plot` (manifest) generated 1 warning
[INFO] [stderr]     Finished `release` profile [optimized] target(s) in 2.20s
[INFO] running `Command { std: "docker" "inspect" "009fc5188a1a976bf5f8b0a1333fc5da4fbecd51578844a9aee25ec57d1be14d", kill_on_drop: false }`
[INFO] running `Command { std: "docker" "exec" "-e" "SOURCE_DIR=/opt/rustwide/workdir" "-e" "CARGO_HOME=/opt/rustwide/cargo-home" "-e" "RUSTUP_HOME=/opt/rustwide/rustup-home" "-e" "CARGO_TARGET_DIR=/opt/rustwide/target" "-e" "CARGO_INCREMENTAL=0" "-e" "RUST_BACKTRACE=full" "-e" "RUSTFLAGS=--cap-lints=warn" "-e" "RUSTDOCFLAGS=--cap-lints=warn" "-w" "/opt/rustwide/workdir" "--user" "0:0" "009fc5188a1a976bf5f8b0a1333fc5da4fbecd51578844a9aee25ec57d1be14d" "/opt/rustwide/cargo-home/bin/cargo" "+1.100.0-beta.1" "test" "--frozen" "--no-run" "--message-format=json" "--release", kill_on_drop: false }`
[INFO] [stderr]    Compiling nb v1.1.0
[INFO] [stderr]    Compiling void v1.0.2
[INFO] [stderr]    Compiling embedded-hal v1.0.0
[INFO] [stderr]    Compiling cfg-if v1.0.4
[INFO] [stderr]    Compiling critical-section v1.2.0
[INFO] [stderr]    Compiling futures-core v0.3.32
[INFO] [stderr]    Compiling embedded-trig-f32 v0.1.0
[INFO] [stderr]    Compiling embassy-time-driver v0.2.2
[INFO] [stderr]    Compiling nb v0.1.3
[INFO] [stderr]    Compiling embedded-hal v0.2.7
[INFO] [stderr]    Compiling embedded-hal-async v1.0.0
[INFO] [stderr]    Compiling embassy-time v0.5.1
[INFO] [stderr]    Compiling embassy-st7789v v0.5.0
[INFO] [stderr]    Compiling embassy-st7789v-graphics v0.4.0
[INFO] [stderr]    Compiling embassy-st7789v-plot v0.4.0 (/opt/rustwide/workdir)
[INFO] [stderr] warning: unused dependency `embedded-trig-f32`
[INFO] [stderr]   --> Cargo.toml:13:15
[INFO] [stderr]    |
[INFO] [stderr] 13 | [dependencies.embedded-trig-f32]
[INFO] [stderr]    |               ^^^^^^^^^^^^^^^^^^
[INFO] [stderr]    |
[INFO] [stderr]    = note: `cargo::unused_dependencies` is set to `warn` by default
[INFO] [stderr] help: consider removing the dependency on `embedded-trig-f32`
[INFO] [stderr] warning: `embassy-st7789v-plot` (manifest) generated 1 warning
[INFO] [stderr]     Finished `release` profile [optimized] target(s) in 9.41s
[INFO] running `Command { std: "docker" "inspect" "009fc5188a1a976bf5f8b0a1333fc5da4fbecd51578844a9aee25ec57d1be14d", kill_on_drop: false }`
[INFO] running `Command { std: "docker" "exec" "-e" "SOURCE_DIR=/opt/rustwide/workdir" "-e" "CARGO_HOME=/opt/rustwide/cargo-home" "-e" "RUSTUP_HOME=/opt/rustwide/rustup-home" "-e" "CARGO_TARGET_DIR=/opt/rustwide/target" "-e" "CARGO_INCREMENTAL=0" "-e" "RUST_BACKTRACE=full" "-e" "RUSTFLAGS=--cap-lints=warn" "-e" "RUSTDOCFLAGS=--cap-lints=warn" "-w" "/opt/rustwide/workdir" "--user" "0:0" "009fc5188a1a976bf5f8b0a1333fc5da4fbecd51578844a9aee25ec57d1be14d" "/opt/rustwide/cargo-home/bin/cargo" "+1.100.0-beta.1" "test" "--frozen" "--release", kill_on_drop: false }`
[INFO] [stderr] warning: unused dependency `embedded-trig-f32`
[INFO] [stderr]   --> Cargo.toml:13:15
[INFO] [stderr]    |
[INFO] [stderr] 13 | [dependencies.embedded-trig-f32]
[INFO] [stderr]    |               ^^^^^^^^^^^^^^^^^^
[INFO] [stderr]    |
[INFO] [stderr]    = note: `cargo::unused_dependencies` is set to `warn` by default
[INFO] [stderr] help: consider removing the dependency on `embedded-trig-f32`
[INFO] [stderr] warning: `embassy-st7789v-plot` (manifest) generated 1 warning
[INFO] [stderr]     Finished `release` profile [optimized] target(s) in 0.05s
[INFO] [stderr]      Running unittests src/lib.rs (/opt/rustwide/target/release/build/embassy-st7789v-plot/bc788042749adcfd/out/embassy_st7789v_plot-bc788042749adcfd)
[INFO] [stdout] 
[INFO] [stderr]    Doc-tests embassy_st7789v_plot
[INFO] [stdout] running 0 tests
[INFO] [stdout] 
[INFO] [stdout] test result: ok. 0 passed; 0 failed; 0 ignored; 0 measured; 0 filtered out; finished in 0.00s
[INFO] [stdout] 
[INFO] [stdout] 
[INFO] [stdout] running 5 tests
[INFO] [stdout] test src/lib.rs - LineChartBuffered (line 719) - compile ... FAILED
[INFO] [stdout] test src/lib.rs - (line 115) - compile ... FAILED
[INFO] [stdout] test src/lib.rs - (line 73) - compile ... ok
[INFO] [stdout] test src/lib.rs - (line 36) - compile ... ok
[INFO] [stdout] test src/lib.rs - (line 128) - compile ... FAILED
[INFO] [stdout] 
[INFO] [stdout] failures:
[INFO] [stdout] 
[INFO] [stdout] ---- src/lib.rs - LineChartBuffered (line 719) stdout ----
[INFO] [stdout] error[E0425]: cannot find type `LineChartBuffered` in this scope
[INFO] [stdout]    --> src/lib.rs:720:16
[INFO] [stdout]     |
[INFO] [stdout] 720 | let mut chart: LineChartBuffered<100> = LineChartBuffered::new(config);
[INFO] [stdout]     |                ^^^^^^^^^^^^^^^^^ not found in this scope
[INFO] [stdout] 
[INFO] [stdout] error[E0425]: cannot find value `config` in this scope
[INFO] [stdout]    --> src/lib.rs:720:64
[INFO] [stdout]     |
[INFO] [stdout] 720 | let mut chart: LineChartBuffered<100> = LineChartBuffered::new(config);
[INFO] [stdout]     |                                                                ^^^^^^ not found in this scope
[INFO] [stdout] 
[INFO] [stdout] error[E0425]: cannot find value `ecran` in this scope
[INFO] [stdout]    --> src/lib.rs:722:23
[INFO] [stdout]     |
[INFO] [stdout] 722 | chart.render_buf(&mut ecran);  // tout en RAM, synchrone
[INFO] [stdout]     |                       ^^^^^ not found in this scope
[INFO] [stdout] 
[INFO] [stdout] error[E0425]: cannot find value `ecran` in this scope
[INFO] [stdout]    --> src/lib.rs:723:1
[INFO] [stdout]     |
[INFO] [stdout] 723 | ecran.flush().await.unwrap();
[INFO] [stdout]     | ^^^^^ not found in this scope
[INFO] [stdout] 
[INFO] [stdout] error[E0728]: `await` is only allowed inside `async` functions and blocks
[INFO] [stdout]    --> src/lib.rs:723:15
[INFO] [stdout]     |
[INFO] [stdout] 719 | fn main() { #[allow(non_snake_case)] fn _doctest_main_src_lib_rs_719_0() {
[INFO] [stdout]     |                                      ----------------------------------- this is not `async`
[INFO] [stdout] ...
[INFO] [stdout] 723 | ecran.flush().await.unwrap();
[INFO] [stdout]     |               ^^^^^ only allowed inside `async` functions and blocks
[INFO] [stdout] 
[INFO] [stdout] error[E0433]: cannot find type `LineChartBuffered` in this scope
[INFO] [stdout]    --> src/lib.rs:720:41
[INFO] [stdout]     |
[INFO] [stdout] 720 | let mut chart: LineChartBuffered<100> = LineChartBuffered::new(config);
[INFO] [stdout]     |                                         ^^^^^^^^^^^^^^^^^ use of undeclared type `LineChartBuffered`
[INFO] [stdout] 
[INFO] [stdout] error: aborting due to 6 previous errors
[INFO] [stdout] 
[INFO] [stdout] Some errors have detailed explanations: E0425, E0433, E0728.
[INFO] [stdout] For more information about an error, try `rustc --explain E0425`.
[INFO] [stdout] Couldn't compile the test.
[INFO] [stdout] ---- src/lib.rs - (line 115) stdout ----
[INFO] [stdout] error[E0425]: cannot find value `display` in this scope
[INFO] [stdout]    --> src/lib.rs:117:45
[INFO] [stdout]     |
[INFO] [stdout] 117 |     let mut gfx = Graphics::new_no_rst(&mut display);
[INFO] [stdout]     |                                             ^^^^^^^ not found in this scope
[INFO] [stdout] 
[INFO] [stdout] error[E0425]: cannot find value `chart` in this scope
[INFO] [stdout]    --> src/lib.rs:118:5
[INFO] [stdout]     |
[INFO] [stdout] 118 |     chart.render(&mut gfx).await;
[INFO] [stdout]     |     ^^^^^ not found in this scope
[INFO] [stdout] 
[INFO] [stdout] error[E0425]: cannot find value `display` in this scope
[INFO] [stdout]    --> src/lib.rs:120:1
[INFO] [stdout]     |
[INFO] [stdout] 120 | display.draw_str(8, 8, b"OK", Color::WHITE, Color::BLACK).await.unwrap();
[INFO] [stdout]     | ^^^^^^^ not found in this scope
[INFO] [stdout] 
[INFO] [stdout] error[E0728]: `await` is only allowed inside `async` functions and blocks
[INFO] [stdout]    --> src/lib.rs:118:28
[INFO] [stdout]     |
[INFO] [stdout] 115 | fn main() { #[allow(non_snake_case)] fn _doctest_main_src_lib_rs_115_0() {
[INFO] [stdout]     |                                      ----------------------------------- this is not `async`
[INFO] [stdout] ...
[INFO] [stdout] 118 |     chart.render(&mut gfx).await;
[INFO] [stdout]     |                            ^^^^^ only allowed inside `async` functions and blocks
[INFO] [stdout] 
[INFO] [stdout] error[E0728]: `await` is only allowed inside `async` functions and blocks
[INFO] [stdout]    --> src/lib.rs:120:59
[INFO] [stdout]     |
[INFO] [stdout] 115 | fn main() { #[allow(non_snake_case)] fn _doctest_main_src_lib_rs_115_0() {
[INFO] [stdout]     |                                      ----------------------------------- this is not `async`
[INFO] [stdout] ...
[INFO] [stdout] 120 | display.draw_str(8, 8, b"OK", Color::WHITE, Color::BLACK).await.unwrap();
[INFO] [stdout]     |                                                           ^^^^^ only allowed inside `async` functions and blocks
[INFO] [stdout] 
[INFO] [stdout] error[E0433]: cannot find type `Graphics` in this scope
[INFO] [stdout]    --> src/lib.rs:117:19
[INFO] [stdout]     |
[INFO] [stdout] 117 |     let mut gfx = Graphics::new_no_rst(&mut display);
[INFO] [stdout]     |                   ^^^^^^^^ use of undeclared type `Graphics`
[INFO] [stdout] 
[INFO] [stdout] error[E0433]: cannot find type `Color` in this scope
[INFO] [stdout]    --> src/lib.rs:120:31
[INFO] [stdout]     |
[INFO] [stdout] 120 | display.draw_str(8, 8, b"OK", Color::WHITE, Color::BLACK).await.unwrap();
[INFO] [stdout]     |                               ^^^^^ use of undeclared type `Color`
[INFO] [stdout] 
[INFO] [stdout] error[E0433]: cannot find type `Color` in this scope
[INFO] [stdout]    --> src/lib.rs:120:45
[INFO] [stdout]     |
[INFO] [stdout] 120 | display.draw_str(8, 8, b"OK", Color::WHITE, Color::BLACK).await.unwrap();
[INFO] [stdout]     |                                             ^^^^^ use of undeclared type `Color`
[INFO] [stdout] 
[INFO] [stdout] error: aborting due to 8 previous errors
[INFO] [stdout] 
[INFO] [stdout] Some errors have detailed explanations: E0425, E0433, E0728.
[INFO] [stdout] For more information about an error, try `rustc --explain E0425`.
[INFO] [stdout] Couldn't compile the test.
[INFO] [stdout] ---- src/lib.rs - (line 128) stdout ----
[INFO] [stdout] error[E0425]: cannot find value `chart` in this scope
[INFO] [stdout]    --> src/lib.rs:129:1
[INFO] [stdout]     |
[INFO] [stdout] 129 | chart.render_buf(&mut ecran);  // sync
[INFO] [stdout]     | ^^^^^ not found in this scope
[INFO] [stdout] 
[INFO] [stdout] error[E0425]: cannot find value `ecran` in this scope
[INFO] [stdout]    --> src/lib.rs:129:23
[INFO] [stdout]     |
[INFO] [stdout] 129 | chart.render_buf(&mut ecran);  // sync
[INFO] [stdout]     |                       ^^^^^ not found in this scope
[INFO] [stdout] 
[INFO] [stdout] error[E0425]: cannot find value `ecran` in this scope
[INFO] [stdout]    --> src/lib.rs:130:1
[INFO] [stdout]     |
[INFO] [stdout] 130 | ecran.flush().await.unwrap();
[INFO] [stdout]     | ^^^^^ not found in this scope
[INFO] [stdout] 
[INFO] [stdout] error[E0728]: `await` is only allowed inside `async` functions and blocks
[INFO] [stdout]    --> src/lib.rs:130:15
[INFO] [stdout]     |
[INFO] [stdout] 128 | fn main() { #[allow(non_snake_case)] fn _doctest_main_src_lib_rs_128_0() {
[INFO] [stdout]     |                                      ----------------------------------- this is not `async`
[INFO] [stdout] 129 | chart.render_buf(&mut ecran);  // sync
[INFO] [stdout] 130 | ecran.flush().await.unwrap();
[INFO] [stdout]     |               ^^^^^ only allowed inside `async` functions and blocks
[INFO] [stdout] 
[INFO] [stdout] error: aborting due to 4 previous errors
[INFO] [stdout] 
[INFO] [stdout] Some errors have detailed explanations: E0425, E0728.
[INFO] [stdout] For more information about an error, try `rustc --explain E0425`.
[INFO] [stdout] Couldn't compile the test.
[INFO] [stdout] 
[INFO] [stdout] failures:
[INFO] [stdout]     src/lib.rs - (line 115)
[INFO] [stdout]     src/lib.rs - (line 128)
[INFO] [stdout]     src/lib.rs - LineChartBuffered (line 719)
[INFO] [stdout] 
[INFO] [stdout] test result: FAILED. 2 passed; 3 failed; 0 ignored; 0 measured; 0 filtered out; finished in 0.21s
[INFO] [stdout] 
[INFO] [stdout] all doctests ran in 0.38s; merged doctests compilation took 0.16s
[INFO] [stderr] error: doctest failed, to rerun pass `--doc`
[INFO] running `Command { std: "docker" "inspect" "009fc5188a1a976bf5f8b0a1333fc5da4fbecd51578844a9aee25ec57d1be14d", kill_on_drop: false }`
[INFO] running `Command { std: "docker" "rm" "-f" "009fc5188a1a976bf5f8b0a1333fc5da4fbecd51578844a9aee25ec57d1be14d", kill_on_drop: false }`
[INFO] [stdout] 009fc5188a1a976bf5f8b0a1333fc5da4fbecd51578844a9aee25ec57d1be14d
