[INFO] fetching crate embassy-atmega328p 0.1.0...
[INFO] testing embassy-atmega328p-0.1.0 against 1.99.0-beta.8+cargoflags=--release for beta-release-1.100-2
[INFO] extracting crate embassy-atmega328p 0.1.0 into /workspace/builds/worker-3-tc1/source
[INFO] started tweaking crates.io crate embassy-atmega328p 0.1.0
[INFO] finished tweaking crates.io crate embassy-atmega328p 0.1.0
[INFO] tweaked toml for crates.io crate embassy-atmega328p 0.1.0 written to /workspace/builds/worker-3-tc1/source/Cargo.toml
[INFO] validating manifest of crates.io crate embassy-atmega328p 0.1.0 on toolchain 1.99.0-beta.8
[INFO] running `Command { std: CARGO_HOME="/workspace/cargo-home" RUSTUP_HOME="/workspace/rustup-home" "/workspace/cargo-home/bin/cargo" "+1.99.0-beta.8" "metadata" "--manifest-path" "Cargo.toml" "--no-deps", kill_on_drop: false }`
[INFO] crate crates.io crate embassy-atmega328p 0.1.0 already has a lockfile, it will not be regenerated
[INFO] running `Command { std: CARGO_HOME="/workspace/cargo-home" RUSTUP_HOME="/workspace/rustup-home" "/workspace/cargo-home/bin/cargo" "+1.99.0-beta.8" "fetch" "--manifest-path" "Cargo.toml", kill_on_drop: false }`
[INFO] [stderr]     Updating crates.io index
[INFO] [stderr]  Downloading crates ...
[INFO] [stderr]   Downloaded svd-rs v0.14.12
[INFO] [stderr]   Downloaded svd-parser v0.14.9
[INFO] [stderr]   Downloaded embassy-time-queue-utils v0.3.2
[INFO] [stderr]   Downloaded inflections v1.1.1
[INFO] [stderr]   Downloaded avr-device-macros v0.8.1
[INFO] [stderr]   Downloaded svd-encoder v0.14.7
[INFO] [stderr]   Downloaded xmltree v0.11.0
[INFO] [stderr]   Downloaded svdtools v0.5.0
[INFO] [stderr]   Downloaded xmltree v0.10.3
[INFO] [stderr]   Downloaded globset v0.4.20
[INFO] [stderr]   Downloaded atdf2svd v0.5.1
[INFO] [stderr]   Downloaded normpath v1.5.1
[INFO] [stderr]   Downloaded commands v0.0.5
[INFO] [stderr]   Downloaded svd2rust v0.37.1
[INFO] [stderr]   Downloaded avr-device v0.8.1
[INFO] running `Command { std: "docker" "create" "-v" "/var/lib/crater-agent-workspace/builds/worker-3-tc1/source:/opt/rustwide/workdir:ro,Z" "-v" "/var/lib/crater-agent-workspace/builds/worker-3-tc1/target:/opt/rustwide/target:rw,Z" "-v" "/var/lib/crater-agent-workspace/cargo-home:/opt/rustwide/cargo-home:ro,Z" "-v" "/var/lib/crater-agent-workspace/rustup-home:/opt/rustwide/rustup-home:ro,Z" "-m" "1610612736" "--network" "none" "ghcr.io/rust-lang/crates-build-env/linux@sha256:77db811e55d90add9212f6832c23229e3de5f1c1f9905e8cb07319ea15df73ac" "sleep" "infinity", kill_on_drop: false }`
[INFO] [stdout] 5f3fae10259820a23d41ed5a38495f083c79e1c6e205d7a1f4c3bfe7aede61c9
[INFO] running `Command { std: "docker" "start" "5f3fae10259820a23d41ed5a38495f083c79e1c6e205d7a1f4c3bfe7aede61c9", kill_on_drop: false }`
[INFO] running `Command { std: "docker" "inspect" "5f3fae10259820a23d41ed5a38495f083c79e1c6e205d7a1f4c3bfe7aede61c9", kill_on_drop: false }`
[INFO] running `Command { std: "docker" "exec" "-e" "SOURCE_DIR=/opt/rustwide/workdir" "-e" "CARGO_HOME=/opt/rustwide/cargo-home" "-e" "RUSTUP_HOME=/opt/rustwide/rustup-home" "-e" "CARGO_TARGET_DIR=/opt/rustwide/target" "-w" "/opt/rustwide/workdir" "--user" "0:0" "5f3fae10259820a23d41ed5a38495f083c79e1c6e205d7a1f4c3bfe7aede61c9" "/opt/rustwide/cargo-home/bin/cargo" "+1.99.0-beta.8" "metadata" "--no-deps" "--format-version=1", kill_on_drop: false }`
[INFO] running `Command { std: "docker" "inspect" "5f3fae10259820a23d41ed5a38495f083c79e1c6e205d7a1f4c3bfe7aede61c9", kill_on_drop: false }`
[INFO] running `Command { std: "docker" "exec" "-e" "SOURCE_DIR=/opt/rustwide/workdir" "-e" "CARGO_HOME=/opt/rustwide/cargo-home" "-e" "RUSTUP_HOME=/opt/rustwide/rustup-home" "-e" "CARGO_TARGET_DIR=/opt/rustwide/target" "-e" "CARGO_INCREMENTAL=0" "-e" "RUST_BACKTRACE=full" "-e" "RUSTFLAGS=--cap-lints=warn" "-e" "RUSTDOCFLAGS=--cap-lints=warn" "-w" "/opt/rustwide/workdir" "--user" "0:0" "5f3fae10259820a23d41ed5a38495f083c79e1c6e205d7a1f4c3bfe7aede61c9" "/opt/rustwide/cargo-home/bin/cargo" "+1.99.0-beta.8" "build" "--frozen" "--message-format=json" "--release", kill_on_drop: false }`
[INFO] [stderr]    Compiling stable_deref_trait v1.2.1
[INFO] [stderr]    Compiling litemap v0.8.2
[INFO] [stderr]    Compiling writeable v0.6.3
[INFO] [stderr]    Compiling utf8_iter v1.0.4
[INFO] [stderr]    Compiling xml-rs v0.8.28
[INFO] [stderr]    Compiling serde_core v1.0.229
[INFO] [stderr]    Compiling aho-corasick v1.1.5
[INFO] [stderr]    Compiling thiserror v1.0.69
[INFO] [stderr]    Compiling icu_properties_data v2.2.0
[INFO] [stderr]    Compiling icu_normalizer_data v2.2.0
[INFO] [stderr]    Compiling smallvec v1.15.2
[INFO] [stderr]    Compiling siphasher v1.0.3
[INFO] [stderr]    Compiling rand v0.8.7
[INFO] [stderr]    Compiling anyhow v1.0.104
[INFO] [stderr]    Compiling syn v2.0.110
[INFO] [stderr]    Compiling syn v3.0.3
[INFO] [stderr]    Compiling indexmap v2.14.0
[INFO] [stderr]    Compiling log v0.4.33
[INFO] [stderr]    Compiling convert_case v0.6.0
[INFO] [stderr]    Compiling thiserror v2.0.19
[INFO] [stderr]    Compiling percent-encoding v2.3.2
[INFO] [stderr]    Compiling roxmltree v0.20.0
[INFO] [stderr]    Compiling hashlink v0.10.0
[INFO] [stderr]    Compiling encoding_rs v0.8.35
[INFO] [stderr]    Compiling phf_shared v0.11.3
[INFO] [stderr]    Compiling bstr v1.13.0
[INFO] [stderr]    Compiling form_urlencoded v1.2.2
[INFO] [stderr]    Compiling arraydeque v0.5.1
[INFO] [stderr]    Compiling svd2rust v0.37.1
[INFO] [stderr]    Compiling either v1.17.0
[INFO] [stderr]    Compiling prettyplease v0.2.37
[INFO] [stderr]    Compiling xmltree v0.10.3
[INFO] [stderr]    Compiling commands v0.0.5
[INFO] [stderr]    Compiling inflections v1.1.1
[INFO] [stderr]    Compiling syn v1.0.109
[INFO] [stderr]    Compiling normpath v1.5.1
[INFO] [stderr]    Compiling itertools v0.14.0
[INFO] [stderr]    Compiling vcell v0.1.3
[INFO] [stderr]    Compiling critical-section v1.2.0
[INFO] [stderr]    Compiling bare-metal v1.0.0
[INFO] [stderr]    Compiling embedded-hal v1.0.0
[INFO] [stderr]    Compiling phf_generator v0.11.3
[INFO] [stderr]    Compiling xmltree v0.11.0
[INFO] [stderr]    Compiling yaml-rust2 v0.10.4
[INFO] [stderr]    Compiling regex-automata v0.4.18
[INFO] [stderr]    Compiling displaydoc v0.2.7
[INFO] [stderr]    Compiling serde_derive v1.0.229
[INFO] [stderr]    Compiling thiserror-impl v2.0.19
[INFO] [stderr]    Compiling regex v1.13.1
[INFO] [stderr]    Compiling globset v0.4.20
[INFO] [stderr]    Compiling synstructure v0.13.2
[INFO] [stderr]    Compiling zerofrom-derive v0.1.7
[INFO] [stderr]    Compiling yoke-derive v0.8.2
[INFO] [stderr]    Compiling zerovec-derive v0.11.3
[INFO] [stderr]    Compiling thiserror-impl v1.0.69
[INFO] [stderr]    Compiling phf_macros v0.11.3
[INFO] [stderr]    Compiling serde v1.0.229
[INFO] [stderr]    Compiling avr-device-macros v0.8.1
[INFO] [stderr]    Compiling phf v0.11.3
[INFO] [stderr]    Compiling quick-xml v0.37.5
[INFO] [stderr]    Compiling zerofrom v0.1.8
[INFO] [stderr]    Compiling yoke v0.8.3
[INFO] [stderr]    Compiling zerovec v0.11.6
[INFO] [stderr]    Compiling zerotrie v0.2.4
[INFO] [stderr]    Compiling svd-rs v0.14.12
[INFO] [stderr]    Compiling tinystr v0.8.3
[INFO] [stderr]    Compiling potential_utf v0.1.5
[INFO] [stderr]    Compiling icu_collections v2.2.0
[INFO] [stderr]    Compiling icu_locale_core v2.2.0
[INFO] [stderr]    Compiling icu_provider v2.2.0
[INFO] [stderr]    Compiling svd-encoder v0.14.7
[INFO] [stderr]    Compiling svd-parser v0.14.9
[INFO] [stderr]    Compiling icu_properties v2.2.0
[INFO] [stderr]    Compiling icu_normalizer v2.2.0
[INFO] [stderr]    Compiling svdtools v0.5.0
[INFO] [stderr]    Compiling atdf2svd v0.5.1
[INFO] [stderr]    Compiling idna_adapter v1.2.2
[INFO] [stderr]    Compiling idna v1.1.0
[INFO] [stderr]    Compiling url v2.5.8
[INFO] [stderr]    Compiling avr-device v0.8.1
[INFO] [stderr]    Compiling embassy-atmega328p v0.1.0 (/opt/rustwide/workdir)
[INFO] [stderr]     Finished `release` profile [optimized] target(s) in 35.33s
[INFO] running `Command { std: "docker" "inspect" "5f3fae10259820a23d41ed5a38495f083c79e1c6e205d7a1f4c3bfe7aede61c9", kill_on_drop: false }`
[INFO] running `Command { std: "docker" "exec" "-e" "SOURCE_DIR=/opt/rustwide/workdir" "-e" "CARGO_HOME=/opt/rustwide/cargo-home" "-e" "RUSTUP_HOME=/opt/rustwide/rustup-home" "-e" "CARGO_TARGET_DIR=/opt/rustwide/target" "-e" "CARGO_INCREMENTAL=0" "-e" "RUST_BACKTRACE=full" "-e" "RUSTFLAGS=--cap-lints=warn" "-e" "RUSTDOCFLAGS=--cap-lints=warn" "-w" "/opt/rustwide/workdir" "--user" "0:0" "5f3fae10259820a23d41ed5a38495f083c79e1c6e205d7a1f4c3bfe7aede61c9" "/opt/rustwide/cargo-home/bin/cargo" "+1.99.0-beta.8" "test" "--frozen" "--no-run" "--message-format=json" "--release", kill_on_drop: false }`
[INFO] [stderr]    Compiling embassy-atmega328p v0.1.0 (/opt/rustwide/workdir)
[INFO] [stderr]     Finished `release` profile [optimized] target(s) in 0.51s
[INFO] running `Command { std: "docker" "inspect" "5f3fae10259820a23d41ed5a38495f083c79e1c6e205d7a1f4c3bfe7aede61c9", kill_on_drop: false }`
[INFO] running `Command { std: "docker" "exec" "-e" "SOURCE_DIR=/opt/rustwide/workdir" "-e" "CARGO_HOME=/opt/rustwide/cargo-home" "-e" "RUSTUP_HOME=/opt/rustwide/rustup-home" "-e" "CARGO_TARGET_DIR=/opt/rustwide/target" "-e" "CARGO_INCREMENTAL=0" "-e" "RUST_BACKTRACE=full" "-e" "RUSTFLAGS=--cap-lints=warn" "-e" "RUSTDOCFLAGS=--cap-lints=warn" "-w" "/opt/rustwide/workdir" "--user" "0:0" "5f3fae10259820a23d41ed5a38495f083c79e1c6e205d7a1f4c3bfe7aede61c9" "/opt/rustwide/cargo-home/bin/cargo" "+1.99.0-beta.8" "test" "--frozen" "--release", kill_on_drop: false }`
[INFO] [stderr]     Finished `release` profile [optimized] target(s) in 0.10s
[INFO] [stderr]      Running unittests src/lib.rs (/opt/rustwide/target/release/deps/embassy_atmega328p-b2fa0f5de59ac69b)
[INFO] [stdout] 
[INFO] [stdout] running 0 tests
[INFO] [stdout] 
[INFO] [stdout] test result: ok. 0 passed; 0 failed; 0 ignored; 0 measured; 0 filtered out; finished in 0.00s
[INFO] [stdout] 
[INFO] [stderr]    Doc-tests embassy_atmega328p
[INFO] [stdout] 
[INFO] [stdout] running 1 test
[INFO] [stdout] test src/../README.md - (line 86) ... FAILED
[INFO] [stdout] 
[INFO] [stdout] failures:
[INFO] [stdout] 
[INFO] [stdout] ---- src/../README.md - (line 86) stdout ----
[INFO] [stdout] error: Ensure that you are using an AVR target! You may need to change directories or pass a --target flag to cargo. See
[INFO] [stdout]               https://github.com/Rahix/avr-device/pull/41 for more details.
[INFO] [stdout]   --> src/../README.md:96:1
[INFO] [stdout]    |
[INFO] [stdout] 96 | #[avr_device::entry]
[INFO] [stdout]    | ^^^^^^^^^^^^^^^^^^^^
[INFO] [stdout]    |
[INFO] [stdout]    = note: this error originates in the attribute macro `avr_device::entry` (in Nightly builds, run with -Z macro-backtrace for more info)
[INFO] [stdout] 
[INFO] [stdout] error[E0432]: unresolved import `panic_halt`
[INFO] [stdout]   --> src/../README.md:94:5
[INFO] [stdout]    |
[INFO] [stdout] 94 | use panic_halt as _;
[INFO] [stdout]    |     ----------^^^^^
[INFO] [stdout]    |     |
[INFO] [stdout]    |     no external crate `panic_halt`
[INFO] [stdout] 
[INFO] [stdout] error: `#[panic_handler]` function required, but not found
[INFO] [stdout] 
[INFO] [stdout] error: unwinding panics are not supported without std
[INFO] [stdout]   |
[INFO] [stdout]   = help: using nightly cargo, use -Zbuild-std with panic="abort" to avoid unwinding
[INFO] [stdout]   = note: since the core library is usually precompiled with panic="unwind", rebuilding your crate with panic="abort" may not be enough to fix the problem
[INFO] [stdout] 
[INFO] [stdout] error[E0599]: no method named `unwrap` found for unit type `()` in the current scope
[INFO] [stdout]    --> src/../README.md:102:22
[INFO] [stdout]     |
[INFO] [stdout] 102 |         led.toggle().unwrap();
[INFO] [stdout]     |                      ^^^^^^ method not found in `()`
[INFO] [stdout]     |
[INFO] [stdout] note: method `toggle` modifies its receiver in-place
[INFO] [stdout]    --> src/../README.md:102:13
[INFO] [stdout]     |
[INFO] [stdout] 102 |         led.toggle().unwrap();
[INFO] [stdout]     |             ^^^^^^ this call modifies `led` in-place
[INFO] [stdout] 
[INFO] [stdout] error: aborting due to 5 previous errors
[INFO] [stdout] 
[INFO] [stdout] Some errors have detailed explanations: E0432, E0599.
[INFO] [stdout] For more information about an error, try `rustc --explain E0432`.
[INFO] [stdout] Couldn't compile the test.
[INFO] [stdout] 
[INFO] [stdout] failures:
[INFO] [stdout]     src/../README.md - (line 86)
[INFO] [stdout] 
[INFO] [stdout] test result: FAILED. 0 passed; 1 failed; 0 ignored; 0 measured; 0 filtered out; finished in 0.07s
[INFO] [stdout] 
[INFO] [stderr] error: doctest failed, to rerun pass `--doc`
[INFO] running `Command { std: "docker" "inspect" "5f3fae10259820a23d41ed5a38495f083c79e1c6e205d7a1f4c3bfe7aede61c9", kill_on_drop: false }`
[INFO] running `Command { std: "docker" "rm" "-f" "5f3fae10259820a23d41ed5a38495f083c79e1c6e205d7a1f4c3bfe7aede61c9", kill_on_drop: false }`
[INFO] [stdout] 5f3fae10259820a23d41ed5a38495f083c79e1c6e205d7a1f4c3bfe7aede61c9
