[INFO] fetching crate emballoc 0.3.0...
[INFO] testing emballoc-0.3.0 against 1.99.0-beta.8+cargoflags=--release for beta-release-1.100-2
[INFO] extracting crate emballoc 0.3.0 into /workspace/builds/worker-7-tc1/source
[INFO] started tweaking crates.io crate emballoc 0.3.0
[INFO] removed 0 missing tests
[INFO] finished tweaking crates.io crate emballoc 0.3.0
[INFO] tweaked toml for crates.io crate emballoc 0.3.0 written to /workspace/builds/worker-7-tc1/source/Cargo.toml
[INFO] validating manifest of crates.io crate emballoc 0.3.0 on toolchain 1.99.0-beta.8
[INFO] running `Command { std: CARGO_HOME="/workspace/cargo-home" RUSTUP_HOME="/workspace/rustup-home" "/workspace/cargo-home/bin/cargo" "+1.99.0-beta.8" "metadata" "--manifest-path" "Cargo.toml" "--no-deps", kill_on_drop: false }`
[INFO] running `Command { std: CARGO_HOME="/workspace/cargo-home" RUSTUP_HOME="/workspace/rustup-home" "/workspace/cargo-home/bin/cargo" "+1.99.0-beta.8" "generate-lockfile" "--manifest-path" "Cargo.toml", kill_on_drop: false }`
[INFO] [stderr]     Updating crates.io index
[INFO] [stderr]      Locking 2 packages to highest compatible versions
[INFO] [stderr]       Adding spin v0.9.9 (available: v0.12.3)
[INFO] running `Command { std: CARGO_HOME="/workspace/cargo-home" RUSTUP_HOME="/workspace/rustup-home" "/workspace/cargo-home/bin/cargo" "+1.99.0-beta.8" "fetch" "--manifest-path" "Cargo.toml", kill_on_drop: false }`
[INFO] running `Command { std: "docker" "create" "-v" "/var/lib/crater-agent-workspace/builds/worker-7-tc1/source:/opt/rustwide/workdir:ro,Z" "-v" "/var/lib/crater-agent-workspace/builds/worker-7-tc1/target:/opt/rustwide/target:rw,Z" "-v" "/var/lib/crater-agent-workspace/cargo-home:/opt/rustwide/cargo-home:ro,Z" "-v" "/var/lib/crater-agent-workspace/rustup-home:/opt/rustwide/rustup-home:ro,Z" "-m" "1610612736" "--network" "none" "ghcr.io/rust-lang/crates-build-env/linux@sha256:77db811e55d90add9212f6832c23229e3de5f1c1f9905e8cb07319ea15df73ac" "sleep" "infinity", kill_on_drop: false }`
[INFO] [stdout] f0509fa37857d1630a79763517b8c099e86aea67e5dbb9f10f7dc98bbfb88288
[INFO] running `Command { std: "docker" "start" "f0509fa37857d1630a79763517b8c099e86aea67e5dbb9f10f7dc98bbfb88288", kill_on_drop: false }`
[INFO] running `Command { std: "docker" "inspect" "f0509fa37857d1630a79763517b8c099e86aea67e5dbb9f10f7dc98bbfb88288", kill_on_drop: false }`
[INFO] running `Command { std: "docker" "exec" "-e" "SOURCE_DIR=/opt/rustwide/workdir" "-e" "CARGO_HOME=/opt/rustwide/cargo-home" "-e" "RUSTUP_HOME=/opt/rustwide/rustup-home" "-e" "CARGO_TARGET_DIR=/opt/rustwide/target" "-w" "/opt/rustwide/workdir" "--user" "0:0" "f0509fa37857d1630a79763517b8c099e86aea67e5dbb9f10f7dc98bbfb88288" "/opt/rustwide/cargo-home/bin/cargo" "+1.99.0-beta.8" "metadata" "--no-deps" "--format-version=1", kill_on_drop: false }`
[INFO] running `Command { std: "docker" "inspect" "f0509fa37857d1630a79763517b8c099e86aea67e5dbb9f10f7dc98bbfb88288", kill_on_drop: false }`
[INFO] running `Command { std: "docker" "exec" "-e" "SOURCE_DIR=/opt/rustwide/workdir" "-e" "CARGO_HOME=/opt/rustwide/cargo-home" "-e" "RUSTUP_HOME=/opt/rustwide/rustup-home" "-e" "CARGO_TARGET_DIR=/opt/rustwide/target" "-e" "CARGO_INCREMENTAL=0" "-e" "RUST_BACKTRACE=full" "-e" "RUSTFLAGS=--cap-lints=warn" "-e" "RUSTDOCFLAGS=--cap-lints=warn" "-w" "/opt/rustwide/workdir" "--user" "0:0" "f0509fa37857d1630a79763517b8c099e86aea67e5dbb9f10f7dc98bbfb88288" "/opt/rustwide/cargo-home/bin/cargo" "+1.99.0-beta.8" "build" "--frozen" "--message-format=json" "--release", kill_on_drop: false }`
[INFO] [stderr]    Compiling spin v0.9.9
[INFO] [stderr]    Compiling emballoc v0.3.0 (/opt/rustwide/workdir)
[INFO] [stdout] warning: hiding a lifetime that's elided elsewhere is confusing
[INFO] [stdout]    --> src/raw_allocator/buffer.rs:143:26
[INFO] [stdout]     |
[INFO] [stdout] 143 |     pub const fn entries(&self) -> EntryIter<N> {
[INFO] [stdout]     |                          ^^^^^     ^^^^^^^^^^^^ the same lifetime is hidden here
[INFO] [stdout]     |                          |
[INFO] [stdout]     |                          the lifetime is elided here
[INFO] [stdout]     |
[INFO] [stdout]     = help: the same lifetime is referred to in inconsistent ways, making the signature confusing
[INFO] [stdout]     = note: `#[warn(mismatched_lifetime_syntaxes)]` on by default
[INFO] [stdout] help: use `'_` for type paths
[INFO] [stdout]     |
[INFO] [stdout] 143 |     pub const fn entries(&self) -> EntryIter<'_, N> {
[INFO] [stdout]     |                                              +++
[INFO] [stdout] 
[INFO] [stdout] 
[INFO] [stderr]     Finished `release` profile [optimized] target(s) in 0.37s
[INFO] running `Command { std: "docker" "inspect" "f0509fa37857d1630a79763517b8c099e86aea67e5dbb9f10f7dc98bbfb88288", kill_on_drop: false }`
[INFO] running `Command { std: "docker" "exec" "-e" "SOURCE_DIR=/opt/rustwide/workdir" "-e" "CARGO_HOME=/opt/rustwide/cargo-home" "-e" "RUSTUP_HOME=/opt/rustwide/rustup-home" "-e" "CARGO_TARGET_DIR=/opt/rustwide/target" "-e" "CARGO_INCREMENTAL=0" "-e" "RUST_BACKTRACE=full" "-e" "RUSTFLAGS=--cap-lints=warn" "-e" "RUSTDOCFLAGS=--cap-lints=warn" "-w" "/opt/rustwide/workdir" "--user" "0:0" "f0509fa37857d1630a79763517b8c099e86aea67e5dbb9f10f7dc98bbfb88288" "/opt/rustwide/cargo-home/bin/cargo" "+1.99.0-beta.8" "test" "--frozen" "--no-run" "--message-format=json" "--release", kill_on_drop: false }`
[INFO] [stderr]    Compiling emballoc v0.3.0 (/opt/rustwide/workdir)
[INFO] [stdout] warning: hiding a lifetime that's elided elsewhere is confusing
[INFO] [stdout]    --> src/raw_allocator/buffer.rs:143:26
[INFO] [stdout]     |
[INFO] [stdout] 143 |     pub const fn entries(&self) -> EntryIter<N> {
[INFO] [stdout]     |                          ^^^^^     ^^^^^^^^^^^^ the same lifetime is hidden here
[INFO] [stdout]     |                          |
[INFO] [stdout]     |                          the lifetime is elided here
[INFO] [stdout]     |
[INFO] [stdout]     = help: the same lifetime is referred to in inconsistent ways, making the signature confusing
[INFO] [stdout]     = note: `#[warn(mismatched_lifetime_syntaxes)]` on by default
[INFO] [stdout] help: use `'_` for type paths
[INFO] [stdout]     |
[INFO] [stdout] 143 |     pub const fn entries(&self) -> EntryIter<'_, N> {
[INFO] [stdout]     |                                              +++
[INFO] [stdout] 
[INFO] [stdout] 
[INFO] [stdout] warning: hiding a lifetime that's elided elsewhere is confusing
[INFO] [stdout]    --> src/raw_allocator/buffer.rs:143:26
[INFO] [stdout]     |
[INFO] [stdout] 143 |     pub const fn entries(&self) -> EntryIter<N> {
[INFO] [stdout]     |                          ^^^^^     ^^^^^^^^^^^^ the same lifetime is hidden here
[INFO] [stdout]     |                          |
[INFO] [stdout]     |                          the lifetime is elided here
[INFO] [stdout]     |
[INFO] [stdout]     = help: the same lifetime is referred to in inconsistent ways, making the signature confusing
[INFO] [stdout]     = note: `#[warn(mismatched_lifetime_syntaxes)]` on by default
[INFO] [stdout] help: use `'_` for type paths
[INFO] [stdout]     |
[INFO] [stdout] 143 |     pub const fn entries(&self) -> EntryIter<'_, N> {
[INFO] [stdout]     |                                              +++
[INFO] [stdout] 
[INFO] [stdout] 
[INFO] [stdout] warning: unnecessary `unsafe` block
[INFO] [stdout]   --> tests/sections.rs:64:23
[INFO] [stdout]    |
[INFO] [stdout] 64 |             data_end: unsafe { ptr::addr_of!(__bss_start) } as usize,
[INFO] [stdout]    |                       ^^^^^^ unnecessary `unsafe` block
[INFO] [stdout]    |
[INFO] [stdout]    = note: `#[warn(unused_unsafe)]` (part of `#[warn(unused)]`) on by default
[INFO] [stdout] 
[INFO] [stdout] 
[INFO] [stdout] warning: unnecessary `unsafe` block
[INFO] [stdout]   --> tests/sections.rs:65:24
[INFO] [stdout]    |
[INFO] [stdout] 65 |             bss_start: unsafe { ptr::addr_of!(_edata) } as usize,
[INFO] [stdout]    |                        ^^^^^^ unnecessary `unsafe` block
[INFO] [stdout] 
[INFO] [stdout] 
[INFO] [stderr]     Finished `release` profile [optimized] target(s) in 16.21s
[INFO] running `Command { std: "docker" "inspect" "f0509fa37857d1630a79763517b8c099e86aea67e5dbb9f10f7dc98bbfb88288", kill_on_drop: false }`
[INFO] running `Command { std: "docker" "exec" "-e" "SOURCE_DIR=/opt/rustwide/workdir" "-e" "CARGO_HOME=/opt/rustwide/cargo-home" "-e" "RUSTUP_HOME=/opt/rustwide/rustup-home" "-e" "CARGO_TARGET_DIR=/opt/rustwide/target" "-e" "CARGO_INCREMENTAL=0" "-e" "RUST_BACKTRACE=full" "-e" "RUSTFLAGS=--cap-lints=warn" "-e" "RUSTDOCFLAGS=--cap-lints=warn" "-w" "/opt/rustwide/workdir" "--user" "0:0" "f0509fa37857d1630a79763517b8c099e86aea67e5dbb9f10f7dc98bbfb88288" "/opt/rustwide/cargo-home/bin/cargo" "+1.99.0-beta.8" "test" "--frozen" "--release", kill_on_drop: false }`
[INFO] [stderr] warning: hiding a lifetime that's elided elsewhere is confusing
[INFO] [stderr]    --> src/raw_allocator/buffer.rs:143:26
[INFO] [stderr]     |
[INFO] [stderr] 143 |     pub const fn entries(&self) -> EntryIter<N> {
[INFO] [stderr]     |                          ^^^^^     ^^^^^^^^^^^^ the same lifetime is hidden here
[INFO] [stderr]     |                          |
[INFO] [stderr]     |                          the lifetime is elided here
[INFO] [stderr]     |
[INFO] [stderr]     = help: the same lifetime is referred to in inconsistent ways, making the signature confusing
[INFO] [stderr]     = note: `#[warn(mismatched_lifetime_syntaxes)]` on by default
[INFO] [stderr] help: use `'_` for type paths
[INFO] [stderr]     |
[INFO] [stderr] 143 |     pub const fn entries(&self) -> EntryIter<'_, N> {
[INFO] [stderr]     |                                              +++
[INFO] [stderr] 
[INFO] [stderr] warning: `emballoc` (lib) generated 1 warning (run `cargo fix --lib -p emballoc` to apply 1 suggestion)
[INFO] [stderr] warning: unnecessary `unsafe` block
[INFO] [stderr]   --> tests/sections.rs:64:23
[INFO] [stderr]    |
[INFO] [stderr] 64 |             data_end: unsafe { ptr::addr_of!(__bss_start) } as usize,
[INFO] [stderr]    |                       ^^^^^^ unnecessary `unsafe` block
[INFO] [stderr]    |
[INFO] [stderr]    = note: `#[warn(unused_unsafe)]` (part of `#[warn(unused)]`) on by default
[INFO] [stderr] 
[INFO] [stderr] warning: unnecessary `unsafe` block
[INFO] [stderr]   --> tests/sections.rs:65:24
[INFO] [stderr]    |
[INFO] [stderr] 65 |             bss_start: unsafe { ptr::addr_of!(_edata) } as usize,
[INFO] [stderr]    |                        ^^^^^^ unnecessary `unsafe` block
[INFO] [stderr] 
[INFO] [stderr] warning: `emballoc` (test "sections") generated 2 warnings
[INFO] [stderr] warning: `emballoc` (lib test) generated 1 warning (1 duplicate)
[INFO] [stderr]     Finished `release` profile [optimized] target(s) in 0.02s
[INFO] [stderr]      Running unittests src/lib.rs (/opt/rustwide/target/release/deps/emballoc-6e0ec5b1790b9cb1)
[INFO] [stdout] 
[INFO] [stdout] running 45 tests
[INFO] [stdout] test raw_allocator::buffer::tests::at_out_of_bounds - should panic ... ok
[INFO] [stdout] test raw_allocator::buffer::tests::at_unaligned - should panic ... ok
[INFO] [stdout] test raw_allocator::buffer::tests::following_free_entry ... ok
[INFO] [stdout] test raw_allocator::buffer::tests::entry_iter ... ok
[INFO] [stdout] test raw_allocator::buffer::tests::at_mut_out_of_bounds - should panic ... ok
[INFO] [stdout] test raw_allocator::buffer::tests::empty_allocator ... ok
[INFO] [stdout] test raw_allocator::buffer::tests::header_size ... ok
[INFO] [stdout] test raw_allocator::buffer::tests::invalid_buffer_size - should panic ... ok
[INFO] [stdout] test raw_allocator::buffer::tests::mark_used_without_split ... ok
[INFO] [stdout] test raw_allocator::buffer::tests::mark_used_with_split ... ok
[INFO] [stdout] test raw_allocator::buffer::tests::at_mut_unaligned - should panic ... ok
[INFO] [stdout] test raw_allocator::buffer::tests::indexing ... ok
[INFO] [stdout] test raw_allocator::buffer::tests::validated_offset_debug ... ok
[INFO] [stdout] test raw_allocator::buffer::tests::too_small_buffer - should panic ... ok
[INFO] [stdout] test raw_allocator::buffer::tests::memory_of ... ok
[INFO] [stdout] test raw_allocator::entry::tests::alignment ... ok
[INFO] [stdout] test raw_allocator::entry::tests::entry_bitpacking_size ... ok
[INFO] [stdout] test raw_allocator::entry::tests::entry_bitpacking_state ... ok
[INFO] [stdout] test raw_allocator::buffer::tests::validated_offset_equality ... ok
[INFO] [stdout] test raw_allocator::tests::double_free ... ok
[INFO] [stdout] test raw_allocator::entry::tests::equality ... ok
[INFO] [stdout] test raw_allocator::tests::alloc_impossible_splitting ... ok
[INFO] [stdout] test raw_allocator::entry::tests::debug_representation ... ok
[INFO] [stderr]      Running tests/allocation.rs (/opt/rustwide/target/release/deps/allocation-238d7023f5c6fc80)
[INFO] [stdout] test raw_allocator::tests::free_error_properties ... ok
[INFO] [stdout] test raw_allocator::tests::free_impossible_defrag ... ok
[INFO] [stdout] test raw_allocator::entry::tests::huge_free_block - should panic ... ok
[INFO] [stdout] test raw_allocator::entry::tests::huge_used_block - should panic ... ok
[INFO] [stdout] test raw_allocator::entry::tests::large_entries ... ok
[INFO] [stdout] test raw_allocator::tests::successful_single_allocation ... ok
[INFO] [stdout] test raw_allocator::tests::free_with_concatenation ... ok
[INFO] [stdout] test raw_allocator::tests::free_at_end ... ok
[INFO] [stdout] test raw_allocator::tests::invalid_free ... ok
[INFO] [stdout] test raw_allocator::tests::simple_free ... ok
[INFO] [stdout] test raw_allocator::tests::successful_multiple_allocation ... ok
[INFO] [stdout] test raw_allocator::tests::unsuccessful_allocation_due_to_fragmentation ... ok
[INFO] [stdout] test raw_allocator::tests::unsuccessful_multiple_allocation ... ok
[INFO] [stdout] test raw_allocator::tests::free_of_modified_pointer ... ok
[INFO] [stdout] test tests::allocation_failure ... ok
[INFO] [stdout] test tests::example_usage ... ok
[INFO] [stdout] test tests::huge_alignment ... ok
[INFO] [stdout] test raw_allocator::tests::unsuccessful_single_allocation ... ok
[INFO] [stdout] test tests::medium_alignments ... ok
[INFO] [stdout] test tests::alignment_of_align_to ... ok
[INFO] [stdout] test tests::small_alignments ... ok
[INFO] [stdout] test tests::allocation_failure_due_to_alignment ... ok
[INFO] [stdout] 
[INFO] [stdout] test result: ok. 45 passed; 0 failed; 0 ignored; 0 measured; 0 filtered out; finished in 0.03s
[INFO] [stdout] 
[INFO] [stdout] 
[INFO] [stdout] running 2 tests
[INFO] [stdout] test vec ... ok
[INFO] [stdout] test map_and_formatting ... ok
[INFO] [stdout] 
[INFO] [stdout] test result: ok. 2 passed; 0 failed; 0 ignored; 0 measured; 0 filtered out; finished in 0.00s
[INFO] [stdout] 
[INFO] [stderr]      Running tests/api.rs (/opt/rustwide/target/release/deps/api-4cb1e0a36592f90c)
[INFO] [stdout] 
[INFO] [stdout] running 4 tests
[INFO] [stdout] test is_usable_in_const_contexts ... ok
[INFO] [stdout] test supports_global_alloc ... ok
[INFO] [stdout] test heap_size_must_be_a_multiple_of_4 - should panic ... ok
[INFO] [stderr]      Running tests/sections.rs (/opt/rustwide/target/release/deps/sections-480fd3c7b0b49c23)
[INFO] [stdout] test min_heap_size_of_at_least_8 - should panic ... ok
[INFO] [stdout] 
[INFO] [stdout] test result: ok. 4 passed; 0 failed; 0 ignored; 0 measured; 0 filtered out; finished in 0.00s
[INFO] [stdout] 
[INFO] [stderr] error: test failed, to rerun pass `--test sections`
[INFO] [stdout] 
[INFO] [stdout] running 1 test
[INFO] [stdout] test ensure_that_allocator_memory_is_not_initialized ... FAILED
[INFO] [stdout] 
[INFO] [stdout] failures:
[INFO] [stdout] 
[INFO] [stdout] ---- ensure_that_allocator_memory_is_not_initialized stdout ----
[INFO] [stdout] 
[INFO] [stdout] thread 'ensure_that_allocator_memory_is_not_initialized' (271) panicked at tests/sections.rs:42:5:
[INFO] [stdout] assertion `left == right` failed: test assumes bss directly after data
[INFO] [stdout]   left: 103059982422656
[INFO] [stdout]  right: 103059982422656
[INFO] [stdout] stack backtrace:
[INFO] [stdout]    0:     0x5dbb85a211c1 - <<std[70759c8f55707aa4]::sys::backtrace::BacktraceLock>::print::DisplayBacktrace as core[df12db4294e9bfd3]::fmt::Display>::fmt
[INFO] [stdout]    1:     0x5dbb85a353ca - core[df12db4294e9bfd3]::fmt::write
[INFO] [stdout]    2:     0x5dbb85a2565c - <alloc[2182bb758b4b3781]::vec::Vec<u8> as core[df12db4294e9bfd3]::io::write::Write>::write_fmt
[INFO] [stdout]    3:     0x5dbb859fd7b6 - std[70759c8f55707aa4]::panicking::default_hook::{closure#0}
[INFO] [stdout]    4:     0x5dbb85a19929 - std[70759c8f55707aa4]::panicking::default_hook
[INFO] [stdout]    5:     0x5dbb859b5db0 - test[9d35eded1c95d3be]::test_main_inner::<test[9d35eded1c95d3be]::test_main_static::{closure#0}>::{closure#0}
[INFO] [stdout]    6:     0x5dbb85a19ae2 - std[70759c8f55707aa4]::panicking::panic_with_hook
[INFO] [stdout]    7:     0x5dbb859fd862 - std[70759c8f55707aa4]::panicking::panic_handler::{closure#0}
[INFO] [stdout]    8:     0x5dbb859f65e9 - std[70759c8f55707aa4]::sys::backtrace::__rust_end_short_backtrace::<std[70759c8f55707aa4]::panicking::panic_handler::{closure#0}, !>
[INFO] [stdout]    9:     0x5dbb859fe45d - __rustc[8fa7c3cbc660c2b3]::rust_begin_unwind
[INFO] [stdout]   10:     0x5dbb85a35afc - core[df12db4294e9bfd3]::panicking::panic_fmt
[INFO] [stdout]   11:     0x5dbb85a35a73 - core[df12db4294e9bfd3]::panicking::assert_failed_inner
[INFO] [stdout]   12:     0x5dbb85a32308 - core[df12db4294e9bfd3]::panicking::assert_failed::<usize, usize>
[INFO] [stdout]   13:     0x5dbb859a8cbf - sections[81b020290b872bf]::ensure_that_allocator_memory_is_not_initialized
[INFO] [stdout]   14:     0x5dbb859a8fde - <sections[81b020290b872bf]::ensure_that_allocator_memory_is_not_initialized::{closure#0} as core[df12db4294e9bfd3]::ops::function::FnOnce<()>>::call_once
[INFO] [stdout]   15:     0x5dbb859a909b - test[9d35eded1c95d3be]::__rust_begin_short_backtrace::<core[df12db4294e9bfd3]::result::Result<(), alloc[2182bb758b4b3781]::string::String>, fn() -> core[df12db4294e9bfd3]::result::Result<(), alloc[2182bb758b4b3781]::string::String>>
[INFO] [stdout]   16:     0x5dbb859b6705 - test[9d35eded1c95d3be]::run_test::{closure#0}
[INFO] [stdout]   17:     0x5dbb859affc4 - std[70759c8f55707aa4]::sys::backtrace::__rust_begin_short_backtrace::<test[9d35eded1c95d3be]::run_test::{closure#1}, ()>
[INFO] [stdout]   18:     0x5dbb859b9862 - <std[70759c8f55707aa4]::thread::lifecycle::spawn_unchecked<test[9d35eded1c95d3be]::run_test::{closure#1}, ()>::{closure#1} as core[df12db4294e9bfd3]::ops::function::FnOnce<()>>::call_once::{shim:vtable#0}
[INFO] [stdout]   19:     0x5dbb85a20a99 - <std[70759c8f55707aa4]::sys::thread::unix::Thread>::new::thread_start
[INFO] [stdout]   20:     0x7cb27a0a9dfa - <unknown>
[INFO] [stdout]   21:     0x7cb27a13d3d4 - clone
[INFO] [stdout]   22:                0x0 - <unknown>
[INFO] [stdout] 
[INFO] [stdout] 
[INFO] [stdout] failures:
[INFO] [stdout]     ensure_that_allocator_memory_is_not_initialized
[INFO] [stdout] 
[INFO] [stdout] test result: FAILED. 0 passed; 1 failed; 0 ignored; 0 measured; 0 filtered out; finished in 0.00s
[INFO] [stdout] 
[INFO] running `Command { std: "docker" "inspect" "f0509fa37857d1630a79763517b8c099e86aea67e5dbb9f10f7dc98bbfb88288", kill_on_drop: false }`
[INFO] running `Command { std: "docker" "rm" "-f" "f0509fa37857d1630a79763517b8c099e86aea67e5dbb9f10f7dc98bbfb88288", kill_on_drop: false }`
[INFO] [stdout] f0509fa37857d1630a79763517b8c099e86aea67e5dbb9f10f7dc98bbfb88288
