[INFO] fetching crate email-verifier 0.1.4...
[INFO] testing email-verifier-0.1.4 against 1.99.0-beta.8+cargoflags=--release for beta-release-1.100-2
[INFO] extracting crate email-verifier 0.1.4 into /workspace/builds/worker-7-tc1/source
[INFO] started tweaking crates.io crate email-verifier 0.1.4
[INFO] finished tweaking crates.io crate email-verifier 0.1.4
[INFO] tweaked toml for crates.io crate email-verifier 0.1.4 written to /workspace/builds/worker-7-tc1/source/Cargo.toml
[INFO] validating manifest of crates.io crate email-verifier 0.1.4 on toolchain 1.99.0-beta.8
[INFO] running `Command { std: CARGO_HOME="/workspace/cargo-home" RUSTUP_HOME="/workspace/rustup-home" "/workspace/cargo-home/bin/cargo" "+1.99.0-beta.8" "metadata" "--manifest-path" "Cargo.toml" "--no-deps", kill_on_drop: false }`
[INFO] crate crates.io crate email-verifier 0.1.4 already has a lockfile, it will not be regenerated
[INFO] running `Command { std: CARGO_HOME="/workspace/cargo-home" RUSTUP_HOME="/workspace/rustup-home" "/workspace/cargo-home/bin/cargo" "+1.99.0-beta.8" "fetch" "--manifest-path" "Cargo.toml", kill_on_drop: false }`
[INFO] [stderr]  Downloading crates ...
[INFO] [stderr]   Downloaded webpki-roots v0.26.1
[INFO] [stderr]   Downloaded reqwest v0.12.4
[INFO] [stderr]   Downloaded getrandom v0.2.14
[INFO] [stderr]   Downloaded h2 v0.4.5
[INFO] [stderr]   Downloaded hyper-rustls v0.26.0
[INFO] running `Command { std: "docker" "create" "-v" "/var/lib/crater-agent-workspace/builds/worker-7-tc1/source:/opt/rustwide/workdir:ro,Z" "-v" "/var/lib/crater-agent-workspace/builds/worker-7-tc1/target:/opt/rustwide/target:rw,Z" "-v" "/var/lib/crater-agent-workspace/cargo-home:/opt/rustwide/cargo-home:ro,Z" "-v" "/var/lib/crater-agent-workspace/rustup-home:/opt/rustwide/rustup-home:ro,Z" "-m" "1610612736" "--network" "none" "ghcr.io/rust-lang/crates-build-env/linux@sha256:77db811e55d90add9212f6832c23229e3de5f1c1f9905e8cb07319ea15df73ac" "sleep" "infinity", kill_on_drop: false }`
[INFO] [stdout] 025dc600688ccc01acfd2a1f557d164fe1d7b0547f365b98f9e0a9f83d87a40a
[INFO] running `Command { std: "docker" "start" "025dc600688ccc01acfd2a1f557d164fe1d7b0547f365b98f9e0a9f83d87a40a", kill_on_drop: false }`
[INFO] running `Command { std: "docker" "inspect" "025dc600688ccc01acfd2a1f557d164fe1d7b0547f365b98f9e0a9f83d87a40a", kill_on_drop: false }`
[INFO] running `Command { std: "docker" "exec" "-e" "SOURCE_DIR=/opt/rustwide/workdir" "-e" "CARGO_HOME=/opt/rustwide/cargo-home" "-e" "RUSTUP_HOME=/opt/rustwide/rustup-home" "-e" "CARGO_TARGET_DIR=/opt/rustwide/target" "-w" "/opt/rustwide/workdir" "--user" "0:0" "025dc600688ccc01acfd2a1f557d164fe1d7b0547f365b98f9e0a9f83d87a40a" "/opt/rustwide/cargo-home/bin/cargo" "+1.99.0-beta.8" "metadata" "--no-deps" "--format-version=1", kill_on_drop: false }`
[INFO] running `Command { std: "docker" "inspect" "025dc600688ccc01acfd2a1f557d164fe1d7b0547f365b98f9e0a9f83d87a40a", kill_on_drop: false }`
[INFO] running `Command { std: "docker" "exec" "-e" "SOURCE_DIR=/opt/rustwide/workdir" "-e" "CARGO_HOME=/opt/rustwide/cargo-home" "-e" "RUSTUP_HOME=/opt/rustwide/rustup-home" "-e" "CARGO_TARGET_DIR=/opt/rustwide/target" "-e" "CARGO_INCREMENTAL=0" "-e" "RUST_BACKTRACE=full" "-e" "RUSTFLAGS=--cap-lints=warn" "-e" "RUSTDOCFLAGS=--cap-lints=warn" "-w" "/opt/rustwide/workdir" "--user" "0:0" "025dc600688ccc01acfd2a1f557d164fe1d7b0547f365b98f9e0a9f83d87a40a" "/opt/rustwide/cargo-home/bin/cargo" "+1.99.0-beta.8" "build" "--frozen" "--message-format=json" "--release", kill_on_drop: false }`
[INFO] [stderr]    Compiling libc v0.2.155
[INFO] [stderr]    Compiling proc-macro2 v1.0.83
[INFO] [stderr]    Compiling unicode-ident v1.0.12
[INFO] [stderr]    Compiling cc v1.0.98
[INFO] [stderr]    Compiling pin-project-lite v0.2.14
[INFO] [stderr]    Compiling bytes v1.6.0
[INFO] [stderr]    Compiling once_cell v1.19.0
[INFO] [stderr]    Compiling log v0.4.21
[INFO] [stderr]    Compiling autocfg v1.3.0
[INFO] [stderr]    Compiling futures-core v0.3.30
[INFO] [stderr]    Compiling futures-sink v0.3.30
[INFO] [stderr]    Compiling pkg-config v0.3.30
[INFO] [stderr]    Compiling tracing-core v0.1.32
[INFO] [stderr]    Compiling futures-io v0.3.30
[INFO] [stderr]    Compiling slab v0.4.9
[INFO] [stderr]    Compiling futures-task v0.3.30
[INFO] [stderr]    Compiling mio v0.8.11
[INFO] [stderr]    Compiling num_cpus v1.16.0
[INFO] [stderr]    Compiling socket2 v0.5.7
[INFO] [stderr]    Compiling http v1.1.0
[INFO] [stderr]    Compiling quote v1.0.36
[INFO] [stderr]    Compiling tracing v0.1.40
[INFO] [stderr]    Compiling openssl-sys v0.9.102
[INFO] [stderr]    Compiling syn v2.0.65
[INFO] [stderr]    Compiling tokio v1.37.0
[INFO] [stderr]    Compiling ring v0.17.8
[INFO] [stderr]    Compiling hashbrown v0.14.5
[INFO] [stderr]    Compiling httparse v1.8.0
[INFO] [stderr]    Compiling rustls-pki-types v1.7.0
[INFO] [stderr]    Compiling memchr v2.7.2
[INFO] [stderr]    Compiling http-body v1.0.0
[INFO] [stderr]    Compiling getrandom v0.2.14
[INFO] [stderr]    Compiling spin v0.9.8
[INFO] [stderr]    Compiling openssl v0.10.64
[INFO] [stderr]    Compiling indexmap v2.2.6
[INFO] [stderr]    Compiling futures-util v0.3.30
[INFO] [stderr]    Compiling futures-channel v0.3.30
[INFO] [stderr]    Compiling serde v1.0.202
[INFO] [stderr]    Compiling bitflags v2.5.0
[INFO] [stderr]    Compiling rustls v0.22.4
[INFO] [stderr]    Compiling tower-service v0.3.2
[INFO] [stderr]    Compiling tower-layer v0.3.2
[INFO] [stderr]    Compiling native-tls v0.2.11
[INFO] [stderr]    Compiling smallvec v1.13.2
[INFO] [stderr]    Compiling openssl-probe v0.1.5
[INFO] [stderr]    Compiling subtle v2.5.0
[INFO] [stderr]    Compiling zeroize v1.7.0
[INFO] [stderr]    Compiling form_urlencoded v1.2.1
[INFO] [stderr]    Compiling unicode-normalization v0.1.23
[INFO] [stderr]    Compiling unicode-bidi v0.3.15
[INFO] [stderr]    Compiling http-body-util v0.1.1
[INFO] [stderr]    Compiling serde_json v1.0.117
[INFO] [stderr]    Compiling rustls-pemfile v2.1.2
[INFO] [stderr]    Compiling webpki-roots v0.26.1
[INFO] [stderr]    Compiling encoding_rs v0.8.34
[INFO] [stderr]    Compiling sync_wrapper v0.1.2
[INFO] [stderr]    Compiling idna v0.5.0
[INFO] [stderr]    Compiling url v2.5.0
[INFO] [stderr]    Compiling pin-project-internal v1.1.5
[INFO] [stderr]    Compiling openssl-macros v0.1.1
[INFO] [stderr]    Compiling serde_derive v1.0.202
[INFO] [stderr]    Compiling pin-project v1.1.5
[INFO] [stderr]    Compiling tokio-util v0.7.11
[INFO] [stderr]    Compiling h2 v0.4.5
[INFO] [stderr]    Compiling tower v0.4.13
[INFO] [stderr]    Compiling tokio-native-tls v0.3.1
[INFO] [stderr]    Compiling serde_urlencoded v0.7.1
[INFO] [stderr]    Compiling hyper v1.3.1
[INFO] [stderr]    Compiling rustls-webpki v0.102.4
[INFO] [stderr]    Compiling hyper-util v0.1.3
[INFO] [stderr]    Compiling hyper-tls v0.6.0
[INFO] [stderr]    Compiling tokio-rustls v0.25.0
[INFO] [stderr]    Compiling hyper-rustls v0.26.0
[INFO] [stderr]    Compiling reqwest v0.12.4
[INFO] [stderr]    Compiling email-verifier v0.1.4 (/opt/rustwide/workdir)
[INFO] [stdout] warning: unused import: `reqwest::Error`
[INFO] [stdout]  --> src/lib.rs:2:5
[INFO] [stdout]   |
[INFO] [stdout] 2 | use reqwest::Error;
[INFO] [stdout]   |     ^^^^^^^^^^^^^^
[INFO] [stdout]   |
[INFO] [stdout]   = note: `#[warn(unused_imports)]` (part of `#[warn(unused)]`) on by default
[INFO] [stdout] 
[INFO] [stdout] 
[INFO] [stderr]     Finished `release` profile [optimized] target(s) in 2m 14s
[INFO] running `Command { std: "docker" "inspect" "025dc600688ccc01acfd2a1f557d164fe1d7b0547f365b98f9e0a9f83d87a40a", kill_on_drop: false }`
[INFO] running `Command { std: "docker" "exec" "-e" "SOURCE_DIR=/opt/rustwide/workdir" "-e" "CARGO_HOME=/opt/rustwide/cargo-home" "-e" "RUSTUP_HOME=/opt/rustwide/rustup-home" "-e" "CARGO_TARGET_DIR=/opt/rustwide/target" "-e" "CARGO_INCREMENTAL=0" "-e" "RUST_BACKTRACE=full" "-e" "RUSTFLAGS=--cap-lints=warn" "-e" "RUSTDOCFLAGS=--cap-lints=warn" "-w" "/opt/rustwide/workdir" "--user" "0:0" "025dc600688ccc01acfd2a1f557d164fe1d7b0547f365b98f9e0a9f83d87a40a" "/opt/rustwide/cargo-home/bin/cargo" "+1.99.0-beta.8" "test" "--frozen" "--no-run" "--message-format=json" "--release", kill_on_drop: false }`
[INFO] [stdout] warning: unused import: `reqwest::Error`
[INFO] [stdout]  --> src/lib.rs:2:5
[INFO] [stdout]   |
[INFO] [stdout] 2 | use reqwest::Error;
[INFO] [stdout]   |     ^^^^^^^^^^^^^^
[INFO] [stdout]   |
[INFO] [stdout]   = note: `#[warn(unused_imports)]` (part of `#[warn(unused)]`) on by default
[INFO] [stdout] 
[INFO] [stdout] 
[INFO] [stderr]    Compiling email-verifier v0.1.4 (/opt/rustwide/workdir)
[INFO] [stdout] warning: unused import: `reqwest::Error`
[INFO] [stdout]  --> src/lib.rs:2:5
[INFO] [stdout]   |
[INFO] [stdout] 2 | use reqwest::Error;
[INFO] [stdout]   |     ^^^^^^^^^^^^^^
[INFO] [stdout]   |
[INFO] [stdout]   = note: `#[warn(unused_imports)]` (part of `#[warn(unused)]`) on by default
[INFO] [stdout] 
[INFO] [stdout] 
[INFO] [stderr]     Finished `release` profile [optimized] target(s) in 1.18s
[INFO] running `Command { std: "docker" "inspect" "025dc600688ccc01acfd2a1f557d164fe1d7b0547f365b98f9e0a9f83d87a40a", kill_on_drop: false }`
[INFO] running `Command { std: "docker" "exec" "-e" "SOURCE_DIR=/opt/rustwide/workdir" "-e" "CARGO_HOME=/opt/rustwide/cargo-home" "-e" "RUSTUP_HOME=/opt/rustwide/rustup-home" "-e" "CARGO_TARGET_DIR=/opt/rustwide/target" "-e" "CARGO_INCREMENTAL=0" "-e" "RUST_BACKTRACE=full" "-e" "RUSTFLAGS=--cap-lints=warn" "-e" "RUSTDOCFLAGS=--cap-lints=warn" "-w" "/opt/rustwide/workdir" "--user" "0:0" "025dc600688ccc01acfd2a1f557d164fe1d7b0547f365b98f9e0a9f83d87a40a" "/opt/rustwide/cargo-home/bin/cargo" "+1.99.0-beta.8" "test" "--frozen" "--release", kill_on_drop: false }`
[INFO] [stderr] warning: unused import: `reqwest::Error`
[INFO] [stderr]  --> src/lib.rs:2:5
[INFO] [stderr]   |
[INFO] [stderr] 2 | use reqwest::Error;
[INFO] [stderr]   |     ^^^^^^^^^^^^^^
[INFO] [stderr]   |
[INFO] [stderr]   = note: `#[warn(unused_imports)]` (part of `#[warn(unused)]`) on by default
[INFO] [stderr] 
[INFO] [stderr] warning: `email-verifier` (lib) generated 1 warning (run `cargo fix --lib -p email-verifier` to apply 1 suggestion)
[INFO] [stderr] warning: `email-verifier` (lib test) generated 1 warning (1 duplicate)
[INFO] [stderr]     Finished `release` profile [optimized] target(s) in 0.12s
[INFO] [stderr]      Running unittests src/lib.rs (/opt/rustwide/target/release/deps/email_verifier-7bcf567ad9c73b8f)
[INFO] [stdout] 
[INFO] [stderr]      Running unittests src/main.rs (/opt/rustwide/target/release/deps/email_verifier-436df853b3534770)
[INFO] [stdout] running 0 tests
[INFO] [stdout] 
[INFO] [stdout] test result: ok. 0 passed; 0 failed; 0 ignored; 0 measured; 0 filtered out; finished in 0.00s
[INFO] [stdout] 
[INFO] [stderr]      Running tests/email_domain_test.rs (/opt/rustwide/target/release/deps/email_domain_test-f5957fab288e6bd7)
[INFO] [stdout] 
[INFO] [stdout] running 0 tests
[INFO] [stdout] 
[INFO] [stdout] test result: ok. 0 passed; 0 failed; 0 ignored; 0 measured; 0 filtered out; finished in 0.00s
[INFO] [stdout] 
[INFO] [stdout] 
[INFO] [stdout] running 1 test
[INFO] [stderr]      Running tests/fetch_data_test.rs (/opt/rustwide/target/release/deps/fetch_data_test-810306b8dbf4e211)
[INFO] [stdout] test test_get_domain_from_email ... ok
[INFO] [stdout] 
[INFO] [stdout] test result: ok. 1 passed; 0 failed; 0 ignored; 0 measured; 0 filtered out; finished in 0.00s
[INFO] [stdout] 
[INFO] [stdout] 
[INFO] [stdout] running 1 test
[INFO] [stdout] test test_fetch_email_data_success ... FAILED
[INFO] [stdout] 
[INFO] [stdout] failures:
[INFO] [stdout] 
[INFO] [stdout] ---- test_fetch_email_data_success stdout ----
[INFO] [stdout] Error: error sending request for url (https://api.eva.pingutil.com/email?email=test@mail7efe.io)
[INFO] [stdout] 
[INFO] [stdout] thread 'test_fetch_email_data_success' (1584) panicked at tests/fetch_data_test.rs:21:13:
[INFO] [stdout] assertion failed: false
[INFO] [stdout] stack backtrace:
[INFO] [stdout]    0:     0x5d202a0a5e01 - <<std[70759c8f55707aa4]::sys::backtrace::BacktraceLock>::print::DisplayBacktrace as core[df12db4294e9bfd3]::fmt::Display>::fmt
[INFO] [stdout]    1:     0x5d202a0bca4a - core[df12db4294e9bfd3]::fmt::write
[INFO] [stdout]    2:     0x5d202a0aa8cc - <alloc[2182bb758b4b3781]::vec::Vec<u8> as core[df12db4294e9bfd3]::io::write::Write>::write_fmt
[INFO] [stdout]    3:     0x5d202a080de6 - std[70759c8f55707aa4]::panicking::default_hook::{closure#0}
[INFO] [stdout]    4:     0x5d202a09dbc9 - std[70759c8f55707aa4]::panicking::default_hook
[INFO] [stdout]    5:     0x5d2029e04760 - test[9d35eded1c95d3be]::test_main_inner::<test[9d35eded1c95d3be]::test_main_static::{closure#0}>::{closure#0}
[INFO] [stdout]    6:     0x5d202a09def2 - std[70759c8f55707aa4]::panicking::panic_with_hook
[INFO] [stdout]    7:     0x5d202a080ec4 - std[70759c8f55707aa4]::panicking::panic_handler::{closure#0}
[INFO] [stdout]    8:     0x5d202a0798f9 - std[70759c8f55707aa4]::sys::backtrace::__rust_end_short_backtrace::<std[70759c8f55707aa4]::panicking::panic_handler::{closure#0}, !>
[INFO] [stdout]    9:     0x5d202a081d1d - __rustc[8fa7c3cbc660c2b3]::rust_begin_unwind
[INFO] [stdout]   10:     0x5d202a0bd1ac - core[df12db4294e9bfd3]::panicking::panic_fmt
[INFO] [stdout]   11:     0x5d202a0bd172 - core[df12db4294e9bfd3]::panicking::panic
[INFO] [stdout]   12:     0x5d2029df79a1 - <fetch_data_test[94b30c7d2377b58c]::test_fetch_email_data_success::{closure#0} as core[df12db4294e9bfd3]::ops::function::FnOnce<()>>::call_once
[INFO] [stdout]   13:     0x5d2029df7a4b - test[9d35eded1c95d3be]::__rust_begin_short_backtrace::<core[df12db4294e9bfd3]::result::Result<(), alloc[2182bb758b4b3781]::string::String>, fn() -> core[df12db4294e9bfd3]::result::Result<(), alloc[2182bb758b4b3781]::string::String>>
[INFO] [stdout]   14:     0x5d2029e050b5 - test[9d35eded1c95d3be]::run_test::{closure#0}
[INFO] [stdout]   15:     0x5d2029dfe974 - std[70759c8f55707aa4]::sys::backtrace::__rust_begin_short_backtrace::<test[9d35eded1c95d3be]::run_test::{closure#1}, ()>
[INFO] [stdout]   16:     0x5d2029e08212 - <std[70759c8f55707aa4]::thread::lifecycle::spawn_unchecked<test[9d35eded1c95d3be]::run_test::{closure#1}, ()>::{closure#1} as core[df12db4294e9bfd3]::ops::function::FnOnce<()>>::call_once::{shim:vtable#0}
[INFO] [stdout]   17:     0x5d202a0a5329 - <std[70759c8f55707aa4]::sys::thread::unix::Thread>::new::thread_start
[INFO] [stdout]   18:     0x768f8e30adfa - <unknown>
[INFO] [stdout]   19:     0x768f8e39e3d4 - clone
[INFO] [stdout]   20:                0x0 - <unknown>
[INFO] [stdout] 
[INFO] [stdout] 
[INFO] [stdout] failures:
[INFO] [stdout]     test_fetch_email_data_success
[INFO] [stdout] 
[INFO] [stdout] test result: FAILED. 0 passed; 1 failed; 0 ignored; 0 measured; 0 filtered out; finished in 0.06s
[INFO] [stdout] 
[INFO] [stderr] error: test failed, to rerun pass `--test fetch_data_test`
[INFO] running `Command { std: "docker" "inspect" "025dc600688ccc01acfd2a1f557d164fe1d7b0547f365b98f9e0a9f83d87a40a", kill_on_drop: false }`
[INFO] running `Command { std: "docker" "rm" "-f" "025dc600688ccc01acfd2a1f557d164fe1d7b0547f365b98f9e0a9f83d87a40a", kill_on_drop: false }`
[INFO] [stdout] 025dc600688ccc01acfd2a1f557d164fe1d7b0547f365b98f9e0a9f83d87a40a
