[INFO] fetching crate email-address-parser 3.0.0-rc5...
[INFO] testing email-address-parser-3.0.0-rc5 against 1.99.0-beta.8+cargoflags=--release for beta-release-1.100-2
[INFO] extracting crate email-address-parser 3.0.0-rc5 into /workspace/builds/worker-7-tc1/source
[INFO] started tweaking crates.io crate email-address-parser 3.0.0-rc5
[INFO] finished tweaking crates.io crate email-address-parser 3.0.0-rc5
[INFO] tweaked toml for crates.io crate email-address-parser 3.0.0-rc5 written to /workspace/builds/worker-7-tc1/source/Cargo.toml
[INFO] validating manifest of crates.io crate email-address-parser 3.0.0-rc5 on toolchain 1.99.0-beta.8
[INFO] running `Command { std: CARGO_HOME="/workspace/cargo-home" RUSTUP_HOME="/workspace/rustup-home" "/workspace/cargo-home/bin/cargo" "+1.99.0-beta.8" "metadata" "--manifest-path" "Cargo.toml" "--no-deps", kill_on_drop: false }`
[INFO] crate crates.io crate email-address-parser 3.0.0-rc5 already has a lockfile, it will not be regenerated
[INFO] running `Command { std: CARGO_HOME="/workspace/cargo-home" RUSTUP_HOME="/workspace/rustup-home" "/workspace/cargo-home/bin/cargo" "+1.99.0-beta.8" "fetch" "--manifest-path" "Cargo.toml", kill_on_drop: false }`
[INFO] [stderr]  Downloading crates ...
[INFO] [stderr]   Downloaded wasm-bindgen-test-macro v0.3.61
[INFO] [stderr]   Downloaded wasm-bindgen-test v0.3.61
[INFO] [stderr]   Downloaded wasm-bindgen-test-shared v0.2.111
[INFO] [stderr]   Downloaded wasm-bindgen-futures v0.4.61
[INFO] [stderr]   Downloaded plotters-backend v0.3.4
[INFO] [stderr]   Downloaded wasm-bindgen-shared v0.2.111
[INFO] [stderr]   Downloaded either v1.8.0
[INFO] [stderr]   Downloaded plotters-svg v0.3.3
[INFO] [stderr]   Downloaded wasm-bindgen-macro v0.2.111
[INFO] [stderr]   Downloaded once_cell v1.13.1
[INFO] [stderr]   Downloaded wasm-bindgen-macro-support v0.2.111
[INFO] [stderr]   Downloaded wasm-bindgen v0.2.111
[INFO] [stderr]   Downloaded js-sys v0.3.88
[INFO] [stderr]   Downloaded plotters v0.3.3
[INFO] [stderr]   Downloaded quick-xml v0.39.2
[INFO] [stderr]   Downloaded web-sys v0.3.88
[INFO] running `Command { std: "docker" "create" "-v" "/var/lib/crater-agent-workspace/builds/worker-7-tc1/source:/opt/rustwide/workdir:ro,Z" "-v" "/var/lib/crater-agent-workspace/builds/worker-7-tc1/target:/opt/rustwide/target:rw,Z" "-v" "/var/lib/crater-agent-workspace/cargo-home:/opt/rustwide/cargo-home:ro,Z" "-v" "/var/lib/crater-agent-workspace/rustup-home:/opt/rustwide/rustup-home:ro,Z" "-m" "1610612736" "--network" "none" "ghcr.io/rust-lang/crates-build-env/linux@sha256:77db811e55d90add9212f6832c23229e3de5f1c1f9905e8cb07319ea15df73ac" "sleep" "infinity", kill_on_drop: false }`
[INFO] [stdout] ac756ce7441005062c78b55d55f1f15fe51d2f42795db75155194d7b66545431
[INFO] running `Command { std: "docker" "start" "ac756ce7441005062c78b55d55f1f15fe51d2f42795db75155194d7b66545431", kill_on_drop: false }`
[INFO] running `Command { std: "docker" "inspect" "ac756ce7441005062c78b55d55f1f15fe51d2f42795db75155194d7b66545431", kill_on_drop: false }`
[INFO] running `Command { std: "docker" "exec" "-e" "SOURCE_DIR=/opt/rustwide/workdir" "-e" "CARGO_HOME=/opt/rustwide/cargo-home" "-e" "RUSTUP_HOME=/opt/rustwide/rustup-home" "-e" "CARGO_TARGET_DIR=/opt/rustwide/target" "-w" "/opt/rustwide/workdir" "--user" "0:0" "ac756ce7441005062c78b55d55f1f15fe51d2f42795db75155194d7b66545431" "/opt/rustwide/cargo-home/bin/cargo" "+1.99.0-beta.8" "metadata" "--no-deps" "--format-version=1", kill_on_drop: false }`
[INFO] running `Command { std: "docker" "inspect" "ac756ce7441005062c78b55d55f1f15fe51d2f42795db75155194d7b66545431", kill_on_drop: false }`
[INFO] running `Command { std: "docker" "exec" "-e" "SOURCE_DIR=/opt/rustwide/workdir" "-e" "CARGO_HOME=/opt/rustwide/cargo-home" "-e" "RUSTUP_HOME=/opt/rustwide/rustup-home" "-e" "CARGO_TARGET_DIR=/opt/rustwide/target" "-e" "CARGO_INCREMENTAL=0" "-e" "RUST_BACKTRACE=full" "-e" "RUSTFLAGS=--cap-lints=warn" "-e" "RUSTDOCFLAGS=--cap-lints=warn" "-w" "/opt/rustwide/workdir" "--user" "0:0" "ac756ce7441005062c78b55d55f1f15fe51d2f42795db75155194d7b66545431" "/opt/rustwide/cargo-home/bin/cargo" "+1.99.0-beta.8" "build" "--frozen" "--message-format=json" "--release", kill_on_drop: false }`
[INFO] [stderr]    Compiling memchr v2.5.0
[INFO] [stderr]    Compiling minimal-lexical v0.2.1
[INFO] [stderr]    Compiling nom v7.1.3
[INFO] [stderr]    Compiling email-address-parser v3.0.0-rc5 (/opt/rustwide/workdir)
[INFO] [stderr]     Finished `release` profile [optimized] target(s) in 4.08s
[INFO] running `Command { std: "docker" "inspect" "ac756ce7441005062c78b55d55f1f15fe51d2f42795db75155194d7b66545431", kill_on_drop: false }`
[INFO] running `Command { std: "docker" "exec" "-e" "SOURCE_DIR=/opt/rustwide/workdir" "-e" "CARGO_HOME=/opt/rustwide/cargo-home" "-e" "RUSTUP_HOME=/opt/rustwide/rustup-home" "-e" "CARGO_TARGET_DIR=/opt/rustwide/target" "-e" "CARGO_INCREMENTAL=0" "-e" "RUST_BACKTRACE=full" "-e" "RUSTFLAGS=--cap-lints=warn" "-e" "RUSTDOCFLAGS=--cap-lints=warn" "-w" "/opt/rustwide/workdir" "--user" "0:0" "ac756ce7441005062c78b55d55f1f15fe51d2f42795db75155194d7b66545431" "/opt/rustwide/cargo-home/bin/cargo" "+1.99.0-beta.8" "test" "--frozen" "--no-run" "--message-format=json" "--release", kill_on_drop: false }`
[INFO] [stderr]    Compiling autocfg v1.1.0
[INFO] [stderr]    Compiling proc-macro2 v1.0.106
[INFO] [stderr]    Compiling quote v1.0.44
[INFO] [stderr]    Compiling unicode-ident v1.0.24
[INFO] [stderr]    Compiling cfg-if v1.0.0
[INFO] [stderr]    Compiling crossbeam-utils v0.8.11
[INFO] [stderr]    Compiling once_cell v1.13.1
[INFO] [stderr]    Compiling libc v0.2.132
[INFO] [stderr]    Compiling zerocopy v0.8.39
[INFO] [stderr]    Compiling scopeguard v1.1.0
[INFO] [stderr]    Compiling rayon-core v1.9.3
[INFO] [stderr]    Compiling zmij v1.0.21
[INFO] [stderr]    Compiling libm v0.2.16
[INFO] [stderr]    Compiling serde_core v1.0.228
[INFO] [stderr]    Compiling cc v1.2.56
[INFO] [stderr]    Compiling serde_json v1.0.149
[INFO] [stderr]    Compiling either v1.8.0
[INFO] [stderr]    Compiling anstyle v1.0.13
[INFO] [stderr]    Compiling ciborium-io v0.2.2
[INFO] [stderr]    Compiling plotters-backend v0.3.4
[INFO] [stderr]    Compiling itoa v1.0.3
[INFO] [stderr]    Compiling clap_lex v1.0.0
[INFO] [stderr]    Compiling cast v0.3.0
[INFO] [stderr]    Compiling same-file v1.0.6
[INFO] [stderr]    Compiling regex-syntax v0.6.27
[INFO] [stderr]    Compiling walkdir v2.3.2
[INFO] [stderr]    Compiling clap_builder v4.5.60
[INFO] [stderr]    Compiling oorandom v11.1.5
[INFO] [stderr]    Compiling anes v0.1.6
[INFO] [stderr]    Compiling plotters-svg v0.3.3
[INFO] [stderr]    Compiling itertools v0.13.0
[INFO] [stderr]    Compiling memoffset v0.6.5
[INFO] [stderr]    Compiling crossbeam-epoch v0.9.10
[INFO] [stderr]    Compiling num-traits v0.2.15
[INFO] [stderr]    Compiling rayon v1.5.3
[INFO] [stderr]    Compiling crossbeam-channel v0.5.6
[INFO] [stderr]    Compiling num_cpus v1.13.1
[INFO] [stderr]    Compiling page_size v0.6.0
[INFO] [stderr]    Compiling syn v2.0.117
[INFO] [stderr]    Compiling alloca v0.4.0
[INFO] [stderr]    Compiling crossbeam-deque v0.8.2
[INFO] [stderr]    Compiling regex v1.6.0
[INFO] [stderr]    Compiling plotters v0.3.3
[INFO] [stderr]    Compiling criterion-plot v0.8.2
[INFO] [stderr]    Compiling clap v4.5.60
[INFO] [stderr]    Compiling zerocopy-derive v0.8.39
[INFO] [stderr]    Compiling serde_derive v1.0.228
[INFO] [stderr]    Compiling serde v1.0.228
[INFO] [stderr]    Compiling tinytemplate v1.2.1
[INFO] [stderr]    Compiling half v2.7.1
[INFO] [stderr]    Compiling ciborium-ll v0.2.2
[INFO] [stderr]    Compiling ciborium v0.2.2
[INFO] [stderr]    Compiling criterion v0.8.2
[INFO] [stderr]    Compiling email-address-parser v3.0.0-rc5 (/opt/rustwide/workdir)
[INFO] [stderr]     Finished `release` profile [optimized] target(s) in 48.48s
[INFO] running `Command { std: "docker" "inspect" "ac756ce7441005062c78b55d55f1f15fe51d2f42795db75155194d7b66545431", kill_on_drop: false }`
[INFO] running `Command { std: "docker" "exec" "-e" "SOURCE_DIR=/opt/rustwide/workdir" "-e" "CARGO_HOME=/opt/rustwide/cargo-home" "-e" "RUSTUP_HOME=/opt/rustwide/rustup-home" "-e" "CARGO_TARGET_DIR=/opt/rustwide/target" "-e" "CARGO_INCREMENTAL=0" "-e" "RUST_BACKTRACE=full" "-e" "RUSTFLAGS=--cap-lints=warn" "-e" "RUSTDOCFLAGS=--cap-lints=warn" "-w" "/opt/rustwide/workdir" "--user" "0:0" "ac756ce7441005062c78b55d55f1f15fe51d2f42795db75155194d7b66545431" "/opt/rustwide/cargo-home/bin/cargo" "+1.99.0-beta.8" "test" "--frozen" "--release", kill_on_drop: false }`
[INFO] [stderr]     Finished `release` profile [optimized] target(s) in 0.12s
[INFO] [stderr]      Running unittests src/lib.rs (/opt/rustwide/target/release/deps/email_address_parser-88cc4c5595b9b6a3)
[INFO] [stdout] 
[INFO] [stdout] running 17 tests
[INFO] [stdout] test email_address::tests::can_parse_domain_with_space ... ok
[INFO] [stdout] test email_address::tests::can_parse_email_with_crlf ... ok
[INFO] [stdout] test email_address::tests::can_parse_idn ... ok
[INFO] [stdout] test email_address::tests::can_parse_local_part_with_space ... ok
[INFO] [stdout] test email_address::tests::can_parse_email_with_cfws_near_at ... ok
[INFO] [stdout] test email_address::tests::can_parse_domain_with_bel ... ok
[INFO] [stdout] test email_address::tests::can_parse_local_part_with_space_and_quote ... ok
[INFO] [stdout] test email_address::tests::can_parse_deprecated_local_part ... ok
[INFO] [stdout] test email_address::tests::domain_complete_punycode_domain ... ok
[INFO] [stdout] test email_address::tests::email_address_supports_equality_checking ... ok
[INFO] [stdout] test email_address::tests::domain_rule_does_not_parse_dash_google_dot_com ... ok
[INFO] [stdout] test email_address::tests::parsing_empty_local_part_and_domain ... ok
[INFO] [stdout] test email_address::tests::domain_rule_does_not_parse_dash_google_dash_dot_com ... ok
[INFO] [stdout] test email_address::tests::domain_rule_does_not_parse_dash_google_dot_com_obs ... ok
[INFO] [stdout] test email_address::tests::domain_rule_parses_google_dash_dot_com ... ok
[INFO] [stdout] test email_address::tests::email_address_instantiation_works ... ok
[INFO] [stdout] test email_address::tests::can_parse_email_with_deprecated_local_part ... ok
[INFO] [stderr]    Doc-tests email_address_parser
[INFO] [stdout] 
[INFO] [stdout] test result: ok. 17 passed; 0 failed; 0 ignored; 0 measured; 0 filtered out; finished in 0.20s
[INFO] [stdout] 
[INFO] [stderr] warning: unknown lint: `rustdoc::missing_doc_code_examples`
[INFO] [stderr]   --> src/email_address.rs:87:13
[INFO] [stderr]    |
[INFO] [stderr] 87 |     #![warn(rustdoc::missing_doc_code_examples)]
[INFO] [stderr]    |             ^^^^^^^^^^^^^^^^^^^^^^^^^^^^^^^^^^
[INFO] [stderr]    |
[INFO] [stderr]    = note: the `rustdoc::missing_doc_code_examples` lint is unstable
[INFO] [stderr]    = note: see issue #101730 <https://github.com/rust-lang/rust/issues/101730> for more information
[INFO] [stderr]    = note: `#[warn(unknown_lints)]` on by default
[INFO] [stderr] 
[INFO] [stderr] warning: unknown lint: `rustdoc::missing_doc_code_examples`
[INFO] [stderr]    --> src/email_address.rs:244:13
[INFO] [stderr]     |
[INFO] [stderr] 244 |     #![warn(rustdoc::missing_doc_code_examples)]
[INFO] [stderr]     |             ^^^^^^^^^^^^^^^^^^^^^^^^^^^^^^^^^^
[INFO] [stderr]     |
[INFO] [stderr]     = note: the `rustdoc::missing_doc_code_examples` lint is unstable
[INFO] [stderr]     = note: see issue #101730 <https://github.com/rust-lang/rust/issues/101730> for more information
[INFO] [stderr] 
[INFO] [stderr] warning: 2 warnings emitted
[INFO] [stderr] 
[INFO] [stdout] 
[INFO] [stdout] running 15 tests
[INFO] [stdout] test src/lib.rs - (line 31) ... FAILED
[INFO] [stdout] test src/email_address.rs - email_address::EmailAddress::_new (line 103) ... FAILED
[INFO] [stdout] test src/email_address.rs - email_address::EmailAddress (line 39) ... FAILED
[INFO] [stdout] test src/email_address.rs - email_address::EmailAddress::localPart (line 187) ... FAILED
[INFO] [stdout] test src/lib.rs - (line 14) ... ok
[INFO] [stdout] test src/email_address.rs - email_address::EmailAddress (line 66) ... ok
[INFO] [stdout] test src/lib.rs - (line 21) ... ok
[INFO] [stdout] test src/email_address.rs - email_address::EmailAddress::get_local_part (line 281) ... ok
[INFO] [stdout] test src/email_address.rs - email_address::EmailAddress::_new (line 93) ... ok
[INFO] [stdout] test src/email_address.rs - email_address::EmailAddress::domain (line 209) ... ok
[INFO] [stdout] test src/lib.rs - (line 5) ... ok
[INFO] [stdout] test src/email_address.rs - email_address::EmailAddress::is_valid (line 161) ... ok
[INFO] [stdout] test src/email_address.rs - email_address::EmailAddress::get_domain (line 298) ... ok
[INFO] [stdout] test src/email_address.rs - email_address::EmailAddress::new (line 250) ... ok
[INFO] [stdout] test src/email_address.rs - email_address::EmailAddress::parse (line 125) ... ok
[INFO] [stdout] 
[INFO] [stdout] failures:
[INFO] [stdout] 
[INFO] [stdout] ---- src/lib.rs - (line 31) stdout ----
[INFO] [stdout] Couldn't compile the test.
[INFO] [stdout] ---- src/email_address.rs - email_address::EmailAddress::_new (line 103) stdout ----
[INFO] [stdout] Couldn't compile the test.
[INFO] [stdout] ---- src/email_address.rs - email_address::EmailAddress (line 39) stdout ----
[INFO] [stdout] warning: constant `input_address` should have an upper case name
[INFO] [stdout]   --> src/email_address.rs:44:7
[INFO] [stdout]    |
[INFO] [stdout] 44 | const input_address : &str = "string@slice.com";
[INFO] [stdout]    |       ^^^^^^^^^^^^^
[INFO] [stdout]    |
[INFO] [stdout]    = note: `#[warn(non_upper_case_globals)]` (part of `#[warn(nonstandard_style)]`) on by default
[INFO] [stdout] help: convert the identifier to upper case
[INFO] [stdout]    |
[INFO] [stdout] 44 - const input_address : &str = "string@slice.com";
[INFO] [stdout] 44 + const INPUT_ADDRESS : &str = "string@slice.com";
[INFO] [stdout]    |
[INFO] [stdout] 
[INFO] [stdout] Couldn't compile the test.
[INFO] [stdout] ---- src/email_address.rs - email_address::EmailAddress::localPart (line 187) stdout ----
[INFO] [stdout] Couldn't compile the test.
[INFO] [stdout] 
[INFO] [stdout] failures:
[INFO] [stdout]     src/email_address.rs - email_address::EmailAddress (line 39)
[INFO] [stdout]     src/email_address.rs - email_address::EmailAddress::_new (line 103)
[INFO] [stdout]     src/email_address.rs - email_address::EmailAddress::localPart (line 187)
[INFO] [stdout]     src/lib.rs - (line 31)
[INFO] [stdout] 
[INFO] [stdout] test result: FAILED. 11 passed; 4 failed; 0 ignored; 0 measured; 0 filtered out; finished in 15.51s
[INFO] [stdout] 
[INFO] [stderr] error: doctest failed, to rerun pass `--doc`
[INFO] running `Command { std: "docker" "inspect" "ac756ce7441005062c78b55d55f1f15fe51d2f42795db75155194d7b66545431", kill_on_drop: false }`
[INFO] running `Command { std: "docker" "rm" "-f" "ac756ce7441005062c78b55d55f1f15fe51d2f42795db75155194d7b66545431", kill_on_drop: false }`
[INFO] [stdout] ac756ce7441005062c78b55d55f1f15fe51d2f42795db75155194d7b66545431
