[INFO] fetching crate elrond-rust 0.1.0...
[INFO] testing elrond-rust-0.1.0 against 1.99.0-beta.8+cargoflags=--release for beta-release-1.100-2
[INFO] extracting crate elrond-rust 0.1.0 into /workspace/builds/worker-4-tc1/source
[INFO] started tweaking crates.io crate elrond-rust 0.1.0
[INFO] finished tweaking crates.io crate elrond-rust 0.1.0
[INFO] tweaked toml for crates.io crate elrond-rust 0.1.0 written to /workspace/builds/worker-4-tc1/source/Cargo.toml
[INFO] validating manifest of crates.io crate elrond-rust 0.1.0 on toolchain 1.99.0-beta.8
[INFO] running `Command { std: CARGO_HOME="/workspace/cargo-home" RUSTUP_HOME="/workspace/rustup-home" "/workspace/cargo-home/bin/cargo" "+1.99.0-beta.8" "metadata" "--manifest-path" "Cargo.toml" "--no-deps", kill_on_drop: false }`
[INFO] running `Command { std: CARGO_HOME="/workspace/cargo-home" RUSTUP_HOME="/workspace/rustup-home" "/workspace/cargo-home/bin/cargo" "+1.99.0-beta.8" "generate-lockfile" "--manifest-path" "Cargo.toml", kill_on_drop: false }`
[INFO] [stderr]     Updating crates.io index
[INFO] [stderr]      Locking 127 packages to highest compatible versions
[INFO] [stderr]       Adding bech32 v0.7.3 (available: v0.12.0)
[INFO] [stderr]       Adding bigdecimal v0.2.2 (available: v0.4.11)
[INFO] [stderr]       Adding ed25519-dalek v1.0.1 (available: v3.0.0)
[INFO] [stderr]       Adding rand v0.7.3 (available: v0.10.3)
[INFO] [stderr]       Adding ureq v1.5.5 (available: v3.4.2)
[INFO] [stderr]       Adding zeroize v1.3.0 (available: v1.9.1)
[INFO] running `Command { std: CARGO_HOME="/workspace/cargo-home" RUSTUP_HOME="/workspace/rustup-home" "/workspace/cargo-home/bin/cargo" "+1.99.0-beta.8" "fetch" "--manifest-path" "Cargo.toml", kill_on_drop: false }`
[INFO] [stderr]  Downloading crates ...
[INFO] [stderr]   Downloaded time-macros v0.1.1
[INFO] [stderr]   Downloaded time v0.2.27
[INFO] [stderr]   Downloaded cookie_store v0.12.0
[INFO] [stderr]   Downloaded stdweb-internal-runtime v0.1.5
[INFO] [stderr]   Downloaded time-macros-impl v0.1.2
[INFO] [stderr]   Downloaded discard v1.0.4
[INFO] [stderr]   Downloaded bech32 v0.7.3
[INFO] [stderr]   Downloaded stdweb-internal-macros v0.2.9
[INFO] [stderr]   Downloaded stdweb-derive v0.5.3
[INFO] [stderr]   Downloaded const_fn v0.4.12
[INFO] [stderr]   Downloaded ureq v1.5.5
[INFO] [stderr]   Downloaded standback v0.2.17
[INFO] [stderr]   Downloaded cookie v0.14.4
[INFO] [stderr]   Downloaded bigdecimal v0.2.2
[INFO] [stderr]   Downloaded num-bigint v0.3.3
[INFO] [stderr]   Downloaded webpki-roots v0.21.1
[INFO] [stderr]   Downloaded stdweb v0.4.20
[INFO] running `Command { std: "docker" "create" "-v" "/var/lib/crater-agent-workspace/builds/worker-4-tc1/source:/opt/rustwide/workdir:ro,Z" "-v" "/var/lib/crater-agent-workspace/builds/worker-4-tc1/target:/opt/rustwide/target:rw,Z" "-v" "/var/lib/crater-agent-workspace/cargo-home:/opt/rustwide/cargo-home:ro,Z" "-v" "/var/lib/crater-agent-workspace/rustup-home:/opt/rustwide/rustup-home:ro,Z" "-m" "1610612736" "--network" "none" "ghcr.io/rust-lang/crates-build-env/linux@sha256:77db811e55d90add9212f6832c23229e3de5f1c1f9905e8cb07319ea15df73ac" "sleep" "infinity", kill_on_drop: false }`
[INFO] [stdout] e6e7dad6647803b1f98a9934d2efb0ba84f77373c1fea8f73789a5b0f220e75b
[INFO] running `Command { std: "docker" "start" "e6e7dad6647803b1f98a9934d2efb0ba84f77373c1fea8f73789a5b0f220e75b", kill_on_drop: false }`
[INFO] running `Command { std: "docker" "inspect" "e6e7dad6647803b1f98a9934d2efb0ba84f77373c1fea8f73789a5b0f220e75b", kill_on_drop: false }`
[INFO] running `Command { std: "docker" "exec" "-e" "SOURCE_DIR=/opt/rustwide/workdir" "-e" "CARGO_HOME=/opt/rustwide/cargo-home" "-e" "RUSTUP_HOME=/opt/rustwide/rustup-home" "-e" "CARGO_TARGET_DIR=/opt/rustwide/target" "-w" "/opt/rustwide/workdir" "--user" "0:0" "e6e7dad6647803b1f98a9934d2efb0ba84f77373c1fea8f73789a5b0f220e75b" "/opt/rustwide/cargo-home/bin/cargo" "+1.99.0-beta.8" "metadata" "--no-deps" "--format-version=1", kill_on_drop: false }`
[INFO] running `Command { std: "docker" "inspect" "e6e7dad6647803b1f98a9934d2efb0ba84f77373c1fea8f73789a5b0f220e75b", kill_on_drop: false }`
[INFO] running `Command { std: "docker" "exec" "-e" "SOURCE_DIR=/opt/rustwide/workdir" "-e" "CARGO_HOME=/opt/rustwide/cargo-home" "-e" "RUSTUP_HOME=/opt/rustwide/rustup-home" "-e" "CARGO_TARGET_DIR=/opt/rustwide/target" "-e" "CARGO_INCREMENTAL=0" "-e" "RUST_BACKTRACE=full" "-e" "RUSTFLAGS=--cap-lints=warn" "-e" "RUSTDOCFLAGS=--cap-lints=warn" "-w" "/opt/rustwide/workdir" "--user" "0:0" "e6e7dad6647803b1f98a9934d2efb0ba84f77373c1fea8f73789a5b0f220e75b" "/opt/rustwide/cargo-home/bin/cargo" "+1.99.0-beta.8" "build" "--frozen" "--message-format=json" "--release", kill_on_drop: false }`
[INFO] [stderr]    Compiling syn v3.0.9
[INFO] [stderr]    Compiling standback v0.2.17
[INFO] [stderr]    Compiling syn v1.0.109
[INFO] [stderr]    Compiling proc-macro-hack v0.5.20+deprecated
[INFO] [stderr]    Compiling generic-array v0.14.9
[INFO] [stderr]    Compiling getrandom v0.1.16
[INFO] [stderr]    Compiling const_fn v0.4.12
[INFO] [stderr]    Compiling untrusted v0.7.1
[INFO] [stderr]    Compiling ring v0.16.20
[INFO] [stderr]    Compiling spin v0.5.2
[INFO] [stderr]    Compiling num-traits v0.2.19
[INFO] [stderr]    Compiling time v0.2.27
[INFO] [stderr]    Compiling cookie v0.14.4
[INFO] [stderr]    Compiling syn v2.0.119
[INFO] [stderr]    Compiling num-bigint v0.3.3
[INFO] [stderr]    Compiling subtle v2.6.1
[INFO] [stderr]    Compiling base64 v0.13.1
[INFO] [stderr]    Compiling signature v1.6.4
[INFO] [stderr]    Compiling chunked_transfer v1.5.0
[INFO] [stderr]    Compiling bech32 v0.7.3
[INFO] [stderr]    Compiling rand_core v0.5.1
[INFO] [stderr]    Compiling ed25519 v1.5.3
[INFO] [stderr]    Compiling rand_chacha v0.2.2
[INFO] [stderr]    Compiling rand v0.7.3
[INFO] [stderr]    Compiling digest v0.9.0
[INFO] [stderr]    Compiling block-buffer v0.9.0
[INFO] [stderr]    Compiling sha2 v0.9.9
[INFO] [stderr]    Compiling num-integer v0.1.47
[INFO] [stderr]    Compiling bigdecimal v0.2.2
[INFO] [stderr]    Compiling time-macros-impl v0.1.2
[INFO] [stderr]    Compiling time-macros v0.1.1
[INFO] [stderr]    Compiling zeroize_derive v1.5.0
[INFO] [stderr]    Compiling synstructure v0.14.0
[INFO] [stderr]    Compiling zeroize v1.3.0
[INFO] [stderr]    Compiling curve25519-dalek v3.2.1
[INFO] [stderr]    Compiling zerofrom-derive v0.1.8
[INFO] [stderr]    Compiling yoke-derive v0.8.4
[INFO] [stderr]    Compiling zerovec-derive v0.11.6
[INFO] [stderr]    Compiling displaydoc v0.2.7
[INFO] [stderr]    Compiling serde_derive v1.0.229
[INFO] [stderr]    Compiling zerofrom v0.1.8
[INFO] [stderr]    Compiling yoke v0.8.3
[INFO] [stderr]    Compiling zerovec v0.11.8
[INFO] [stderr]    Compiling zerotrie v0.2.5
[INFO] [stderr]    Compiling webpki v0.21.4
[INFO] [stderr]    Compiling sct v0.6.1
[INFO] [stderr]    Compiling rustls v0.19.1
[INFO] [stderr]    Compiling webpki-roots v0.21.1
[INFO] [stderr]    Compiling tinystr v0.8.4
[INFO] [stderr]    Compiling potential_utf v0.1.6
[INFO] [stderr]    Compiling icu_collections v2.3.0
[INFO] [stderr]    Compiling icu_locale_core v2.3.0
[INFO] [stderr]    Compiling icu_provider v2.3.1
[INFO] [stderr]    Compiling serde v1.0.229
[INFO] [stderr]    Compiling icu_properties v2.3.0
[INFO] [stderr]    Compiling icu_normalizer v2.3.0
[INFO] [stderr]    Compiling ed25519-dalek v1.0.1
[INFO] [stderr]    Compiling idna_adapter v1.2.2
[INFO] [stderr]    Compiling idna v1.1.0
[INFO] [stderr]    Compiling url v2.5.8
[INFO] [stderr]    Compiling publicsuffix v1.5.6
[INFO] [stderr]    Compiling cookie_store v0.12.0
[INFO] [stderr]    Compiling ureq v1.5.5
[INFO] [stderr]    Compiling elrond-rust v0.1.0 (/opt/rustwide/workdir)
[INFO] [stdout] warning: structure field `chain_ID` should have a snake case name
[INFO] [stdout]   --> src/transaction.rs:68:5
[INFO] [stdout]    |
[INFO] [stdout] 68 |     chain_ID: String,
[INFO] [stdout]    |     ^^^^^^^^ help: convert the identifier to snake case: `chain_id`
[INFO] [stdout]    |
[INFO] [stdout]    = note: `#[warn(non_snake_case)]` (part of `#[warn(nonstandard_style)]`) on by default
[INFO] [stdout] 
[INFO] [stdout] 
[INFO] [stdout] warning: structure field `chain_ID` should have a snake case name
[INFO] [stdout]    --> src/transaction.rs:131:5
[INFO] [stdout]     |
[INFO] [stdout] 131 |     chain_ID: String,
[INFO] [stdout]     |     ^^^^^^^^ help: convert the identifier to snake case: `chain_id`
[INFO] [stdout] 
[INFO] [stdout] 
[INFO] [stderr]     Finished `release` profile [optimized] target(s) in 40.89s
[INFO] running `Command { std: "docker" "inspect" "e6e7dad6647803b1f98a9934d2efb0ba84f77373c1fea8f73789a5b0f220e75b", kill_on_drop: false }`
[INFO] running `Command { std: "docker" "exec" "-e" "SOURCE_DIR=/opt/rustwide/workdir" "-e" "CARGO_HOME=/opt/rustwide/cargo-home" "-e" "RUSTUP_HOME=/opt/rustwide/rustup-home" "-e" "CARGO_TARGET_DIR=/opt/rustwide/target" "-e" "CARGO_INCREMENTAL=0" "-e" "RUST_BACKTRACE=full" "-e" "RUSTFLAGS=--cap-lints=warn" "-e" "RUSTDOCFLAGS=--cap-lints=warn" "-w" "/opt/rustwide/workdir" "--user" "0:0" "e6e7dad6647803b1f98a9934d2efb0ba84f77373c1fea8f73789a5b0f220e75b" "/opt/rustwide/cargo-home/bin/cargo" "+1.99.0-beta.8" "test" "--frozen" "--no-run" "--message-format=json" "--release", kill_on_drop: false }`
[INFO] [stderr]    Compiling elrond-rust v0.1.0 (/opt/rustwide/workdir)
[INFO] [stdout] warning: structure field `chain_ID` should have a snake case name
[INFO] [stdout]   --> src/transaction.rs:68:5
[INFO] [stdout]    |
[INFO] [stdout] 68 |     chain_ID: String,
[INFO] [stdout]    |     ^^^^^^^^ help: convert the identifier to snake case: `chain_id`
[INFO] [stdout]    |
[INFO] [stdout]    = note: `#[warn(non_snake_case)]` (part of `#[warn(nonstandard_style)]`) on by default
[INFO] [stdout] 
[INFO] [stdout] 
[INFO] [stdout] warning: structure field `chain_ID` should have a snake case name
[INFO] [stdout]    --> src/transaction.rs:131:5
[INFO] [stdout]     |
[INFO] [stdout] 131 |     chain_ID: String,
[INFO] [stdout]     |     ^^^^^^^^ help: convert the identifier to snake case: `chain_id`
[INFO] [stdout] 
[INFO] [stdout] 
[INFO] [stdout] warning: structure field `chain_ID` should have a snake case name
[INFO] [stdout]   --> src/transaction.rs:68:5
[INFO] [stdout]    |
[INFO] [stdout] 68 |     chain_ID: String,
[INFO] [stdout]    |     ^^^^^^^^ help: convert the identifier to snake case: `chain_id`
[INFO] [stdout]    |
[INFO] [stdout]    = note: `#[warn(non_snake_case)]` (part of `#[warn(nonstandard_style)]`) on by default
[INFO] [stdout] 
[INFO] [stdout] 
[INFO] [stdout] warning: structure field `chain_ID` should have a snake case name
[INFO] [stdout]    --> src/transaction.rs:131:5
[INFO] [stdout]     |
[INFO] [stdout] 131 |     chain_ID: String,
[INFO] [stdout]     |     ^^^^^^^^ help: convert the identifier to snake case: `chain_id`
[INFO] [stdout] 
[INFO] [stdout] 
[INFO] [stderr]     Finished `release` profile [optimized] target(s) in 1.67s
[INFO] running `Command { std: "docker" "inspect" "e6e7dad6647803b1f98a9934d2efb0ba84f77373c1fea8f73789a5b0f220e75b", kill_on_drop: false }`
[INFO] running `Command { std: "docker" "exec" "-e" "SOURCE_DIR=/opt/rustwide/workdir" "-e" "CARGO_HOME=/opt/rustwide/cargo-home" "-e" "RUSTUP_HOME=/opt/rustwide/rustup-home" "-e" "CARGO_TARGET_DIR=/opt/rustwide/target" "-e" "CARGO_INCREMENTAL=0" "-e" "RUST_BACKTRACE=full" "-e" "RUSTFLAGS=--cap-lints=warn" "-e" "RUSTDOCFLAGS=--cap-lints=warn" "-w" "/opt/rustwide/workdir" "--user" "0:0" "e6e7dad6647803b1f98a9934d2efb0ba84f77373c1fea8f73789a5b0f220e75b" "/opt/rustwide/cargo-home/bin/cargo" "+1.99.0-beta.8" "test" "--frozen" "--release", kill_on_drop: false }`
[INFO] [stderr] warning: structure field `chain_ID` should have a snake case name
[INFO] [stderr]   --> src/transaction.rs:68:5
[INFO] [stderr]    |
[INFO] [stderr] 68 |     chain_ID: String,
[INFO] [stderr]    |     ^^^^^^^^ help: convert the identifier to snake case: `chain_id`
[INFO] [stderr]    |
[INFO] [stderr]    = note: `#[warn(non_snake_case)]` (part of `#[warn(nonstandard_style)]`) on by default
[INFO] [stderr] 
[INFO] [stderr] warning: structure field `chain_ID` should have a snake case name
[INFO] [stderr]    --> src/transaction.rs:131:5
[INFO] [stderr]     |
[INFO] [stderr] 131 |     chain_ID: String,
[INFO] [stderr]     |     ^^^^^^^^ help: convert the identifier to snake case: `chain_id`
[INFO] [stderr] 
[INFO] [stderr] warning: `elrond-rust` (lib) generated 2 warnings
[INFO] [stderr] warning: `elrond-rust` (lib test) generated 2 warnings (2 duplicates)
[INFO] [stderr]     Finished `release` profile [optimized] target(s) in 0.13s
[INFO] [stderr]      Running unittests src/lib.rs (/opt/rustwide/target/release/deps/elrond_rust-5efbbc807cb27230)
[INFO] [stdout] 
[INFO] [stdout] running 10 tests
[INFO] [stdout] test transaction::tests::create_serialize_and_sign_tx ... ok
[INFO] [stdout] test account::tests::save_and_load_account ... ok
[INFO] [stdout] test account::tests::address_from_private_key ... ok
[INFO] [stdout] test account::tests::signing_completes ... ok
[INFO] [stdout] test transaction::tests::test_currency_precision ... ok
[INFO] [stdout] test account::tests::validate_address ... ok
[INFO] [stdout] test account::tests::generate_and_test_account ... ok
[INFO] [stdout] test rest::tests::get_address_nonce ... FAILED
[INFO] [stdout] test rest::tests::get_newly_generated_address_nonce ... FAILED
[INFO] [stdout] test rest::tests::get_address_balance ... FAILED
[INFO] [stdout] 
[INFO] [stdout] failures:
[INFO] [stdout] 
[INFO] [stdout] ---- rest::tests::get_address_nonce stdout ----
[INFO] [stdout] 
[INFO] [stdout] thread 'rest::tests::get_address_nonce' (1694) panicked at src/rest.rs:139:58:
[INFO] [stdout] called `Result::unwrap()` on an `Err` value: ElrondClientError { message: "error code 400, data='Dns Failed: failed to lookup address information: Temporary failure in name resolution\n'" }
[INFO] [stdout] stack backtrace:
[INFO] [stdout]    0:     0x594f6e2e0a81 - <<std[70759c8f55707aa4]::sys::backtrace::BacktraceLock>::print::DisplayBacktrace as core[df12db4294e9bfd3]::fmt::Display>::fmt
[INFO] [stdout]    1:     0x594f6e2f764a - core[df12db4294e9bfd3]::fmt::write
[INFO] [stdout]    2:     0x594f6e2e546c - <alloc[2182bb758b4b3781]::vec::Vec<u8> as core[df12db4294e9bfd3]::io::write::Write>::write_fmt
[INFO] [stdout]    3:     0x594f6e2bbd96 - std[70759c8f55707aa4]::panicking::default_hook::{closure#0}
[INFO] [stdout]    4:     0x594f6e2d8b49 - std[70759c8f55707aa4]::panicking::default_hook
[INFO] [stdout]    5:     0x594f6e25b570 - test[9d35eded1c95d3be]::test_main_inner::<test[9d35eded1c95d3be]::test_main_static::{closure#0}>::{closure#0}
[INFO] [stdout]    6:     0x594f6e2d8d02 - std[70759c8f55707aa4]::panicking::panic_with_hook
[INFO] [stdout]    7:     0x594f6e2bbe42 - std[70759c8f55707aa4]::panicking::panic_handler::{closure#0}
[INFO] [stdout]    8:     0x594f6e2b4ae9 - std[70759c8f55707aa4]::sys::backtrace::__rust_end_short_backtrace::<std[70759c8f55707aa4]::panicking::panic_handler::{closure#0}, !>
[INFO] [stdout]    9:     0x594f6e2bcc2d - __rustc[8fa7c3cbc660c2b3]::rust_begin_unwind
[INFO] [stdout]   10:     0x594f6e2f7d7c - core[df12db4294e9bfd3]::panicking::panic_fmt
[INFO] [stdout]   11:     0x594f6e2f7b52 - core[df12db4294e9bfd3]::result::unwrap_failed
[INFO] [stdout]   12:     0x594f6e15dd85 - <elrond_rust[b8f804a19236f24f]::rest::tests::get_address_nonce::{closure#0} as core[df12db4294e9bfd3]::ops::function::FnOnce<()>>::call_once
[INFO] [stdout]   13:     0x594f6e24e85b - test[9d35eded1c95d3be]::__rust_begin_short_backtrace::<core[df12db4294e9bfd3]::result::Result<(), alloc[2182bb758b4b3781]::string::String>, fn() -> core[df12db4294e9bfd3]::result::Result<(), alloc[2182bb758b4b3781]::string::String>>
[INFO] [stdout]   14:     0x594f6e25bec5 - test[9d35eded1c95d3be]::run_test::{closure#0}
[INFO] [stdout]   15:     0x594f6e255784 - std[70759c8f55707aa4]::sys::backtrace::__rust_begin_short_backtrace::<test[9d35eded1c95d3be]::run_test::{closure#1}, ()>
[INFO] [stdout]   16:     0x594f6e25f022 - <std[70759c8f55707aa4]::thread::lifecycle::spawn_unchecked<test[9d35eded1c95d3be]::run_test::{closure#1}, ()>::{closure#1} as core[df12db4294e9bfd3]::ops::function::FnOnce<()>>::call_once::{shim:vtable#0}
[INFO] [stdout]   17:     0x594f6e2dfe09 - <std[70759c8f55707aa4]::sys::thread::unix::Thread>::new::thread_start
[INFO] [stdout]   18:     0x7863671d7dfa - <unknown>
[INFO] [stdout]   19:     0x78636726b3d4 - clone
[INFO] [stdout]   20:                0x0 - <unknown>
[INFO] [stdout] 
[INFO] [stdout] ---- rest::tests::get_newly_generated_address_nonce stdout ----
[INFO] [stdout] erd1y55tj2s9etz8hdxgz4wc6gx6scdqdmwyhxf7j6tf774krt8lrc6sskdhgj
[INFO] [stdout] 
[INFO] [stdout] thread 'rest::tests::get_newly_generated_address_nonce' (1695) panicked at src/rest.rs:149:56:
[INFO] [stdout] called `Result::unwrap()` on an `Err` value: ElrondClientError { message: "error code 400, data='Dns Failed: failed to lookup address information: Temporary failure in name resolution\n'" }
[INFO] [stdout] stack backtrace:
[INFO] [stdout]    0:     0x594f6e2e0a81 - <<std[70759c8f55707aa4]::sys::backtrace::BacktraceLock>::print::DisplayBacktrace as core[df12db4294e9bfd3]::fmt::Display>::fmt
[INFO] [stdout]    1:     0x594f6e2f764a - core[df12db4294e9bfd3]::fmt::write
[INFO] [stdout]    2:     0x594f6e2e546c - <alloc[2182bb758b4b3781]::vec::Vec<u8> as core[df12db4294e9bfd3]::io::write::Write>::write_fmt
[INFO] [stdout]    3:     0x594f6e2bbd96 - std[70759c8f55707aa4]::panicking::default_hook::{closure#0}
[INFO] [stdout]    4:     0x594f6e2d8b49 - std[70759c8f55707aa4]::panicking::default_hook
[INFO] [stdout]    5:     0x594f6e25b570 - test[9d35eded1c95d3be]::test_main_inner::<test[9d35eded1c95d3be]::test_main_static::{closure#0}>::{closure#0}
[INFO] [stdout]    6:     0x594f6e2d8d02 - std[70759c8f55707aa4]::panicking::panic_with_hook
[INFO] [stdout]    7:     0x594f6e2bbe42 - std[70759c8f55707aa4]::panicking::panic_handler::{closure#0}
[INFO] [stdout]    8:     0x594f6e2b4ae9 - std[70759c8f55707aa4]::sys::backtrace::__rust_end_short_backtrace::<std[70759c8f55707aa4]::panicking::panic_handler::{closure#0}, !>
[INFO] [stdout]    9:     0x594f6e2bcc2d - __rustc[8fa7c3cbc660c2b3]::rust_begin_unwind
[INFO] [stdout]   10:     0x594f6e2f7d7c - core[df12db4294e9bfd3]::panicking::panic_fmt
[INFO] [stdout]   11:     0x594f6e2f7b52 - core[df12db4294e9bfd3]::result::unwrap_failed
[INFO] [stdout]   12:     0x594f6e15e1d9 - <elrond_rust[b8f804a19236f24f]::rest::tests::get_newly_generated_address_nonce::{closure#0} as core[df12db4294e9bfd3]::ops::function::FnOnce<()>>::call_once
[INFO] [stdout]   13:     0x594f6e24e85b - test[9d35eded1c95d3be]::__rust_begin_short_backtrace::<core[df12db4294e9bfd3]::result::Result<(), alloc[2182bb758b4b3781]::string::String>, fn() -> core[df12db4294e9bfd3]::result::Result<(), alloc[2182bb758b4b3781]::string::String>>
[INFO] [stdout]   14:     0x594f6e25bec5 - test[9d35eded1c95d3be]::run_test::{closure#0}
[INFO] [stdout]   15:     0x594f6e255784 - std[70759c8f55707aa4]::sys::backtrace::__rust_begin_short_backtrace::<test[9d35eded1c95d3be]::run_test::{closure#1}, ()>
[INFO] [stdout]   16:     0x594f6e25f022 - <std[70759c8f55707aa4]::thread::lifecycle::spawn_unchecked<test[9d35eded1c95d3be]::run_test::{closure#1}, ()>::{closure#1} as core[df12db4294e9bfd3]::ops::function::FnOnce<()>>::call_once::{shim:vtable#0}
[INFO] [stdout]   17:     0x594f6e2dfe09 - <std[70759c8f55707aa4]::sys::thread::unix::Thread>::new::thread_start
[INFO] [stdout]   18:     0x7863671d7dfa - <unknown>
[INFO] [stdout]   19:     0x78636726b3d4 - clone
[INFO] [stdout]   20:                0x0 - <unknown>
[INFO] [stdout] 
[INFO] [stdout] ---- rest::tests::get_address_balance stdout ----
[INFO] [stdout] 
[INFO] [stdout] thread 'rest::tests::get_address_balance' (1693) panicked at src/rest.rs:158:59:
[INFO] [stdout] called `Result::unwrap()` on an `Err` value: ElrondClientError { message: "error code 400, data='Dns Failed: failed to lookup address information: Temporary failure in name resolution\n'" }
[INFO] [stdout] stack backtrace:
[INFO] [stdout]    0:     0x594f6e2e0a81 - <<std[70759c8f55707aa4]::sys::backtrace::BacktraceLock>::print::DisplayBacktrace as core[df12db4294e9bfd3]::fmt::Display>::fmt
[INFO] [stdout]    1:     0x594f6e2f764a - core[df12db4294e9bfd3]::fmt::write
[INFO] [stdout]    2:     0x594f6e2e546c - <alloc[2182bb758b4b3781]::vec::Vec<u8> as core[df12db4294e9bfd3]::io::write::Write>::write_fmt
[INFO] [stdout]    3:     0x594f6e2bbd96 - std[70759c8f55707aa4]::panicking::default_hook::{closure#0}
[INFO] [stdout]    4:     0x594f6e2d8b49 - std[70759c8f55707aa4]::panicking::default_hook
[INFO] [stdout]    5:     0x594f6e25b570 - test[9d35eded1c95d3be]::test_main_inner::<test[9d35eded1c95d3be]::test_main_static::{closure#0}>::{closure#0}
[INFO] [stdout]    6:     0x594f6e2d8d02 - std[70759c8f55707aa4]::panicking::panic_with_hook
[INFO] [stdout]    7:     0x594f6e2bbe42 - std[70759c8f55707aa4]::panicking::panic_handler::{closure#0}
[INFO] [stdout]    8:     0x594f6e2b4ae9 - std[70759c8f55707aa4]::sys::backtrace::__rust_end_short_backtrace::<std[70759c8f55707aa4]::panicking::panic_handler::{closure#0}, !>
[INFO] [stdout]    9:     0x594f6e2bcc2d - __rustc[8fa7c3cbc660c2b3]::rust_begin_unwind
[INFO] [stdout]   10:     0x594f6e2f7d7c - core[df12db4294e9bfd3]::panicking::panic_fmt
[INFO] [stdout]   11:     0x594f6e2f7b52 - core[df12db4294e9bfd3]::result::unwrap_failed
[INFO] [stdout]   12:     0x594f6e15df44 - <elrond_rust[b8f804a19236f24f]::rest::tests::get_address_balance::{closure#0} as core[df12db4294e9bfd3]::ops::function::FnOnce<()>>::call_once
[INFO] [stdout]   13:     0x594f6e24e85b - test[9d35eded1c95d3be]::__rust_begin_short_backtrace::<core[df12db4294e9bfd3]::result::Result<(), alloc[2182bb758b4b3781]::string::String>, fn() -> core[df12db4294e9bfd3]::result::Result<(), alloc[2182bb758b4b3781]::string::String>>
[INFO] [stdout]   14:     0x594f6e25bec5 - test[9d35eded1c95d3be]::run_test::{closure#0}
[INFO] [stdout]   15:     0x594f6e255784 - std[70759c8f55707aa4]::sys::backtrace::__rust_begin_short_backtrace::<test[9d35eded1c95d3be]::run_test::{closure#1}, ()>
[INFO] [stdout]   16:     0x594f6e25f022 - <std[70759c8f55707aa4]::thread::lifecycle::spawn_unchecked<test[9d35eded1c95d3be]::run_test::{closure#1}, ()>::{closure#1} as core[df12db4294e9bfd3]::ops::function::FnOnce<()>>::call_once::{shim:vtable#0}
[INFO] [stdout]   17:     0x594f6e2dfe09 - <std[70759c8f55707aa4]::sys::thread::unix::Thread>::new::thread_start
[INFO] [stdout]   18:     0x7863671d7dfa - <unknown>
[INFO] [stdout]   19:     0x78636726b3d4 - clone
[INFO] [stdout]   20:                0x0 - <unknown>
[INFO] [stdout] 
[INFO] [stdout] 
[INFO] [stdout] failures:
[INFO] [stdout]     rest::tests::get_address_balance
[INFO] [stdout]     rest::tests::get_address_nonce
[INFO] [stdout]     rest::tests::get_newly_generated_address_nonce
[INFO] [stdout] 
[INFO] [stdout] test result: FAILED. 7 passed; 3 failed; 0 ignored; 0 measured; 0 filtered out; finished in 0.02s
[INFO] [stdout] 
[INFO] [stderr] error: test failed, to rerun pass `--lib`
[INFO] running `Command { std: "docker" "inspect" "e6e7dad6647803b1f98a9934d2efb0ba84f77373c1fea8f73789a5b0f220e75b", kill_on_drop: false }`
[INFO] running `Command { std: "docker" "rm" "-f" "e6e7dad6647803b1f98a9934d2efb0ba84f77373c1fea8f73789a5b0f220e75b", kill_on_drop: false }`
[INFO] [stdout] e6e7dad6647803b1f98a9934d2efb0ba84f77373c1fea8f73789a5b0f220e75b
