[INFO] fetching crate elm-refactor 0.4.0...
[INFO] testing elm-refactor-0.4.0 against 1.100.0-beta.1+cargoflags=--release for beta-release-1.100-2
[INFO] extracting crate elm-refactor 0.4.0 into /workspace/builds/worker-3-tc2/source
[INFO] started tweaking crates.io crate elm-refactor 0.4.0
[INFO] removed 0 missing tests
[INFO] finished tweaking crates.io crate elm-refactor 0.4.0
[INFO] tweaked toml for crates.io crate elm-refactor 0.4.0 written to /workspace/builds/worker-3-tc2/source/Cargo.toml
[INFO] validating manifest of crates.io crate elm-refactor 0.4.0 on toolchain 1.100.0-beta.1
[INFO] running `Command { std: CARGO_HOME="/workspace/cargo-home" RUSTUP_HOME="/workspace/rustup-home" "/workspace/cargo-home/bin/cargo" "+1.100.0-beta.1" "metadata" "--manifest-path" "Cargo.toml" "--no-deps", kill_on_drop: false }`
[INFO] crate crates.io crate elm-refactor 0.4.0 already has a lockfile, it will not be regenerated
[INFO] running `Command { std: CARGO_HOME="/workspace/cargo-home" RUSTUP_HOME="/workspace/rustup-home" "/workspace/cargo-home/bin/cargo" "+1.100.0-beta.1" "fetch" "--manifest-path" "Cargo.toml", kill_on_drop: false }`
[INFO] [stderr] warning: `package.homepage` is redundant with `package.repository`
[INFO] [stderr]   --> Cargo.toml:25:12
[INFO] [stderr]    |
[INFO] [stderr] 25 | homepage = "https://github.com/joshburgess/elm-assist"
[INFO] [stderr]    |            ^^^^^^^^^^^^^^^^^^^^^^^^^^^^^^^^^^^^^^^^^^^
[INFO] [stderr] ...
[INFO] [stderr] 30 | repository = "https://github.com/joshburgess/elm-assist"
[INFO] [stderr]    |              -------------------------------------------
[INFO] [stderr]    |
[INFO] [stderr]    = note: `cargo::redundant_homepage` is set to `warn` by default
[INFO] [stderr] help: consider removing `package.homepage`
[INFO] [stderr] warning: `elm-refactor` (manifest) generated 1 warning
[INFO] running `Command { std: "docker" "create" "-v" "/var/lib/crater-agent-workspace/builds/worker-3-tc2/source:/opt/rustwide/workdir:ro,Z" "-v" "/var/lib/crater-agent-workspace/builds/worker-3-tc2/target:/opt/rustwide/target:rw,Z" "-v" "/var/lib/crater-agent-workspace/cargo-home:/opt/rustwide/cargo-home:ro,Z" "-v" "/var/lib/crater-agent-workspace/rustup-home:/opt/rustwide/rustup-home:ro,Z" "-m" "1610612736" "--network" "none" "ghcr.io/rust-lang/crates-build-env/linux@sha256:77db811e55d90add9212f6832c23229e3de5f1c1f9905e8cb07319ea15df73ac" "sleep" "infinity", kill_on_drop: false }`
[INFO] [stdout] 61b0873dcee0c28cfe572c877a7e0182b0ebb4a49f7a0b3dada76b7d90975ff8
[INFO] running `Command { std: "docker" "start" "61b0873dcee0c28cfe572c877a7e0182b0ebb4a49f7a0b3dada76b7d90975ff8", kill_on_drop: false }`
[INFO] running `Command { std: "docker" "inspect" "61b0873dcee0c28cfe572c877a7e0182b0ebb4a49f7a0b3dada76b7d90975ff8", kill_on_drop: false }`
[INFO] running `Command { std: "docker" "exec" "-e" "SOURCE_DIR=/opt/rustwide/workdir" "-e" "CARGO_HOME=/opt/rustwide/cargo-home" "-e" "RUSTUP_HOME=/opt/rustwide/rustup-home" "-e" "CARGO_TARGET_DIR=/opt/rustwide/target" "-w" "/opt/rustwide/workdir" "--user" "0:0" "61b0873dcee0c28cfe572c877a7e0182b0ebb4a49f7a0b3dada76b7d90975ff8" "/opt/rustwide/cargo-home/bin/cargo" "+1.100.0-beta.1" "metadata" "--no-deps" "--format-version=1", kill_on_drop: false }`
[INFO] running `Command { std: "docker" "inspect" "61b0873dcee0c28cfe572c877a7e0182b0ebb4a49f7a0b3dada76b7d90975ff8", kill_on_drop: false }`
[INFO] running `Command { std: "docker" "exec" "-e" "SOURCE_DIR=/opt/rustwide/workdir" "-e" "CARGO_HOME=/opt/rustwide/cargo-home" "-e" "RUSTUP_HOME=/opt/rustwide/rustup-home" "-e" "CARGO_TARGET_DIR=/opt/rustwide/target" "-e" "CARGO_INCREMENTAL=0" "-e" "RUST_BACKTRACE=full" "-e" "RUSTFLAGS=--cap-lints=warn" "-e" "RUSTDOCFLAGS=--cap-lints=warn" "-w" "/opt/rustwide/workdir" "--user" "0:0" "61b0873dcee0c28cfe572c877a7e0182b0ebb4a49f7a0b3dada76b7d90975ff8" "/opt/rustwide/cargo-home/bin/cargo" "+1.100.0-beta.1" "build" "--frozen" "--message-format=json" "--release", kill_on_drop: false }`
[INFO] [stderr] warning: `package.homepage` is redundant with `package.repository`
[INFO] [stderr]   --> Cargo.toml:25:12
[INFO] [stderr]    |
[INFO] [stderr] 25 | homepage = "https://github.com/joshburgess/elm-assist"
[INFO] [stderr]    |            ^^^^^^^^^^^^^^^^^^^^^^^^^^^^^^^^^^^^^^^^^^^
[INFO] [stderr] ...
[INFO] [stderr] 30 | repository = "https://github.com/joshburgess/elm-assist"
[INFO] [stderr]    |              -------------------------------------------
[INFO] [stderr]    |
[INFO] [stderr]    = note: `cargo::redundant_homepage` is set to `warn` by default
[INFO] [stderr] help: consider removing `package.homepage`
[INFO] [stderr] warning: `elm-refactor` (manifest) generated 1 warning
[INFO] [stderr]    Compiling elm-ast v0.2.1
[INFO] [stderr]    Compiling elm-refactor v0.4.0 (/opt/rustwide/workdir)
[INFO] [stderr]     Finished `release` profile [optimized] target(s) in 21.01s
[INFO] running `Command { std: "docker" "inspect" "61b0873dcee0c28cfe572c877a7e0182b0ebb4a49f7a0b3dada76b7d90975ff8", kill_on_drop: false }`
[INFO] running `Command { std: "docker" "exec" "-e" "SOURCE_DIR=/opt/rustwide/workdir" "-e" "CARGO_HOME=/opt/rustwide/cargo-home" "-e" "RUSTUP_HOME=/opt/rustwide/rustup-home" "-e" "CARGO_TARGET_DIR=/opt/rustwide/target" "-e" "CARGO_INCREMENTAL=0" "-e" "RUST_BACKTRACE=full" "-e" "RUSTFLAGS=--cap-lints=warn" "-e" "RUSTDOCFLAGS=--cap-lints=warn" "-w" "/opt/rustwide/workdir" "--user" "0:0" "61b0873dcee0c28cfe572c877a7e0182b0ebb4a49f7a0b3dada76b7d90975ff8" "/opt/rustwide/cargo-home/bin/cargo" "+1.100.0-beta.1" "test" "--frozen" "--no-run" "--message-format=json" "--release", kill_on_drop: false }`
[INFO] [stderr] warning: `package.homepage` is redundant with `package.repository`
[INFO] [stderr]   --> Cargo.toml:25:12
[INFO] [stderr]    |
[INFO] [stderr] 25 | homepage = "https://github.com/joshburgess/elm-assist"
[INFO] [stderr]    |            ^^^^^^^^^^^^^^^^^^^^^^^^^^^^^^^^^^^^^^^^^^^
[INFO] [stderr] ...
[INFO] [stderr] 30 | repository = "https://github.com/joshburgess/elm-assist"
[INFO] [stderr]    |              -------------------------------------------
[INFO] [stderr]    |
[INFO] [stderr]    = note: `cargo::redundant_homepage` is set to `warn` by default
[INFO] [stderr] help: consider removing `package.homepage`
[INFO] [stderr] warning: `elm-refactor` (manifest) generated 1 warning
[INFO] [stderr]    Compiling libc v0.2.184
[INFO] [stderr]    Compiling getrandom v0.3.4
[INFO] [stderr]    Compiling test-better-core v0.2.2
[INFO] [stderr]    Compiling unarray v0.1.4
[INFO] [stderr]    Compiling bitflags v2.11.0
[INFO] [stderr]    Compiling ppv-lite86 v0.2.21
[INFO] [stderr]    Compiling regex-syntax v0.8.10
[INFO] [stderr]    Compiling syn v2.0.117
[INFO] [stderr]    Compiling similar v2.7.0
[INFO] [stderr]    Compiling test-better-snapshot v0.2.2
[INFO] [stderr]    Compiling test-better-async v0.2.2
[INFO] [stderr]    Compiling test-better-matchers v0.2.2
[INFO] [stderr]    Compiling rand_core v0.9.5
[INFO] [stderr]    Compiling rand v0.9.4
[INFO] [stderr]    Compiling rand_xorshift v0.4.0
[INFO] [stderr]    Compiling rand_chacha v0.9.0
[INFO] [stderr]    Compiling proptest v1.11.0
[INFO] [stderr]    Compiling test-better-macros v0.2.2
[INFO] [stderr]    Compiling test-better-property v0.2.2
[INFO] [stderr]    Compiling test-better v0.2.2
[INFO] [stderr]    Compiling elm-refactor v0.4.0 (/opt/rustwide/workdir)
[INFO] [stderr]     Finished `release` profile [optimized] target(s) in 38.70s
[INFO] running `Command { std: "docker" "inspect" "61b0873dcee0c28cfe572c877a7e0182b0ebb4a49f7a0b3dada76b7d90975ff8", kill_on_drop: false }`
[INFO] running `Command { std: "docker" "exec" "-e" "SOURCE_DIR=/opt/rustwide/workdir" "-e" "CARGO_HOME=/opt/rustwide/cargo-home" "-e" "RUSTUP_HOME=/opt/rustwide/rustup-home" "-e" "CARGO_TARGET_DIR=/opt/rustwide/target" "-e" "CARGO_INCREMENTAL=0" "-e" "RUST_BACKTRACE=full" "-e" "RUSTFLAGS=--cap-lints=warn" "-e" "RUSTDOCFLAGS=--cap-lints=warn" "-w" "/opt/rustwide/workdir" "--user" "0:0" "61b0873dcee0c28cfe572c877a7e0182b0ebb4a49f7a0b3dada76b7d90975ff8" "/opt/rustwide/cargo-home/bin/cargo" "+1.100.0-beta.1" "test" "--frozen" "--release", kill_on_drop: false }`
[INFO] [stderr] warning: `package.homepage` is redundant with `package.repository`
[INFO] [stderr]   --> Cargo.toml:25:12
[INFO] [stderr]    |
[INFO] [stderr] 25 | homepage = "https://github.com/joshburgess/elm-assist"
[INFO] [stderr]    |            ^^^^^^^^^^^^^^^^^^^^^^^^^^^^^^^^^^^^^^^^^^^
[INFO] [stderr] ...
[INFO] [stderr] 30 | repository = "https://github.com/joshburgess/elm-assist"
[INFO] [stderr]    |              -------------------------------------------
[INFO] [stderr]    |
[INFO] [stderr]    = note: `cargo::redundant_homepage` is set to `warn` by default
[INFO] [stderr] help: consider removing `package.homepage`
[INFO] [stderr] warning: `elm-refactor` (manifest) generated 1 warning
[INFO] [stderr]     Finished `release` profile [optimized] target(s) in 0.08s
[INFO] [stderr]      Running unittests src/lib.rs (/opt/rustwide/target/release/build/elm-refactor/1d5daaaf39ebbcc9/out/elm_refactor-1d5daaaf39ebbcc9)
[INFO] [stdout] 
[INFO] [stdout] running 0 tests
[INFO] [stdout] 
[INFO] [stdout] test result: ok. 0 passed; 0 failed; 0 ignored; 0 measured; 0 filtered out; finished in 0.00s
[INFO] [stdout] 
[INFO] [stderr]      Running unittests src/main.rs (/opt/rustwide/target/release/build/elm-refactor/03a3f6abecefd86c/out/elm_refactor-03a3f6abecefd86c)
[INFO] [stdout] 
[INFO] [stdout] running 0 tests
[INFO] [stdout] 
[INFO] [stdout] test result: ok. 0 passed; 0 failed; 0 ignored; 0 measured; 0 filtered out; finished in 0.00s
[INFO] [stdout] 
[INFO] [stderr]      Running tests/cross_file_tests.rs (/opt/rustwide/target/release/build/elm-refactor/ce9bee0bd474aebe/out/cross_file_tests-ce9bee0bd474aebe)
[INFO] [stdout] 
[INFO] [stdout] running 4 tests
[INFO] [stdout] test rename_updates_exposed_import ... ok
[INFO] [stdout] test rename_no_false_positives ... ok
[INFO] [stdout] test sort_imports_works_across_files ... ok
[INFO] [stdout] test rename_updates_definition_and_cross_file_reference ... ok
[INFO] [stdout] 
[INFO] [stdout] test result: ok. 4 passed; 0 failed; 0 ignored; 0 measured; 0 filtered out; finished in 0.01s
[INFO] [stdout] 
[INFO] [stderr]      Running tests/integration_tests.rs (/opt/rustwide/target/release/build/elm-refactor/46747a3758b6897a/out/integration_tests-46747a3758b6897a)
[INFO] [stdout] 
[INFO] [stdout] running 5 tests
[INFO] [stdout] test qualify_imports_output_reparses ... ok
[INFO] [stdout] test sort_imports_output_reparses ... ok
[INFO] [stdout] test sort_imports_produces_sorted_output ... ok
[INFO] [stdout] test sort_imports_no_crash_on_all_fixtures ... FAILED
[INFO] [stdout] test qualify_imports_no_crash_on_all_fixtures ... FAILED
[INFO] [stdout] 
[INFO] [stdout] failures:
[INFO] [stdout] 
[INFO] [stdout] ---- sort_imports_no_crash_on_all_fixtures stdout ----
[INFO] [stdout] Error: assertion failed: check!(!project.files.is_empty())
[INFO] [stdout]   while no fixture files loaded
[INFO] [stdout]   expected: true
[INFO] [stdout]     actual: false
[INFO] [stdout]   at tests/integration_tests.rs:122:10
[INFO] [stdout] 
[INFO] [stdout] ---- qualify_imports_no_crash_on_all_fixtures stdout ----
[INFO] [stdout] Error: assertion failed: check!(!project.files.is_empty())
[INFO] [stdout]   while no fixture files loaded
[INFO] [stdout]   expected: true
[INFO] [stdout]     actual: false
[INFO] [stdout]   at tests/integration_tests.rs:200:10
[INFO] [stdout] 
[INFO] [stdout] 
[INFO] [stdout] failures:
[INFO] [stdout]     qualify_imports_no_crash_on_all_fixtures
[INFO] [stdout]     sort_imports_no_crash_on_all_fixtures
[INFO] [stdout] 
[INFO] [stdout] test result: FAILED. 3 passed; 2 failed; 0 ignored; 0 measured; 0 filtered out; finished in 0.00s
[INFO] [stdout] 
[INFO] [stderr] error: test failed, to rerun pass `--test integration_tests`
[INFO] running `Command { std: "docker" "inspect" "61b0873dcee0c28cfe572c877a7e0182b0ebb4a49f7a0b3dada76b7d90975ff8", kill_on_drop: false }`
[INFO] running `Command { std: "docker" "rm" "-f" "61b0873dcee0c28cfe572c877a7e0182b0ebb4a49f7a0b3dada76b7d90975ff8", kill_on_drop: false }`
[INFO] [stdout] 61b0873dcee0c28cfe572c877a7e0182b0ebb4a49f7a0b3dada76b7d90975ff8
