[INFO] fetching crate elm-deps 0.4.0...
[INFO] testing elm-deps-0.4.0 against 1.99.0-beta.8+cargoflags=--release for beta-release-1.100-2
[INFO] extracting crate elm-deps 0.4.0 into /workspace/builds/worker-0-tc1/source
[INFO] started tweaking crates.io crate elm-deps 0.4.0
[INFO] removed 0 missing tests
[INFO] finished tweaking crates.io crate elm-deps 0.4.0
[INFO] tweaked toml for crates.io crate elm-deps 0.4.0 written to /workspace/builds/worker-0-tc1/source/Cargo.toml
[INFO] validating manifest of crates.io crate elm-deps 0.4.0 on toolchain 1.99.0-beta.8
[INFO] running `Command { std: CARGO_HOME="/workspace/cargo-home" RUSTUP_HOME="/workspace/rustup-home" "/workspace/cargo-home/bin/cargo" "+1.99.0-beta.8" "metadata" "--manifest-path" "Cargo.toml" "--no-deps", kill_on_drop: false }`
[INFO] crate crates.io crate elm-deps 0.4.0 already has a lockfile, it will not be regenerated
[INFO] running `Command { std: CARGO_HOME="/workspace/cargo-home" RUSTUP_HOME="/workspace/rustup-home" "/workspace/cargo-home/bin/cargo" "+1.99.0-beta.8" "fetch" "--manifest-path" "Cargo.toml", kill_on_drop: false }`
[INFO] [stderr]     Updating crates.io index
[INFO] [stderr]     Blocking waiting for file lock on package cache
[INFO] [stderr]  Downloading crates ...
[INFO] [stderr]   Downloaded test-better-property v0.2.2
[INFO] [stderr]   Downloaded test-better-matchers v0.2.2
[INFO] [stderr]   Downloaded test-better-snapshot v0.2.2
[INFO] [stderr]   Downloaded test-better-core v0.2.2
[INFO] [stderr]   Downloaded test-better-macros v0.2.2
[INFO] [stderr]   Downloaded test-better-async v0.2.2
[INFO] [stderr]   Downloaded test-better v0.2.2
[INFO] [stderr]   Downloaded elm-ast v0.2.1
[INFO] running `Command { std: "docker" "create" "-v" "/var/lib/crater-agent-workspace/builds/worker-0-tc1/source:/opt/rustwide/workdir:ro,Z" "-v" "/var/lib/crater-agent-workspace/builds/worker-0-tc1/target:/opt/rustwide/target:rw,Z" "-v" "/var/lib/crater-agent-workspace/cargo-home:/opt/rustwide/cargo-home:ro,Z" "-v" "/var/lib/crater-agent-workspace/rustup-home:/opt/rustwide/rustup-home:ro,Z" "-m" "1610612736" "--network" "none" "ghcr.io/rust-lang/crates-build-env/linux@sha256:77db811e55d90add9212f6832c23229e3de5f1c1f9905e8cb07319ea15df73ac" "sleep" "infinity", kill_on_drop: false }`
[INFO] [stdout] 2576e106a971b57680fe135051988f9600b626e58e8d7715a7b379ef2ee7f783
[INFO] running `Command { std: "docker" "start" "2576e106a971b57680fe135051988f9600b626e58e8d7715a7b379ef2ee7f783", kill_on_drop: false }`
[INFO] running `Command { std: "docker" "inspect" "2576e106a971b57680fe135051988f9600b626e58e8d7715a7b379ef2ee7f783", kill_on_drop: false }`
[INFO] running `Command { std: "docker" "exec" "-e" "SOURCE_DIR=/opt/rustwide/workdir" "-e" "CARGO_HOME=/opt/rustwide/cargo-home" "-e" "RUSTUP_HOME=/opt/rustwide/rustup-home" "-e" "CARGO_TARGET_DIR=/opt/rustwide/target" "-w" "/opt/rustwide/workdir" "--user" "0:0" "2576e106a971b57680fe135051988f9600b626e58e8d7715a7b379ef2ee7f783" "/opt/rustwide/cargo-home/bin/cargo" "+1.99.0-beta.8" "metadata" "--no-deps" "--format-version=1", kill_on_drop: false }`
[INFO] running `Command { std: "docker" "inspect" "2576e106a971b57680fe135051988f9600b626e58e8d7715a7b379ef2ee7f783", kill_on_drop: false }`
[INFO] running `Command { std: "docker" "exec" "-e" "SOURCE_DIR=/opt/rustwide/workdir" "-e" "CARGO_HOME=/opt/rustwide/cargo-home" "-e" "RUSTUP_HOME=/opt/rustwide/rustup-home" "-e" "CARGO_TARGET_DIR=/opt/rustwide/target" "-e" "CARGO_INCREMENTAL=0" "-e" "RUST_BACKTRACE=full" "-e" "RUSTFLAGS=--cap-lints=warn" "-e" "RUSTDOCFLAGS=--cap-lints=warn" "-w" "/opt/rustwide/workdir" "--user" "0:0" "2576e106a971b57680fe135051988f9600b626e58e8d7715a7b379ef2ee7f783" "/opt/rustwide/cargo-home/bin/cargo" "+1.99.0-beta.8" "build" "--frozen" "--message-format=json" "--release", kill_on_drop: false }`
[INFO] [stderr]    Compiling elm-ast v0.2.1
[INFO] [stderr]    Compiling elm-deps v0.4.0 (/opt/rustwide/workdir)
[INFO] [stderr]     Finished `release` profile [optimized] target(s) in 13.13s
[INFO] running `Command { std: "docker" "inspect" "2576e106a971b57680fe135051988f9600b626e58e8d7715a7b379ef2ee7f783", kill_on_drop: false }`
[INFO] running `Command { std: "docker" "exec" "-e" "SOURCE_DIR=/opt/rustwide/workdir" "-e" "CARGO_HOME=/opt/rustwide/cargo-home" "-e" "RUSTUP_HOME=/opt/rustwide/rustup-home" "-e" "CARGO_TARGET_DIR=/opt/rustwide/target" "-e" "CARGO_INCREMENTAL=0" "-e" "RUST_BACKTRACE=full" "-e" "RUSTFLAGS=--cap-lints=warn" "-e" "RUSTDOCFLAGS=--cap-lints=warn" "-w" "/opt/rustwide/workdir" "--user" "0:0" "2576e106a971b57680fe135051988f9600b626e58e8d7715a7b379ef2ee7f783" "/opt/rustwide/cargo-home/bin/cargo" "+1.99.0-beta.8" "test" "--frozen" "--no-run" "--message-format=json" "--release", kill_on_drop: false }`
[INFO] [stderr]    Compiling libc v0.2.184
[INFO] [stderr]    Compiling test-better-core v0.2.2
[INFO] [stderr]    Compiling unarray v0.1.4
[INFO] [stderr]    Compiling regex-syntax v0.8.10
[INFO] [stderr]    Compiling test-better-snapshot v0.2.2
[INFO] [stderr]    Compiling similar v2.7.0
[INFO] [stderr]    Compiling num-traits v0.2.19
[INFO] [stderr]    Compiling ppv-lite86 v0.2.21
[INFO] [stderr]    Compiling syn v2.0.117
[INFO] [stderr]    Compiling test-better-async v0.2.2
[INFO] [stderr]    Compiling test-better-matchers v0.2.2
[INFO] [stderr]    Compiling getrandom v0.3.4
[INFO] [stderr]    Compiling rand_core v0.9.5
[INFO] [stderr]    Compiling rand v0.9.4
[INFO] [stderr]    Compiling rand_chacha v0.9.0
[INFO] [stderr]    Compiling rand_xorshift v0.4.0
[INFO] [stderr]    Compiling proptest v1.11.0
[INFO] [stderr]    Compiling test-better-macros v0.2.2
[INFO] [stderr]    Compiling test-better-property v0.2.2
[INFO] [stderr]    Compiling test-better v0.2.2
[INFO] [stderr]    Compiling elm-deps v0.4.0 (/opt/rustwide/workdir)
[INFO] [stderr]     Finished `release` profile [optimized] target(s) in 22.92s
[INFO] running `Command { std: "docker" "inspect" "2576e106a971b57680fe135051988f9600b626e58e8d7715a7b379ef2ee7f783", kill_on_drop: false }`
[INFO] running `Command { std: "docker" "exec" "-e" "SOURCE_DIR=/opt/rustwide/workdir" "-e" "CARGO_HOME=/opt/rustwide/cargo-home" "-e" "RUSTUP_HOME=/opt/rustwide/rustup-home" "-e" "CARGO_TARGET_DIR=/opt/rustwide/target" "-e" "CARGO_INCREMENTAL=0" "-e" "RUST_BACKTRACE=full" "-e" "RUSTFLAGS=--cap-lints=warn" "-e" "RUSTDOCFLAGS=--cap-lints=warn" "-w" "/opt/rustwide/workdir" "--user" "0:0" "2576e106a971b57680fe135051988f9600b626e58e8d7715a7b379ef2ee7f783" "/opt/rustwide/cargo-home/bin/cargo" "+1.99.0-beta.8" "test" "--frozen" "--release", kill_on_drop: false }`
[INFO] [stderr]     Finished `release` profile [optimized] target(s) in 0.05s
[INFO] [stderr]      Running unittests src/lib.rs (/opt/rustwide/target/release/deps/elm_deps-010b85283b5466bb)
[INFO] [stdout] 
[INFO] [stdout] running 0 tests
[INFO] [stdout] 
[INFO] [stdout] test result: ok. 0 passed; 0 failed; 0 ignored; 0 measured; 0 filtered out; finished in 0.00s
[INFO] [stdout] 
[INFO] [stderr]      Running unittests src/main.rs (/opt/rustwide/target/release/deps/elm_deps-d1e51188ecacd8f5)
[INFO] [stderr]      Running tests/graph_tests.rs (/opt/rustwide/target/release/deps/graph_tests-29ecd94621addbab)
[INFO] [stdout] 
[INFO] [stdout] running 0 tests
[INFO] [stdout] 
[INFO] [stdout] test result: ok. 0 passed; 0 failed; 0 ignored; 0 measured; 0 filtered out; finished in 0.00s
[INFO] [stdout] 
[INFO] [stdout] 
[INFO] [stdout] running 8 tests
[INFO] [stdout] test detects_simple_cycle ... ok
[INFO] [stdout] test build_graph_filters_internal ... ok
[INFO] [stdout] test detects_multiple_independent_cycles ... ok
[INFO] [stdout] test detects_triangle_cycle ... ok
[INFO] [stdout] test no_cycles_in_linear_graph ... ok
[INFO] [stdout] test empty_graph ... ok
[INFO] [stdout] test no_duplicate_cycles ... ok
[INFO] [stderr]      Running tests/integration_tests.rs (/opt/rustwide/target/release/deps/integration_tests-dce547acb820ff0d)
[INFO] [stdout] test self_cycle ... ok
[INFO] [stdout] 
[INFO] [stdout] test result: ok. 8 passed; 0 failed; 0 ignored; 0 measured; 0 filtered out; finished in 0.00s
[INFO] [stdout] 
[INFO] [stdout] 
[INFO] [stdout] running 3 tests
[INFO] [stdout] test graph_elm_core_known_deps ... FAILED
[INFO] [stdout] test graph_no_crash_on_all_fixtures ... FAILED
[INFO] [stdout] test graph_filters_external_deps ... FAILED
[INFO] [stdout] 
[INFO] [stdout] failures:
[INFO] [stdout] 
[INFO] [stdout] ---- graph_elm_core_known_deps stdout ----
[INFO] [stdout] Error: assertion failed: check!(project_modules.contains("List"))
[INFO] [stdout]   while should contain List
[INFO] [stdout]   expected: true
[INFO] [stdout]     actual: false
[INFO] [stdout]   at tests/integration_tests.rs:204:10
[INFO] [stdout] 
[INFO] [stdout] ---- graph_no_crash_on_all_fixtures stdout ----
[INFO] [stdout] Error: assertion failed: check!(!modules.is_empty())
[INFO] [stdout]   while no modules found in fixtures
[INFO] [stdout]   expected: true
[INFO] [stdout]     actual: false
[INFO] [stdout]   at tests/integration_tests.rs:120:10
[INFO] [stdout] 
[INFO] [stdout] ---- graph_filters_external_deps stdout ----
[INFO] [stdout] Error: assertion failed: check!(total_edges > 0)
[INFO] [stdout]   while graph should have internal edges between project modules
[INFO] [stdout]   expected: true
[INFO] [stdout]     actual: false
[INFO] [stdout]   at tests/integration_tests.rs:162:10
[INFO] [stdout] 
[INFO] [stdout] 
[INFO] [stdout] failures:
[INFO] [stdout]     graph_elm_core_known_deps
[INFO] [stdout]     graph_filters_external_deps
[INFO] [stdout]     graph_no_crash_on_all_fixtures
[INFO] [stdout] 
[INFO] [stdout] test result: FAILED. 0 passed; 3 failed; 0 ignored; 0 measured; 0 filtered out; finished in 0.00s
[INFO] [stdout] 
[INFO] [stderr] error: test failed, to rerun pass `--test integration_tests`
[INFO] running `Command { std: "docker" "inspect" "2576e106a971b57680fe135051988f9600b626e58e8d7715a7b379ef2ee7f783", kill_on_drop: false }`
[INFO] running `Command { std: "docker" "rm" "-f" "2576e106a971b57680fe135051988f9600b626e58e8d7715a7b379ef2ee7f783", kill_on_drop: false }`
[INFO] [stdout] 2576e106a971b57680fe135051988f9600b626e58e8d7715a7b379ef2ee7f783
