[INFO] fetching crate elm-ast 0.2.1...
[INFO] testing elm-ast-0.2.1 against 1.100.0-beta.1+cargoflags=--release for beta-release-1.100-2
[INFO] extracting crate elm-ast 0.2.1 into /workspace/builds/worker-6-tc2/source
[INFO] started tweaking crates.io crate elm-ast 0.2.1
[INFO] removed 0 missing examples
[INFO] removed 0 missing tests
[INFO] finished tweaking crates.io crate elm-ast 0.2.1
[INFO] tweaked toml for crates.io crate elm-ast 0.2.1 written to /workspace/builds/worker-6-tc2/source/Cargo.toml
[INFO] validating manifest of crates.io crate elm-ast 0.2.1 on toolchain 1.100.0-beta.1
[INFO] running `Command { std: CARGO_HOME="/workspace/cargo-home" RUSTUP_HOME="/workspace/rustup-home" "/workspace/cargo-home/bin/cargo" "+1.100.0-beta.1" "metadata" "--manifest-path" "Cargo.toml" "--no-deps", kill_on_drop: false }`
[INFO] crate crates.io crate elm-ast 0.2.1 already has a lockfile, it will not be regenerated
[INFO] running `Command { std: CARGO_HOME="/workspace/cargo-home" RUSTUP_HOME="/workspace/rustup-home" "/workspace/cargo-home/bin/cargo" "+1.100.0-beta.1" "fetch" "--manifest-path" "Cargo.toml", kill_on_drop: false }`
[INFO] running `Command { std: "docker" "create" "-v" "/var/lib/crater-agent-workspace/builds/worker-6-tc2/source:/opt/rustwide/workdir:ro,Z" "-v" "/var/lib/crater-agent-workspace/builds/worker-6-tc2/target:/opt/rustwide/target:rw,Z" "-v" "/var/lib/crater-agent-workspace/cargo-home:/opt/rustwide/cargo-home:ro,Z" "-v" "/var/lib/crater-agent-workspace/rustup-home:/opt/rustwide/rustup-home:ro,Z" "-m" "1610612736" "--network" "none" "ghcr.io/rust-lang/crates-build-env/linux@sha256:77db811e55d90add9212f6832c23229e3de5f1c1f9905e8cb07319ea15df73ac" "sleep" "infinity", kill_on_drop: false }`
[INFO] [stdout] 0d91c8c84a51542dddf99abd2c983f99cd1f7e8b1db0539e77b051a5de661764
[INFO] running `Command { std: "docker" "start" "0d91c8c84a51542dddf99abd2c983f99cd1f7e8b1db0539e77b051a5de661764", kill_on_drop: false }`
[INFO] running `Command { std: "docker" "inspect" "0d91c8c84a51542dddf99abd2c983f99cd1f7e8b1db0539e77b051a5de661764", kill_on_drop: false }`
[INFO] running `Command { std: "docker" "exec" "-e" "SOURCE_DIR=/opt/rustwide/workdir" "-e" "CARGO_HOME=/opt/rustwide/cargo-home" "-e" "RUSTUP_HOME=/opt/rustwide/rustup-home" "-e" "CARGO_TARGET_DIR=/opt/rustwide/target" "-w" "/opt/rustwide/workdir" "--user" "0:0" "0d91c8c84a51542dddf99abd2c983f99cd1f7e8b1db0539e77b051a5de661764" "/opt/rustwide/cargo-home/bin/cargo" "+1.100.0-beta.1" "metadata" "--no-deps" "--format-version=1", kill_on_drop: false }`
[INFO] running `Command { std: "docker" "inspect" "0d91c8c84a51542dddf99abd2c983f99cd1f7e8b1db0539e77b051a5de661764", kill_on_drop: false }`
[INFO] running `Command { std: "docker" "exec" "-e" "SOURCE_DIR=/opt/rustwide/workdir" "-e" "CARGO_HOME=/opt/rustwide/cargo-home" "-e" "RUSTUP_HOME=/opt/rustwide/rustup-home" "-e" "CARGO_TARGET_DIR=/opt/rustwide/target" "-e" "CARGO_INCREMENTAL=0" "-e" "RUST_BACKTRACE=full" "-e" "RUSTFLAGS=--cap-lints=warn" "-e" "RUSTDOCFLAGS=--cap-lints=warn" "-w" "/opt/rustwide/workdir" "--user" "0:0" "0d91c8c84a51542dddf99abd2c983f99cd1f7e8b1db0539e77b051a5de661764" "/opt/rustwide/cargo-home/bin/cargo" "+1.100.0-beta.1" "build" "--frozen" "--message-format=json" "--release", kill_on_drop: false }`
[INFO] [stderr]    Compiling elm-ast v0.2.1 (/opt/rustwide/workdir)
[INFO] [stderr]     Finished `release` profile [optimized] target(s) in 11.10s
[INFO] running `Command { std: "docker" "inspect" "0d91c8c84a51542dddf99abd2c983f99cd1f7e8b1db0539e77b051a5de661764", kill_on_drop: false }`
[INFO] running `Command { std: "docker" "exec" "-e" "SOURCE_DIR=/opt/rustwide/workdir" "-e" "CARGO_HOME=/opt/rustwide/cargo-home" "-e" "RUSTUP_HOME=/opt/rustwide/rustup-home" "-e" "CARGO_TARGET_DIR=/opt/rustwide/target" "-e" "CARGO_INCREMENTAL=0" "-e" "RUST_BACKTRACE=full" "-e" "RUSTFLAGS=--cap-lints=warn" "-e" "RUSTDOCFLAGS=--cap-lints=warn" "-w" "/opt/rustwide/workdir" "--user" "0:0" "0d91c8c84a51542dddf99abd2c983f99cd1f7e8b1db0539e77b051a5de661764" "/opt/rustwide/cargo-home/bin/cargo" "+1.100.0-beta.1" "test" "--frozen" "--no-run" "--message-format=json" "--release", kill_on_drop: false }`
[INFO] [stderr]    Compiling libc v0.2.183
[INFO] [stderr]    Compiling wasm-bindgen-shared v0.2.114
[INFO] [stderr]    Compiling zerocopy v0.8.47
[INFO] [stderr]    Compiling bumpalo v3.20.2
[INFO] [stderr]    Compiling serde_json v1.0.149
[INFO] [stderr]    Compiling syn v2.0.117
[INFO] [stderr]    Compiling wasm-bindgen v0.2.114
[INFO] [stderr]    Compiling regex-syntax v0.8.10
[INFO] [stderr]    Compiling either v1.15.0
[INFO] [stderr]    Compiling memchr v2.8.0
[INFO] [stderr]    Compiling rustix v1.1.4
[INFO] [stderr]    Compiling futures-core v0.3.32
[INFO] [stderr]    Compiling plotters-backend v0.3.7
[INFO] [stderr]    Compiling clap_builder v4.6.0
[INFO] [stderr]    Compiling oorandom v11.1.5
[INFO] [stderr]    Compiling nu-ansi-term v0.50.3
[INFO] [stderr]    Compiling wasm-bindgen-test-shared v0.2.114
[INFO] [stderr]    Compiling itertools v0.10.5
[INFO] [stderr]    Compiling rayon v1.11.0
[INFO] [stderr]    Compiling futures-util v0.3.32
[INFO] [stderr]    Compiling plotters-svg v0.3.7
[INFO] [stderr]    Compiling plotters v0.3.7
[INFO] [stderr]    Compiling criterion-plot v0.5.0
[INFO] [stderr]    Compiling getrandom v0.3.4
[INFO] [stderr]    Compiling getrandom v0.4.2
[INFO] [stderr]    Compiling wait-timeout v0.2.1
[INFO] [stderr]    Compiling is-terminal v0.4.17
[INFO] [stderr]    Compiling rand_core v0.9.5
[INFO] [stderr]    Compiling tempfile v3.27.0
[INFO] [stderr]    Compiling rand_xorshift v0.4.0
[INFO] [stderr]    Compiling rand v0.9.2
[INFO] [stderr]    Compiling rusty-fork v0.3.1
[INFO] [stderr]    Compiling regex-automata v0.4.14
[INFO] [stderr]    Compiling clap v4.6.0
[INFO] [stderr]    Compiling wasm-bindgen-macro-support v0.2.114
[INFO] [stderr]    Compiling zerocopy-derive v0.8.47
[INFO] [stderr]    Compiling serde_derive v1.0.228
[INFO] [stderr]    Compiling wasm-bindgen-test-macro v0.3.64
[INFO] [stderr]    Compiling async-trait v0.1.89
[INFO] [stderr]    Compiling regex v1.12.3
[INFO] [stderr]    Compiling serde v1.0.228
[INFO] [stderr]    Compiling wasm-bindgen-macro v0.2.114
[INFO] [stderr]    Compiling tinytemplate v1.2.1
[INFO] [stderr]    Compiling js-sys v0.3.91
[INFO] [stderr]    Compiling half v2.7.1
[INFO] [stderr]    Compiling ppv-lite86 v0.2.21
[INFO] [stderr]    Compiling rand_chacha v0.9.0
[INFO] [stderr]    Compiling proptest v1.11.0
[INFO] [stderr]    Compiling ciborium-ll v0.2.2
[INFO] [stderr]    Compiling ciborium v0.2.2
[INFO] [stderr]    Compiling criterion v0.5.1
[INFO] [stderr]    Compiling wasm-bindgen-futures v0.4.64
[INFO] [stderr]    Compiling wasm-bindgen-test v0.3.64
[INFO] [stderr]    Compiling elm-ast v0.2.1 (/opt/rustwide/workdir)
[INFO] [stderr]     Finished `release` profile [optimized] target(s) in 1m 31s
[INFO] running `Command { std: "docker" "inspect" "0d91c8c84a51542dddf99abd2c983f99cd1f7e8b1db0539e77b051a5de661764", kill_on_drop: false }`
[INFO] running `Command { std: "docker" "exec" "-e" "SOURCE_DIR=/opt/rustwide/workdir" "-e" "CARGO_HOME=/opt/rustwide/cargo-home" "-e" "RUSTUP_HOME=/opt/rustwide/rustup-home" "-e" "CARGO_TARGET_DIR=/opt/rustwide/target" "-e" "CARGO_INCREMENTAL=0" "-e" "RUST_BACKTRACE=full" "-e" "RUSTFLAGS=--cap-lints=warn" "-e" "RUSTDOCFLAGS=--cap-lints=warn" "-w" "/opt/rustwide/workdir" "--user" "0:0" "0d91c8c84a51542dddf99abd2c983f99cd1f7e8b1db0539e77b051a5de661764" "/opt/rustwide/cargo-home/bin/cargo" "+1.100.0-beta.1" "test" "--frozen" "--release", kill_on_drop: false }`
[INFO] [stderr]     Finished `release` profile [optimized] target(s) in 0.22s
[INFO] [stderr]      Running unittests src/lib.rs (/opt/rustwide/target/release/build/elm-ast/5017a3ecfad3b423/out/elm_ast-5017a3ecfad3b423)
[INFO] [stdout] 
[INFO] [stdout] running 0 tests
[INFO] [stdout] 
[INFO] [stdout] test result: ok. 0 passed; 0 failed; 0 ignored; 0 measured; 0 filtered out; finished in 0.00s
[INFO] [stdout] 
[INFO] [stderr]      Running tests/edge_case_tests.rs (/opt/rustwide/target/release/build/elm-ast/80b1d4719bf3f7a1/out/edge_case_tests-80b1d4719bf3f7a1)
[INFO] [stdout] 
[INFO] [stdout] running 104 tests
[INFO] [stdout] test application_with_record_arg ... ok
[INFO] [stdout] test binops_fold_traversal ... ok
[INFO] [stdout] test builder_app ... ok
[INFO] [stdout] test backward_pipe ... ok
[INFO] [stdout] test block_comment_between_declarations_round_trips ... ok
[INFO] [stdout] test builder_constructs_valid_module ... ok
[INFO] [stdout] test builder_lambda ... ok
[INFO] [stdout] test builder_type_alias_and_custom_type ... ok
[INFO] [stdout] test builder_record ... ok
[INFO] [stdout] test builder_func_with_sig ... ok
[INFO] [stdout] test builder_list ... ok
[INFO] [stdout] test case_comment_between_branches ... ok
[INFO] [stdout] test builder_import ... ok
[INFO] [stdout] test builder_qualified_and_patterns ... ok
[INFO] [stdout] test all_infix_directions ... ok
[INFO] [stdout] test case_comment_round_trip ... ok
[INFO] [stdout] test comment_between_declarations_round_trips ... ok
[INFO] [stdout] test binops_construct_and_print ... ok
[INFO] [stdout] test comment_between_imports ... ok
[INFO] [stdout] test builder_tuple ... ok
[INFO] [stdout] test builder_expressions ... ok
[INFO] [stdout] test comment_count_survives_round_trip ... ok
[INFO] [stdout] test builder_int_float_string_char ... ok
[INFO] [stdout] test comment_idempotency ... ok
[INFO] [stdout] test builder_tvar_and_tunit ... ok
[INFO] [stdout] test comment_between_imports_and_first_declaration ... ok
[INFO] [stdout] test comment_only_module_no_declarations ... ok
[INFO] [stdout] test comments_preserved_across_many_declarations ... ok
[INFO] [stdout] test binops_visitor_traversal ... ok
[INFO] [stdout] test as_pattern ... ok
[INFO] [stdout] test cons_pattern_in_case ... ok
[INFO] [stdout] test custom_operator_in_exposing ... ok
[INFO] [stdout] test deeply_qualified_value ... ok
[INFO] [stdout] test depth_limit_returns_error_instead_of_stack_overflow ... ok
[INFO] [stdout] test deeply_nested_operators ... ok
[INFO] [stdout] test deeply_nested_parens ... ok
[INFO] [stdout] test deeply_nested_records ... ok
[INFO] [stdout] test display_declaration ... ok
[INFO] [stdout] test display_expr_function_or_value ... ok
[INFO] [stdout] test display_expr_list ... ok
[INFO] [stdout] test display_expr_literal ... ok
[INFO] [stdout] test composition_operators ... ok
[INFO] [stdout] test display_module ... ok
[INFO] [stdout] test display_pattern_variants ... ok
[INFO] [stdout] test display_impl_for_pattern ... ok
[INFO] [stdout] test display_impl_for_type ... ok
[INFO] [stdout] test deeply_nested_tuples ... ok
[INFO] [stdout] test display_type_annotation_variants ... ok
[INFO] [stdout] test doc_comment_and_line_comment_coexist ... ok
[INFO] [stdout] test empty_list ... ok
[INFO] [stdout] test empty_module_no_declarations ... ok
[INFO] [stdout] test deeply_nested_if_else ... ok
[INFO] [stdout] test empty_record ... ok
[INFO] [stdout] test error_recovery_error_has_span_info ... ok
[INFO] [stdout] test deeply_nested_expressions ... ok
[INFO] [stdout] test error_recovery_multiple_broken_declarations ... ok
[INFO] [stdout] test error_at_depth_boundary ... ok
[INFO] [stdout] test function_type_with_parens ... ok
[INFO] [stdout] test leading_comments_via_token_extraction ... ok
[INFO] [stdout] test let_in_comment_between_declarations ... ok
[INFO] [stdout] test let_in_comment_round_trip ... ok
[INFO] [stdout] test generic_record_type ... ok
[INFO] [stdout] test error_recovery_malformed_type_annotation ... ok
[INFO] [stdout] test error_recovery_preserves_good_declarations ... ok
[INFO] [stdout] test error_recovery_skips_bad_declaration ... ok
[INFO] [stdout] test let_in_block_comment_preserved ... ok
[INFO] [stdout] test let_with_destructuring ... ok
[INFO] [stdout] test hex_literal ... ok
[INFO] [stdout] test chained_if_else ... ok
[INFO] [stdout] test mixed_associativity ... ok
[INFO] [stdout] test let_with_type_annotation ... ok
[INFO] [stdout] test comment_between_header_and_imports ... ok
[INFO] [stdout] test case_multiple_comments_between_branches ... ok
[INFO] [stdout] test mixed_declarations ... ok
[INFO] [stdout] test mixed_line_and_block_comments ... ok
[INFO] [stdout] test module_with_imports_only ... ok
[INFO] [stdout] test multiline_string_expression ... ok
[INFO] [stdout] test nested_block_comment_round_trips ... ok
[INFO] [stdout] test negative_int_pattern ... ok
[INFO] [stdout] test multiple_leading_comments ... ok
[INFO] [stdout] test nested_lambda ... ok
[INFO] [stdout] test deeply_nested_lists ... ok
[INFO] [stdout] test comment_round_trip_reparses ... ok
[INFO] [stdout] test record_access_chain ... ok
[INFO] [stdout] test record_access_function_in_map ... ok
[INFO] [stdout] test deeply_nested_mixed_expressions ... ok
[INFO] [stdout] test right_associative_cons ... ok
[INFO] [stdout] test no_leading_comments ... ok
[INFO] [stdout] test multiple_comments_between_declarations ... ok
[INFO] [stdout] test unit_type_and_expr ... ok
[INFO] [stdout] test visit_comments_on_let_declarations ... ok
[INFO] [stdout] test negation_of_expression ... ok
[INFO] [stdout] test visit_comments_on_case_branch_patterns ... ok
[INFO] [stdout] test triple_tuple_type ... ok
[INFO] [stdout] test visit_mut_round_trip_preserves_parsability ... ok
[INFO] [stdout] test type_with_many_args ... ok
[INFO] [stdout] test visit_mut_round_trip_with_complex_ast ... ok
[INFO] [stdout] test port_incoming_and_outgoing ... ok
[INFO] [stdout] test right_associative_append ... ok
[INFO] [stdout] test error_recovery_incomplete_function_body ... ok
[INFO] [stdout] test qualified_constructor_pattern ... ok
[INFO] [stdout] test error_recovery_bad_module_header ... ok
[INFO] [stdout] test trailing_comment_after_last_declaration ... ok
[INFO] [stdout] test case_constructor_multiple_args ... ok
[INFO] [stdout] 
[INFO] [stdout] test result: ok. 104 passed; 0 failed; 0 ignored; 0 measured; 0 filtered out; finished in 0.03s
[INFO] [stdout] 
[INFO] [stderr]      Running tests/integration_tests.rs (/opt/rustwide/target/release/build/elm-ast/cbfb16212de8f691/out/integration_tests-cbfb16212de8f691)
[INFO] [stdout] 
[INFO] [stdout] running 5 tests
[INFO] [stdout] test parse_all_packages ... FAILED
[INFO] [stdout] test pretty_print_equals_elm_format_on_source ... ignored
[INFO] [stdout] test pretty_print_matches_elm_format ... ignored
[INFO] [stdout] test round_trip_all_packages ... ok
[INFO] [stdout] test printer_idempotency ... ok
[INFO] [stdout] 
[INFO] [stdout] failures:
[INFO] [stdout] 
[INFO] [stdout] ---- parse_all_packages stdout ----
[INFO] [stdout] 
[INFO] [stdout] === Parse results ===
[INFO] [stdout] 0/0 files parsed successfully
[INFO] [stdout] 
[INFO] [stdout] thread 'parse_all_packages' (2033) panicked at tests/integration_tests.rs:580:5:
[INFO] [stdout] no .elm files found in test-fixtures/
[INFO] [stdout] stack backtrace:
[INFO] [stdout]    0:     0x6016b1f4c121 - <<std[617be2ca0a6fd877]::sys::backtrace::BacktraceLock>::print::DisplayBacktrace as core[a373ad73a504971]::fmt::Display>::fmt
[INFO] [stdout]    1:     0x6016b1f620ba - core[a373ad73a504971]::fmt::write
[INFO] [stdout]    2:     0x6016b1f5088c - <alloc[2e1b2a31b91974c5]::vec::Vec<u8> as core[a373ad73a504971]::io::write::Write>::write_fmt
[INFO] [stdout]    3:     0x6016b1f27436 - std[617be2ca0a6fd877]::panicking::default_hook::{closure#0}
[INFO] [stdout]    4:     0x6016b1f44249 - std[617be2ca0a6fd877]::panicking::default_hook
[INFO] [stdout]    5:     0x6016b1e38920 - test[aada8e7e76ba119b]::test_main_inner::{closure#0}
[INFO] [stdout]    6:     0x6016b1f44402 - std[617be2ca0a6fd877]::panicking::panic_with_hook
[INFO] [stdout]    7:     0x6016b1f27514 - std[617be2ca0a6fd877]::panicking::panic_handler::{closure#0}
[INFO] [stdout]    8:     0x6016b1f1ffc9 - std[617be2ca0a6fd877]::sys::backtrace::__rust_end_short_backtrace::<std[617be2ca0a6fd877]::panicking::panic_handler::{closure#0}, !>
[INFO] [stdout]    9:     0x6016b1f280ed - __rustc[ea4f61d10b84890b]::rust_begin_unwind
[INFO] [stdout]   10:     0x6016b1f627ec - core[a373ad73a504971]::panicking::panic_fmt
[INFO] [stdout]   11:     0x6016b1e211eb - <integration_tests[67d2959f71139208]::parse_all_packages::{closure#0} as core[a373ad73a504971]::ops::function::FnOnce<()>>::call_once
[INFO] [stdout]   12:     0x6016b1e2bd6b - test[aada8e7e76ba119b]::__rust_begin_short_backtrace::<core[a373ad73a504971]::result::Result<(), alloc[2e1b2a31b91974c5]::string::String>, fn() -> core[a373ad73a504971]::result::Result<(), alloc[2e1b2a31b91974c5]::string::String>>
[INFO] [stdout]   13:     0x6016b1e38f45 - test[aada8e7e76ba119b]::run_test::{closure#0}
[INFO] [stdout]   14:     0x6016b1e32834 - std[617be2ca0a6fd877]::sys::backtrace::__rust_begin_short_backtrace::<test[aada8e7e76ba119b]::run_test::{closure#1}, ()>
[INFO] [stdout]   15:     0x6016b1e3bfd2 - <std[617be2ca0a6fd877]::thread::lifecycle::spawn_unchecked<test[aada8e7e76ba119b]::run_test::{closure#1}, ()>::{closure#1} as core[a373ad73a504971]::ops::function::FnOnce<()>>::call_once::{shim:vtable#0}
[INFO] [stdout]   16:     0x6016b1f4b61f - <std[617be2ca0a6fd877]::sys::thread::unix::Thread>::new::thread_start
[INFO] [stdout]   17:     0x7155cbaf7dfa - <unknown>
[INFO] [stdout]   18:     0x7155cbb8b3d4 - clone
[INFO] [stdout]   19:                0x0 - <unknown>
[INFO] [stdout] 
[INFO] [stdout] 
[INFO] [stdout] failures:
[INFO] [stdout]     parse_all_packages
[INFO] [stdout] 
[INFO] [stdout] test result: FAILED. 2 passed; 1 failed; 2 ignored; 0 measured; 0 filtered out; finished in 0.00s
[INFO] [stdout] 
[INFO] [stderr] error: test failed, to rerun pass `--test integration_tests`
[INFO] running `Command { std: "docker" "inspect" "0d91c8c84a51542dddf99abd2c983f99cd1f7e8b1db0539e77b051a5de661764", kill_on_drop: false }`
[INFO] running `Command { std: "docker" "rm" "-f" "0d91c8c84a51542dddf99abd2c983f99cd1f7e8b1db0539e77b051a5de661764", kill_on_drop: false }`
[INFO] [stdout] 0d91c8c84a51542dddf99abd2c983f99cd1f7e8b1db0539e77b051a5de661764
