[INFO] fetching crate ellipsis 0.1.0...
[INFO] testing ellipsis-0.1.0 against 1.99.0-beta.8+cargoflags=--release for beta-release-1.100-2
[INFO] extracting crate ellipsis 0.1.0 into /workspace/builds/worker-6-tc1/source
[INFO] started tweaking crates.io crate ellipsis 0.1.0
[INFO] finished tweaking crates.io crate ellipsis 0.1.0
[INFO] tweaked toml for crates.io crate ellipsis 0.1.0 written to /workspace/builds/worker-6-tc1/source/Cargo.toml
[INFO] validating manifest of crates.io crate ellipsis 0.1.0 on toolchain 1.99.0-beta.8
[INFO] running `Command { std: CARGO_HOME="/workspace/cargo-home" RUSTUP_HOME="/workspace/rustup-home" "/workspace/cargo-home/bin/cargo" "+1.99.0-beta.8" "metadata" "--manifest-path" "Cargo.toml" "--no-deps", kill_on_drop: false }`
[INFO] running `Command { std: CARGO_HOME="/workspace/cargo-home" RUSTUP_HOME="/workspace/rustup-home" "/workspace/cargo-home/bin/cargo" "+1.99.0-beta.8" "generate-lockfile" "--manifest-path" "Cargo.toml", kill_on_drop: false }`
[INFO] [stderr]     Updating crates.io index
[INFO] [stderr]      Locking 52 packages to highest compatible versions
[INFO] [stderr]       Adding clap v2.34.0 (available: v4.6.7)
[INFO] [stderr]       Adding colored v1.9.4 (available: v3.1.1)
[INFO] [stderr]       Adding git2 v0.7.5 (available: v0.21.0)
[INFO] [stderr]       Adding hostname v0.1.5 (available: v0.4.2)
[INFO] running `Command { std: CARGO_HOME="/workspace/cargo-home" RUSTUP_HOME="/workspace/rustup-home" "/workspace/cargo-home/bin/cargo" "+1.99.0-beta.8" "fetch" "--manifest-path" "Cargo.toml", kill_on_drop: false }`
[INFO] [stderr] warning: Cargo.toml: `package.edition` is unspecified, defaulting to `2015` while the latest is `2024`
[INFO] [stderr] warning: `ellipsis` (manifest) generated 1 warning
[INFO] [stderr]  Downloading crates ...
[INFO] [stderr]   Downloaded winutil v0.1.1
[INFO] [stderr]   Downloaded hostname v0.1.5
[INFO] [stderr]   Downloaded colored v1.9.4
[INFO] [stderr]   Downloaded git2 v0.7.5
[INFO] [stderr]   Downloaded libgit2-sys v0.7.11
[INFO] running `Command { std: "docker" "create" "-v" "/var/lib/crater-agent-workspace/builds/worker-6-tc1/source:/opt/rustwide/workdir:ro,Z" "-v" "/var/lib/crater-agent-workspace/builds/worker-6-tc1/target:/opt/rustwide/target:rw,Z" "-v" "/var/lib/crater-agent-workspace/cargo-home:/opt/rustwide/cargo-home:ro,Z" "-v" "/var/lib/crater-agent-workspace/rustup-home:/opt/rustwide/rustup-home:ro,Z" "-m" "1610612736" "--network" "none" "ghcr.io/rust-lang/crates-build-env/linux@sha256:77db811e55d90add9212f6832c23229e3de5f1c1f9905e8cb07319ea15df73ac" "sleep" "infinity", kill_on_drop: false }`
[INFO] [stdout] 49de2767314ef75f174617fbf23b4ea1dbe566654bfa4b1a05de85fbebaa0285
[INFO] running `Command { std: "docker" "start" "49de2767314ef75f174617fbf23b4ea1dbe566654bfa4b1a05de85fbebaa0285", kill_on_drop: false }`
[INFO] running `Command { std: "docker" "inspect" "49de2767314ef75f174617fbf23b4ea1dbe566654bfa4b1a05de85fbebaa0285", kill_on_drop: false }`
[INFO] running `Command { std: "docker" "exec" "-e" "SOURCE_DIR=/opt/rustwide/workdir" "-e" "CARGO_HOME=/opt/rustwide/cargo-home" "-e" "RUSTUP_HOME=/opt/rustwide/rustup-home" "-e" "CARGO_TARGET_DIR=/opt/rustwide/target" "-w" "/opt/rustwide/workdir" "--user" "0:0" "49de2767314ef75f174617fbf23b4ea1dbe566654bfa4b1a05de85fbebaa0285" "/opt/rustwide/cargo-home/bin/cargo" "+1.99.0-beta.8" "metadata" "--no-deps" "--format-version=1", kill_on_drop: false }`
[INFO] running `Command { std: "docker" "inspect" "49de2767314ef75f174617fbf23b4ea1dbe566654bfa4b1a05de85fbebaa0285", kill_on_drop: false }`
[INFO] running `Command { std: "docker" "exec" "-e" "SOURCE_DIR=/opt/rustwide/workdir" "-e" "CARGO_HOME=/opt/rustwide/cargo-home" "-e" "RUSTUP_HOME=/opt/rustwide/rustup-home" "-e" "CARGO_TARGET_DIR=/opt/rustwide/target" "-e" "CARGO_INCREMENTAL=0" "-e" "RUST_BACKTRACE=full" "-e" "RUSTFLAGS=--cap-lints=warn" "-e" "RUSTDOCFLAGS=--cap-lints=warn" "-w" "/opt/rustwide/workdir" "--user" "0:0" "49de2767314ef75f174617fbf23b4ea1dbe566654bfa4b1a05de85fbebaa0285" "/opt/rustwide/cargo-home/bin/cargo" "+1.99.0-beta.8" "build" "--frozen" "--message-format=json" "--release", kill_on_drop: false }`
[INFO] [stderr] warning: Cargo.toml: `package.edition` is unspecified, defaulting to `2015` while the latest is `2024`
[INFO] [stderr] warning: `ellipsis` (manifest) generated 1 warning
[INFO] [stderr]    Compiling openssl-sys v0.9.117
[INFO] [stderr]    Compiling libz-sys v1.1.30
[INFO] [stderr]    Compiling curl-sys v0.4.91+curl-8.22.0
[INFO] [stderr]    Compiling libssh2-sys v0.2.23
[INFO] [stderr]    Compiling tinyvec v1.13.3
[INFO] [stderr]    Compiling libgit2-sys v0.7.11
[INFO] [stderr]    Compiling matches v0.1.10
[INFO] [stderr]    Compiling unicode-width v0.1.14
[INFO] [stderr]    Compiling percent-encoding v1.0.1
[INFO] [stderr]    Compiling is-terminal v0.4.17
[INFO] [stderr]    Compiling atty v0.2.14
[INFO] [stderr]    Compiling strsim v0.8.0
[INFO] [stderr]    Compiling serde_json v1.0.154
[INFO] [stderr]    Compiling ansi_term v0.12.1
[INFO] [stderr]    Compiling lazy_static v1.5.1
[INFO] [stderr]    Compiling vec_map v0.8.2
[INFO] [stderr]    Compiling hostname v0.1.5
[INFO] [stderr]    Compiling colored v1.9.4
[INFO] [stderr]    Compiling textwrap v0.11.0
[INFO] [stderr]    Compiling clap v2.34.0
[INFO] [stderr]    Compiling unicode-normalization v0.1.26
[INFO] [stderr]    Compiling idna v0.1.5
[INFO] [stderr]    Compiling url v1.7.2
[INFO] [stderr]    Compiling git2 v0.7.5
[INFO] [stderr]    Compiling ellipsis v0.1.0 (/opt/rustwide/workdir)
[INFO] [stdout] warning: fields `kind` and `message` are never read
[INFO] [stdout]   --> src/error.rs:23:5
[INFO] [stdout]    |
[INFO] [stdout] 22 | pub struct Error {
[INFO] [stdout]    |            ----- fields in this struct
[INFO] [stdout] 23 |     kind: ErrorKind,
[INFO] [stdout]    |     ^^^^
[INFO] [stdout] 24 |     message: String
[INFO] [stdout]    |     ^^^^^^^
[INFO] [stdout]    |
[INFO] [stdout]    = note: `Error` has a derived impl for the trait `Debug`, but this is intentionally ignored during dead code analysis
[INFO] [stdout]    = note: `#[warn(dead_code)]` (part of `#[warn(unused)]`) on by default
[INFO] [stdout] 
[INFO] [stdout] 
[INFO] [stderr]     Finished `release` profile [optimized] target(s) in 1m 28s
[INFO] running `Command { std: "docker" "inspect" "49de2767314ef75f174617fbf23b4ea1dbe566654bfa4b1a05de85fbebaa0285", kill_on_drop: false }`
[INFO] running `Command { std: "docker" "exec" "-e" "SOURCE_DIR=/opt/rustwide/workdir" "-e" "CARGO_HOME=/opt/rustwide/cargo-home" "-e" "RUSTUP_HOME=/opt/rustwide/rustup-home" "-e" "CARGO_TARGET_DIR=/opt/rustwide/target" "-e" "CARGO_INCREMENTAL=0" "-e" "RUST_BACKTRACE=full" "-e" "RUSTFLAGS=--cap-lints=warn" "-e" "RUSTDOCFLAGS=--cap-lints=warn" "-w" "/opt/rustwide/workdir" "--user" "0:0" "49de2767314ef75f174617fbf23b4ea1dbe566654bfa4b1a05de85fbebaa0285" "/opt/rustwide/cargo-home/bin/cargo" "+1.99.0-beta.8" "test" "--frozen" "--no-run" "--message-format=json" "--release", kill_on_drop: false }`
[INFO] [stderr] warning: Cargo.toml: `package.edition` is unspecified, defaulting to `2015` while the latest is `2024`
[INFO] [stderr] warning: `ellipsis` (manifest) generated 1 warning
[INFO] [stderr]    Compiling ellipsis v0.1.0 (/opt/rustwide/workdir)
[INFO] [stdout] warning: fields `kind` and `message` are never read
[INFO] [stdout]   --> src/error.rs:23:5
[INFO] [stdout]    |
[INFO] [stdout] 22 | pub struct Error {
[INFO] [stdout]    |            ----- fields in this struct
[INFO] [stdout] 23 |     kind: ErrorKind,
[INFO] [stdout]    |     ^^^^
[INFO] [stdout] 24 |     message: String
[INFO] [stdout]    |     ^^^^^^^
[INFO] [stdout]    |
[INFO] [stdout]    = note: `Error` has a derived impl for the trait `Debug`, but this is intentionally ignored during dead code analysis
[INFO] [stdout]    = note: `#[warn(dead_code)]` (part of `#[warn(unused)]`) on by default
[INFO] [stdout] 
[INFO] [stdout] 
[INFO] [stdout] warning: unnecessary trailing semicolon
[INFO] [stdout]   --> tests/integration_tests.rs:10:59
[INFO] [stdout]    |
[INFO] [stdout] 10 |     let fakehome = env::temp_dir().join("rust-fake-home");;
[INFO] [stdout]    |                                                           ^ help: remove this semicolon
[INFO] [stdout]    |
[INFO] [stdout]    = note: `#[warn(redundant_semicolons)]` (part of `#[warn(unused)]`) on by default
[INFO] [stdout] 
[INFO] [stdout] 
[INFO] [stdout] warning: fields `kind` and `message` are never read
[INFO] [stdout]   --> src/error.rs:23:5
[INFO] [stdout]    |
[INFO] [stdout] 22 | pub struct Error {
[INFO] [stdout]    |            ----- fields in this struct
[INFO] [stdout] 23 |     kind: ErrorKind,
[INFO] [stdout]    |     ^^^^
[INFO] [stdout] 24 |     message: String
[INFO] [stdout]    |     ^^^^^^^
[INFO] [stdout]    |
[INFO] [stdout]    = note: `Error` has a derived impl for the trait `Debug`, but this is intentionally ignored during dead code analysis
[INFO] [stdout]    = note: `#[warn(dead_code)]` (part of `#[warn(unused)]`) on by default
[INFO] [stdout] 
[INFO] [stdout] 
[INFO] [stderr]     Finished `release` profile [optimized] target(s) in 3.24s
[INFO] running `Command { std: "docker" "inspect" "49de2767314ef75f174617fbf23b4ea1dbe566654bfa4b1a05de85fbebaa0285", kill_on_drop: false }`
[INFO] running `Command { std: "docker" "exec" "-e" "SOURCE_DIR=/opt/rustwide/workdir" "-e" "CARGO_HOME=/opt/rustwide/cargo-home" "-e" "RUSTUP_HOME=/opt/rustwide/rustup-home" "-e" "CARGO_TARGET_DIR=/opt/rustwide/target" "-e" "CARGO_INCREMENTAL=0" "-e" "RUST_BACKTRACE=full" "-e" "RUSTFLAGS=--cap-lints=warn" "-e" "RUSTDOCFLAGS=--cap-lints=warn" "-w" "/opt/rustwide/workdir" "--user" "0:0" "49de2767314ef75f174617fbf23b4ea1dbe566654bfa4b1a05de85fbebaa0285" "/opt/rustwide/cargo-home/bin/cargo" "+1.99.0-beta.8" "test" "--frozen" "--release", kill_on_drop: false }`
[INFO] [stderr] warning: Cargo.toml: `package.edition` is unspecified, defaulting to `2015` while the latest is `2024`
[INFO] [stderr] warning: `ellipsis` (manifest) generated 1 warning
[INFO] [stderr] warning: fields `kind` and `message` are never read
[INFO] [stderr]   --> src/error.rs:23:5
[INFO] [stderr]    |
[INFO] [stderr] 22 | pub struct Error {
[INFO] [stderr]    |            ----- fields in this struct
[INFO] [stderr] 23 |     kind: ErrorKind,
[INFO] [stderr]    |     ^^^^
[INFO] [stderr] 24 |     message: String
[INFO] [stderr]    |     ^^^^^^^
[INFO] [stderr]    |
[INFO] [stderr]    = note: `Error` has a derived impl for the trait `Debug`, but this is intentionally ignored during dead code analysis
[INFO] [stderr]    = note: `#[warn(dead_code)]` (part of `#[warn(unused)]`) on by default
[INFO] [stderr] 
[INFO] [stderr] warning: `ellipsis` (lib) generated 1 warning
[INFO] [stderr] warning: `ellipsis` (lib test) generated 1 warning (1 duplicate)
[INFO] [stderr] warning: unnecessary trailing semicolon
[INFO] [stderr]   --> tests/integration_tests.rs:10:59
[INFO] [stderr]    |
[INFO] [stderr] 10 |     let fakehome = env::temp_dir().join("rust-fake-home");;
[INFO] [stderr]    |                                                           ^ help: remove this semicolon
[INFO] [stderr]    |
[INFO] [stderr]    = note: `#[warn(redundant_semicolons)]` (part of `#[warn(unused)]`) on by default
[INFO] [stderr] 
[INFO] [stderr] warning: `ellipsis` (test "integration_tests") generated 1 warning
[INFO] [stderr]     Finished `release` profile [optimized] target(s) in 0.05s
[INFO] [stderr]      Running unittests src/lib.rs (/opt/rustwide/target/release/deps/ellipsis-46bb8799e4f73e51)
[INFO] [stdout] 
[INFO] [stdout] running 2 tests
[INFO] [stdout] test test::test_invalid_commands ... ok
[INFO] [stderr]      Running unittests src/main.rs (/opt/rustwide/target/release/deps/ellipsis-26dda2cf10aeb3ba)
[INFO] [stdout] test test::test_valid_commands ... ok
[INFO] [stdout] 
[INFO] [stdout] test result: ok. 2 passed; 0 failed; 0 ignored; 0 measured; 0 filtered out; finished in 0.00s
[INFO] [stdout] 
[INFO] [stderr]      Running tests/integration_tests.rs (/opt/rustwide/target/release/deps/integration_tests-65d145e9464fbf20)
[INFO] [stdout] 
[INFO] [stdout] running 0 tests
[INFO] [stdout] 
[INFO] [stdout] test result: ok. 0 passed; 0 failed; 0 ignored; 0 measured; 0 filtered out; finished in 0.00s
[INFO] [stdout] 
[INFO] [stdout] 
[INFO] [stdout] running 1 test
[INFO] [stdout] test test_config_command ... FAILED
[INFO] [stdout] 
[INFO] [stdout] failures:
[INFO] [stdout] 
[INFO] [stdout] ---- test_config_command stdout ----
[INFO] [stdout] File: /tmp/rust-fake-home/.ellipsis/49de2767314e.dot.json not found, creating
[INFO] [stdout] 
[INFO] [stdout] thread 'test_config_command' (1264) panicked at tests/integration_tests.rs:48:5:
[INFO] [stdout] assertion failed: ellipsis::run(&matches).is_ok()
[INFO] [stdout] stack backtrace:
[INFO] [stdout]    0:     0x5b8718a27411 - <<std[70759c8f55707aa4]::sys::backtrace::BacktraceLock>::print::DisplayBacktrace as core[df12db4294e9bfd3]::fmt::Display>::fmt
[INFO] [stdout]    1:     0x5b8718a3caba - core[df12db4294e9bfd3]::fmt::write
[INFO] [stdout]    2:     0x5b8718a2bcdc - <alloc[2182bb758b4b3781]::vec::Vec<u8> as core[df12db4294e9bfd3]::io::write::Write>::write_fmt
[INFO] [stdout]    3:     0x5b8718a018d6 - std[70759c8f55707aa4]::panicking::default_hook::{closure#0}
[INFO] [stdout]    4:     0x5b8718a1eba9 - std[70759c8f55707aa4]::panicking::default_hook
[INFO] [stdout]    5:     0x5b87188bc400 - test[9d35eded1c95d3be]::test_main_inner::<test[9d35eded1c95d3be]::test_main_static::{closure#0}>::{closure#0}
[INFO] [stdout]    6:     0x5b8718a1ed62 - std[70759c8f55707aa4]::panicking::panic_with_hook
[INFO] [stdout]    7:     0x5b8718a019b4 - std[70759c8f55707aa4]::panicking::panic_handler::{closure#0}
[INFO] [stdout]    8:     0x5b87189fa1b9 - std[70759c8f55707aa4]::sys::backtrace::__rust_end_short_backtrace::<std[70759c8f55707aa4]::panicking::panic_handler::{closure#0}, !>
[INFO] [stdout]    9:     0x5b8718a0278d - __rustc[8fa7c3cbc660c2b3]::rust_begin_unwind
[INFO] [stdout]   10:     0x5b8718a3d1ec - core[df12db4294e9bfd3]::panicking::panic_fmt
[INFO] [stdout]   11:     0x5b8718a3d1b2 - core[df12db4294e9bfd3]::panicking::panic
[INFO] [stdout]   12:     0x5b87188a8eb5 - integration_tests[9e28208f4e3bf2ea]::run_cmd
[INFO] [stdout]   13:     0x5b87188a9060 - <integration_tests[9e28208f4e3bf2ea]::test_config_command::{closure#0} as core[df12db4294e9bfd3]::ops::function::FnOnce<()>>::call_once
[INFO] [stdout]   14:     0x5b87188af6eb - test[9d35eded1c95d3be]::__rust_begin_short_backtrace::<core[df12db4294e9bfd3]::result::Result<(), alloc[2182bb758b4b3781]::string::String>, fn() -> core[df12db4294e9bfd3]::result::Result<(), alloc[2182bb758b4b3781]::string::String>>
[INFO] [stdout]   15:     0x5b87188bcd55 - test[9d35eded1c95d3be]::run_test::{closure#0}
[INFO] [stdout]   16:     0x5b87188b6614 - std[70759c8f55707aa4]::sys::backtrace::__rust_begin_short_backtrace::<test[9d35eded1c95d3be]::run_test::{closure#1}, ()>
[INFO] [stdout]   17:     0x5b87188bfeb2 - <std[70759c8f55707aa4]::thread::lifecycle::spawn_unchecked<test[9d35eded1c95d3be]::run_test::{closure#1}, ()>::{closure#1} as core[df12db4294e9bfd3]::ops::function::FnOnce<()>>::call_once::{shim:vtable#0}
[INFO] [stdout]   18:     0x5b8718a269c9 - <std[70759c8f55707aa4]::sys::thread::unix::Thread>::new::thread_start
[INFO] [stdout]   19:     0x70a479a6cdfa - <unknown>
[INFO] [stdout]   20:     0x70a479b003d4 - clone
[INFO] [stdout]   21:                0x0 - <unknown>
[INFO] [stdout] 
[INFO] [stdout] 
[INFO] [stdout] failures:
[INFO] [stdout]     test_config_command
[INFO] [stdout] 
[INFO] [stdout] test result: FAILED. 0 passed; 1 failed; 0 ignored; 0 measured; 0 filtered out; finished in 0.00s
[INFO] [stdout] 
[INFO] [stderr] error: test failed, to rerun pass `--test integration_tests`
[INFO] running `Command { std: "docker" "inspect" "49de2767314ef75f174617fbf23b4ea1dbe566654bfa4b1a05de85fbebaa0285", kill_on_drop: false }`
[INFO] running `Command { std: "docker" "rm" "-f" "49de2767314ef75f174617fbf23b4ea1dbe566654bfa4b1a05de85fbebaa0285", kill_on_drop: false }`
[INFO] [stdout] 49de2767314ef75f174617fbf23b4ea1dbe566654bfa4b1a05de85fbebaa0285
