[INFO] fetching crate ellie_tokenizer 0.7.3...
[INFO] testing ellie_tokenizer-0.7.3 against 1.100.0-beta.1+cargoflags=--release for beta-release-1.100-2
[INFO] extracting crate ellie_tokenizer 0.7.3 into /workspace/builds/worker-4-tc2/source
[INFO] started tweaking crates.io crate ellie_tokenizer 0.7.3
[INFO] finished tweaking crates.io crate ellie_tokenizer 0.7.3
[INFO] tweaked toml for crates.io crate ellie_tokenizer 0.7.3 written to /workspace/builds/worker-4-tc2/source/Cargo.toml
[INFO] validating manifest of crates.io crate ellie_tokenizer 0.7.3 on toolchain 1.100.0-beta.1
[INFO] running `Command { std: CARGO_HOME="/workspace/cargo-home" RUSTUP_HOME="/workspace/rustup-home" "/workspace/cargo-home/bin/cargo" "+1.100.0-beta.1" "metadata" "--manifest-path" "Cargo.toml" "--no-deps", kill_on_drop: false }`
[INFO] running `Command { std: CARGO_HOME="/workspace/cargo-home" RUSTUP_HOME="/workspace/rustup-home" "/workspace/cargo-home/bin/cargo" "+1.100.0-beta.1" "generate-lockfile" "--manifest-path" "Cargo.toml", kill_on_drop: false }`
[INFO] [stderr]     Updating crates.io index
[INFO] [stderr]      Locking 29 packages to highest compatible versions
[INFO] [stderr]       Adding enum-as-inner v0.6.1 (available: v0.7.0)
[INFO] running `Command { std: CARGO_HOME="/workspace/cargo-home" RUSTUP_HOME="/workspace/rustup-home" "/workspace/cargo-home/bin/cargo" "+1.100.0-beta.1" "fetch" "--manifest-path" "Cargo.toml", kill_on_drop: false }`
[INFO] running `Command { std: "docker" "create" "-v" "/var/lib/crater-agent-workspace/builds/worker-4-tc2/source:/opt/rustwide/workdir:ro,Z" "-v" "/var/lib/crater-agent-workspace/builds/worker-4-tc2/target:/opt/rustwide/target:rw,Z" "-v" "/var/lib/crater-agent-workspace/cargo-home:/opt/rustwide/cargo-home:ro,Z" "-v" "/var/lib/crater-agent-workspace/rustup-home:/opt/rustwide/rustup-home:ro,Z" "-m" "1610612736" "--network" "none" "ghcr.io/rust-lang/crates-build-env/linux@sha256:77db811e55d90add9212f6832c23229e3de5f1c1f9905e8cb07319ea15df73ac" "sleep" "infinity", kill_on_drop: false }`
[INFO] [stdout] 0116635318c76952cd68c7522f5e4d2cc51c43303861ebd00f936a85f7504f8c
[INFO] running `Command { std: "docker" "start" "0116635318c76952cd68c7522f5e4d2cc51c43303861ebd00f936a85f7504f8c", kill_on_drop: false }`
[INFO] running `Command { std: "docker" "inspect" "0116635318c76952cd68c7522f5e4d2cc51c43303861ebd00f936a85f7504f8c", kill_on_drop: false }`
[INFO] running `Command { std: "docker" "exec" "-e" "SOURCE_DIR=/opt/rustwide/workdir" "-e" "CARGO_HOME=/opt/rustwide/cargo-home" "-e" "RUSTUP_HOME=/opt/rustwide/rustup-home" "-e" "CARGO_TARGET_DIR=/opt/rustwide/target" "-w" "/opt/rustwide/workdir" "--user" "0:0" "0116635318c76952cd68c7522f5e4d2cc51c43303861ebd00f936a85f7504f8c" "/opt/rustwide/cargo-home/bin/cargo" "+1.100.0-beta.1" "metadata" "--no-deps" "--format-version=1", kill_on_drop: false }`
[INFO] running `Command { std: "docker" "inspect" "0116635318c76952cd68c7522f5e4d2cc51c43303861ebd00f936a85f7504f8c", kill_on_drop: false }`
[INFO] running `Command { std: "docker" "exec" "-e" "SOURCE_DIR=/opt/rustwide/workdir" "-e" "CARGO_HOME=/opt/rustwide/cargo-home" "-e" "RUSTUP_HOME=/opt/rustwide/rustup-home" "-e" "CARGO_TARGET_DIR=/opt/rustwide/target" "-e" "CARGO_INCREMENTAL=0" "-e" "RUST_BACKTRACE=full" "-e" "RUSTFLAGS=--cap-lints=warn" "-e" "RUSTDOCFLAGS=--cap-lints=warn" "-w" "/opt/rustwide/workdir" "--user" "0:0" "0116635318c76952cd68c7522f5e4d2cc51c43303861ebd00f936a85f7504f8c" "/opt/rustwide/cargo-home/bin/cargo" "+1.100.0-beta.1" "build" "--frozen" "--message-format=json" "--release", kill_on_drop: false }`
[INFO] [stderr]    Compiling regex-syntax v0.8.11
[INFO] [stderr]    Compiling libc v0.2.191
[INFO] [stderr]    Compiling zerocopy v0.8.63
[INFO] [stderr]    Compiling serde_json v1.0.154
[INFO] [stderr]    Compiling syn v2.0.119
[INFO] [stderr]    Compiling memchr v2.8.3
[INFO] [stderr]    Compiling serde v1.0.229
[INFO] [stderr]    Compiling getrandom v0.2.17
[INFO] [stderr]    Compiling rand_core v0.6.4
[INFO] [stderr]    Compiling regex-automata v0.4.18
[INFO] [stderr]    Compiling enum-as-inner v0.6.1
[INFO] [stderr]    Compiling regex v1.13.1
[INFO] [stderr]    Compiling ppv-lite86 v0.2.21
[INFO] [stderr]    Compiling rand_chacha v0.3.1
[INFO] [stderr]    Compiling rand v0.8.8
[INFO] [stderr]    Compiling ellie_core v0.7.3
[INFO] [stderr]    Compiling ellie_tokenizer v0.7.3 (/opt/rustwide/workdir)
[INFO] [stderr]     Finished `release` profile [optimized] target(s) in 1m 03s
[INFO] running `Command { std: "docker" "inspect" "0116635318c76952cd68c7522f5e4d2cc51c43303861ebd00f936a85f7504f8c", kill_on_drop: false }`
[INFO] running `Command { std: "docker" "exec" "-e" "SOURCE_DIR=/opt/rustwide/workdir" "-e" "CARGO_HOME=/opt/rustwide/cargo-home" "-e" "RUSTUP_HOME=/opt/rustwide/rustup-home" "-e" "CARGO_TARGET_DIR=/opt/rustwide/target" "-e" "CARGO_INCREMENTAL=0" "-e" "RUST_BACKTRACE=full" "-e" "RUSTFLAGS=--cap-lints=warn" "-e" "RUSTDOCFLAGS=--cap-lints=warn" "-w" "/opt/rustwide/workdir" "--user" "0:0" "0116635318c76952cd68c7522f5e4d2cc51c43303861ebd00f936a85f7504f8c" "/opt/rustwide/cargo-home/bin/cargo" "+1.100.0-beta.1" "test" "--frozen" "--no-run" "--message-format=json" "--release", kill_on_drop: false }`
[INFO] [stderr]    Compiling ellie_tokenizer v0.7.3 (/opt/rustwide/workdir)
[INFO] [stdout] warning: unused variable: `err`
[INFO] [stdout]    --> tests/types/operator_test.rs:133:21
[INFO] [stdout]     |
[INFO] [stdout] 133 |                 Err(err) => {
[INFO] [stdout]     |                     ^^^ help: if this is intentional, prefix it with an underscore: `_err`
[INFO] [stdout]     |
[INFO] [stdout]     = note: `#[warn(unused_variables)]` (part of `#[warn(unused)]`) on by default
[INFO] [stdout] 
[INFO] [stdout] 
[INFO] [stderr]     Finished `release` profile [optimized] target(s) in 12.33s
[INFO] running `Command { std: "docker" "inspect" "0116635318c76952cd68c7522f5e4d2cc51c43303861ebd00f936a85f7504f8c", kill_on_drop: false }`
[INFO] running `Command { std: "docker" "exec" "-e" "SOURCE_DIR=/opt/rustwide/workdir" "-e" "CARGO_HOME=/opt/rustwide/cargo-home" "-e" "RUSTUP_HOME=/opt/rustwide/rustup-home" "-e" "CARGO_TARGET_DIR=/opt/rustwide/target" "-e" "CARGO_INCREMENTAL=0" "-e" "RUST_BACKTRACE=full" "-e" "RUSTFLAGS=--cap-lints=warn" "-e" "RUSTDOCFLAGS=--cap-lints=warn" "-w" "/opt/rustwide/workdir" "--user" "0:0" "0116635318c76952cd68c7522f5e4d2cc51c43303861ebd00f936a85f7504f8c" "/opt/rustwide/cargo-home/bin/cargo" "+1.100.0-beta.1" "test" "--frozen" "--release", kill_on_drop: false }`
[INFO] [stderr] warning: unused variable: `err`
[INFO] [stderr]    --> tests/types/operator_test.rs:133:21
[INFO] [stderr]     |
[INFO] [stderr] 133 |                 Err(err) => {
[INFO] [stderr]     |                     ^^^ help: if this is intentional, prefix it with an underscore: `_err`
[INFO] [stderr]     |
[INFO] [stderr]     = note: `#[warn(unused_variables)]` (part of `#[warn(unused)]`) on by default
[INFO] [stderr] 
[INFO] [stderr] warning: `ellie_tokenizer` (test "mod") generated 1 warning (run `cargo fix --test "mod" -p ellie_tokenizer` to apply 1 suggestion)
[INFO] [stderr]     Finished `release` profile [optimized] target(s) in 0.08s
[INFO] [stderr]      Running unittests src/lib.rs (/opt/rustwide/target/release/build/ellie_tokenizer/6674a01cceaefa95/out/ellie_tokenizer-6674a01cceaefa95)
[INFO] [stdout] 
[INFO] [stdout] running 0 tests
[INFO] [stdout] 
[INFO] [stdout] test result: ok. 0 passed; 0 failed; 0 ignored; 0 measured; 0 filtered out; finished in 0.00s
[INFO] [stdout] 
[INFO] [stderr]      Running tests/mod.rs (/opt/rustwide/target/release/build/ellie_tokenizer/761d8cda96c90c5a/out/mod-761d8cda96c90c5a)
[INFO] [stdout] 
[INFO] [stdout] running 30 tests
[INFO] [stdout] test items::definer_test::definer_tests::cloak_collected_with_no_error ... FAILED
[INFO] [stdout] test items::definer_test::definer_tests::no_param_function_collected_with_no_error ... FAILED
[INFO] [stdout] test items::definer_test::definer_tests::array_collected_with_no_error ... FAILED
[INFO] [stdout] test items::definer_test::definer_tests::generic_collected_with_no_error ... FAILED
[INFO] [stdout] test items::definer_test::definer_tests::no_param_no_return_function_collected_with_no_error ... FAILED
[INFO] [stdout] test items::definer_test::definer_tests::no_return_function_collected_with_no_error ... FAILED
[INFO] [stdout] test items::definer_test::definer_tests::function_collected_with_no_error ... FAILED
[INFO] [stdout] test items::definer_test::definer_tests::collective_with_no_error ... ok
[INFO] [stdout] test items::definer_test::definer_tests::nullable_cloak_collected_with_no_error ... FAILED
[INFO] [stdout] test items::definer_test::definer_tests::variable_array_collected_with_no_error ... FAILED
[INFO] [stdout] test items::definer_test::definer_tests::nullable_collective_collected_with_no_error ... FAILED
[INFO] [stdout] test types::brace_reference_test::brace_reference_tests::brace_with_no_error ... FAILED
[INFO] [stdout] test types::char_test::char_tests::escape_char_with_no_error ... FAILED
[INFO] [stdout] test types::collective_type_test::collective_tests::collective_with_no_error ... FAILED
[INFO] [stdout] test types::float_test::float_tests::float_with_no_error ... FAILED
[INFO] [stdout] test items::definer_test::definer_tests::nullable_function_collected_with_no_error ... FAILED
[INFO] [stdout] test items::definer_test::definer_tests::nullable_generic_collected_with_no_error ... FAILED
[INFO] [stdout] test types::cloak_test::cloak_tests::cloak_with_no_error ... FAILED
[INFO] [stdout] test types::char_test::char_tests::char_with_no_error ... FAILED
[INFO] [stdout] test types::float_test::float_tests::dot_start_float_with_no_error ... FAILED
[INFO] [stdout] test types::function_call_test::function_call_tests::function_call_with_no_error ... FAILED
[INFO] [stdout] test types::integer_test::integer_tests::integer_with_no_error ... FAILED
[INFO] [stdout] test types::array_test::array_tests::array_with_no_error ... FAILED
[INFO] [stdout] test types::class_call_test::class_call_tests::class_calls_with_no_error ... FAILED
[INFO] [stdout] test types::negative_test::negative_tests::negative_with_no_error ... FAILED
[INFO] [stdout] test types::integer_test::integer_tests::negative_integer_with_no_error ... FAILED
[INFO] [stdout] test types::reference_test::reference_tests::reference_with_no_error ... FAILED
[INFO] [stdout] test types::string_test::string_tests::string_with_no_error ... ok
[INFO] [stdout] test types::operator_test::operator_tests::operator_with_no_error ... ok
[INFO] [stdout] test types::string_test::string_tests::wrong_escape_char_with_error ... ok
[INFO] [stdout] 
[INFO] [stdout] failures:
[INFO] [stdout] 
[INFO] [stdout] ---- items::definer_test::definer_tests::cloak_collected_with_no_error stdout ----
[INFO] [stdout] 
[INFO] [stdout] thread 'items::definer_test::definer_tests::cloak_collected_with_no_error' (519) panicked at tests/items/definer_test.rs:100:9:
[INFO] [stdout] assertion failed: errors.is_empty() && result_hash.finish() == 7520681682715042689
[INFO] [stdout] stack backtrace:
[INFO] [stdout]    0:     0x5c2311e11d81 - <<std[617be2ca0a6fd877]::sys::backtrace::BacktraceLock>::print::DisplayBacktrace as core[a373ad73a504971]::fmt::Display>::fmt
[INFO] [stdout]    1:     0x5c2311e27b8a - core[a373ad73a504971]::fmt::write
[INFO] [stdout]    2:     0x5c2311e15f9c - <alloc[2e1b2a31b91974c5]::vec::Vec<u8> as core[a373ad73a504971]::io::write::Write>::write_fmt
[INFO] [stdout]    3:     0x5c2311dee1e6 - std[617be2ca0a6fd877]::panicking::default_hook::{closure#0}
[INFO] [stdout]    4:     0x5c2311e0a419 - std[617be2ca0a6fd877]::panicking::default_hook
[INFO] [stdout]    5:     0x5c2311d345a0 - test[aada8e7e76ba119b]::test_main_inner::{closure#0}
[INFO] [stdout]    6:     0x5c2311e0a5d2 - std[617be2ca0a6fd877]::panicking::panic_with_hook
[INFO] [stdout]    7:     0x5c2311dee2c4 - std[617be2ca0a6fd877]::panicking::panic_handler::{closure#0}
[INFO] [stdout]    8:     0x5c2311de6fa9 - std[617be2ca0a6fd877]::sys::backtrace::__rust_end_short_backtrace::<std[617be2ca0a6fd877]::panicking::panic_handler::{closure#0}, !>
[INFO] [stdout]    9:     0x5c2311deee9d - __rustc[ea4f61d10b84890b]::rust_begin_unwind
[INFO] [stdout]   10:     0x5c2311e282bc - core[a373ad73a504971]::panicking::panic_fmt
[INFO] [stdout]   11:     0x5c2311e28282 - core[a373ad73a504971]::panicking::panic
[INFO] [stdout]   12:     0x5c2311cf0d4f - <mod[8c2d785f7de8faa1]::items::definer_test::definer_tests::cloak_collected_with_no_error::{closure#0} as core[a373ad73a504971]::ops::function::FnOnce<()>>::call_once
[INFO] [stdout]   13:     0x5c2311d279eb - test[aada8e7e76ba119b]::__rust_begin_short_backtrace::<core[a373ad73a504971]::result::Result<(), alloc[2e1b2a31b91974c5]::string::String>, fn() -> core[a373ad73a504971]::result::Result<(), alloc[2e1b2a31b91974c5]::string::String>>
[INFO] [stdout]   14:     0x5c2311d34bc5 - test[aada8e7e76ba119b]::run_test::{closure#0}
[INFO] [stdout]   15:     0x5c2311d2e4b4 - std[617be2ca0a6fd877]::sys::backtrace::__rust_begin_short_backtrace::<test[aada8e7e76ba119b]::run_test::{closure#1}, ()>
[INFO] [stdout]   16:     0x5c2311d37c52 - <std[617be2ca0a6fd877]::thread::lifecycle::spawn_unchecked<test[aada8e7e76ba119b]::run_test::{closure#1}, ()>::{closure#1} as core[a373ad73a504971]::ops::function::FnOnce<()>>::call_once::{shim:vtable#0}
[INFO] [stdout]   17:     0x5c2311e115df - <std[617be2ca0a6fd877]::sys::thread::unix::Thread>::new::thread_start
[INFO] [stdout]   18:     0x7eb26f6d9dfa - <unknown>
[INFO] [stdout]   19:     0x7eb26f76d3d4 - clone
[INFO] [stdout]   20:                0x0 - <unknown>
[INFO] [stdout] 
[INFO] [stdout] ---- items::definer_test::definer_tests::no_param_function_collected_with_no_error stdout ----
[INFO] [stdout] 
[INFO] [stdout] thread 'items::definer_test::definer_tests::no_param_function_collected_with_no_error' (523) panicked at tests/items/definer_test.rs:186:9:
[INFO] [stdout] assertion failed: errors.is_empty() && result_hash.finish() == 10184215308945865826
[INFO] [stdout] stack backtrace:
[INFO] [stdout]    0:     0x5c2311e11d81 - <<std[617be2ca0a6fd877]::sys::backtrace::BacktraceLock>::print::DisplayBacktrace as core[a373ad73a504971]::fmt::Display>::fmt
[INFO] [stdout]    1:     0x5c2311e27b8a - core[a373ad73a504971]::fmt::write
[INFO] [stdout]    2:     0x5c2311e15f9c - <alloc[2e1b2a31b91974c5]::vec::Vec<u8> as core[a373ad73a504971]::io::write::Write>::write_fmt
[INFO] [stdout]    3:     0x5c2311dee1e6 - std[617be2ca0a6fd877]::panicking::default_hook::{closure#0}
[INFO] [stdout]    4:     0x5c2311e0a419 - std[617be2ca0a6fd877]::panicking::default_hook
[INFO] [stdout]    5:     0x5c2311d345a0 - test[aada8e7e76ba119b]::test_main_inner::{closure#0}
[INFO] [stdout]    6:     0x5c2311e0a5d2 - std[617be2ca0a6fd877]::panicking::panic_with_hook
[INFO] [stdout]    7:     0x5c2311dee2c4 - std[617be2ca0a6fd877]::panicking::panic_handler::{closure#0}
[INFO] [stdout]    8:     0x5c2311de6fa9 - std[617be2ca0a6fd877]::sys::backtrace::__rust_end_short_backtrace::<std[617be2ca0a6fd877]::panicking::panic_handler::{closure#0}, !>
[INFO] [stdout]    9:     0x5c2311deee9d - __rustc[ea4f61d10b84890b]::rust_begin_unwind
[INFO] [stdout]   10:     0x5c2311e282bc - core[a373ad73a504971]::panicking::panic_fmt
[INFO] [stdout]   11:     0x5c2311e28282 - core[a373ad73a504971]::panicking::panic
[INFO] [stdout]   12:     0x5c2311cf2aff - <mod[8c2d785f7de8faa1]::items::definer_test::definer_tests::no_param_function_collected_with_no_error::{closure#0} as core[a373ad73a504971]::ops::function::FnOnce<()>>::call_once
[INFO] [stdout]   13:     0x5c2311d279eb - test[aada8e7e76ba119b]::__rust_begin_short_backtrace::<core[a373ad73a504971]::result::Result<(), alloc[2e1b2a31b91974c5]::string::String>, fn() -> core[a373ad73a504971]::result::Result<(), alloc[2e1b2a31b91974c5]::string::String>>
[INFO] [stdout]   14:     0x5c2311d34bc5 - test[aada8e7e76ba119b]::run_test::{closure#0}
[INFO] [stdout]   15:     0x5c2311d2e4b4 - std[617be2ca0a6fd877]::sys::backtrace::__rust_begin_short_backtrace::<test[aada8e7e76ba119b]::run_test::{closure#1}, ()>
[INFO] [stdout]   16:     0x5c2311d37c52 - <std[617be2ca0a6fd877]::thread::lifecycle::spawn_unchecked<test[aada8e7e76ba119b]::run_test::{closure#1}, ()>::{closure#1} as core[a373ad73a504971]::ops::function::FnOnce<()>>::call_once::{shim:vtable#0}
[INFO] [stdout]   17:     0x5c2311e115df - <std[617be2ca0a6fd877]::sys::thread::unix::Thread>::new::thread_start
[INFO] [stdout]   18:     0x7eb26f6d9dfa - <unknown>
[INFO] [stdout]   19:     0x7eb26f76d3d4 - clone
[INFO] [stdout]   20:                0x0 - <unknown>
[INFO] [stdout] 
[INFO] [stdout] ---- items::definer_test::definer_tests::array_collected_with_no_error stdout ----
[INFO] [stdout] 
[INFO] [stdout] thread 'items::definer_test::definer_tests::array_collected_with_no_error' (518) panicked at tests/items/definer_test.rs:64:9:
[INFO] [stdout] assertion failed: errors.is_empty() && result_hash.finish() == 6034828774517186636
[INFO] [stdout] stack backtrace:
[INFO] [stdout]    0:     0x5c2311e11d81 - <<std[617be2ca0a6fd877]::sys::backtrace::BacktraceLock>::print::DisplayBacktrace as core[a373ad73a504971]::fmt::Display>::fmt
[INFO] [stdout]    1:     0x5c2311e27b8a - core[a373ad73a504971]::fmt::write
[INFO] [stdout]    2:     0x5c2311e15f9c - <alloc[2e1b2a31b91974c5]::vec::Vec<u8> as core[a373ad73a504971]::io::write::Write>::write_fmt
[INFO] [stdout]    3:     0x5c2311dee1e6 - std[617be2ca0a6fd877]::panicking::default_hook::{closure#0}
[INFO] [stdout]    4:     0x5c2311e0a419 - std[617be2ca0a6fd877]::panicking::default_hook
[INFO] [stdout]    5:     0x5c2311d345a0 - test[aada8e7e76ba119b]::test_main_inner::{closure#0}
[INFO] [stdout]    6:     0x5c2311e0a5d2 - std[617be2ca0a6fd877]::panicking::panic_with_hook
[INFO] [stdout]    7:     0x5c2311dee2c4 - std[617be2ca0a6fd877]::panicking::panic_handler::{closure#0}
[INFO] [stdout]    8:     0x5c2311de6fa9 - std[617be2ca0a6fd877]::sys::backtrace::__rust_end_short_backtrace::<std[617be2ca0a6fd877]::panicking::panic_handler::{closure#0}, !>
[INFO] [stdout]    9:     0x5c2311deee9d - __rustc[ea4f61d10b84890b]::rust_begin_unwind
[INFO] [stdout]   10:     0x5c2311e282bc - core[a373ad73a504971]::panicking::panic_fmt
[INFO] [stdout]   11:     0x5c2311e28282 - core[a373ad73a504971]::panicking::panic
[INFO] [stdout]   12:     0x5c2311cf084f - <mod[8c2d785f7de8faa1]::items::definer_test::definer_tests::array_collected_with_no_error::{closure#0} as core[a373ad73a504971]::ops::function::FnOnce<()>>::call_once
[INFO] [stdout]   13:     0x5c2311d279eb - test[aada8e7e76ba119b]::__rust_begin_short_backtrace::<core[a373ad73a504971]::result::Result<(), alloc[2e1b2a31b91974c5]::string::String>, fn() -> core[a373ad73a504971]::result::Result<(), alloc[2e1b2a31b91974c5]::string::String>>
[INFO] [stdout]   14:     0x5c2311d34bc5 - test[aada8e7e76ba119b]::run_test::{closure#0}
[INFO] [stdout]   15:     0x5c2311d2e4b4 - std[617be2ca0a6fd877]::sys::backtrace::__rust_begin_short_backtrace::<test[aada8e7e76ba119b]::run_test::{closure#1}, ()>
[INFO] [stdout]   16:     0x5c2311d37c52 - <std[617be2ca0a6fd877]::thread::lifecycle::spawn_unchecked<test[aada8e7e76ba119b]::run_test::{closure#1}, ()>::{closure#1} as core[a373ad73a504971]::ops::function::FnOnce<()>>::call_once::{shim:vtable#0}
[INFO] [stdout]   17:     0x5c2311e115df - <std[617be2ca0a6fd877]::sys::thread::unix::Thread>::new::thread_start
[INFO] [stdout]   18:     0x7eb26f6d9dfa - <unknown>
[INFO] [stdout]   19:     0x7eb26f76d3d4 - clone
[INFO] [stdout]   20:                0x0 - <unknown>
[INFO] [stdout] 
[INFO] [stdout] ---- items::definer_test::definer_tests::generic_collected_with_no_error stdout ----
[INFO] [stdout] 
[INFO] [stdout] thread 'items::definer_test::definer_tests::generic_collected_with_no_error' (522) panicked at tests/items/definer_test.rs:135:9:
[INFO] [stdout] assertion failed: errors.is_empty() && result_hash.finish() == 1629535002954895172
[INFO] [stdout] stack backtrace:
[INFO] [stdout]    0:     0x5c2311e11d81 - <<std[617be2ca0a6fd877]::sys::backtrace::BacktraceLock>::print::DisplayBacktrace as core[a373ad73a504971]::fmt::Display>::fmt
[INFO] [stdout]    1:     0x5c2311e27b8a - core[a373ad73a504971]::fmt::write
[INFO] [stdout]    2:     0x5c2311e15f9c - <alloc[2e1b2a31b91974c5]::vec::Vec<u8> as core[a373ad73a504971]::io::write::Write>::write_fmt
[INFO] [stdout]    3:     0x5c2311dee1e6 - std[617be2ca0a6fd877]::panicking::default_hook::{closure#0}
[INFO] [stdout]    4:     0x5c2311e0a419 - std[617be2ca0a6fd877]::panicking::default_hook
[INFO] [stdout]    5:     0x5c2311d345a0 - test[aada8e7e76ba119b]::test_main_inner::{closure#0}
[INFO] [stdout]    6:     0x5c2311e0a5d2 - std[617be2ca0a6fd877]::panicking::panic_with_hook
[INFO] [stdout]    7:     0x5c2311dee2c4 - std[617be2ca0a6fd877]::panicking::panic_handler::{closure#0}
[INFO] [stdout]    8:     0x5c2311de6fa9 - std[617be2ca0a6fd877]::sys::backtrace::__rust_end_short_backtrace::<std[617be2ca0a6fd877]::panicking::panic_handler::{closure#0}, !>
[INFO] [stdout]    9:     0x5c2311deee9d - __rustc[ea4f61d10b84890b]::rust_begin_unwind
[INFO] [stdout]   10:     0x5c2311e282bc - core[a373ad73a504971]::panicking::panic_fmt
[INFO] [stdout]   11:     0x5c2311e28282 - core[a373ad73a504971]::panicking::panic
[INFO] [stdout]   12:     0x5c2311cf113f - <mod[8c2d785f7de8faa1]::items::definer_test::definer_tests::generic_collected_with_no_error::{closure#0} as core[a373ad73a504971]::ops::function::FnOnce<()>>::call_once
[INFO] [stdout]   13:     0x5c2311d279eb - test[aada8e7e76ba119b]::__rust_begin_short_backtrace::<core[a373ad73a504971]::result::Result<(), alloc[2e1b2a31b91974c5]::string::String>, fn() -> core[a373ad73a504971]::result::Result<(), alloc[2e1b2a31b91974c5]::string::String>>
[INFO] [stdout]   14:     0x5c2311d34bc5 - test[aada8e7e76ba119b]::run_test::{closure#0}
[INFO] [stdout]   15:     0x5c2311d2e4b4 - std[617be2ca0a6fd877]::sys::backtrace::__rust_begin_short_backtrace::<test[aada8e7e76ba119b]::run_test::{closure#1}, ()>
[INFO] [stdout]   16:     0x5c2311d37c52 - <std[617be2ca0a6fd877]::thread::lifecycle::spawn_unchecked<test[aada8e7e76ba119b]::run_test::{closure#1}, ()>::{closure#1} as core[a373ad73a504971]::ops::function::FnOnce<()>>::call_once::{shim:vtable#0}
[INFO] [stdout]   17:     0x5c2311e115df - <std[617be2ca0a6fd877]::sys::thread::unix::Thread>::new::thread_start
[INFO] [stdout]   18:     0x7eb26f6d9dfa - <unknown>
[INFO] [stdout]   19:     0x7eb26f76d3d4 - clone
[INFO] [stdout]   20:                0x0 - <unknown>
[INFO] [stdout] 
[INFO] [stdout] ---- items::definer_test::definer_tests::no_param_no_return_function_collected_with_no_error stdout ----
[INFO] [stdout] 
[INFO] [stdout] thread 'items::definer_test::definer_tests::no_param_no_return_function_collected_with_no_error' (524) panicked at tests/items/definer_test.rs:169:9:
[INFO] [stdout] assertion failed: errors.is_empty() && result_hash.finish() == 17128602177685293589
[INFO] [stdout] stack backtrace:
[INFO] [stdout]    0:     0x5c2311e11d81 - <<std[617be2ca0a6fd877]::sys::backtrace::BacktraceLock>::print::DisplayBacktrace as core[a373ad73a504971]::fmt::Display>::fmt
[INFO] [stdout]    1:     0x5c2311e27b8a - core[a373ad73a504971]::fmt::write
[INFO] [stdout]    2:     0x5c2311e15f9c - <alloc[2e1b2a31b91974c5]::vec::Vec<u8> as core[a373ad73a504971]::io::write::Write>::write_fmt
[INFO] [stdout]    3:     0x5c2311dee1e6 - std[617be2ca0a6fd877]::panicking::default_hook::{closure#0}
[INFO] [stdout]    4:     0x5c2311e0a419 - std[617be2ca0a6fd877]::panicking::default_hook
[INFO] [stdout]    5:     0x5c2311d345a0 - test[aada8e7e76ba119b]::test_main_inner::{closure#0}
[INFO] [stdout]    6:     0x5c2311e0a5d2 - std[617be2ca0a6fd877]::panicking::panic_with_hook
[INFO] [stdout]    7:     0x5c2311dee2c4 - std[617be2ca0a6fd877]::panicking::panic_handler::{closure#0}
[INFO] [stdout]    8:     0x5c2311de6fa9 - std[617be2ca0a6fd877]::sys::backtrace::__rust_end_short_backtrace::<std[617be2ca0a6fd877]::panicking::panic_handler::{closure#0}, !>
[INFO] [stdout]    9:     0x5c2311deee9d - __rustc[ea4f61d10b84890b]::rust_begin_unwind
[INFO] [stdout]   10:     0x5c2311e282bc - core[a373ad73a504971]::panicking::panic_fmt
[INFO] [stdout]   11:     0x5c2311e28282 - core[a373ad73a504971]::panicking::panic
[INFO] [stdout]   12:     0x5c2311cf3f3f - <mod[8c2d785f7de8faa1]::items::definer_test::definer_tests::no_param_no_return_function_collected_with_no_error::{closure#0} as core[a373ad73a504971]::ops::function::FnOnce<()>>::call_once
[INFO] [stdout]   13:     0x5c2311d279eb - test[aada8e7e76ba119b]::__rust_begin_short_backtrace::<core[a373ad73a504971]::result::Result<(), alloc[2e1b2a31b91974c5]::string::String>, fn() -> core[a373ad73a504971]::result::Result<(), alloc[2e1b2a31b91974c5]::string::String>>
[INFO] [stdout]   14:     0x5c2311d34bc5 - test[aada8e7e76ba119b]::run_test::{closure#0}
[INFO] [stdout]   15:     0x5c2311d2e4b4 - std[617be2ca0a6fd877]::sys::backtrace::__rust_begin_short_backtrace::<test[aada8e7e76ba119b]::run_test::{closure#1}, ()>
[INFO] [stdout]   16:     0x5c2311d37c52 - <std[617be2ca0a6fd877]::thread::lifecycle::spawn_unchecked<test[aada8e7e76ba119b]::run_test::{closure#1}, ()>::{closure#1} as core[a373ad73a504971]::ops::function::FnOnce<()>>::call_once::{shim:vtable#0}
[INFO] [stdout]   17:     0x5c2311e115df - <std[617be2ca0a6fd877]::sys::thread::unix::Thread>::new::thread_start
[INFO] [stdout]   18:     0x7eb26f6d9dfa - <unknown>
[INFO] [stdout]   19:     0x7eb26f76d3d4 - clone
[INFO] [stdout]   20:                0x0 - <unknown>
[INFO] [stdout] 
[INFO] [stdout] ---- items::definer_test::definer_tests::no_return_function_collected_with_no_error stdout ----
[INFO] [stdout] 
[INFO] [stdout] thread 'items::definer_test::definer_tests::no_return_function_collected_with_no_error' (525) panicked at tests/items/definer_test.rs:203:9:
[INFO] [stdout] assertion failed: errors.is_empty() && result_hash.finish() == 13817130764464377317
[INFO] [stdout] stack backtrace:
[INFO] [stdout]    0:     0x5c2311e11d81 - <<std[617be2ca0a6fd877]::sys::backtrace::BacktraceLock>::print::DisplayBacktrace as core[a373ad73a504971]::fmt::Display>::fmt
[INFO] [stdout]    1:     0x5c2311e27b8a - core[a373ad73a504971]::fmt::write
[INFO] [stdout]    2:     0x5c2311e15f9c - <alloc[2e1b2a31b91974c5]::vec::Vec<u8> as core[a373ad73a504971]::io::write::Write>::write_fmt
[INFO] [stdout]    3:     0x5c2311dee1e6 - std[617be2ca0a6fd877]::panicking::default_hook::{closure#0}
[INFO] [stdout]    4:     0x5c2311e0a419 - std[617be2ca0a6fd877]::panicking::default_hook
[INFO] [stdout]    5:     0x5c2311d345a0 - test[aada8e7e76ba119b]::test_main_inner::{closure#0}
[INFO] [stdout]    6:     0x5c2311e0a5d2 - std[617be2ca0a6fd877]::panicking::panic_with_hook
[INFO] [stdout]    7:     0x5c2311dee2c4 - std[617be2ca0a6fd877]::panicking::panic_handler::{closure#0}
[INFO] [stdout]    8:     0x5c2311de6fa9 - std[617be2ca0a6fd877]::sys::backtrace::__rust_end_short_backtrace::<std[617be2ca0a6fd877]::panicking::panic_handler::{closure#0}, !>
[INFO] [stdout]    9:     0x5c2311deee9d - __rustc[ea4f61d10b84890b]::rust_begin_unwind
[INFO] [stdout]   10:     0x5c2311e282bc - core[a373ad73a504971]::panicking::panic_fmt
[INFO] [stdout]   11:     0x5c2311e28282 - core[a373ad73a504971]::panicking::panic
[INFO] [stdout]   12:     0x5c2311cf362f - <mod[8c2d785f7de8faa1]::items::definer_test::definer_tests::no_return_function_collected_with_no_error::{closure#0} as core[a373ad73a504971]::ops::function::FnOnce<()>>::call_once
[INFO] [stdout]   13:     0x5c2311d279eb - test[aada8e7e76ba119b]::__rust_begin_short_backtrace::<core[a373ad73a504971]::result::Result<(), alloc[2e1b2a31b91974c5]::string::String>, fn() -> core[a373ad73a504971]::result::Result<(), alloc[2e1b2a31b91974c5]::string::String>>
[INFO] [stdout]   14:     0x5c2311d34bc5 - test[aada8e7e76ba119b]::run_test::{closure#0}
[INFO] [stdout]   15:     0x5c2311d2e4b4 - std[617be2ca0a6fd877]::sys::backtrace::__rust_begin_short_backtrace::<test[aada8e7e76ba119b]::run_test::{closure#1}, ()>
[INFO] [stdout]   16:     0x5c2311d37c52 - <std[617be2ca0a6fd877]::thread::lifecycle::spawn_unchecked<test[aada8e7e76ba119b]::run_test::{closure#1}, ()>::{closure#1} as core[a373ad73a504971]::ops::function::FnOnce<()>>::call_once::{shim:vtable#0}
[INFO] [stdout]   17:     0x5c2311e115df - <std[617be2ca0a6fd877]::sys::thread::unix::Thread>::new::thread_start
[INFO] [stdout]   18:     0x7eb26f6d9dfa - <unknown>
[INFO] [stdout]   19:     0x7eb26f76d3d4 - clone
[INFO] [stdout]   20:                0x0 - <unknown>
[INFO] [stdout] 
[INFO] [stdout] ---- items::definer_test::definer_tests::function_collected_with_no_error stdout ----
[INFO] [stdout] 
[INFO] [stdout] thread 'items::definer_test::definer_tests::function_collected_with_no_error' (521) panicked at tests/items/definer_test.rs:220:9:
[INFO] [stdout] assertion failed: errors.is_empty() && result_hash.finish() == 17261212020546398938
[INFO] [stdout] stack backtrace:
[INFO] [stdout]    0:     0x5c2311e11d81 - <<std[617be2ca0a6fd877]::sys::backtrace::BacktraceLock>::print::DisplayBacktrace as core[a373ad73a504971]::fmt::Display>::fmt
[INFO] [stdout]    1:     0x5c2311e27b8a - core[a373ad73a504971]::fmt::write
[INFO] [stdout]    2:     0x5c2311e15f9c - <alloc[2e1b2a31b91974c5]::vec::Vec<u8> as core[a373ad73a504971]::io::write::Write>::write_fmt
[INFO] [stdout]    3:     0x5c2311dee1e6 - std[617be2ca0a6fd877]::panicking::default_hook::{closure#0}
[INFO] [stdout]    4:     0x5c2311e0a419 - std[617be2ca0a6fd877]::panicking::default_hook
[INFO] [stdout]    5:     0x5c2311d345a0 - test[aada8e7e76ba119b]::test_main_inner::{closure#0}
[INFO] [stdout]    6:     0x5c2311e0a5d2 - std[617be2ca0a6fd877]::panicking::panic_with_hook
[INFO] [stdout]    7:     0x5c2311dee2c4 - std[617be2ca0a6fd877]::panicking::panic_handler::{closure#0}
[INFO] [stdout]    8:     0x5c2311de6fa9 - std[617be2ca0a6fd877]::sys::backtrace::__rust_end_short_backtrace::<std[617be2ca0a6fd877]::panicking::panic_handler::{closure#0}, !>
[INFO] [stdout]    9:     0x5c2311deee9d - __rustc[ea4f61d10b84890b]::rust_begin_unwind
[INFO] [stdout]   10:     0x5c2311e282bc - core[a373ad73a504971]::panicking::panic_fmt
[INFO] [stdout]   11:     0x5c2311e28282 - core[a373ad73a504971]::panicking::panic
[INFO] [stdout]   12:     0x5c2311cf176f - <mod[8c2d785f7de8faa1]::items::definer_test::definer_tests::function_collected_with_no_error::{closure#0} as core[a373ad73a504971]::ops::function::FnOnce<()>>::call_once
[INFO] [stdout]   13:     0x5c2311d279eb - test[aada8e7e76ba119b]::__rust_begin_short_backtrace::<core[a373ad73a504971]::result::Result<(), alloc[2e1b2a31b91974c5]::string::String>, fn() -> core[a373ad73a504971]::result::Result<(), alloc[2e1b2a31b91974c5]::string::String>>
[INFO] [stdout]   14:     0x5c2311d34bc5 - test[aada8e7e76ba119b]::run_test::{closure#0}
[INFO] [stdout]   15:     0x5c2311d2e4b4 - std[617be2ca0a6fd877]::sys::backtrace::__rust_begin_short_backtrace::<test[aada8e7e76ba119b]::run_test::{closure#1}, ()>
[INFO] [stdout]   16:     0x5c2311d37c52 - <std[617be2ca0a6fd877]::thread::lifecycle::spawn_unchecked<test[aada8e7e76ba119b]::run_test::{closure#1}, ()>::{closure#1} as core[a373ad73a504971]::ops::function::FnOnce<()>>::call_once::{shim:vtable#0}
[INFO] [stdout]   17:     0x5c2311e115df - <std[617be2ca0a6fd877]::sys::thread::unix::Thread>::new::thread_start
[INFO] [stdout]   18:     0x7eb26f6d9dfa - <unknown>
[INFO] [stdout]   19:     0x7eb26f76d3d4 - clone
[INFO] [stdout]   20:                0x0 - <unknown>
[INFO] [stdout] 
[INFO] [stdout] ---- items::definer_test::definer_tests::nullable_cloak_collected_with_no_error stdout ----
[INFO] [stdout] 
[INFO] [stdout] thread 'items::definer_test::definer_tests::nullable_cloak_collected_with_no_error' (526) panicked at tests/items/definer_test.rs:118:9:
[INFO] [stdout] assertion failed: errors.is_empty() && result_hash.finish() == 7952147402688194864
[INFO] [stdout] stack backtrace:
[INFO] [stdout]    0:     0x5c2311e11d81 - <<std[617be2ca0a6fd877]::sys::backtrace::BacktraceLock>::print::DisplayBacktrace as core[a373ad73a504971]::fmt::Display>::fmt
[INFO] [stdout]    1:     0x5c2311e27b8a - core[a373ad73a504971]::fmt::write
[INFO] [stdout]    2:     0x5c2311e15f9c - <alloc[2e1b2a31b91974c5]::vec::Vec<u8> as core[a373ad73a504971]::io::write::Write>::write_fmt
[INFO] [stdout]    3:     0x5c2311dee1e6 - std[617be2ca0a6fd877]::panicking::default_hook::{closure#0}
[INFO] [stdout]    4:     0x5c2311e0a419 - std[617be2ca0a6fd877]::panicking::default_hook
[INFO] [stdout]    5:     0x5c2311d345a0 - test[aada8e7e76ba119b]::test_main_inner::{closure#0}
[INFO] [stdout]    6:     0x5c2311e0a5d2 - std[617be2ca0a6fd877]::panicking::panic_with_hook
[INFO] [stdout]    7:     0x5c2311dee2c4 - std[617be2ca0a6fd877]::panicking::panic_handler::{closure#0}
[INFO] [stdout]    8:     0x5c2311de6fa9 - std[617be2ca0a6fd877]::sys::backtrace::__rust_end_short_backtrace::<std[617be2ca0a6fd877]::panicking::panic_handler::{closure#0}, !>
[INFO] [stdout]    9:     0x5c2311deee9d - __rustc[ea4f61d10b84890b]::rust_begin_unwind
[INFO] [stdout]   10:     0x5c2311e282bc - core[a373ad73a504971]::panicking::panic_fmt
[INFO] [stdout]   11:     0x5c2311e28282 - core[a373ad73a504971]::panicking::panic
[INFO] [stdout]   12:     0x5c2311cf1c8f - <mod[8c2d785f7de8faa1]::items::definer_test::definer_tests::nullable_cloak_collected_with_no_error::{closure#0} as core[a373ad73a504971]::ops::function::FnOnce<()>>::call_once
[INFO] [stdout]   13:     0x5c2311d279eb - test[aada8e7e76ba119b]::__rust_begin_short_backtrace::<core[a373ad73a504971]::result::Result<(), alloc[2e1b2a31b91974c5]::string::String>, fn() -> core[a373ad73a504971]::result::Result<(), alloc[2e1b2a31b91974c5]::string::String>>
[INFO] [stdout]   14:     0x5c2311d34bc5 - test[aada8e7e76ba119b]::run_test::{closure#0}
[INFO] [stdout]   15:     0x5c2311d2e4b4 - std[617be2ca0a6fd877]::sys::backtrace::__rust_begin_short_backtrace::<test[aada8e7e76ba119b]::run_test::{closure#1}, ()>
[INFO] [stdout]   16:     0x5c2311d37c52 - <std[617be2ca0a6fd877]::thread::lifecycle::spawn_unchecked<test[aada8e7e76ba119b]::run_test::{closure#1}, ()>::{closure#1} as core[a373ad73a504971]::ops::function::FnOnce<()>>::call_once::{shim:vtable#0}
[INFO] [stdout]   17:     0x5c2311e115df - <std[617be2ca0a6fd877]::sys::thread::unix::Thread>::new::thread_start
[INFO] [stdout]   18:     0x7eb26f6d9dfa - <unknown>
[INFO] [stdout]   19:     0x7eb26f76d3d4 - clone
[INFO] [stdout]   20:                0x0 - <unknown>
[INFO] [stdout] 
[INFO] [stdout] ---- items::definer_test::definer_tests::variable_array_collected_with_no_error stdout ----
[INFO] [stdout] 
[INFO] [stdout] thread 'items::definer_test::definer_tests::variable_array_collected_with_no_error' (530) panicked at tests/items/definer_test.rs:82:9:
[INFO] [stdout] assertion failed: errors.is_empty() && result_hash.finish() == 16571363607244013864
[INFO] [stdout] stack backtrace:
[INFO] [stdout]    0:     0x5c2311e11d81 - <<std[617be2ca0a6fd877]::sys::backtrace::BacktraceLock>::print::DisplayBacktrace as core[a373ad73a504971]::fmt::Display>::fmt
[INFO] [stdout]    1:     0x5c2311e27b8a - core[a373ad73a504971]::fmt::write
[INFO] [stdout]    2:     0x5c2311e15f9c - <alloc[2e1b2a31b91974c5]::vec::Vec<u8> as core[a373ad73a504971]::io::write::Write>::write_fmt
[INFO] [stdout]    3:     0x5c2311dee1e6 - std[617be2ca0a6fd877]::panicking::default_hook::{closure#0}
[INFO] [stdout]    4:     0x5c2311e0a419 - std[617be2ca0a6fd877]::panicking::default_hook
[INFO] [stdout]    5:     0x5c2311d345a0 - test[aada8e7e76ba119b]::test_main_inner::{closure#0}
[INFO] [stdout]    6:     0x5c2311e0a5d2 - std[617be2ca0a6fd877]::panicking::panic_with_hook
[INFO] [stdout]    7:     0x5c2311dee2c4 - std[617be2ca0a6fd877]::panicking::panic_handler::{closure#0}
[INFO] [stdout]    8:     0x5c2311de6fa9 - std[617be2ca0a6fd877]::sys::backtrace::__rust_end_short_backtrace::<std[617be2ca0a6fd877]::panicking::panic_handler::{closure#0}, !>
[INFO] [stdout]    9:     0x5c2311deee9d - __rustc[ea4f61d10b84890b]::rust_begin_unwind
[INFO] [stdout]   10:     0x5c2311e282bc - core[a373ad73a504971]::panicking::panic_fmt
[INFO] [stdout]   11:     0x5c2311e28282 - core[a373ad73a504971]::panicking::panic
[INFO] [stdout]   12:     0x5c2311cf21df - <mod[8c2d785f7de8faa1]::items::definer_test::definer_tests::variable_array_collected_with_no_error::{closure#0} as core[a373ad73a504971]::ops::function::FnOnce<()>>::call_once
[INFO] [stdout]   13:     0x5c2311d279eb - test[aada8e7e76ba119b]::__rust_begin_short_backtrace::<core[a373ad73a504971]::result::Result<(), alloc[2e1b2a31b91974c5]::string::String>, fn() -> core[a373ad73a504971]::result::Result<(), alloc[2e1b2a31b91974c5]::string::String>>
[INFO] [stdout]   14:     0x5c2311d34bc5 - test[aada8e7e76ba119b]::run_test::{closure#0}
[INFO] [stdout]   15:     0x5c2311d2e4b4 - std[617be2ca0a6fd877]::sys::backtrace::__rust_begin_short_backtrace::<test[aada8e7e76ba119b]::run_test::{closure#1}, ()>
[INFO] [stdout]   16:     0x5c2311d37c52 - <std[617be2ca0a6fd877]::thread::lifecycle::spawn_unchecked<test[aada8e7e76ba119b]::run_test::{closure#1}, ()>::{closure#1} as core[a373ad73a504971]::ops::function::FnOnce<()>>::call_once::{shim:vtable#0}
[INFO] [stdout]   17:     0x5c2311e115df - <std[617be2ca0a6fd877]::sys::thread::unix::Thread>::new::thread_start
[INFO] [stdout]   18:     0x7eb26f6d9dfa - <unknown>
[INFO] [stdout]   19:     0x7eb26f76d3d4 - clone
[INFO] [stdout]   20:                0x0 - <unknown>
[INFO] [stdout] 
[INFO] [stdout] ---- items::definer_test::definer_tests::nullable_collective_collected_with_no_error stdout ----
[INFO] [stdout] 
[INFO] [stdout] thread 'items::definer_test::definer_tests::nullable_collective_collected_with_no_error' (527) panicked at tests/items/definer_test.rs:46:9:
[INFO] [stdout] assertion failed: errors.is_empty() && result_hash.finish() == 11664837364969987321
[INFO] [stdout] stack backtrace:
[INFO] [stdout]    0:     0x5c2311e11d81 - <<std[617be2ca0a6fd877]::sys::backtrace::BacktraceLock>::print::DisplayBacktrace as core[a373ad73a504971]::fmt::Display>::fmt
[INFO] [stdout]    1:     0x5c2311e27b8a - core[a373ad73a504971]::fmt::write
[INFO] [stdout]    2:     0x5c2311e15f9c - <alloc[2e1b2a31b91974c5]::vec::Vec<u8> as core[a373ad73a504971]::io::write::Write>::write_fmt
[INFO] [stdout]    3:     0x5c2311dee1e6 - std[617be2ca0a6fd877]::panicking::default_hook::{closure#0}
[INFO] [stdout]    4:     0x5c2311e0a419 - std[617be2ca0a6fd877]::panicking::default_hook
[INFO] [stdout]    5:     0x5c2311d345a0 - test[aada8e7e76ba119b]::test_main_inner::{closure#0}
[INFO] [stdout]    6:     0x5c2311e0a5d2 - std[617be2ca0a6fd877]::panicking::panic_with_hook
[INFO] [stdout]    7:     0x5c2311dee2c4 - std[617be2ca0a6fd877]::panicking::panic_handler::{closure#0}
[INFO] [stdout]    8:     0x5c2311de6fa9 - std[617be2ca0a6fd877]::sys::backtrace::__rust_end_short_backtrace::<std[617be2ca0a6fd877]::panicking::panic_handler::{closure#0}, !>
[INFO] [stdout]    9:     0x5c2311deee9d - __rustc[ea4f61d10b84890b]::rust_begin_unwind
[INFO] [stdout]   10:     0x5c2311e282bc - core[a373ad73a504971]::panicking::panic_fmt
[INFO] [stdout]   11:     0x5c2311e28282 - core[a373ad73a504971]::panicking::panic
[INFO] [stdout]   12:     0x5c2311cf3b4f - <mod[8c2d785f7de8faa1]::items::definer_test::definer_tests::nullable_collective_collected_with_no_error::{closure#0} as core[a373ad73a504971]::ops::function::FnOnce<()>>::call_once
[INFO] [stdout]   13:     0x5c2311d279eb - test[aada8e7e76ba119b]::__rust_begin_short_backtrace::<core[a373ad73a504971]::result::Result<(), alloc[2e1b2a31b91974c5]::string::String>, fn() -> core[a373ad73a504971]::result::Result<(), alloc[2e1b2a31b91974c5]::string::String>>
[INFO] [stdout]   14:     0x5c2311d34bc5 - test[aada8e7e76ba119b]::run_test::{closure#0}
[INFO] [stdout]   15:     0x5c2311d2e4b4 - std[617be2ca0a6fd877]::sys::backtrace::__rust_begin_short_backtrace::<test[aada8e7e76ba119b]::run_test::{closure#1}, ()>
[INFO] [stdout]   16:     0x5c2311d37c52 - <std[617be2ca0a6fd877]::thread::lifecycle::spawn_unchecked<test[aada8e7e76ba119b]::run_test::{closure#1}, ()>::{closure#1} as core[a373ad73a504971]::ops::function::FnOnce<()>>::call_once::{shim:vtable#0}
[INFO] [stdout]   17:     0x5c2311e115df - <std[617be2ca0a6fd877]::sys::thread::unix::Thread>::new::thread_start
[INFO] [stdout]   18:     0x7eb26f6d9dfa - <unknown>
[INFO] [stdout]   19:     0x7eb26f76d3d4 - clone
[INFO] [stdout]   20:                0x0 - <unknown>
[INFO] [stdout] 
[INFO] [stdout] ---- types::brace_reference_test::brace_reference_tests::brace_with_no_error stdout ----
[INFO] [stdout] 
[INFO] [stdout] thread 'types::brace_reference_test::brace_reference_tests::brace_with_no_error' (532) panicked at tests/types/brace_reference_test.rs:49:9:
[INFO] [stdout] assertion failed: !has_err
[INFO] [stdout] stack backtrace:
[INFO] [stdout]    0:     0x5c2311e11d81 - <<std[617be2ca0a6fd877]::sys::backtrace::BacktraceLock>::print::DisplayBacktrace as core[a373ad73a504971]::fmt::Display>::fmt
[INFO] [stdout]    1:     0x5c2311e27b8a - core[a373ad73a504971]::fmt::write
[INFO] [stdout]    2:     0x5c2311e15f9c - <alloc[2e1b2a31b91974c5]::vec::Vec<u8> as core[a373ad73a504971]::io::write::Write>::write_fmt
[INFO] [stdout]    3:     0x5c2311dee1e6 - std[617be2ca0a6fd877]::panicking::default_hook::{closure#0}
[INFO] [stdout]    4:     0x5c2311e0a419 - std[617be2ca0a6fd877]::panicking::default_hook
[INFO] [stdout]    5:     0x5c2311d345a0 - test[aada8e7e76ba119b]::test_main_inner::{closure#0}
[INFO] [stdout]    6:     0x5c2311e0a5d2 - std[617be2ca0a6fd877]::panicking::panic_with_hook
[INFO] [stdout]    7:     0x5c2311dee2c4 - std[617be2ca0a6fd877]::panicking::panic_handler::{closure#0}
[INFO] [stdout]    8:     0x5c2311de6fa9 - std[617be2ca0a6fd877]::sys::backtrace::__rust_end_short_backtrace::<std[617be2ca0a6fd877]::panicking::panic_handler::{closure#0}, !>
[INFO] [stdout]    9:     0x5c2311deee9d - __rustc[ea4f61d10b84890b]::rust_begin_unwind
[INFO] [stdout]   10:     0x5c2311e282bc - core[a373ad73a504971]::panicking::panic_fmt
[INFO] [stdout]   11:     0x5c2311e28282 - core[a373ad73a504971]::panicking::panic
[INFO] [stdout]   12:     0x5c2311d27932 - <mod[8c2d785f7de8faa1]::types::brace_reference_test::brace_reference_tests::brace_with_no_error::{closure#0} as core[a373ad73a504971]::ops::function::FnOnce<()>>::call_once
[INFO] [stdout]   13:     0x5c2311d279eb - test[aada8e7e76ba119b]::__rust_begin_short_backtrace::<core[a373ad73a504971]::result::Result<(), alloc[2e1b2a31b91974c5]::string::String>, fn() -> core[a373ad73a504971]::result::Result<(), alloc[2e1b2a31b91974c5]::string::String>>
[INFO] [stdout]   14:     0x5c2311d34bc5 - test[aada8e7e76ba119b]::run_test::{closure#0}
[INFO] [stdout]   15:     0x5c2311d2e4b4 - std[617be2ca0a6fd877]::sys::backtrace::__rust_begin_short_backtrace::<test[aada8e7e76ba119b]::run_test::{closure#1}, ()>
[INFO] [stdout]   16:     0x5c2311d37c52 - <std[617be2ca0a6fd877]::thread::lifecycle::spawn_unchecked<test[aada8e7e76ba119b]::run_test::{closure#1}, ()>::{closure#1} as core[a373ad73a504971]::ops::function::FnOnce<()>>::call_once::{shim:vtable#0}
[INFO] [stdout]   17:     0x5c2311e115df - <std[617be2ca0a6fd877]::sys::thread::unix::Thread>::new::thread_start
[INFO] [stdout]   18:     0x7eb26f6d9dfa - <unknown>
[INFO] [stdout]   19:     0x7eb26f76d3d4 - clone
[INFO] [stdout]   20:                0x0 - <unknown>
[INFO] [stdout] 
[INFO] [stdout] ---- types::char_test::char_tests::escape_char_with_no_error stdout ----
[INFO] [stdout] 
[INFO] [stdout] thread 'types::char_test::char_tests::escape_char_with_no_error' (534) panicked at tests/types/char_test.rs:25:9:
[INFO] [stdout] assertion failed: errors.is_empty() && result_hash.finish() == 958559777172932442
[INFO] [stdout] stack backtrace:
[INFO] [stdout]    0:     0x5c2311e11d81 - <<std[617be2ca0a6fd877]::sys::backtrace::BacktraceLock>::print::DisplayBacktrace as core[a373ad73a504971]::fmt::Display>::fmt
[INFO] [stdout]    1:     0x5c2311e27b8a - core[a373ad73a504971]::fmt::write
[INFO] [stdout]    2:     0x5c2311e15f9c - <alloc[2e1b2a31b91974c5]::vec::Vec<u8> as core[a373ad73a504971]::io::write::Write>::write_fmt
[INFO] [stdout]    3:     0x5c2311dee1e6 - std[617be2ca0a6fd877]::panicking::default_hook::{closure#0}
[INFO] [stdout]    4:     0x5c2311e0a419 - std[617be2ca0a6fd877]::panicking::default_hook
[INFO] [stdout]    5:     0x5c2311d345a0 - test[aada8e7e76ba119b]::test_main_inner::{closure#0}
[INFO] [stdout]    6:     0x5c2311e0a5d2 - std[617be2ca0a6fd877]::panicking::panic_with_hook
[INFO] [stdout]    7:     0x5c2311dee2c4 - std[617be2ca0a6fd877]::panicking::panic_handler::{closure#0}
[INFO] [stdout]    8:     0x5c2311de6fa9 - std[617be2ca0a6fd877]::sys::backtrace::__rust_end_short_backtrace::<std[617be2ca0a6fd877]::panicking::panic_handler::{closure#0}, !>
[INFO] [stdout]    9:     0x5c2311deee9d - __rustc[ea4f61d10b84890b]::rust_begin_unwind
[INFO] [stdout]   10:     0x5c2311e282bc - core[a373ad73a504971]::panicking::panic_fmt
[INFO] [stdout]   11:     0x5c2311e28282 - core[a373ad73a504971]::panicking::panic
[INFO] [stdout]   12:     0x5c2311d0ed93 - <mod[8c2d785f7de8faa1]::types::char_test::char_tests::escape_char_with_no_error::{closure#0} as core[a373ad73a504971]::ops::function::FnOnce<()>>::call_once
[INFO] [stdout]   13:     0x5c2311d279eb - test[aada8e7e76ba119b]::__rust_begin_short_backtrace::<core[a373ad73a504971]::result::Result<(), alloc[2e1b2a31b91974c5]::string::String>, fn() -> core[a373ad73a504971]::result::Result<(), alloc[2e1b2a31b91974c5]::string::String>>
[INFO] [stdout]   14:     0x5c2311d34bc5 - test[aada8e7e76ba119b]::run_test::{closure#0}
[INFO] [stdout]   15:     0x5c2311d2e4b4 - std[617be2ca0a6fd877]::sys::backtrace::__rust_begin_short_backtrace::<test[aada8e7e76ba119b]::run_test::{closure#1}, ()>
[INFO] [stdout]   16:     0x5c2311d37c52 - <std[617be2ca0a6fd877]::thread::lifecycle::spawn_unchecked<test[aada8e7e76ba119b]::run_test::{closure#1}, ()>::{closure#1} as core[a373ad73a504971]::ops::function::FnOnce<()>>::call_once::{shim:vtable#0}
[INFO] [stdout]   17:     0x5c2311e115df - <std[617be2ca0a6fd877]::sys::thread::unix::Thread>::new::thread_start
[INFO] [stdout]   18:     0x7eb26f6d9dfa - <unknown>
[INFO] [stdout]   19:     0x7eb26f76d3d4 - clone
[INFO] [stdout]   20:                0x0 - <unknown>
[INFO] [stdout] 
[INFO] [stdout] ---- types::collective_type_test::collective_tests::collective_with_no_error stdout ----
[INFO] [stdout] 
[INFO] [stdout] thread 'types::collective_type_test::collective_tests::collective_with_no_error' (537) panicked at tests/types/collective_type_test.rs:47:9:
[INFO] [stdout] assertion failed: !has_err
[INFO] [stdout] stack backtrace:
[INFO] [stdout]    0:     0x5c2311e11d81 - <<std[617be2ca0a6fd877]::sys::backtrace::BacktraceLock>::print::DisplayBacktrace as core[a373ad73a504971]::fmt::Display>::fmt
[INFO] [stdout]    1:     0x5c2311e27b8a - core[a373ad73a504971]::fmt::write
[INFO] [stdout]    2:     0x5c2311e15f9c - <alloc[2e1b2a31b91974c5]::vec::Vec<u8> as core[a373ad73a504971]::io::write::Write>::write_fmt
[INFO] [stdout]    3:     0x5c2311dee1e6 - std[617be2ca0a6fd877]::panicking::default_hook::{closure#0}
[INFO] [stdout]    4:     0x5c2311e0a419 - std[617be2ca0a6fd877]::panicking::default_hook
[INFO] [stdout]    5:     0x5c2311d345a0 - test[aada8e7e76ba119b]::test_main_inner::{closure#0}
[INFO] [stdout]    6:     0x5c2311e0a5d2 - std[617be2ca0a6fd877]::panicking::panic_with_hook
[INFO] [stdout]    7:     0x5c2311dee2c4 - std[617be2ca0a6fd877]::panicking::panic_handler::{closure#0}
[INFO] [stdout]    8:     0x5c2311de6fa9 - std[617be2ca0a6fd877]::sys::backtrace::__rust_end_short_backtrace::<std[617be2ca0a6fd877]::panicking::panic_handler::{closure#0}, !>
[INFO] [stdout]    9:     0x5c2311deee9d - __rustc[ea4f61d10b84890b]::rust_begin_unwind
[INFO] [stdout]   10:     0x5c2311e282bc - core[a373ad73a504971]::panicking::panic_fmt
[INFO] [stdout]   11:     0x5c2311e28282 - core[a373ad73a504971]::panicking::panic
[INFO] [stdout]   12:     0x5c2311cf94e2 - <mod[8c2d785f7de8faa1]::types::collective_type_test::collective_tests::collective_with_no_error::{closure#0} as core[a373ad73a504971]::ops::function::FnOnce<()>>::call_once
[INFO] [stdout]   13:     0x5c2311d279eb - test[aada8e7e76ba119b]::__rust_begin_short_backtrace::<core[a373ad73a504971]::result::Result<(), alloc[2e1b2a31b91974c5]::string::String>, fn() -> core[a373ad73a504971]::result::Result<(), alloc[2e1b2a31b91974c5]::string::String>>
[INFO] [stdout]   14:     0x5c2311d34bc5 - test[aada8e7e76ba119b]::run_test::{closure#0}
[INFO] [stdout]   15:     0x5c2311d2e4b4 - std[617be2ca0a6fd877]::sys::backtrace::__rust_begin_short_backtrace::<test[aada8e7e76ba119b]::run_test::{closure#1}, ()>
[INFO] [stdout]   16:     0x5c2311d37c52 - <std[617be2ca0a6fd877]::thread::lifecycle::spawn_unchecked<test[aada8e7e76ba119b]::run_test::{closure#1}, ()>::{closure#1} as core[a373ad73a504971]::ops::function::FnOnce<()>>::call_once::{shim:vtable#0}
[INFO] [stdout]   17:     0x5c2311e115df - <std[617be2ca0a6fd877]::sys::thread::unix::Thread>::new::thread_start
[INFO] [stdout]   18:     0x7eb26f6d9dfa - <unknown>
[INFO] [stdout]   19:     0x7eb26f76d3d4 - clone
[INFO] [stdout]   20:                0x0 - <unknown>
[INFO] [stdout] 
[INFO] [stdout] ---- types::float_test::float_tests::float_with_no_error stdout ----
[INFO] [stdout] 
[INFO] [stdout] thread 'types::float_test::float_tests::float_with_no_error' (539) panicked at tests/types/float_test.rs:25:9:
[INFO] [stdout] assertion failed: errors.is_empty() && result_hash.finish() == 3996366367111077397
[INFO] [stdout] stack backtrace:
[INFO] [stdout]    0:     0x5c2311e11d81 - <<std[617be2ca0a6fd877]::sys::backtrace::BacktraceLock>::print::DisplayBacktrace as core[a373ad73a504971]::fmt::Display>::fmt
[INFO] [stdout]    1:     0x5c2311e27b8a - core[a373ad73a504971]::fmt::write
[INFO] [stdout]    2:     0x5c2311e15f9c - <alloc[2e1b2a31b91974c5]::vec::Vec<u8> as core[a373ad73a504971]::io::write::Write>::write_fmt
[INFO] [stdout]    3:     0x5c2311dee1e6 - std[617be2ca0a6fd877]::panicking::default_hook::{closure#0}
[INFO] [stdout]    4:     0x5c2311e0a419 - std[617be2ca0a6fd877]::panicking::default_hook
[INFO] [stdout]    5:     0x5c2311d345a0 - test[aada8e7e76ba119b]::test_main_inner::{closure#0}
[INFO] [stdout]    6:     0x5c2311e0a5d2 - std[617be2ca0a6fd877]::panicking::panic_with_hook
[INFO] [stdout]    7:     0x5c2311dee2c4 - std[617be2ca0a6fd877]::panicking::panic_handler::{closure#0}
[INFO] [stdout]    8:     0x5c2311de6fa9 - std[617be2ca0a6fd877]::sys::backtrace::__rust_end_short_backtrace::<std[617be2ca0a6fd877]::panicking::panic_handler::{closure#0}, !>
[INFO] [stdout]    9:     0x5c2311deee9d - __rustc[ea4f61d10b84890b]::rust_begin_unwind
[INFO] [stdout]   10:     0x5c2311e282bc - core[a373ad73a504971]::panicking::panic_fmt
[INFO] [stdout]   11:     0x5c2311e28282 - core[a373ad73a504971]::panicking::panic
[INFO] [stdout]   12:     0x5c2311d164cf - <mod[8c2d785f7de8faa1]::types::float_test::float_tests::float_with_no_error::{closure#0} as core[a373ad73a504971]::ops::function::FnOnce<()>>::call_once
[INFO] [stdout]   13:     0x5c2311d279eb - test[aada8e7e76ba119b]::__rust_begin_short_backtrace::<core[a373ad73a504971]::result::Result<(), alloc[2e1b2a31b91974c5]::string::String>, fn() -> core[a373ad73a504971]::result::Result<(), alloc[2e1b2a31b91974c5]::string::String>>
[INFO] [stdout]   14:     0x5c2311d34bc5 - test[aada8e7e76ba119b]::run_test::{closure#0}
[INFO] [stdout]   15:     0x5c2311d2e4b4 - std[617be2ca0a6fd877]::sys::backtrace::__rust_begin_short_backtrace::<test[aada8e7e76ba119b]::run_test::{closure#1}, ()>
[INFO] [stdout]   16:     0x5c2311d37c52 - <std[617be2ca0a6fd877]::thread::lifecycle::spawn_unchecked<test[aada8e7e76ba119b]::run_test::{closure#1}, ()>::{closure#1} as core[a373ad73a504971]::ops::function::FnOnce<()>>::call_once::{shim:vtable#0}
[INFO] [stdout]   17:     0x5c2311e115df - <std[617be2ca0a6fd877]::sys::thread::unix::Thread>::new::thread_start
[INFO] [stdout]   18:     0x7eb26f6d9dfa - <unknown>
[INFO] [stdout]   19:     0x7eb26f76d3d4 - clone
[INFO] [stdout]   20:                0x0 - <unknown>
[INFO] [stdout] 
[INFO] [stdout] ---- items::definer_test::definer_tests::nullable_function_collected_with_no_error stdout ----
[INFO] [stdout] 
[INFO] [stdout] thread 'items::definer_test::definer_tests::nullable_function_collected_with_no_error' (528) panicked at tests/items/definer_test.rs:237:9:
[INFO] [stdout] assertion failed: errors.is_empty() && result_hash.finish() == 4604979302673474658
[INFO] [stdout] stack backtrace:
[INFO] [stdout]    0:     0x5c2311e11d81 - <<std[617be2ca0a6fd877]::sys::backtrace::BacktraceLock>::print::DisplayBacktrace as core[a373ad73a504971]::fmt::Display>::fmt
[INFO] [stdout]    1:     0x5c2311e27b8a - core[a373ad73a504971]::fmt::write
[INFO] [stdout]    2:     0x5c2311e15f9c - <alloc[2e1b2a31b91974c5]::vec::Vec<u8> as core[a373ad73a504971]::io::write::Write>::write_fmt
[INFO] [stdout]    3:     0x5c2311dee1e6 - std[617be2ca0a6fd877]::panicking::default_hook::{closure#0}
[INFO] [stdout]    4:     0x5c2311e0a419 - std[617be2ca0a6fd877]::panicking::default_hook
[INFO] [stdout]    5:     0x5c2311d345a0 - test[aada8e7e76ba119b]::test_main_inner::{closure#0}
[INFO] [stdout]    6:     0x5c2311e0a5d2 - std[617be2ca0a6fd877]::panicking::panic_with_hook
[INFO] [stdout]    7:     0x5c2311dee2c4 - std[617be2ca0a6fd877]::panicking::panic_handler::{closure#0}
[INFO] [stdout]    8:     0x5c2311de6fa9 - std[617be2ca0a6fd877]::sys::backtrace::__rust_end_short_backtrace::<std[617be2ca0a6fd877]::panicking::panic_handler::{closure#0}, !>
[INFO] [stdout]    9:     0x5c2311deee9d - __rustc[ea4f61d10b84890b]::rust_begin_unwind
[INFO] [stdout]   10:     0x5c2311e282bc - core[a373ad73a504971]::panicking::panic_fmt
[INFO] [stdout]   11:     0x5c2311e28282 - core[a373ad73a504971]::panicking::panic
[INFO] [stdout]   12:     0x5c2311cf314f - <mod[8c2d785f7de8faa1]::items::definer_test::definer_tests::nullable_function_collected_with_no_error::{closure#0} as core[a373ad73a504971]::ops::function::FnOnce<()>>::call_once
[INFO] [stdout]   13:     0x5c2311d279eb - test[aada8e7e76ba119b]::__rust_begin_short_backtrace::<core[a373ad73a504971]::result::Result<(), alloc[2e1b2a31b91974c5]::string::String>, fn() -> core[a373ad73a504971]::result::Result<(), alloc[2e1b2a31b91974c5]::string::String>>
[INFO] [stdout]   14:     0x5c2311d34bc5 - test[aada8e7e76ba119b]::run_test::{closure#0}
[INFO] [stdout]   15:     0x5c2311d2e4b4 - std[617be2ca0a6fd877]::sys::backtrace::__rust_begin_short_backtrace::<test[aada8e7e76ba119b]::run_test::{closure#1}, ()>
[INFO] [stdout]   16:     0x5c2311d37c52 - <std[617be2ca0a6fd877]::thread::lifecycle::spawn_unchecked<test[aada8e7e76ba119b]::run_test::{closure#1}, ()>::{closure#1} as core[a373ad73a504971]::ops::function::FnOnce<()>>::call_once::{shim:vtable#0}
[INFO] [stdout]   17:     0x5c2311e115df - <std[617be2ca0a6fd877]::sys::thread::unix::Thread>::new::thread_start
[INFO] [stdout]   18:     0x7eb26f6d9dfa - <unknown>
[INFO] [stdout]   19:     0x7eb26f76d3d4 - clone
[INFO] [stdout]   20:                0x0 - <unknown>
[INFO] [stdout] 
[INFO] [stdout] ---- items::definer_test::definer_tests::nullable_generic_collected_with_no_error stdout ----
[INFO] [stdout] 
[INFO] [stdout] thread 'items::definer_test::definer_tests::nullable_generic_collected_with_no_error' (529) panicked at tests/items/definer_test.rs:152:9:
[INFO] [stdout] assertion failed: errors.is_empty() && result_hash.finish() == 17886873526644393922
[INFO] [stdout] stack backtrace:
[INFO] [stdout]    0:     0x5c2311e11d81 - <<std[617be2ca0a6fd877]::sys::backtrace::BacktraceLock>::print::DisplayBacktrace as core[a373ad73a504971]::fmt::Display>::fmt
[INFO] [stdout]    1:     0x5c2311e27b8a - core[a373ad73a504971]::fmt::write
[INFO] [stdout]    2:     0x5c2311e15f9c - <alloc[2e1b2a31b91974c5]::vec::Vec<u8> as core[a373ad73a504971]::io::write::Write>::write_fmt
[INFO] [stdout]    3:     0x5c2311dee1e6 - std[617be2ca0a6fd877]::panicking::default_hook::{closure#0}
[INFO] [stdout]    4:     0x5c2311e0a419 - std[617be2ca0a6fd877]::panicking::default_hook
[INFO] [stdout]    5:     0x5c2311d345a0 - test[aada8e7e76ba119b]::test_main_inner::{closure#0}
[INFO] [stdout]    6:     0x5c2311e0a5d2 - std[617be2ca0a6fd877]::panicking::panic_with_hook
[INFO] [stdout]    7:     0x5c2311dee2c4 - std[617be2ca0a6fd877]::panicking::panic_handler::{closure#0}
[INFO] [stdout]    8:     0x5c2311de6fa9 - std[617be2ca0a6fd877]::sys::backtrace::__rust_end_short_backtrace::<std[617be2ca0a6fd877]::panicking::panic_handler::{closure#0}, !>
[INFO] [stdout]    9:     0x5c2311deee9d - __rustc[ea4f61d10b84890b]::rust_begin_unwind
[INFO] [stdout]   10:     0x5c2311e282bc - core[a373ad73a504971]::panicking::panic_fmt
[INFO] [stdout]   11:     0x5c2311e28282 - core[a373ad73a504971]::panicking::panic
[INFO] [stdout]   12:     0x5c2311cf25ff - <mod[8c2d785f7de8faa1]::items::definer_test::definer_tests::nullable_generic_collected_with_no_error::{closure#0} as core[a373ad73a504971]::ops::function::FnOnce<()>>::call_once
[INFO] [stdout]   13:     0x5c2311d279eb - test[aada8e7e76ba119b]::__rust_begin_short_backtrace::<core[a373ad73a504971]::result::Result<(), alloc[2e1b2a31b91974c5]::string::String>, fn() -> core[a373ad73a504971]::result::Result<(), alloc[2e1b2a31b91974c5]::string::String>>
[INFO] [stdout]   14:     0x5c2311d34bc5 - test[aada8e7e76ba119b]::run_test::{closure#0}
[INFO] [stdout]   15:     0x5c2311d2e4b4 - std[617be2ca0a6fd877]::sys::backtrace::__rust_begin_short_backtrace::<test[aada8e7e76ba119b]::run_test::{closure#1}, ()>
[INFO] [stdout]   16:     0x5c2311d37c52 - <std[617be2ca0a6fd877]::thread::lifecycle::spawn_unchecked<test[aada8e7e76ba119b]::run_test::{closure#1}, ()>::{closure#1} as core[a373ad73a504971]::ops::function::FnOnce<()>>::call_once::{shim:vtable#0}
[INFO] [stdout]   17:     0x5c2311e115df - <std[617be2ca0a6fd877]::sys::thread::unix::Thread>::new::thread_start
[INFO] [stdout]   18:     0x7eb26f6d9dfa - <unknown>
[INFO] [stdout]   19:     0x7eb26f76d3d4 - clone
[INFO] [stdout]   20:                0x0 - <unknown>
[INFO] [stdout] 
[INFO] [stdout] ---- types::cloak_test::cloak_tests::cloak_with_no_error stdout ----
[INFO] [stdout] 
[INFO] [stdout] thread 'types::cloak_test::cloak_tests::cloak_with_no_error' (536) panicked at tests/types/cloak_test.rs:44:9:
[INFO] [stdout] assertion failed: !has_err
[INFO] [stdout] stack backtrace:
[INFO] [stdout]    0:     0x5c2311e11d81 - <<std[617be2ca0a6fd877]::sys::backtrace::BacktraceLock>::print::DisplayBacktrace as core[a373ad73a504971]::fmt::Display>::fmt
[INFO] [stdout]    1:     0x5c2311e27b8a - core[a373ad73a504971]::fmt::write
[INFO] [stdout]    2:     0x5c2311e15f9c - <alloc[2e1b2a31b91974c5]::vec::Vec<u8> as core[a373ad73a504971]::io::write::Write>::write_fmt
[INFO] [stdout]    3:     0x5c2311dee1e6 - std[617be2ca0a6fd877]::panicking::default_hook::{closure#0}
[INFO] [stdout]    4:     0x5c2311e0a419 - std[617be2ca0a6fd877]::panicking::default_hook
[INFO] [stdout]    5:     0x5c2311d345a0 - test[aada8e7e76ba119b]::test_main_inner::{closure#0}
[INFO] [stdout]    6:     0x5c2311e0a5d2 - std[617be2ca0a6fd877]::panicking::panic_with_hook
[INFO] [stdout]    7:     0x5c2311dee2c4 - std[617be2ca0a6fd877]::panicking::panic_handler::{closure#0}
[INFO] [stdout]    8:     0x5c2311de6fa9 - std[617be2ca0a6fd877]::sys::backtrace::__rust_end_short_backtrace::<std[617be2ca0a6fd877]::panicking::panic_handler::{closure#0}, !>
[INFO] [stdout]    9:     0x5c2311deee9d - __rustc[ea4f61d10b84890b]::rust_begin_unwind
[INFO] [stdout]   10:     0x5c2311e282bc - core[a373ad73a504971]::panicking::panic_fmt
[INFO] [stdout]   11:     0x5c2311e28282 - core[a373ad73a504971]::panicking::panic
[INFO] [stdout]   12:     0x5c2311d1a751 - <mod[8c2d785f7de8faa1]::types::cloak_test::cloak_tests::cloak_with_no_error::{closure#0} as core[a373ad73a504971]::ops::function::FnOnce<()>>::call_once
[INFO] [stdout]   13:     0x5c2311d279eb - test[aada8e7e76ba119b]::__rust_begin_short_backtrace::<core[a373ad73a504971]::result::Result<(), alloc[2e1b2a31b91974c5]::string::String>, fn() -> core[a373ad73a504971]::result::Result<(), alloc[2e1b2a31b91974c5]::string::String>>
[INFO] [stdout]   14:     0x5c2311d34bc5 - test[aada8e7e76ba119b]::run_test::{closure#0}
[INFO] [stdout]   15:     0x5c2311d2e4b4 - std[617be2ca0a6fd877]::sys::backtrace::__rust_begin_short_backtrace::<test[aada8e7e76ba119b]::run_test::{closure#1}, ()>
[INFO] [stdout]   16:     0x5c2311d37c52 - <std[617be2ca0a6fd877]::thread::lifecycle::spawn_unchecked<test[aada8e7e76ba119b]::run_test::{closure#1}, ()>::{closure#1} as core[a373ad73a504971]::ops::function::FnOnce<()>>::call_once::{shim:vtable#0}
[INFO] [stdout]   17:     0x5c2311e115df - <std[617be2ca0a6fd877]::sys::thread::unix::Thread>::new::thread_start
[INFO] [stdout]   18:     0x7eb26f6d9dfa - <unknown>
[INFO] [stdout]   19:     0x7eb26f76d3d4 - clone
[INFO] [stdout]   20:                0x0 - <unknown>
[INFO] [stdout] 
[INFO] [stdout] ---- types::char_test::char_tests::char_with_no_error stdout ----
[INFO] [stdout] 
[INFO] [stdout] thread 'types::char_test::char_tests::char_with_no_error' (533) panicked at tests/types/char_test.rs:42:9:
[INFO] [stdout] assertion failed: errors.is_empty() && result_hash.finish() == 1701879649747228875
[INFO] [stdout] stack backtrace:
[INFO] [stdout]    0:     0x5c2311e11d81 - <<std[617be2ca0a6fd877]::sys::backtrace::BacktraceLock>::print::DisplayBacktrace as core[a373ad73a504971]::fmt::Display>::fmt
[INFO] [stdout]    1:     0x5c2311e27b8a - core[a373ad73a504971]::fmt::write
[INFO] [stdout]    2:     0x5c2311e15f9c - <alloc[2e1b2a31b91974c5]::vec::Vec<u8> as core[a373ad73a504971]::io::write::Write>::write_fmt
[INFO] [stdout]    3:     0x5c2311dee1e6 - std[617be2ca0a6fd877]::panicking::default_hook::{closure#0}
[INFO] [stdout]    4:     0x5c2311e0a419 - std[617be2ca0a6fd877]::panicking::default_hook
[INFO] [stdout]    5:     0x5c2311d345a0 - test[aada8e7e76ba119b]::test_main_inner::{closure#0}
[INFO] [stdout]    6:     0x5c2311e0a5d2 - std[617be2ca0a6fd877]::panicking::panic_with_hook
[INFO] [stdout]    7:     0x5c2311dee2c4 - std[617be2ca0a6fd877]::panicking::panic_handler::{closure#0}
[INFO] [stdout]    8:     0x5c2311de6fa9 - std[617be2ca0a6fd877]::sys::backtrace::__rust_end_short_backtrace::<std[617be2ca0a6fd877]::panicking::panic_handler::{closure#0}, !>
[INFO] [stdout]    9:     0x5c2311deee9d - __rustc[ea4f61d10b84890b]::rust_begin_unwind
[INFO] [stdout]   10:     0x5c2311e282bc - core[a373ad73a504971]::panicking::panic_fmt
[INFO] [stdout]   11:     0x5c2311e28282 - core[a373ad73a504971]::panicking::panic
[INFO] [stdout]   12:     0x5c2311d0ea89 - <mod[8c2d785f7de8faa1]::types::char_test::char_tests::char_with_no_error::{closure#0} as core[a373ad73a504971]::ops::function::FnOnce<()>>::call_once
[INFO] [stdout]   13:     0x5c2311d279eb - test[aada8e7e76ba119b]::__rust_begin_short_backtrace::<core[a373ad73a504971]::result::Result<(), alloc[2e1b2a31b91974c5]::string::String>, fn() -> core[a373ad73a504971]::result::Result<(), alloc[2e1b2a31b91974c5]::string::String>>
[INFO] [stdout]   14:     0x5c2311d34bc5 - test[aada8e7e76ba119b]::run_test::{closure#0}
[INFO] [stdout]   15:     0x5c2311d2e4b4 - std[617be2ca0a6fd877]::sys::backtrace::__rust_begin_short_backtrace::<test[aada8e7e76ba119b]::run_test::{closure#1}, ()>
[INFO] [stdout]   16:     0x5c2311d37c52 - <std[617be2ca0a6fd877]::thread::lifecycle::spawn_unchecked<test[aada8e7e76ba119b]::run_test::{closure#1}, ()>::{closure#1} as core[a373ad73a504971]::ops::function::FnOnce<()>>::call_once::{shim:vtable#0}
[INFO] [stdout]   17:     0x5c2311e115df - <std[617be2ca0a6fd877]::sys::thread::unix::Thread>::new::thread_start
[INFO] [stdout]   18:     0x7eb26f6d9dfa - <unknown>
[INFO] [stdout]   19:     0x7eb26f76d3d4 - clone
[INFO] [stdout]   20:                0x0 - <unknown>
[INFO] [stdout] 
[INFO] [stdout] ---- types::float_test::float_tests::dot_start_float_with_no_error stdout ----
[INFO] [stdout] 
[INFO] [stdout] thread 'types::float_test::float_tests::dot_start_float_with_no_error' (538) panicked at tests/types/float_test.rs:42:9:
[INFO] [stdout] assertion failed: errors.is_empty() && result_hash.finish() == 9786095407636100917
[INFO] [stdout] stack backtrace:
[INFO] [stdout]    0:     0x5c2311e11d81 - <<std[617be2ca0a6fd877]::sys::backtrace::BacktraceLock>::print::DisplayBacktrace as core[a373ad73a504971]::fmt::Display>::fmt
[INFO] [stdout]    1:     0x5c2311e27b8a - core[a373ad73a504971]::fmt::write
[INFO] [stdout]    2:     0x5c2311e15f9c - <alloc[2e1b2a31b91974c5]::vec::Vec<u8> as core[a373ad73a504971]::io::write::Write>::write_fmt
[INFO] [stdout]    3:     0x5c2311dee1e6 - std[617be2ca0a6fd877]::panicking::default_hook::{closure#0}
[INFO] [stdout]    4:     0x5c2311e0a419 - std[617be2ca0a6fd877]::panicking::default_hook
[INFO] [stdout]    5:     0x5c2311d345a0 - test[aada8e7e76ba119b]::test_main_inner::{closure#0}
[INFO] [stdout]    6:     0x5c2311e0a5d2 - std[617be2ca0a6fd877]::panicking::panic_with_hook
[INFO] [stdout]    7:     0x5c2311dee2c4 - std[617be2ca0a6fd877]::panicking::panic_handler::{closure#0}
[INFO] [stdout]    8:     0x5c2311de6fa9 - std[617be2ca0a6fd877]::sys::backtrace::__rust_end_short_backtrace::<std[617be2ca0a6fd877]::panicking::panic_handler::{closure#0}, !>
[INFO] [stdout]    9:     0x5c2311deee9d - __rustc[ea4f61d10b84890b]::rust_begin_unwind
[INFO] [stdout]   10:     0x5c2311e282bc - core[a373ad73a504971]::panicking::panic_fmt
[INFO] [stdout]   11:     0x5c2311e28282 - core[a373ad73a504971]::panicking::panic
[INFO] [stdout]   12:     0x5c2311d1689f - <mod[8c2d785f7de8faa1]::types::float_test::float_tests::dot_start_float_with_no_error::{closure#0} as core[a373ad73a504971]::ops::function::FnOnce<()>>::call_once
[INFO] [stdout]   13:     0x5c2311d279eb - test[aada8e7e76ba119b]::__rust_begin_short_backtrace::<core[a373ad73a504971]::result::Result<(), alloc[2e1b2a31b91974c5]::string::String>, fn() -> core[a373ad73a504971]::result::Result<(), alloc[2e1b2a31b91974c5]::string::String>>
[INFO] [stdout]   14:     0x5c2311d34bc5 - test[aada8e7e76ba119b]::run_test::{closure#0}
[INFO] [stdout]   15:     0x5c2311d2e4b4 - std[617be2ca0a6fd877]::sys::backtrace::__rust_begin_short_backtrace::<test[aada8e7e76ba119b]::run_test::{closure#1}, ()>
[INFO] [stdout]   16:     0x5c2311d37c52 - <std[617be2ca0a6fd877]::thread::lifecycle::spawn_unchecked<test[aada8e7e76ba119b]::run_test::{closure#1}, ()>::{closure#1} as core[a373ad73a504971]::ops::function::FnOnce<()>>::call_once::{shim:vtable#0}
[INFO] [stdout]   17:     0x5c2311e115df - <std[617be2ca0a6fd877]::sys::thread::unix::Thread>::new::thread_start
[INFO] [stdout]   18:     0x7eb26f6d9dfa - <unknown>
[INFO] [stdout]   19:     0x7eb26f76d3d4 - clone
[INFO] [stdout]   20:                0x0 - <unknown>
[INFO] [stdout] 
[INFO] [stdout] ---- types::function_call_test::function_call_tests::function_call_with_no_error stdout ----
[INFO] [stdout] 
[INFO] [stdout] thread 'types::function_call_test::function_call_tests::function_call_with_no_error' (540) panicked at src/processors/types/function_call_processor.rs:71:41:
[INFO] [stdout] index out of bounds: the len is 1 but the index is 18446744073709551615
[INFO] [stdout] stack backtrace:
[INFO] [stdout]    0:     0x5c2311e11d81 - <<std[617be2ca0a6fd877]::sys::backtrace::BacktraceLock>::print::DisplayBacktrace as core[a373ad73a504971]::fmt::Display>::fmt
[INFO] [stdout]    1:     0x5c2311e27b8a - core[a373ad73a504971]::fmt::write
[INFO] [stdout]    2:     0x5c2311e15f9c - <alloc[2e1b2a31b91974c5]::vec::Vec<u8> as core[a373ad73a504971]::io::write::Write>::write_fmt
[INFO] [stdout]    3:     0x5c2311dee1e6 - std[617be2ca0a6fd877]::panicking::default_hook::{closure#0}
[INFO] [stdout]    4:     0x5c2311e0a419 - std[617be2ca0a6fd877]::panicking::default_hook
[INFO] [stdout]    5:     0x5c2311d345a0 - test[aada8e7e76ba119b]::test_main_inner::{closure#0}
[INFO] [stdout]    6:     0x5c2311e0a5d2 - std[617be2ca0a6fd877]::panicking::panic_with_hook
[INFO] [stdout]    7:     0x5c2311dee292 - std[617be2ca0a6fd877]::panicking::panic_handler::{closure#0}
[INFO] [stdout]    8:     0x5c2311de6fa9 - std[617be2ca0a6fd877]::sys::backtrace::__rust_end_short_backtrace::<std[617be2ca0a6fd877]::panicking::panic_handler::{closure#0}, !>
[INFO] [stdout]    9:     0x5c2311deee9d - __rustc[ea4f61d10b84890b]::rust_begin_unwind
[INFO] [stdout]   10:     0x5c2311e282bc - core[a373ad73a504971]::panicking::panic_fmt
[INFO] [stdout]   11:     0x5c2311e2810c - core[a373ad73a504971]::panicking::panic_bounds_check
[INFO] [stdout]   12:     0x5c2311da340a - <ellie_tokenizer[e75cab98868e769f]::syntax::types::function_call_type::FunctionCallCollector as ellie_tokenizer[e75cab98868e769f]::processors::Processor>::iterate
[INFO] [stdout]   13:     0x5c2311d12892 - <mod[8c2d785f7de8faa1]::types::function_call_test::function_call_tests::function_call_with_no_error::{closure#0} as core[a373ad73a504971]::ops::function::FnOnce<()>>::call_once
[INFO] [stdout]   14:     0x5c2311d279eb - test[aada8e7e76ba119b]::__rust_begin_short_backtrace::<core[a373ad73a504971]::result::Result<(), alloc[2e1b2a31b91974c5]::string::String>, fn() -> core[a373ad73a504971]::result::Result<(), alloc[2e1b2a31b91974c5]::string::String>>
[INFO] [stdout]   15:     0x5c2311d34bc5 - test[aada8e7e76ba119b]::run_test::{closure#0}
[INFO] [stdout]   16:     0x5c2311d2e4b4 - std[617be2ca0a6fd877]::sys::backtrace::__rust_begin_short_backtrace::<test[aada8e7e76ba119b]::run_test::{closure#1}, ()>
[INFO] [stdout]   17:     0x5c2311d37c52 - <std[617be2ca0a6fd877]::thread::lifecycle::spawn_unchecked<test[aada8e7e76ba119b]::run_test::{closure#1}, ()>::{closure#1} as core[a373ad73a504971]::ops::function::FnOnce<()>>::call_once::{shim:vtable#0}
[INFO] [stdout]   18:     0x5c2311e115df - <std[617be2ca0a6fd877]::sys::thread::unix::Thread>::new::thread_start
[INFO] [stdout]   19:     0x7eb26f6d9dfa - <unknown>
[INFO] [stdout]   20:     0x7eb26f76d3d4 - clone
[INFO] [stdout]   21:                0x0 - <unknown>
[INFO] [stdout] 
[INFO] [stdout] ---- types::integer_test::integer_tests::integer_with_no_error stdout ----
[INFO] [stdout] 
[INFO] [stdout] thread 'types::integer_test::integer_tests::integer_with_no_error' (541) panicked at tests/types/integer_test.rs:26:9:
[INFO] [stdout] assertion failed: errors.is_empty() && result_hash.finish() == 12111085105946201499
[INFO] [stdout] stack backtrace:
[INFO] [stdout]    0:     0x5c2311e11d81 - <<std[617be2ca0a6fd877]::sys::backtrace::BacktraceLock>::print::DisplayBacktrace as core[a373ad73a504971]::fmt::Display>::fmt
[INFO] [stdout]    1:     0x5c2311e27b8a - core[a373ad73a504971]::fmt::write
[INFO] [stdout]    2:     0x5c2311e15f9c - <alloc[2e1b2a31b91974c5]::vec::Vec<u8> as core[a373ad73a504971]::io::write::Write>::write_fmt
[INFO] [stdout]    3:     0x5c2311dee1e6 - std[617be2ca0a6fd877]::panicking::default_hook::{closure#0}
[INFO] [stdout]    4:     0x5c2311e0a419 - std[617be2ca0a6fd877]::panicking::default_hook
[INFO] [stdout]    5:     0x5c2311d345a0 - test[aada8e7e76ba119b]::test_main_inner::{closure#0}
[INFO] [stdout]    6:     0x5c2311e0a5d2 - std[617be2ca0a6fd877]::panicking::panic_with_hook
[INFO] [stdout]    7:     0x5c2311dee2c4 - std[617be2ca0a6fd877]::panicking::panic_handler::{closure#0}
[INFO] [stdout]    8:     0x5c2311de6fa9 - std[617be2ca0a6fd877]::sys::backtrace::__rust_end_short_backtrace::<std[617be2ca0a6fd877]::panicking::panic_handler::{closure#0}, !>
[INFO] [stdout]    9:     0x5c2311deee9d - __rustc[ea4f61d10b84890b]::rust_begin_unwind
[INFO] [stdout]   10:     0x5c2311e282bc - core[a373ad73a504971]::panicking::panic_fmt
[INFO] [stdout]   11:     0x5c2311e28282 - core[a373ad73a504971]::panicking::panic
[INFO] [stdout]   12:     0x5c2311d2327f - <mod[8c2d785f7de8faa1]::types::integer_test::integer_tests::integer_with_no_error::{closure#0} as core[a373ad73a504971]::ops::function::FnOnce<()>>::call_once
[INFO] [stdout]   13:     0x5c2311d279eb - test[aada8e7e76ba119b]::__rust_begin_short_backtrace::<core[a373ad73a504971]::result::Result<(), alloc[2e1b2a31b91974c5]::string::String>, fn() -> core[a373ad73a504971]::result::Result<(), alloc[2e1b2a31b91974c5]::string::String>>
[INFO] [stdout]   14:     0x5c2311d34bc5 - test[aada8e7e76ba119b]::run_test::{closure#0}
[INFO] [stdout]   15:     0x5c2311d2e4b4 - std[617be2ca0a6fd877]::sys::backtrace::__rust_begin_short_backtrace::<test[aada8e7e76ba119b]::run_test::{closure#1}, ()>
[INFO] [stdout]   16:     0x5c2311d37c52 - <std[617be2ca0a6fd877]::thread::lifecycle::spawn_unchecked<test[aada8e7e76ba119b]::run_test::{closure#1}, ()>::{closure#1} as core[a373ad73a504971]::ops::function::FnOnce<()>>::call_once::{shim:vtable#0}
[INFO] [stdout]   17:     0x5c2311e115df - <std[617be2ca0a6fd877]::sys::thread::unix::Thread>::new::thread_start
[INFO] [stdout]   18:     0x7eb26f6d9dfa - <unknown>
[INFO] [stdout]   19:     0x7eb26f76d3d4 - clone
[INFO] [stdout]   20:                0x0 - <unknown>
[INFO] [stdout] 
[INFO] [stdout] ---- types::array_test::array_tests::array_with_no_error stdout ----
[INFO] [stdout] 
[INFO] [stdout] thread 'types::array_test::array_tests::array_with_no_error' (531) panicked at tests/types/array_test.rs:47:9:
[INFO] [stdout] assertion failed: !has_err
[INFO] [stdout] stack backtrace:
[INFO] [stdout]    0:     0x5c2311e11d81 - <<std[617be2ca0a6fd877]::sys::backtrace::BacktraceLock>::print::DisplayBacktrace as core[a373ad73a504971]::fmt::Display>::fmt
[INFO] [stdout]    1:     0x5c2311e27b8a - core[a373ad73a504971]::fmt::write
[INFO] [stdout]    2:     0x5c2311e15f9c - <alloc[2e1b2a31b91974c5]::vec::Vec<u8> as core[a373ad73a504971]::io::write::Write>::write_fmt
[INFO] [stdout]    3:     0x5c2311dee1e6 - std[617be2ca0a6fd877]::panicking::default_hook::{closure#0}
[INFO] [stdout]    4:     0x5c2311e0a419 - std[617be2ca0a6fd877]::panicking::default_hook
[INFO] [stdout]    5:     0x5c2311d345a0 - test[aada8e7e76ba119b]::test_main_inner::{closure#0}
[INFO] [stdout]    6:     0x5c2311e0a5d2 - std[617be2ca0a6fd877]::panicking::panic_with_hook
[INFO] [stdout]    7:     0x5c2311dee2c4 - std[617be2ca0a6fd877]::panicking::panic_handler::{closure#0}
[INFO] [stdout]    8:     0x5c2311de6fa9 - std[617be2ca0a6fd877]::sys::backtrace::__rust_end_short_backtrace::<std[617be2ca0a6fd877]::panicking::panic_handler::{closure#0}, !>
[INFO] [stdout]    9:     0x5c2311deee9d - __rustc[ea4f61d10b84890b]::rust_begin_unwind
[INFO] [stdout]   10:     0x5c2311e282bc - core[a373ad73a504971]::panicking::panic_fmt
[INFO] [stdout]   11:     0x5c2311e28282 - core[a373ad73a504971]::panicking::panic
[INFO] [stdout]   12:     0x5c2311d0aff1 - <mod[8c2d785f7de8faa1]::types::array_test::array_tests::array_with_no_error::{closure#0} as core[a373ad73a504971]::ops::function::FnOnce<()>>::call_once
[INFO] [stdout]   13:     0x5c2311d279eb - test[aada8e7e76ba119b]::__rust_begin_short_backtrace::<core[a373ad73a504971]::result::Result<(), alloc[2e1b2a31b91974c5]::string::String>, fn() -> core[a373ad73a504971]::result::Result<(), alloc[2e1b2a31b91974c5]::string::String>>
[INFO] [stdout]   14:     0x5c2311d34bc5 - test[aada8e7e76ba119b]::run_test::{closure#0}
[INFO] [stdout]   15:     0x5c2311d2e4b4 - std[617be2ca0a6fd877]::sys::backtrace::__rust_begin_short_backtrace::<test[aada8e7e76ba119b]::run_test::{closure#1}, ()>
[INFO] [stdout]   16:     0x5c2311d37c52 - <std[617be2ca0a6fd877]::thread::lifecycle::spawn_unchecked<test[aada8e7e76ba119b]::run_test::{closure#1}, ()>::{closure#1} as core[a373ad73a504971]::ops::function::FnOnce<()>>::call_once::{shim:vtable#0}
[INFO] [stdout]   17:     0x5c2311e115df - <std[617be2ca0a6fd877]::sys::thread::unix::Thread>::new::thread_start
[INFO] [stdout]   18:     0x7eb26f6d9dfa - <unknown>
[INFO] [stdout]   19:     0x7eb26f76d3d4 - clone
[INFO] [stdout]   20:                0x0 - <unknown>
[INFO] [stdout] 
[INFO] [stdout] ---- types::class_call_test::class_call_tests::class_calls_with_no_error stdout ----
[INFO] [stdout] 
[INFO] [stdout] thread 'types::class_call_test::class_call_tests::class_calls_with_no_error' (535) panicked at tests/types/class_call_test.rs:50:9:
[INFO] [stdout] assertion failed: !has_err
[INFO] [stdout] stack backtrace:
[INFO] [stdout]    0:     0x5c2311e11d81 - <<std[617be2ca0a6fd877]::sys::backtrace::BacktraceLock>::print::DisplayBacktrace as core[a373ad73a504971]::fmt::Display>::fmt
[INFO] [stdout]    1:     0x5c2311e27b8a - core[a373ad73a504971]::fmt::write
[INFO] [stdout]    2:     0x5c2311e15f9c - <alloc[2e1b2a31b91974c5]::vec::Vec<u8> as core[a373ad73a504971]::io::write::Write>::write_fmt
[INFO] [stdout]    3:     0x5c2311dee1e6 - std[617be2ca0a6fd877]::panicking::default_hook::{closure#0}
[INFO] [stdout]    4:     0x5c2311e0a419 - std[617be2ca0a6fd877]::panicking::default_hook
[INFO] [stdout]    5:     0x5c2311d345a0 - test[aada8e7e76ba119b]::test_main_inner::{closure#0}
[INFO] [stdout]    6:     0x5c2311e0a5d2 - std[617be2ca0a6fd877]::panicking::panic_with_hook
[INFO] [stdout]    7:     0x5c2311dee2c4 - std[617be2ca0a6fd877]::panicking::panic_handler::{closure#0}
[INFO] [stdout]    8:     0x5c2311de6fa9 - std[617be2ca0a6fd877]::sys::backtrace::__rust_end_short_backtrace::<std[617be2ca0a6fd877]::panicking::panic_handler::{closure#0}, !>
[INFO] [stdout]    9:     0x5c2311deee9d - __rustc[ea4f61d10b84890b]::rust_begin_unwind
[INFO] [stdout]   10:     0x5c2311e282bc - core[a373ad73a504971]::panicking::panic_fmt
[INFO] [stdout]   11:     0x5c2311e28282 - core[a373ad73a504971]::panicking::panic
[INFO] [stdout]   12:     0x5c2311d01812 - <mod[8c2d785f7de8faa1]::types::class_call_test::class_call_tests::class_calls_with_no_error::{closure#0} as core[a373ad73a504971]::ops::function::FnOnce<()>>::call_once
[INFO] [stdout]   13:     0x5c2311d279eb - test[aada8e7e76ba119b]::__rust_begin_short_backtrace::<core[a373ad73a504971]::result::Result<(), alloc[2e1b2a31b91974c5]::string::String>, fn() -> core[a373ad73a504971]::result::Result<(), alloc[2e1b2a31b91974c5]::string::String>>
[INFO] [stdout]   14:     0x5c2311d34bc5 - test[aada8e7e76ba119b]::run_test::{closure#0}
[INFO] [stdout]   15:     0x5c2311d2e4b4 - std[617be2ca0a6fd877]::sys::backtrace::__rust_begin_short_backtrace::<test[aada8e7e76ba119b]::run_test::{closure#1}, ()>
[INFO] [stdout]   16:     0x5c2311d37c52 - <std[617be2ca0a6fd877]::thread::lifecycle::spawn_unchecked<test[aada8e7e76ba119b]::run_test::{closure#1}, ()>::{closure#1} as core[a373ad73a504971]::ops::function::FnOnce<()>>::call_once::{shim:vtable#0}
[INFO] [stdout]   17:     0x5c2311e115df - <std[617be2ca0a6fd877]::sys::thread::unix::Thread>::new::thread_start
[INFO] [stdout]   18:     0x7eb26f6d9dfa - <unknown>
[INFO] [stdout]   19:     0x7eb26f76d3d4 - clone
[INFO] [stdout]   20:                0x0 - <unknown>
[INFO] [stdout] 
[INFO] [stdout] ---- types::negative_test::negative_tests::negative_with_no_error stdout ----
[INFO] [stdout] 
[INFO] [stdout] thread 'types::negative_test::negative_tests::negative_with_no_error' (543) panicked at tests/types/negative_test.rs:25:9:
[INFO] [stdout] assertion failed: errors.is_empty() && result_hash.finish() == 9334117880766691674
[INFO] [stdout] stack backtrace:
[INFO] [stdout]    0:     0x5c2311e11d81 - <<std[617be2ca0a6fd877]::sys::backtrace::BacktraceLock>::print::DisplayBacktrace as core[a373ad73a504971]::fmt::Display>::fmt
[INFO] [stdout]    1:     0x5c2311e27b8a - core[a373ad73a504971]::fmt::write
[INFO] [stdout]    2:     0x5c2311e15f9c - <alloc[2e1b2a31b91974c5]::vec::Vec<u8> as core[a373ad73a504971]::io::write::Write>::write_fmt
[INFO] [stdout]    3:     0x5c2311dee1e6 - std[617be2ca0a6fd877]::panicking::default_hook::{closure#0}
[INFO] [stdout]    4:     0x5c2311e0a419 - std[617be2ca0a6fd877]::panicking::default_hook
[INFO] [stdout]    5:     0x5c2311d345a0 - test[aada8e7e76ba119b]::test_main_inner::{closure#0}
[INFO] [stdout]    6:     0x5c2311e0a5d2 - std[617be2ca0a6fd877]::panicking::panic_with_hook
[INFO] [stdout]    7:     0x5c2311dee2c4 - std[617be2ca0a6fd877]::panicking::panic_handler::{closure#0}
[INFO] [stdout]    8:     0x5c2311de6fa9 - std[617be2ca0a6fd877]::sys::backtrace::__rust_end_short_backtrace::<std[617be2ca0a6fd877]::panicking::panic_handler::{closure#0}, !>
[INFO] [stdout]    9:     0x5c2311deee9d - __rustc[ea4f61d10b84890b]::rust_begin_unwind
[INFO] [stdout]   10:     0x5c2311e282bc - core[a373ad73a504971]::panicking::panic_fmt
[INFO] [stdout]   11:     0x5c2311e28282 - core[a373ad73a504971]::panicking::panic
[INFO] [stdout]   12:     0x5c2311d23adf - <mod[8c2d785f7de8faa1]::types::negative_test::negative_tests::negative_with_no_error::{closure#0} as core[a373ad73a504971]::ops::function::FnOnce<()>>::call_once
[INFO] [stdout]   13:     0x5c2311d279eb - test[aada8e7e76ba119b]::__rust_begin_short_backtrace::<core[a373ad73a504971]::result::Result<(), alloc[2e1b2a31b91974c5]::string::String>, fn() -> core[a373ad73a504971]::result::Result<(), alloc[2e1b2a31b91974c5]::string::String>>
[INFO] [stdout]   14:     0x5c2311d34bc5 - test[aada8e7e76ba119b]::run_test::{closure#0}
[INFO] [stdout]   15:     0x5c2311d2e4b4 - std[617be2ca0a6fd877]::sys::backtrace::__rust_begin_short_backtrace::<test[aada8e7e76ba119b]::run_test::{closure#1}, ()>
[INFO] [stdout]   16:     0x5c2311d37c52 - <std[617be2ca0a6fd877]::thread::lifecycle::spawn_unchecked<test[aada8e7e76ba119b]::run_test::{closure#1}, ()>::{closure#1} as core[a373ad73a504971]::ops::function::FnOnce<()>>::call_once::{shim:vtable#0}
[INFO] [stdout]   17:     0x5c2311e115df - <std[617be2ca0a6fd877]::sys::thread::unix::Thread>::new::thread_start
[INFO] [stdout]   18:     0x7eb26f6d9dfa - <unknown>
[INFO] [stdout]   19:     0x7eb26f76d3d4 - clone
[INFO] [stdout]   20:                0x0 - <unknown>
[INFO] [stdout] 
[INFO] [stdout] ---- types::integer_test::integer_tests::negative_integer_with_no_error stdout ----
[INFO] [stdout] 
[INFO] [stdout] thread 'types::integer_test::integer_tests::negative_integer_with_no_error' (542) panicked at tests/types/integer_test.rs:45:9:
[INFO] [stdout] assertion failed: errors.is_empty() && result_hash.finish() == 7962439497365308812
[INFO] [stdout] stack backtrace:
[INFO] [stdout]    0:     0x5c2311e11d81 - <<std[617be2ca0a6fd877]::sys::backtrace::BacktraceLock>::print::DisplayBacktrace as core[a373ad73a504971]::fmt::Display>::fmt
[INFO] [stdout]    1:     0x5c2311e27b8a - core[a373ad73a504971]::fmt::write
[INFO] [stdout]    2:     0x5c2311e15f9c - <alloc[2e1b2a31b91974c5]::vec::Vec<u8> as core[a373ad73a504971]::io::write::Write>::write_fmt
[INFO] [stdout]    3:     0x5c2311dee1e6 - std[617be2ca0a6fd877]::panicking::default_hook::{closure#0}
[INFO] [stdout]    4:     0x5c2311e0a419 - std[617be2ca0a6fd877]::panicking::default_hook
[INFO] [stdout]    5:     0x5c2311d345a0 - test[aada8e7e76ba119b]::test_main_inner::{closure#0}
[INFO] [stdout]    6:     0x5c2311e0a5d2 - std[617be2ca0a6fd877]::panicking::panic_with_hook
[INFO] [stderr] error: test failed, to rerun pass `--test mod`
[INFO] [stdout]    7:     0x5c2311dee2c4 - std[617be2ca0a6fd877]::panicking::panic_handler::{closure#0}
[INFO] [stdout]    8:     0x5c2311de6fa9 - std[617be2ca0a6fd877]::sys::backtrace::__rust_end_short_backtrace::<std[617be2ca0a6fd877]::panicking::panic_handler::{closure#0}, !>
[INFO] [stdout]    9:     0x5c2311deee9d - __rustc[ea4f61d10b84890b]::rust_begin_unwind
[INFO] [stdout]   10:     0x5c2311e282bc - core[a373ad73a504971]::panicking::panic_fmt
[INFO] [stdout]   11:     0x5c2311e28282 - core[a373ad73a504971]::panicking::panic
[INFO] [stdout]   12:     0x5c2311d236bf - <mod[8c2d785f7de8faa1]::types::integer_test::integer_tests::negative_integer_with_no_error::{closure#0} as core[a373ad73a504971]::ops::function::FnOnce<()>>::call_once
[INFO] [stdout]   13:     0x5c2311d279eb - test[aada8e7e76ba119b]::__rust_begin_short_backtrace::<core[a373ad73a504971]::result::Result<(), alloc[2e1b2a31b91974c5]::string::String>, fn() -> core[a373ad73a504971]::result::Result<(), alloc[2e1b2a31b91974c5]::string::String>>
[INFO] [stdout]   14:     0x5c2311d34bc5 - test[aada8e7e76ba119b]::run_test::{closure#0}
[INFO] [stdout]   15:     0x5c2311d2e4b4 - std[617be2ca0a6fd877]::sys::backtrace::__rust_begin_short_backtrace::<test[aada8e7e76ba119b]::run_test::{closure#1}, ()>
[INFO] [stdout]   16:     0x5c2311d37c52 - <std[617be2ca0a6fd877]::thread::lifecycle::spawn_unchecked<test[aada8e7e76ba119b]::run_test::{closure#1}, ()>::{closure#1} as core[a373ad73a504971]::ops::function::FnOnce<()>>::call_once::{shim:vtable#0}
[INFO] [stdout]   17:     0x5c2311e115df - <std[617be2ca0a6fd877]::sys::thread::unix::Thread>::new::thread_start
[INFO] [stdout]   18:     0x7eb26f6d9dfa - <unknown>
[INFO] [stdout]   19:     0x7eb26f76d3d4 - clone
[INFO] [stdout]   20:                0x0 - <unknown>
[INFO] [stdout] 
[INFO] [stdout] ---- types::reference_test::reference_tests::reference_with_no_error stdout ----
[INFO] [stdout] 
[INFO] [stdout] thread 'types::reference_test::reference_tests::reference_with_no_error' (545) panicked at tests/types/reference_test.rs:50:9:
[INFO] [stdout] assertion failed: !has_err
[INFO] [stdout] stack backtrace:
[INFO] [stdout]    0:     0x5c2311e11d81 - <<std[617be2ca0a6fd877]::sys::backtrace::BacktraceLock>::print::DisplayBacktrace as core[a373ad73a504971]::fmt::Display>::fmt
[INFO] [stdout]    1:     0x5c2311e27b8a - core[a373ad73a504971]::fmt::write
[INFO] [stdout]    2:     0x5c2311e15f9c - <alloc[2e1b2a31b91974c5]::vec::Vec<u8> as core[a373ad73a504971]::io::write::Write>::write_fmt
[INFO] [stdout]    3:     0x5c2311dee1e6 - std[617be2ca0a6fd877]::panicking::default_hook::{closure#0}
[INFO] [stdout]    4:     0x5c2311e0a419 - std[617be2ca0a6fd877]::panicking::default_hook
[INFO] [stdout]    5:     0x5c2311d345a0 - test[aada8e7e76ba119b]::test_main_inner::{closure#0}
[INFO] [stdout]    6:     0x5c2311e0a5d2 - std[617be2ca0a6fd877]::panicking::panic_with_hook
[INFO] [stdout]    7:     0x5c2311dee2c4 - std[617be2ca0a6fd877]::panicking::panic_handler::{closure#0}
[INFO] [stdout]    8:     0x5c2311de6fa9 - std[617be2ca0a6fd877]::sys::backtrace::__rust_end_short_backtrace::<std[617be2ca0a6fd877]::panicking::panic_handler::{closure#0}, !>
[INFO] [stdout]    9:     0x5c2311deee9d - __rustc[ea4f61d10b84890b]::rust_begin_unwind
[INFO] [stdout]   10:     0x5c2311e282bc - core[a373ad73a504971]::panicking::panic_fmt
[INFO] [stdout]   11:     0x5c2311e28282 - core[a373ad73a504971]::panicking::panic
[INFO] [stdout]   12:     0x5c2311d0e711 - <mod[8c2d785f7de8faa1]::types::reference_test::reference_tests::reference_with_no_error::{closure#0} as core[a373ad73a504971]::ops::function::FnOnce<()>>::call_once
[INFO] [stdout]   13:     0x5c2311d279eb - test[aada8e7e76ba119b]::__rust_begin_short_backtrace::<core[a373ad73a504971]::result::Result<(), alloc[2e1b2a31b91974c5]::string::String>, fn() -> core[a373ad73a504971]::result::Result<(), alloc[2e1b2a31b91974c5]::string::String>>
[INFO] [stdout]   14:     0x5c2311d34bc5 - test[aada8e7e76ba119b]::run_test::{closure#0}
[INFO] [stdout]   15:     0x5c2311d2e4b4 - std[617be2ca0a6fd877]::sys::backtrace::__rust_begin_short_backtrace::<test[aada8e7e76ba119b]::run_test::{closure#1}, ()>
[INFO] [stdout]   16:     0x5c2311d37c52 - <std[617be2ca0a6fd877]::thread::lifecycle::spawn_unchecked<test[aada8e7e76ba119b]::run_test::{closure#1}, ()>::{closure#1} as core[a373ad73a504971]::ops::function::FnOnce<()>>::call_once::{shim:vtable#0}
[INFO] [stdout]   17:     0x5c2311e115df - <std[617be2ca0a6fd877]::sys::thread::unix::Thread>::new::thread_start
[INFO] [stdout]   18:     0x7eb26f6d9dfa - <unknown>
[INFO] [stdout]   19:     0x7eb26f76d3d4 - clone
[INFO] [stdout]   20:                0x0 - <unknown>
[INFO] [stdout] 
[INFO] [stdout] 
[INFO] [stdout] failures:
[INFO] [stdout]     items::definer_test::definer_tests::array_collected_with_no_error
[INFO] [stdout]     items::definer_test::definer_tests::cloak_collected_with_no_error
[INFO] [stdout]     items::definer_test::definer_tests::function_collected_with_no_error
[INFO] [stdout]     items::definer_test::definer_tests::generic_collected_with_no_error
[INFO] [stdout]     items::definer_test::definer_tests::no_param_function_collected_with_no_error
[INFO] [stdout]     items::definer_test::definer_tests::no_param_no_return_function_collected_with_no_error
[INFO] [stdout]     items::definer_test::definer_tests::no_return_function_collected_with_no_error
[INFO] [stdout]     items::definer_test::definer_tests::nullable_cloak_collected_with_no_error
[INFO] [stdout]     items::definer_test::definer_tests::nullable_collective_collected_with_no_error
[INFO] [stdout]     items::definer_test::definer_tests::nullable_function_collected_with_no_error
[INFO] [stdout]     items::definer_test::definer_tests::nullable_generic_collected_with_no_error
[INFO] [stdout]     items::definer_test::definer_tests::variable_array_collected_with_no_error
[INFO] [stdout]     types::array_test::array_tests::array_with_no_error
[INFO] [stdout]     types::brace_reference_test::brace_reference_tests::brace_with_no_error
[INFO] [stdout]     types::char_test::char_tests::char_with_no_error
[INFO] [stdout]     types::char_test::char_tests::escape_char_with_no_error
[INFO] [stdout]     types::class_call_test::class_call_tests::class_calls_with_no_error
[INFO] [stdout]     types::cloak_test::cloak_tests::cloak_with_no_error
[INFO] [stdout]     types::collective_type_test::collective_tests::collective_with_no_error
[INFO] [stdout]     types::float_test::float_tests::dot_start_float_with_no_error
[INFO] [stdout]     types::float_test::float_tests::float_with_no_error
[INFO] [stdout]     types::function_call_test::function_call_tests::function_call_with_no_error
[INFO] [stdout]     types::integer_test::integer_tests::integer_with_no_error
[INFO] [stdout]     types::integer_test::integer_tests::negative_integer_with_no_error
[INFO] [stdout]     types::negative_test::negative_tests::negative_with_no_error
[INFO] [stdout]     types::reference_test::reference_tests::reference_with_no_error
[INFO] [stdout] 
[INFO] [stdout] test result: FAILED. 4 passed; 26 failed; 0 ignored; 0 measured; 0 filtered out; finished in 0.02s
[INFO] [stdout] 
[INFO] running `Command { std: "docker" "inspect" "0116635318c76952cd68c7522f5e4d2cc51c43303861ebd00f936a85f7504f8c", kill_on_drop: false }`
[INFO] running `Command { std: "docker" "rm" "-f" "0116635318c76952cd68c7522f5e4d2cc51c43303861ebd00f936a85f7504f8c", kill_on_drop: false }`
[INFO] [stdout] 0116635318c76952cd68c7522f5e4d2cc51c43303861ebd00f936a85f7504f8c
