[INFO] fetching crate elk-mq 0.1.1...
[INFO] testing elk-mq-0.1.1 against 1.100.0-beta.1+cargoflags=--release for beta-release-1.100-2
[INFO] extracting crate elk-mq 0.1.1 into /workspace/builds/worker-0-tc2/source
[INFO] started tweaking crates.io crate elk-mq 0.1.1
[INFO] finished tweaking crates.io crate elk-mq 0.1.1
[INFO] tweaked toml for crates.io crate elk-mq 0.1.1 written to /workspace/builds/worker-0-tc2/source/Cargo.toml
[INFO] validating manifest of crates.io crate elk-mq 0.1.1 on toolchain 1.100.0-beta.1
[INFO] running `Command { std: CARGO_HOME="/workspace/cargo-home" RUSTUP_HOME="/workspace/rustup-home" "/workspace/cargo-home/bin/cargo" "+1.100.0-beta.1" "metadata" "--manifest-path" "Cargo.toml" "--no-deps", kill_on_drop: false }`
[INFO] running `Command { std: CARGO_HOME="/workspace/cargo-home" RUSTUP_HOME="/workspace/rustup-home" "/workspace/cargo-home/bin/cargo" "+1.100.0-beta.1" "generate-lockfile" "--manifest-path" "Cargo.toml", kill_on_drop: false }`
[INFO] [stderr]     Updating crates.io index
[INFO] [stderr]      Locking 72 packages to highest compatible versions
[INFO] [stderr]       Adding redis v0.22.4 (available: v1.7.1)
[INFO] running `Command { std: CARGO_HOME="/workspace/cargo-home" RUSTUP_HOME="/workspace/rustup-home" "/workspace/cargo-home/bin/cargo" "+1.100.0-beta.1" "fetch" "--manifest-path" "Cargo.toml", kill_on_drop: false }`
[INFO] running `Command { std: "docker" "create" "-v" "/var/lib/crater-agent-workspace/builds/worker-0-tc2/source:/opt/rustwide/workdir:ro,Z" "-v" "/var/lib/crater-agent-workspace/builds/worker-0-tc2/target:/opt/rustwide/target:rw,Z" "-v" "/var/lib/crater-agent-workspace/cargo-home:/opt/rustwide/cargo-home:ro,Z" "-v" "/var/lib/crater-agent-workspace/rustup-home:/opt/rustwide/rustup-home:ro,Z" "-m" "1610612736" "--network" "none" "ghcr.io/rust-lang/crates-build-env/linux@sha256:77db811e55d90add9212f6832c23229e3de5f1c1f9905e8cb07319ea15df73ac" "sleep" "infinity", kill_on_drop: false }`
[INFO] [stdout] 69c4a32957ba7bc7b383196c68d4c184783c1542a84516ddd9d9ef692a3c7d1f
[INFO] running `Command { std: "docker" "start" "69c4a32957ba7bc7b383196c68d4c184783c1542a84516ddd9d9ef692a3c7d1f", kill_on_drop: false }`
[INFO] running `Command { std: "docker" "inspect" "69c4a32957ba7bc7b383196c68d4c184783c1542a84516ddd9d9ef692a3c7d1f", kill_on_drop: false }`
[INFO] running `Command { std: "docker" "exec" "-e" "SOURCE_DIR=/opt/rustwide/workdir" "-e" "CARGO_HOME=/opt/rustwide/cargo-home" "-e" "RUSTUP_HOME=/opt/rustwide/rustup-home" "-e" "CARGO_TARGET_DIR=/opt/rustwide/target" "-w" "/opt/rustwide/workdir" "--user" "0:0" "69c4a32957ba7bc7b383196c68d4c184783c1542a84516ddd9d9ef692a3c7d1f" "/opt/rustwide/cargo-home/bin/cargo" "+1.100.0-beta.1" "metadata" "--no-deps" "--format-version=1", kill_on_drop: false }`
[INFO] running `Command { std: "docker" "inspect" "69c4a32957ba7bc7b383196c68d4c184783c1542a84516ddd9d9ef692a3c7d1f", kill_on_drop: false }`
[INFO] running `Command { std: "docker" "exec" "-e" "SOURCE_DIR=/opt/rustwide/workdir" "-e" "CARGO_HOME=/opt/rustwide/cargo-home" "-e" "RUSTUP_HOME=/opt/rustwide/rustup-home" "-e" "CARGO_TARGET_DIR=/opt/rustwide/target" "-e" "CARGO_INCREMENTAL=0" "-e" "RUST_BACKTRACE=full" "-e" "RUSTFLAGS=--cap-lints=warn" "-e" "RUSTDOCFLAGS=--cap-lints=warn" "-w" "/opt/rustwide/workdir" "--user" "0:0" "69c4a32957ba7bc7b383196c68d4c184783c1542a84516ddd9d9ef692a3c7d1f" "/opt/rustwide/cargo-home/bin/cargo" "+1.100.0-beta.1" "build" "--frozen" "--message-format=json" "--release", kill_on_drop: false }`
[INFO] [stderr]    Compiling form_urlencoded v1.2.2
[INFO] [stderr]    Compiling aho-corasick v1.1.5
[INFO] [stderr]    Compiling serde_json v1.0.154
[INFO] [stderr]    Compiling sha1_smol v1.0.1
[INFO] [stderr]    Compiling combine v4.6.9
[INFO] [stderr]    Compiling syn v3.0.9
[INFO] [stderr]    Compiling getrandom v0.4.3
[INFO] [stderr]    Compiling uuid v1.28.0
[INFO] [stderr]    Compiling regex-automata v0.4.18
[INFO] [stderr]    Compiling synstructure v0.14.0
[INFO] [stderr]    Compiling zerovec-derive v0.11.6
[INFO] [stderr]    Compiling displaydoc v0.2.7
[INFO] [stderr]    Compiling serde_derive v1.0.229
[INFO] [stderr]    Compiling zerofrom-derive v0.1.8
[INFO] [stderr]    Compiling yoke-derive v0.8.4
[INFO] [stderr]    Compiling zerofrom v0.1.8
[INFO] [stderr]    Compiling yoke v0.8.3
[INFO] [stderr]    Compiling zerotrie v0.2.5
[INFO] [stderr]    Compiling zerovec v0.11.8
[INFO] [stderr]    Compiling tinystr v0.8.4
[INFO] [stderr]    Compiling potential_utf v0.1.6
[INFO] [stderr]    Compiling icu_collections v2.3.0
[INFO] [stderr]    Compiling icu_locale_core v2.3.0
[INFO] [stderr]    Compiling regex v1.13.1
[INFO] [stderr]    Compiling serde v1.0.229
[INFO] [stderr]    Compiling icu_provider v2.3.1
[INFO] [stderr]    Compiling icu_normalizer v2.3.0
[INFO] [stderr]    Compiling icu_properties v2.3.0
[INFO] [stderr]    Compiling idna_adapter v1.2.2
[INFO] [stderr]    Compiling idna v1.1.0
[INFO] [stderr]    Compiling url v2.5.8
[INFO] [stderr]    Compiling redis v0.22.4
[INFO] [stderr]    Compiling elk-mq v0.1.1 (/opt/rustwide/workdir)
[INFO] [stderr]     Finished `release` profile [optimized] target(s) in 35.13s
[INFO] running `Command { std: "docker" "inspect" "69c4a32957ba7bc7b383196c68d4c184783c1542a84516ddd9d9ef692a3c7d1f", kill_on_drop: false }`
[INFO] running `Command { std: "docker" "exec" "-e" "SOURCE_DIR=/opt/rustwide/workdir" "-e" "CARGO_HOME=/opt/rustwide/cargo-home" "-e" "RUSTUP_HOME=/opt/rustwide/rustup-home" "-e" "CARGO_TARGET_DIR=/opt/rustwide/target" "-e" "CARGO_INCREMENTAL=0" "-e" "RUST_BACKTRACE=full" "-e" "RUSTFLAGS=--cap-lints=warn" "-e" "RUSTDOCFLAGS=--cap-lints=warn" "-w" "/opt/rustwide/workdir" "--user" "0:0" "69c4a32957ba7bc7b383196c68d4c184783c1542a84516ddd9d9ef692a3c7d1f" "/opt/rustwide/cargo-home/bin/cargo" "+1.100.0-beta.1" "test" "--frozen" "--no-run" "--message-format=json" "--release", kill_on_drop: false }`
[INFO] [stderr]    Compiling elk-mq v0.1.1 (/opt/rustwide/workdir)
[INFO] [stderr]     Finished `release` profile [optimized] target(s) in 2.13s
[INFO] running `Command { std: "docker" "inspect" "69c4a32957ba7bc7b383196c68d4c184783c1542a84516ddd9d9ef692a3c7d1f", kill_on_drop: false }`
[INFO] running `Command { std: "docker" "exec" "-e" "SOURCE_DIR=/opt/rustwide/workdir" "-e" "CARGO_HOME=/opt/rustwide/cargo-home" "-e" "RUSTUP_HOME=/opt/rustwide/rustup-home" "-e" "CARGO_TARGET_DIR=/opt/rustwide/target" "-e" "CARGO_INCREMENTAL=0" "-e" "RUST_BACKTRACE=full" "-e" "RUSTFLAGS=--cap-lints=warn" "-e" "RUSTDOCFLAGS=--cap-lints=warn" "-w" "/opt/rustwide/workdir" "--user" "0:0" "69c4a32957ba7bc7b383196c68d4c184783c1542a84516ddd9d9ef692a3c7d1f" "/opt/rustwide/cargo-home/bin/cargo" "+1.100.0-beta.1" "test" "--frozen" "--release", kill_on_drop: false }`
[INFO] [stderr]     Finished `release` profile [optimized] target(s) in 0.08s
[INFO] [stderr]      Running unittests src/lib.rs (/opt/rustwide/target/release/build/elk-mq/7214aa357d952941/out/elk_mq-7214aa357d952941)
[INFO] [stdout] 
[INFO] [stdout] running 10 tests
[INFO] [stdout] test event_queue::tests::create_ok ... ok
[INFO] [stdout] test event_queue::service_event::tests::create_ok ... ok
[INFO] [stdout] test event_queue::service_event::tests::create_response_ok ... ok
[INFO] [stdout] test event_queue::tests::dequeue_blocking_timeout - should panic ... FAILED
[INFO] [stdout] test event_queue::tests::enqueue_dequeue_ok ... FAILED
[INFO] [stdout] test event_queue::tests::await_ok ... FAILED
[INFO] [stdout] test tests::test_basic_public_api_ok ... FAILED
[INFO] [stdout] test event_queue::tests::simultaneous_await_ok ... FAILED
[INFO] [stdout] test event_queue::tests::await_timeout - should panic ... FAILED
[INFO] [stdout] test event_queue::tests::dequeue_blocking_ok ... FAILED
[INFO] [stdout] 
[INFO] [stdout] failures:
[INFO] [stdout] 
[INFO] [stdout] ---- event_queue::tests::dequeue_blocking_timeout stdout ----
[INFO] [stdout] 
[INFO] [stdout] thread 'event_queue::tests::dequeue_blocking_timeout' (797) panicked at src/event_queue.rs:421:39:
[INFO] [stdout] called `Result::unwrap()` on an `Err` value: ConnectionError("Connection refused (os error 111)")
[INFO] [stdout] stack backtrace:
[INFO] [stdout]    0:     0x5988f3cc4c51 - <<std[617be2ca0a6fd877]::sys::backtrace::BacktraceLock>::print::DisplayBacktrace as core[a373ad73a504971]::fmt::Display>::fmt
[INFO] [stdout]    1:     0x5988f3cdb04a - core[a373ad73a504971]::fmt::write
[INFO] [stdout]    2:     0x5988f3cc923c - <alloc[2e1b2a31b91974c5]::vec::Vec<u8> as core[a373ad73a504971]::io::write::Write>::write_fmt
[INFO] [stdout]    3:     0x5988f3c9ffb6 - std[617be2ca0a6fd877]::panicking::default_hook::{closure#0}
[INFO] [stdout]    4:     0x5988f3cbcbe9 - std[617be2ca0a6fd877]::panicking::default_hook
[INFO] [stdout]    5:     0x5988f3b5e460 - test[aada8e7e76ba119b]::test_main_inner::{closure#0}
[INFO] [stdout]    6:     0x5988f3cbcda2 - std[617be2ca0a6fd877]::panicking::panic_with_hook
[INFO] [stdout]    7:     0x5988f3ca0062 - std[617be2ca0a6fd877]::panicking::panic_handler::{closure#0}
[INFO] [stdout]    8:     0x5988f3c98c99 - std[617be2ca0a6fd877]::sys::backtrace::__rust_end_short_backtrace::<std[617be2ca0a6fd877]::panicking::panic_handler::{closure#0}, !>
[INFO] [stdout]    9:     0x5988f3ca0e5d - __rustc[ea4f61d10b84890b]::rust_begin_unwind
[INFO] [stdout]   10:     0x5988f3cdb82c - core[a373ad73a504971]::panicking::panic_fmt
[INFO] [stdout]   11:     0x5988f3cdb602 - core[a373ad73a504971]::result::unwrap_failed
[INFO] [stdout]   12:     0x5988f3b47fa9 - <elk_mq[bdf4eea865d6ccf0]::event_queue::tests::dequeue_blocking_timeout::{closure#0} as core[a373ad73a504971]::ops::function::FnOnce<()>>::call_once
[INFO] [stdout]   13:     0x5988f3b518ab - test[aada8e7e76ba119b]::__rust_begin_short_backtrace::<core[a373ad73a504971]::result::Result<(), alloc[2e1b2a31b91974c5]::string::String>, fn() -> core[a373ad73a504971]::result::Result<(), alloc[2e1b2a31b91974c5]::string::String>>
[INFO] [stdout]   14:     0x5988f3b5ea85 - test[aada8e7e76ba119b]::run_test::{closure#0}
[INFO] [stdout]   15:     0x5988f3b58374 - std[617be2ca0a6fd877]::sys::backtrace::__rust_begin_short_backtrace::<test[aada8e7e76ba119b]::run_test::{closure#1}, ()>
[INFO] [stdout]   16:     0x5988f3b61b12 - <std[617be2ca0a6fd877]::thread::lifecycle::spawn_unchecked<test[aada8e7e76ba119b]::run_test::{closure#1}, ()>::{closure#1} as core[a373ad73a504971]::ops::function::FnOnce<()>>::call_once::{shim:vtable#0}
[INFO] [stdout]   17:     0x5988f3cc3f8f - <std[617be2ca0a6fd877]::sys::thread::unix::Thread>::new::thread_start
[INFO] [stdout]   18:     0x701c00e5edfa - <unknown>
[INFO] [stdout]   19:     0x701c00ef23d4 - clone
[INFO] [stdout]   20:                0x0 - <unknown>
[INFO] [stdout] note: panic did not contain expected string
[INFO] [stdout]       panic message: "called `Result::unwrap()` on an `Err` value: ConnectionError(\"Connection refused (os error 111)\")"
[INFO] [stdout]  expected substring: "called `Result::unwrap()` on an `Err` value: EmptyQueue"
[INFO] [stdout] ---- event_queue::tests::enqueue_dequeue_ok stdout ----
[INFO] [stdout] 
[INFO] [stdout] thread 'event_queue::tests::enqueue_dequeue_ok' (798) panicked at src/event_queue.rs:372:35:
[INFO] [stdout] called `Result::unwrap()` on an `Err` value: ConnectionError("Connection refused (os error 111)")
[INFO] [stdout] stack backtrace:
[INFO] [stdout]    0:     0x5988f3cc4c51 - <<std[617be2ca0a6fd877]::sys::backtrace::BacktraceLock>::print::DisplayBacktrace as core[a373ad73a504971]::fmt::Display>::fmt
[INFO] [stdout]    1:     0x5988f3cdb04a - core[a373ad73a504971]::fmt::write
[INFO] [stdout]    2:     0x5988f3cc923c - <alloc[2e1b2a31b91974c5]::vec::Vec<u8> as core[a373ad73a504971]::io::write::Write>::write_fmt
[INFO] [stdout]    3:     0x5988f3c9ffb6 - std[617be2ca0a6fd877]::panicking::default_hook::{closure#0}
[INFO] [stdout]    4:     0x5988f3cbcbe9 - std[617be2ca0a6fd877]::panicking::default_hook
[INFO] [stdout]    5:     0x5988f3b5e460 - test[aada8e7e76ba119b]::test_main_inner::{closure#0}
[INFO] [stdout]    6:     0x5988f3cbcda2 - std[617be2ca0a6fd877]::panicking::panic_with_hook
[INFO] [stdout]    7:     0x5988f3ca0062 - std[617be2ca0a6fd877]::panicking::panic_handler::{closure#0}
[INFO] [stdout]    8:     0x5988f3c98c99 - std[617be2ca0a6fd877]::sys::backtrace::__rust_end_short_backtrace::<std[617be2ca0a6fd877]::panicking::panic_handler::{closure#0}, !>
[INFO] [stdout]    9:     0x5988f3ca0e5d - __rustc[ea4f61d10b84890b]::rust_begin_unwind
[INFO] [stdout]   10:     0x5988f3cdb82c - core[a373ad73a504971]::panicking::panic_fmt
[INFO] [stdout]   11:     0x5988f3cdb602 - core[a373ad73a504971]::result::unwrap_failed
[INFO] [stdout]   12:     0x5988f3b46fa3 - <elk_mq[bdf4eea865d6ccf0]::event_queue::tests::enqueue_dequeue_ok::{closure#0} as core[a373ad73a504971]::ops::function::FnOnce<()>>::call_once
[INFO] [stdout]   13:     0x5988f3b518ab - test[aada8e7e76ba119b]::__rust_begin_short_backtrace::<core[a373ad73a504971]::result::Result<(), alloc[2e1b2a31b91974c5]::string::String>, fn() -> core[a373ad73a504971]::result::Result<(), alloc[2e1b2a31b91974c5]::string::String>>
[INFO] [stdout]   14:     0x5988f3b5ea85 - test[aada8e7e76ba119b]::run_test::{closure#0}
[INFO] [stdout]   15:     0x5988f3b58374 - std[617be2ca0a6fd877]::sys::backtrace::__rust_begin_short_backtrace::<test[aada8e7e76ba119b]::run_test::{closure#1}, ()>
[INFO] [stdout]   16:     0x5988f3b61b12 - <std[617be2ca0a6fd877]::thread::lifecycle::spawn_unchecked<test[aada8e7e76ba119b]::run_test::{closure#1}, ()>::{closure#1} as core[a373ad73a504971]::ops::function::FnOnce<()>>::call_once::{shim:vtable#0}
[INFO] [stdout]   17:     0x5988f3cc3f8f - <std[617be2ca0a6fd877]::sys::thread::unix::Thread>::new::thread_start
[INFO] [stdout]   18:     0x701c00e5edfa - <unknown>
[INFO] [stdout]   19:     0x701c00ef23d4 - clone
[INFO] [stdout]   20:                0x0 - <unknown>
[INFO] [stdout] 
[INFO] [stdout] ---- event_queue::tests::await_ok stdout ----
[INFO] [stdout] 
[INFO] [stdout] thread 'event_queue::tests::await_ok' (793) panicked at src/event_queue.rs:454:57:
[INFO] [stdout] called `Result::unwrap()` on an `Err` value: ConnectionError("Connection refused (os error 111)")
[INFO] [stdout] stack backtrace:
[INFO] [stdout]    0:     0x5988f3cc4c51 - <<std[617be2ca0a6fd877]::sys::backtrace::BacktraceLock>::print::DisplayBacktrace as core[a373ad73a504971]::fmt::Display>::fmt
[INFO] [stdout]    1:     0x5988f3cdb04a - core[a373ad73a504971]::fmt::write
[INFO] [stdout]    2:     0x5988f3cc923c - <alloc[2e1b2a31b91974c5]::vec::Vec<u8> as core[a373ad73a504971]::io::write::Write>::write_fmt
[INFO] [stdout]    3:     0x5988f3c9ffb6 - std[617be2ca0a6fd877]::panicking::default_hook::{closure#0}
[INFO] [stdout]    4:     0x5988f3cbcbe9 - std[617be2ca0a6fd877]::panicking::default_hook
[INFO] [stdout]    5:     0x5988f3b5e460 - test[aada8e7e76ba119b]::test_main_inner::{closure#0}
[INFO] [stdout]    6:     0x5988f3cbcda2 - std[617be2ca0a6fd877]::panicking::panic_with_hook
[INFO] [stdout]    7:     0x5988f3ca0062 - std[617be2ca0a6fd877]::panicking::panic_handler::{closure#0}
[INFO] [stdout]    8:     0x5988f3c98c99 - std[617be2ca0a6fd877]::sys::backtrace::__rust_end_short_backtrace::<std[617be2ca0a6fd877]::panicking::panic_handler::{closure#0}, !>
[INFO] [stdout]    9:     0x5988f3ca0e5d - __rustc[ea4f61d10b84890b]::rust_begin_unwind
[INFO] [stdout]   10:     0x5988f3cdb82c - core[a373ad73a504971]::panicking::panic_fmt
[INFO] [stdout]   11:     0x5988f3cdb602 - core[a373ad73a504971]::result::unwrap_failed
[INFO] [stdout]   12:     0x5988f3b484f3 - <elk_mq[bdf4eea865d6ccf0]::event_queue::tests::await_ok::{closure#0} as core[a373ad73a504971]::ops::function::FnOnce<()>>::call_once
[INFO] [stdout]   13:     0x5988f3b518ab - test[aada8e7e76ba119b]::__rust_begin_short_backtrace::<core[a373ad73a504971]::result::Result<(), alloc[2e1b2a31b91974c5]::string::String>, fn() -> core[a373ad73a504971]::result::Result<(), alloc[2e1b2a31b91974c5]::string::String>>
[INFO] [stdout]   14:     0x5988f3b5ea85 - test[aada8e7e76ba119b]::run_test::{closure#0}
[INFO] [stdout]   15:     0x5988f3b58374 - std[617be2ca0a6fd877]::sys::backtrace::__rust_begin_short_backtrace::<test[aada8e7e76ba119b]::run_test::{closure#1}, ()>
[INFO] [stdout]   16:     0x5988f3b61b12 - <std[617be2ca0a6fd877]::thread::lifecycle::spawn_unchecked<test[aada8e7e76ba119b]::run_test::{closure#1}, ()>::{closure#1} as core[a373ad73a504971]::ops::function::FnOnce<()>>::call_once::{shim:vtable#0}
[INFO] [stdout]   17:     0x5988f3cc3f8f - <std[617be2ca0a6fd877]::sys::thread::unix::Thread>::new::thread_start
[INFO] [stdout]   18:     0x701c00e5edfa - <unknown>
[INFO] [stdout]   19:     0x701c00ef23d4 - clone
[INFO] [stdout]   20:                0x0 - <unknown>
[INFO] [stdout] 
[INFO] [stdout] ---- tests::test_basic_public_api_ok stdout ----
[INFO] [stdout] 
[INFO] [stdout] thread 'tests::test_basic_public_api_ok' (800) panicked at src/lib.rs:33:58:
[INFO] [stdout] called `Result::unwrap()` on an `Err` value: ConnectionError("Connection refused (os error 111)")
[INFO] [stdout] stack backtrace:
[INFO] [stdout]    0:     0x5988f3cc4c51 - <<std[617be2ca0a6fd877]::sys::backtrace::BacktraceLock>::print::DisplayBacktrace as core[a373ad73a504971]::fmt::Display>::fmt
[INFO] [stdout]    1:     0x5988f3cdb04a - core[a373ad73a504971]::fmt::write
[INFO] [stdout]    2:     0x5988f3cc923c - <alloc[2e1b2a31b91974c5]::vec::Vec<u8> as core[a373ad73a504971]::io::write::Write>::write_fmt
[INFO] [stdout]    3:     0x5988f3c9ffb6 - std[617be2ca0a6fd877]::panicking::default_hook::{closure#0}
[INFO] [stdout]    4:     0x5988f3cbcbe9 - std[617be2ca0a6fd877]::panicking::default_hook
[INFO] [stdout]    5:     0x5988f3b5e460 - test[aada8e7e76ba119b]::test_main_inner::{closure#0}
[INFO] [stdout]    6:     0x5988f3cbcda2 - std[617be2ca0a6fd877]::panicking::panic_with_hook
[INFO] [stdout]    7:     0x5988f3ca0062 - std[617be2ca0a6fd877]::panicking::panic_handler::{closure#0}
[INFO] [stdout]    8:     0x5988f3c98c99 - std[617be2ca0a6fd877]::sys::backtrace::__rust_end_short_backtrace::<std[617be2ca0a6fd877]::panicking::panic_handler::{closure#0}, !>
[INFO] [stdout]    9:     0x5988f3ca0e5d - __rustc[ea4f61d10b84890b]::rust_begin_unwind
[INFO] [stdout]   10:     0x5988f3cdb82c - core[a373ad73a504971]::panicking::panic_fmt
[INFO] [stdout]   11:     0x5988f3cdb602 - core[a373ad73a504971]::result::unwrap_failed
[INFO] [stdout]   12:     0x5988f3b4bdf3 - <elk_mq[bdf4eea865d6ccf0]::tests::test_basic_public_api_ok::{closure#0} as core[a373ad73a504971]::ops::function::FnOnce<()>>::call_once
[INFO] [stdout]   13:     0x5988f3b518ab - test[aada8e7e76ba119b]::__rust_begin_short_backtrace::<core[a373ad73a504971]::result::Result<(), alloc[2e1b2a31b91974c5]::string::String>, fn() -> core[a373ad73a504971]::result::Result<(), alloc[2e1b2a31b91974c5]::string::String>>
[INFO] [stdout]   14:     0x5988f3b5ea85 - test[aada8e7e76ba119b]::run_test::{closure#0}
[INFO] [stdout]   15:     0x5988f3b58374 - std[617be2ca0a6fd877]::sys::backtrace::__rust_begin_short_backtrace::<test[aada8e7e76ba119b]::run_test::{closure#1}, ()>
[INFO] [stdout]   16:     0x5988f3b61b12 - <std[617be2ca0a6fd877]::thread::lifecycle::spawn_unchecked<test[aada8e7e76ba119b]::run_test::{closure#1}, ()>::{closure#1} as core[a373ad73a504971]::ops::function::FnOnce<()>>::call_once::{shim:vtable#0}
[INFO] [stdout]   17:     0x5988f3cc3f8f - <std[617be2ca0a6fd877]::sys::thread::unix::Thread>::new::thread_start
[INFO] [stdout]   18:     0x701c00e5edfa - <unknown>
[INFO] [stdout]   19:     0x701c00ef23d4 - clone
[INFO] [stdout]   20:                0x0 - <unknown>
[INFO] [stdout] 
[INFO] [stdout] ---- event_queue::tests::simultaneous_await_ok stdout ----
[INFO] [stdout] 
[INFO] [stdout] thread '<unnamed>' (801) panicked at src/event_queue.rs:478:67:
[INFO] [stdout] called `Result::unwrap()` on an `Err` value: ConnectionError("Connection refused (os error 111)")
[INFO] [stdout] stack backtrace:
[INFO] [stdout]    0:     0x5988f3cc4c51 - <<std[617be2ca0a6fd877]::sys::backtrace::BacktraceLock>::print::DisplayBacktrace as core[a373ad73a504971]::fmt::Display>::fmt
[INFO] [stdout]    1:     0x5988f3cdb04a - core[a373ad73a504971]::fmt::write
[INFO] [stdout]    2:     0x5988f3cc923c - <alloc[2e1b2a31b91974c5]::vec::Vec<u8> as core[a373ad73a504971]::io::write::Write>::write_fmt
[INFO] [stdout]    3:     0x5988f3c9ffb6 - std[617be2ca0a6fd877]::panicking::default_hook::{closure#0}
[INFO] [stdout]    4:     0x5988f3cbcbe9 - std[617be2ca0a6fd877]::panicking::default_hook
[INFO] [stdout]    5:     0x5988f3b5e460 - test[aada8e7e76ba119b]::test_main_inner::{closure#0}
[INFO] [stdout]    6:     0x5988f3cbcda2 - std[617be2ca0a6fd877]::panicking::panic_with_hook
[INFO] [stdout]    7:     0x5988f3ca0062 - std[617be2ca0a6fd877]::panicking::panic_handler::{closure#0}
[INFO] [stdout]    8:     0x5988f3c98c99 - std[617be2ca0a6fd877]::sys::backtrace::__rust_end_short_backtrace::<std[617be2ca0a6fd877]::panicking::panic_handler::{closure#0}, !>
[INFO] [stdout]    9:     0x5988f3ca0e5d - __rustc[ea4f61d10b84890b]::rust_begin_unwind
[INFO] [stdout]   10:     0x5988f3cdb82c - core[a373ad73a504971]::panicking::panic_fmt
[INFO] [stdout]   11:     0x5988f3cdb602 - core[a373ad73a504971]::result::unwrap_failed
[INFO] [stdout]   12:     0x5988f3b4aa6d - std[617be2ca0a6fd877]::sys::backtrace::__rust_begin_short_backtrace::<elk_mq[bdf4eea865d6ccf0]::event_queue::tests::simultaneous_await_ok::{closure#0}, ()>
[INFO] [stdout]   13:     0x5988f3b4df01 - <std[617be2ca0a6fd877]::thread::lifecycle::spawn_unchecked<elk_mq[bdf4eea865d6ccf0]::event_queue::tests::simultaneous_await_ok::{closure#0}, ()>::{closure#1} as core[a373ad73a504971]::ops::function::FnOnce<()>>::call_once::{shim:vtable#0}
[INFO] [stdout]   14:     0x5988f3cc3f8f - <std[617be2ca0a6fd877]::sys::thread::unix::Thread>::new::thread_start
[INFO] [stdout]   15:     0x701c00e5edfa - <unknown>
[INFO] [stdout]   16:     0x701c00ef23d4 - clone
[INFO] [stdout]   17:                0x0 - <unknown>
[INFO] [stdout] 
[INFO] [stdout] thread 'event_queue::tests::simultaneous_await_ok' (799) panicked at src/event_queue.rs:514:57:
[INFO] [stdout] called `Result::unwrap()` on an `Err` value: ConnectionError("Connection refused (os error 111)")
[INFO] [stdout] stack backtrace:
[INFO] [stdout]    0:     0x5988f3cc4c51 - <<std[617be2ca0a6fd877]::sys::backtrace::BacktraceLock>::print::DisplayBacktrace as core[a373ad73a504971]::fmt::Display>::fmt
[INFO] [stdout]    1:     0x5988f3cdb04a - core[a373ad73a504971]::fmt::write
[INFO] [stdout]    2:     0x5988f3cc923c - <alloc[2e1b2a31b91974c5]::vec::Vec<u8> as core[a373ad73a504971]::io::write::Write>::write_fmt
[INFO] [stdout]    3:     0x5988f3c9ffb6 - std[617be2ca0a6fd877]::panicking::default_hook::{closure#0}
[INFO] [stdout]    4:     0x5988f3cbcbe9 - std[617be2ca0a6fd877]::panicking::default_hook
[INFO] [stdout]    5:     0x5988f3b5e460 - test[aada8e7e76ba119b]::test_main_inner::{closure#0}
[INFO] [stdout]    6:     0x5988f3cbcda2 - std[617be2ca0a6fd877]::panicking::panic_with_hook
[INFO] [stdout]    7:     0x5988f3ca0062 - std[617be2ca0a6fd877]::panicking::panic_handler::{closure#0}
[INFO] [stdout]    8:     0x5988f3c98c99 - std[617be2ca0a6fd877]::sys::backtrace::__rust_end_short_backtrace::<std[617be2ca0a6fd877]::panicking::panic_handler::{closure#0}, !>
[INFO] [stdout]    9:     0x5988f3ca0e5d - __rustc[ea4f61d10b84890b]::rust_begin_unwind
[INFO] [stdout]   10:     0x5988f3cdb82c - core[a373ad73a504971]::panicking::panic_fmt
[INFO] [stdout]   11:     0x5988f3cdb602 - core[a373ad73a504971]::result::unwrap_failed
[INFO] [stdout]   12:     0x5988f3b47c12 - <elk_mq[bdf4eea865d6ccf0]::event_queue::tests::simultaneous_await_ok::{closure#0} as core[a373ad73a504971]::ops::function::FnOnce<()>>::call_once
[INFO] [stdout]   13:     0x5988f3b518ab - test[aada8e7e76ba119b]::__rust_begin_short_backtrace::<core[a373ad73a504971]::result::Result<(), alloc[2e1b2a31b91974c5]::string::String>, fn() -> core[a373ad73a504971]::result::Result<(), alloc[2e1b2a31b91974c5]::string::String>>
[INFO] [stdout]   14:     0x5988f3b5ea85 - test[aada8e7e76ba119b]::run_test::{closure#0}
[INFO] [stdout]   15:     0x5988f3b58374 - std[617be2ca0a6fd877]::sys::backtrace::__rust_begin_short_backtrace::<test[aada8e7e76ba119b]::run_test::{closure#1}, ()>
[INFO] [stdout]   16:     0x5988f3b61b12 - <std[617be2ca0a6fd877]::thread::lifecycle::spawn_unchecked<test[aada8e7e76ba119b]::run_test::{closure#1}, ()>::{closure#1} as core[a373ad73a504971]::ops::function::FnOnce<()>>::call_once::{shim:vtable#0}
[INFO] [stdout]   17:     0x5988f3cc3f8f - <std[617be2ca0a6fd877]::sys::thread::unix::Thread>::new::thread_start
[INFO] [stdout]   18:     0x701c00e5edfa - <unknown>
[INFO] [stdout]   19:     0x701c00ef23d4 - clone
[INFO] [stdout]   20:                0x0 - <unknown>
[INFO] [stdout] 
[INFO] [stdout] ---- event_queue::tests::await_timeout stdout ----
[INFO] [stdout] 
[INFO] [stdout] thread 'event_queue::tests::await_timeout' (794) panicked at src/event_queue.rs:539:42:
[INFO] [stdout] called `Result::unwrap()` on an `Err` value: ConnectionError("Connection refused (os error 111)")
[INFO] [stdout] stack backtrace:
[INFO] [stdout]    0:     0x5988f3cc4c51 - <<std[617be2ca0a6fd877]::sys::backtrace::BacktraceLock>::print::DisplayBacktrace as core[a373ad73a504971]::fmt::Display>::fmt
[INFO] [stdout]    1:     0x5988f3cdb04a - core[a373ad73a504971]::fmt::write
[INFO] [stdout]    2:     0x5988f3cc923c - <alloc[2e1b2a31b91974c5]::vec::Vec<u8> as core[a373ad73a504971]::io::write::Write>::write_fmt
[INFO] [stdout]    3:     0x5988f3c9ffb6 - std[617be2ca0a6fd877]::panicking::default_hook::{closure#0}
[INFO] [stdout]    4:     0x5988f3cbcbe9 - std[617be2ca0a6fd877]::panicking::default_hook
[INFO] [stdout]    5:     0x5988f3b5e460 - test[aada8e7e76ba119b]::test_main_inner::{closure#0}
[INFO] [stdout]    6:     0x5988f3cbcda2 - std[617be2ca0a6fd877]::panicking::panic_with_hook
[INFO] [stdout]    7:     0x5988f3ca0062 - std[617be2ca0a6fd877]::panicking::panic_handler::{closure#0}
[INFO] [stdout]    8:     0x5988f3c98c99 - std[617be2ca0a6fd877]::sys::backtrace::__rust_end_short_backtrace::<std[617be2ca0a6fd877]::panicking::panic_handler::{closure#0}, !>
[INFO] [stdout]    9:     0x5988f3ca0e5d - __rustc[ea4f61d10b84890b]::rust_begin_unwind
[INFO] [stdout]   10:     0x5988f3cdb82c - core[a373ad73a504971]::panicking::panic_fmt
[INFO] [stdout]   11:     0x5988f3cdb602 - core[a373ad73a504971]::result::unwrap_failed
[INFO] [stdout]   12:     0x5988f3b46be9 - <elk_mq[bdf4eea865d6ccf0]::event_queue::tests::await_timeout::{closure#0} as core[a373ad73a504971]::ops::function::FnOnce<()>>::call_once
[INFO] [stdout]   13:     0x5988f3b518ab - test[aada8e7e76ba119b]::__rust_begin_short_backtrace::<core[a373ad73a504971]::result::Result<(), alloc[2e1b2a31b91974c5]::string::String>, fn() -> core[a373ad73a504971]::result::Result<(), alloc[2e1b2a31b91974c5]::string::String>>
[INFO] [stdout]   14:     0x5988f3b5ea85 - test[aada8e7e76ba119b]::run_test::{closure#0}
[INFO] [stdout]   15:     0x5988f3b58374 - std[617be2ca0a6fd877]::sys::backtrace::__rust_begin_short_backtrace::<test[aada8e7e76ba119b]::run_test::{closure#1}, ()>
[INFO] [stdout]   16:     0x5988f3b61b12 - <std[617be2ca0a6fd877]::thread::lifecycle::spawn_unchecked<test[aada8e7e76ba119b]::run_test::{closure#1}, ()>::{closure#1} as core[a373ad73a504971]::ops::function::FnOnce<()>>::call_once::{shim:vtable#0}
[INFO] [stdout]   17:     0x5988f3cc3f8f - <std[617be2ca0a6fd877]::sys::thread::unix::Thread>::new::thread_start
[INFO] [stdout]   18:     0x701c00e5edfa - <unknown>
[INFO] [stdout]   19:     0x701c00ef23d4 - clone
[INFO] [stdout]   20:                0x0 - <unknown>
[INFO] [stdout] note: panic did not contain expected string
[INFO] [stdout]       panic message: "called `Result::unwrap()` on an `Err` value: ConnectionError(\"Connection refused (os error 111)\")"
[INFO] [stdout]  expected substring: "called `Result::unwrap()` on an `Err` value: TimeoutExpired"
[INFO] [stdout] ---- event_queue::tests::dequeue_blocking_ok stdout ----
[INFO] [stdout] 
[INFO] [stdout] thread 'event_queue::tests::dequeue_blocking_ok' (796) panicked at src/event_queue.rs:405:53:
[INFO] [stdout] called `Result::unwrap()` on an `Err` value: ConnectionError("Connection refused (os error 111)")
[INFO] [stdout] stack backtrace:
[INFO] [stdout]    0:     0x5988f3cc4c51 - <<std[617be2ca0a6fd877]::sys::backtrace::BacktraceLock>::print::DisplayBacktrace as core[a373ad73a504971]::fmt::Display>::fmt
[INFO] [stdout]    1:     0x5988f3cdb04a - core[a373ad73a504971]::fmt::write
[INFO] [stdout]    2:     0x5988f3cc923c - <alloc[2e1b2a31b91974c5]::vec::Vec<u8> as core[a373ad73a504971]::io::write::Write>::write_fmt
[INFO] [stdout]    3:     0x5988f3c9ffb6 - std[617be2ca0a6fd877]::panicking::default_hook::{closure#0}
[INFO] [stdout]    4:     0x5988f3cbcbe9 - std[617be2ca0a6fd877]::panicking::default_hook
[INFO] [stdout]    5:     0x5988f3b5e460 - test[aada8e7e76ba119b]::test_main_inner::{closure#0}
[INFO] [stdout]    6:     0x5988f3cbcda2 - std[617be2ca0a6fd877]::panicking::panic_with_hook
[INFO] [stdout]    7:     0x5988f3ca0062 - std[617be2ca0a6fd877]::panicking::panic_handler::{closure#0}
[INFO] [stdout]    8:     0x5988f3c98c99 - std[617be2ca0a6fd877]::sys::backtrace::__rust_end_short_backtrace::<std[617be2ca0a6fd877]::panicking::panic_handler::{closure#0}, !>
[INFO] [stdout]    9:     0x5988f3ca0e5d - __rustc[ea4f61d10b84890b]::rust_begin_unwind
[INFO] [stdout]   10:     0x5988f3cdb82c - core[a373ad73a504971]::panicking::panic_fmt
[INFO] [stdout]   11:     0x5988f3cdb602 - core[a373ad73a504971]::result::unwrap_failed
[INFO] [stdout]   12:     0x5988f3b474ae - <elk_mq[bdf4eea865d6ccf0]::event_queue::tests::dequeue_blocking_ok::{closure#0} as core[a373ad73a504971]::ops::function::FnOnce<()>>::call_once
[INFO] [stdout]   13:     0x5988f3b518ab - test[aada8e7e76ba119b]::__rust_begin_short_backtrace::<core[a373ad73a504971]::result::Result<(), alloc[2e1b2a31b91974c5]::string::String>, fn() -> core[a373ad73a504971]::result::Result<(), alloc[2e1b2a31b91974c5]::string::String>>
[INFO] [stdout]   14:     0x5988f3b5ea85 - test[aada8e7e76ba119b]::run_test::{closure#0}
[INFO] [stdout]   15:     0x5988f3b58374 - std[617be2ca0a6fd877]::sys::backtrace::__rust_begin_short_backtrace::<test[aada8e7e76ba119b]::run_test::{closure#1}, ()>
[INFO] [stdout]   16:     0x5988f3b61b12 - <std[617be2ca0a6fd877]::thread::lifecycle::spawn_unchecked<test[aada8e7e76ba119b]::run_test::{closure#1}, ()>::{closure#1} as core[a373ad73a504971]::ops::function::FnOnce<()>>::call_once::{shim:vtable#0}
[INFO] [stdout]   17:     0x5988f3cc3f8f - <std[617be2ca0a6fd877]::sys::thread::unix::Thread>::new::thread_start
[INFO] [stdout]   18:     0x701c00e5edfa - <unknown>
[INFO] [stdout]   19:     0x701c00ef23d4 - clone
[INFO] [stdout]   20:                0x0 - <unknown>
[INFO] [stdout] 
[INFO] [stdout] 
[INFO] [stdout] failures:
[INFO] [stdout]     event_queue::tests::await_ok
[INFO] [stdout]     event_queue::tests::await_timeout
[INFO] [stdout]     event_queue::tests::dequeue_blocking_ok
[INFO] [stdout]     event_queue::tests::dequeue_blocking_timeout
[INFO] [stdout]     event_queue::tests::enqueue_dequeue_ok
[INFO] [stdout]     event_queue::tests::simultaneous_await_ok
[INFO] [stdout]     tests::test_basic_public_api_ok
[INFO] [stdout] 
[INFO] [stdout] test result: FAILED. 3 passed; 7 failed; 0 ignored; 0 measured; 0 filtered out; finished in 0.01s
[INFO] [stdout] 
[INFO] [stderr] error: test failed, to rerun pass `--lib`
[INFO] running `Command { std: "docker" "inspect" "69c4a32957ba7bc7b383196c68d4c184783c1542a84516ddd9d9ef692a3c7d1f", kill_on_drop: false }`
[INFO] running `Command { std: "docker" "rm" "-f" "69c4a32957ba7bc7b383196c68d4c184783c1542a84516ddd9d9ef692a3c7d1f", kill_on_drop: false }`
[INFO] [stdout] 69c4a32957ba7bc7b383196c68d4c184783c1542a84516ddd9d9ef692a3c7d1f
