[INFO] fetching crate elizaos-plugin-secrets-manager 0.1.0...
[INFO] testing elizaos-plugin-secrets-manager-0.1.0 against 1.100.0-beta.1+cargoflags=--release for beta-release-1.100-2
[INFO] extracting crate elizaos-plugin-secrets-manager 0.1.0 into /workspace/builds/worker-0-tc2/source
[INFO] started tweaking crates.io crate elizaos-plugin-secrets-manager 0.1.0
[INFO] finished tweaking crates.io crate elizaos-plugin-secrets-manager 0.1.0
[INFO] tweaked toml for crates.io crate elizaos-plugin-secrets-manager 0.1.0 written to /workspace/builds/worker-0-tc2/source/Cargo.toml
[INFO] validating manifest of crates.io crate elizaos-plugin-secrets-manager 0.1.0 on toolchain 1.100.0-beta.1
[INFO] running `Command { std: CARGO_HOME="/workspace/cargo-home" RUSTUP_HOME="/workspace/rustup-home" "/workspace/cargo-home/bin/cargo" "+1.100.0-beta.1" "metadata" "--manifest-path" "Cargo.toml" "--no-deps", kill_on_drop: false }`
[INFO] crate crates.io crate elizaos-plugin-secrets-manager 0.1.0 already has a lockfile, it will not be regenerated
[INFO] running `Command { std: CARGO_HOME="/workspace/cargo-home" RUSTUP_HOME="/workspace/rustup-home" "/workspace/cargo-home/bin/cargo" "+1.100.0-beta.1" "fetch" "--manifest-path" "Cargo.toml", kill_on_drop: false }`
[INFO] running `Command { std: "docker" "create" "-v" "/var/lib/crater-agent-workspace/builds/worker-0-tc2/source:/opt/rustwide/workdir:ro,Z" "-v" "/var/lib/crater-agent-workspace/builds/worker-0-tc2/target:/opt/rustwide/target:rw,Z" "-v" "/var/lib/crater-agent-workspace/cargo-home:/opt/rustwide/cargo-home:ro,Z" "-v" "/var/lib/crater-agent-workspace/rustup-home:/opt/rustwide/rustup-home:ro,Z" "-m" "1610612736" "--network" "none" "ghcr.io/rust-lang/crates-build-env/linux@sha256:77db811e55d90add9212f6832c23229e3de5f1c1f9905e8cb07319ea15df73ac" "sleep" "infinity", kill_on_drop: false }`
[INFO] [stdout] 4a350009095a9a2129084c263ba6834428cccf4a4ddda4c65e82e3c32c9680c0
[INFO] running `Command { std: "docker" "start" "4a350009095a9a2129084c263ba6834428cccf4a4ddda4c65e82e3c32c9680c0", kill_on_drop: false }`
[INFO] running `Command { std: "docker" "inspect" "4a350009095a9a2129084c263ba6834428cccf4a4ddda4c65e82e3c32c9680c0", kill_on_drop: false }`
[INFO] running `Command { std: "docker" "exec" "-e" "SOURCE_DIR=/opt/rustwide/workdir" "-e" "CARGO_HOME=/opt/rustwide/cargo-home" "-e" "RUSTUP_HOME=/opt/rustwide/rustup-home" "-e" "CARGO_TARGET_DIR=/opt/rustwide/target" "-w" "/opt/rustwide/workdir" "--user" "0:0" "4a350009095a9a2129084c263ba6834428cccf4a4ddda4c65e82e3c32c9680c0" "/opt/rustwide/cargo-home/bin/cargo" "+1.100.0-beta.1" "metadata" "--no-deps" "--format-version=1", kill_on_drop: false }`
[INFO] running `Command { std: "docker" "inspect" "4a350009095a9a2129084c263ba6834428cccf4a4ddda4c65e82e3c32c9680c0", kill_on_drop: false }`
[INFO] running `Command { std: "docker" "exec" "-e" "SOURCE_DIR=/opt/rustwide/workdir" "-e" "CARGO_HOME=/opt/rustwide/cargo-home" "-e" "RUSTUP_HOME=/opt/rustwide/rustup-home" "-e" "CARGO_TARGET_DIR=/opt/rustwide/target" "-e" "CARGO_INCREMENTAL=0" "-e" "RUST_BACKTRACE=full" "-e" "RUSTFLAGS=--cap-lints=warn" "-e" "RUSTDOCFLAGS=--cap-lints=warn" "-w" "/opt/rustwide/workdir" "--user" "0:0" "4a350009095a9a2129084c263ba6834428cccf4a4ddda4c65e82e3c32c9680c0" "/opt/rustwide/cargo-home/bin/cargo" "+1.100.0-beta.1" "build" "--frozen" "--message-format=json" "--release", kill_on_drop: false }`
[INFO] [stderr]    Compiling libc v0.2.183
[INFO] [stderr]    Compiling zerocopy v0.8.42
[INFO] [stderr]    Compiling regex-automata v0.4.14
[INFO] [stderr]    Compiling serde_json v1.0.149
[INFO] [stderr]    Compiling syn v2.0.117
[INFO] [stderr]    Compiling getrandom v0.2.17
[INFO] [stderr]    Compiling rand_core v0.6.4
[INFO] [stderr]    Compiling crypto-common v0.1.7
[INFO] [stderr]    Compiling cipher v0.4.4
[INFO] [stderr]    Compiling universal-hash v0.5.1
[INFO] [stderr]    Compiling digest v0.10.7
[INFO] [stderr]    Compiling aead v0.5.2
[INFO] [stderr]    Compiling polyval v0.6.2
[INFO] [stderr]    Compiling sha2 v0.10.9
[INFO] [stderr]    Compiling ghash v0.5.1
[INFO] [stderr]    Compiling aes v0.8.4
[INFO] [stderr]    Compiling ctr v0.9.2
[INFO] [stderr]    Compiling aes-gcm v0.10.3
[INFO] [stderr]    Compiling regex v1.12.3
[INFO] [stderr]    Compiling thiserror-impl v1.0.69
[INFO] [stderr]    Compiling tokio-macros v2.6.1
[INFO] [stderr]    Compiling tracing-attributes v0.1.31
[INFO] [stderr]    Compiling serde_derive v1.0.228
[INFO] [stderr]    Compiling async-trait v0.1.89
[INFO] [stderr]    Compiling tokio v1.50.0
[INFO] [stderr]    Compiling tracing v0.1.44
[INFO] [stderr]    Compiling ppv-lite86 v0.2.21
[INFO] [stderr]    Compiling thiserror v1.0.69
[INFO] [stderr]    Compiling rand_chacha v0.3.1
[INFO] [stderr]    Compiling rand v0.8.5
[INFO] [stderr]    Compiling serde v1.0.228
[INFO] [stderr]    Compiling elizaos-plugin-secrets-manager v0.1.0 (/opt/rustwide/workdir)
[INFO] [stdout] warning: unused import: `SecretsError`
[INFO] [stdout]   --> src/storage.rs:11:63
[INFO] [stdout]    |
[INFO] [stdout] 11 |     SecretConfig, SecretContext, SecretLevel, SecretMetadata, SecretsError, SecretsResult,
[INFO] [stdout]    |                                                               ^^^^^^^^^^^^
[INFO] [stdout]    |
[INFO] [stdout]    = note: `#[warn(unused_imports)]` (part of `#[warn(unused)]`) on by default
[INFO] [stdout] 
[INFO] [stdout] 
[INFO] [stdout] warning: unused variable: `previous_value`
[INFO] [stdout]    --> src/service.rs:194:13
[INFO] [stdout]     |
[INFO] [stdout] 194 |         let previous_value = self.get(key, context).await.ok().flatten();
[INFO] [stdout]     |             ^^^^^^^^^^^^^^ help: if this is intentional, prefix it with an underscore: `_previous_value`
[INFO] [stdout]     |
[INFO] [stdout]     = note: `#[warn(unused_variables)]` (part of `#[warn(unused)]`) on by default
[INFO] [stdout] 
[INFO] [stdout] 
[INFO] [stderr] warning: unused dependency `tracing`
[INFO] [stderr]   --> Cargo.toml:39:15
[INFO] [stderr]    |
[INFO] [stderr] 39 | [dependencies.tracing]
[INFO] [stderr]    |               ^^^^^^^^
[INFO] [stderr]    |
[INFO] [stderr]    = note: `cargo::unused_dependencies` is set to `warn` by default
[INFO] [stderr] help: consider removing the dependency on `tracing`
[INFO] [stderr] warning: `elizaos-plugin-secrets-manager` (manifest) generated 1 warning
[INFO] [stderr]     Finished `release` profile [optimized] target(s) in 27.20s
[INFO] running `Command { std: "docker" "inspect" "4a350009095a9a2129084c263ba6834428cccf4a4ddda4c65e82e3c32c9680c0", kill_on_drop: false }`
[INFO] running `Command { std: "docker" "exec" "-e" "SOURCE_DIR=/opt/rustwide/workdir" "-e" "CARGO_HOME=/opt/rustwide/cargo-home" "-e" "RUSTUP_HOME=/opt/rustwide/rustup-home" "-e" "CARGO_TARGET_DIR=/opt/rustwide/target" "-e" "CARGO_INCREMENTAL=0" "-e" "RUST_BACKTRACE=full" "-e" "RUSTFLAGS=--cap-lints=warn" "-e" "RUSTDOCFLAGS=--cap-lints=warn" "-w" "/opt/rustwide/workdir" "--user" "0:0" "4a350009095a9a2129084c263ba6834428cccf4a4ddda4c65e82e3c32c9680c0" "/opt/rustwide/cargo-home/bin/cargo" "+1.100.0-beta.1" "test" "--frozen" "--no-run" "--message-format=json" "--release", kill_on_drop: false }`
[INFO] [stderr]    Compiling tokio v1.50.0
[INFO] [stderr]    Compiling elizaos-plugin-secrets-manager v0.1.0 (/opt/rustwide/workdir)
[INFO] [stdout] warning: unused import: `SecretsError`
[INFO] [stdout]   --> src/storage.rs:11:63
[INFO] [stdout]    |
[INFO] [stdout] 11 |     SecretConfig, SecretContext, SecretLevel, SecretMetadata, SecretsError, SecretsResult,
[INFO] [stdout]    |                                                               ^^^^^^^^^^^^
[INFO] [stdout]    |
[INFO] [stdout]    = note: `#[warn(unused_imports)]` (part of `#[warn(unused)]`) on by default
[INFO] [stdout] 
[INFO] [stdout] 
[INFO] [stdout] warning: unused variable: `previous_value`
[INFO] [stdout]    --> src/service.rs:194:13
[INFO] [stdout]     |
[INFO] [stdout] 194 |         let previous_value = self.get(key, context).await.ok().flatten();
[INFO] [stdout]     |             ^^^^^^^^^^^^^^ help: if this is intentional, prefix it with an underscore: `_previous_value`
[INFO] [stdout]     |
[INFO] [stdout]     = note: `#[warn(unused_variables)]` (part of `#[warn(unused)]`) on by default
[INFO] [stdout] 
[INFO] [stdout] 
[INFO] [stdout] warning: unused import: `SecretsError`
[INFO] [stdout]   --> src/storage.rs:11:63
[INFO] [stdout]    |
[INFO] [stdout] 11 |     SecretConfig, SecretContext, SecretLevel, SecretMetadata, SecretsError, SecretsResult,
[INFO] [stdout]    |                                                               ^^^^^^^^^^^^
[INFO] [stdout]    |
[INFO] [stdout]    = note: `#[warn(unused_imports)]` (part of `#[warn(unused)]`) on by default
[INFO] [stdout] 
[INFO] [stdout] 
[INFO] [stdout] warning: unused variable: `previous_value`
[INFO] [stdout]    --> src/service.rs:194:13
[INFO] [stdout]     |
[INFO] [stdout] 194 |         let previous_value = self.get(key, context).await.ok().flatten();
[INFO] [stdout]     |             ^^^^^^^^^^^^^^ help: if this is intentional, prefix it with an underscore: `_previous_value`
[INFO] [stdout]     |
[INFO] [stdout]     = note: `#[warn(unused_variables)]` (part of `#[warn(unused)]`) on by default
[INFO] [stdout] 
[INFO] [stdout] 
[INFO] [stderr] warning: unused dependency `tracing`
[INFO] [stderr]   --> Cargo.toml:39:15
[INFO] [stderr]    |
[INFO] [stderr] 39 | [dependencies.tracing]
[INFO] [stderr]    |               ^^^^^^^^
[INFO] [stderr]    |
[INFO] [stderr]    = note: `cargo::unused_dependencies` is set to `warn` by default
[INFO] [stderr] help: consider removing the dependency on `tracing`
[INFO] [stderr] warning: `elizaos-plugin-secrets-manager` (manifest) generated 1 warning
[INFO] [stderr]     Finished `release` profile [optimized] target(s) in 13.20s
[INFO] running `Command { std: "docker" "inspect" "4a350009095a9a2129084c263ba6834428cccf4a4ddda4c65e82e3c32c9680c0", kill_on_drop: false }`
[INFO] running `Command { std: "docker" "exec" "-e" "SOURCE_DIR=/opt/rustwide/workdir" "-e" "CARGO_HOME=/opt/rustwide/cargo-home" "-e" "RUSTUP_HOME=/opt/rustwide/rustup-home" "-e" "CARGO_TARGET_DIR=/opt/rustwide/target" "-e" "CARGO_INCREMENTAL=0" "-e" "RUST_BACKTRACE=full" "-e" "RUSTFLAGS=--cap-lints=warn" "-e" "RUSTDOCFLAGS=--cap-lints=warn" "-w" "/opt/rustwide/workdir" "--user" "0:0" "4a350009095a9a2129084c263ba6834428cccf4a4ddda4c65e82e3c32c9680c0" "/opt/rustwide/cargo-home/bin/cargo" "+1.100.0-beta.1" "test" "--frozen" "--release", kill_on_drop: false }`
[INFO] [stderr] warning: unused import: `SecretsError`
[INFO] [stderr]   --> src/storage.rs:11:63
[INFO] [stderr]    |
[INFO] [stderr] 11 |     SecretConfig, SecretContext, SecretLevel, SecretMetadata, SecretsError, SecretsResult,
[INFO] [stderr]    |                                                               ^^^^^^^^^^^^
[INFO] [stderr]    |
[INFO] [stderr]    = note: `#[warn(unused_imports)]` (part of `#[warn(unused)]`) on by default
[INFO] [stderr] 
[INFO] [stderr] warning: unused variable: `previous_value`
[INFO] [stderr]    --> src/service.rs:194:13
[INFO] [stderr]     |
[INFO] [stderr] 194 |         let previous_value = self.get(key, context).await.ok().flatten();
[INFO] [stderr]     |             ^^^^^^^^^^^^^^ help: if this is intentional, prefix it with an underscore: `_previous_value`
[INFO] [stderr]     |
[INFO] [stderr]     = note: `#[warn(unused_variables)]` (part of `#[warn(unused)]`) on by default
[INFO] [stderr] 
[INFO] [stderr] warning: `elizaos-plugin-secrets-manager` (lib) generated 2 warnings (run `cargo fix --lib -p elizaos-plugin-secrets-manager` to apply 2 suggestions)
[INFO] [stderr] warning: `elizaos-plugin-secrets-manager` (lib test) generated 2 warnings (2 duplicates)
[INFO] [stderr] warning: unused dependency `tracing`
[INFO] [stderr]   --> Cargo.toml:39:15
[INFO] [stderr]    |
[INFO] [stderr] 39 | [dependencies.tracing]
[INFO] [stderr]    |               ^^^^^^^^
[INFO] [stderr]    |
[INFO] [stderr]    = note: `cargo::unused_dependencies` is set to `warn` by default
[INFO] [stderr] help: consider removing the dependency on `tracing`
[INFO] [stderr] warning: `elizaos-plugin-secrets-manager` (manifest) generated 1 warning
[INFO] [stderr]     Finished `release` profile [optimized] target(s) in 0.06s
[INFO] [stderr]      Running unittests src/lib.rs (/opt/rustwide/target/release/build/elizaos-plugin-secrets-manager/e7bd69763ff13469/out/elizaos_plugin_secrets_manager-e7bd69763ff13469)
[INFO] [stdout] 
[INFO] [stdout] running 40 tests
[INFO] [stdout] test crypto::tests::test_secure_compare ... ok
[INFO] [stdout] test service::tests::test_service_access_logs ... ok
[INFO] [stdout] test crypto::tests::test_generate_salt ... ok
[INFO] [stdout] test crypto::tests::test_hash_value ... ok
[INFO] [stdout] test storage::tests::test_composite_storage ... ok
[INFO] [stdout] test service::tests::test_service_basic ... ok
[INFO] [stdout] test storage::tests::test_memory_storage_basic ... ok
[INFO] [stdout] test storage::tests::test_memory_storage_config ... ok
[INFO] [stdout] test service::tests::test_service_convenience_methods ... ok
[INFO] [stdout] test crypto::tests::test_encrypt_decrypt ... ok
[INFO] [stdout] test storage::tests::test_memory_storage_list ... ok
[INFO] [stdout] test tests::test_encryption_roundtrip ... ok
[INFO] [stdout] test types::tests::test_plugin_requirement_builder ... ok
[INFO] [stdout] test types::tests::test_plugin_requirement_status ... ok
[INFO] [stdout] test crypto::tests::test_derive_key_cross_language_compatibility ... ok
[INFO] [stdout] test types::tests::test_secret_config_default ... ok
[INFO] [stdout] test crypto::tests::test_generate_key ... ok
[INFO] [stdout] test types::tests::test_secret_context_global ... ok
[INFO] [stdout] test storage::tests::test_storage_key_generation ... ok
[INFO] [stdout] test crypto::tests::test_mask_secret ... FAILED
[INFO] [stdout] test crypto::tests::test_derive_key_from_agent_id ... ok
[INFO] [stdout] test types::tests::test_secret_context_user ... ok
[INFO] [stdout] test crypto::tests::test_key_manager ... ok
[INFO] [stdout] test crypto::tests::test_key_manager_multiple_keys ... ok
[INFO] [stdout] test crypto::tests::test_encrypt_different_ciphertext ... ok
[INFO] [stdout] test validation::tests::test_custom_validator ... ok
[INFO] [stdout] test service::tests::test_service_validation ... ok
[INFO] [stdout] test validation::tests::test_validate_github ... ok
[INFO] [stdout] test types::tests::test_secret_context_world ... ok
[INFO] [stdout] test validation::tests::test_validate_discord ... ok
[INFO] [stdout] test validation::tests::test_validate_groq ... ok
[INFO] [stdout] test validation::tests::test_validate_telegram ... ok
[INFO] [stdout] test validation::tests::test_validate_url ... ok
[INFO] [stdout] test validation::tests::test_validate_openai ... ok
[INFO] [stdout] test validation::tests::test_validate_secret_auto ... ok
[INFO] [stdout] test service::tests::test_service_plugin_requirements ... ok
[INFO] [stdout] test tests::test_integration ... ok
[INFO] [stdout] test tests::test_plugin_info ... ok
[INFO] [stdout] test validation::tests::test_infer_validation_strategy ... ok
[INFO] [stdout] test validation::tests::test_validate_anthropic ... ok
[INFO] [stdout] 
[INFO] [stdout] failures:
[INFO] [stdout] 
[INFO] [stdout] ---- crypto::tests::test_mask_secret stdout ----
[INFO] [stdout] 
[INFO] [stdout] thread 'crypto::tests::test_mask_secret' (829) panicked at src/crypto.rs:407:9:
[INFO] [stdout] assertion `left == right` failed
[INFO] [stdout]   left: "sk-a*******z789"
[INFO] [stdout]  right: "sk-a******9789"
[INFO] [stdout] stack backtrace:
[INFO] [stdout]    0:     0x5a462631b771 - <<std[617be2ca0a6fd877]::sys::backtrace::BacktraceLock>::print::DisplayBacktrace as core[a373ad73a504971]::fmt::Display>::fmt
[INFO] [stderr] error: test failed, to rerun pass `--lib`
[INFO] [stdout]    1:     0x5a4626331a2a - core[a373ad73a504971]::fmt::write
[INFO] [stdout]    2:     0x5a462631f9dc - <alloc[2e1b2a31b91974c5]::vec::Vec<u8> as core[a373ad73a504971]::io::write::Write>::write_fmt
[INFO] [stdout]    3:     0x5a46262f77b6 - std[617be2ca0a6fd877]::panicking::default_hook::{closure#0}
[INFO] [stdout]    4:     0x5a4626313c79 - std[617be2ca0a6fd877]::panicking::default_hook
[INFO] [stdout]    5:     0x5a46261cbd70 - test[aada8e7e76ba119b]::test_main_inner::{closure#0}
[INFO] [stdout]    6:     0x5a4626313e32 - std[617be2ca0a6fd877]::panicking::panic_with_hook
[INFO] [stdout]    7:     0x5a46262f7862 - std[617be2ca0a6fd877]::panicking::panic_handler::{closure#0}
[INFO] [stdout]    8:     0x5a46262f0579 - std[617be2ca0a6fd877]::sys::backtrace::__rust_end_short_backtrace::<std[617be2ca0a6fd877]::panicking::panic_handler::{closure#0}, !>
[INFO] [stdout]    9:     0x5a46262f846d - __rustc[ea4f61d10b84890b]::rust_begin_unwind
[INFO] [stdout]   10:     0x5a462633220c - core[a373ad73a504971]::panicking::panic_fmt
[INFO] [stdout]   11:     0x5a4626332123 - core[a373ad73a504971]::panicking::assert_failed_inner
[INFO] [stdout]   12:     0x5a46261b0b15 - core[a373ad73a504971]::panicking::assert_failed::<alloc[2e1b2a31b91974c5]::string::String, &str>
[INFO] [stdout]   13:     0x5a46261a5e22 - <elizaos_plugin_secrets_manager[451b510af2da93e2]::crypto::tests::test_mask_secret::{closure#0} as core[a373ad73a504971]::ops::function::FnOnce<()>>::call_once
[INFO] [stdout]   14:     0x5a46261bf1bb - test[aada8e7e76ba119b]::__rust_begin_short_backtrace::<core[a373ad73a504971]::result::Result<(), alloc[2e1b2a31b91974c5]::string::String>, fn() -> core[a373ad73a504971]::result::Result<(), alloc[2e1b2a31b91974c5]::string::String>>
[INFO] [stdout]   15:     0x5a46261cc395 - test[aada8e7e76ba119b]::run_test::{closure#0}
[INFO] [stdout]   16:     0x5a46261c5c84 - std[617be2ca0a6fd877]::sys::backtrace::__rust_begin_short_backtrace::<test[aada8e7e76ba119b]::run_test::{closure#1}, ()>
[INFO] [stdout]   17:     0x5a46261cf422 - <std[617be2ca0a6fd877]::thread::lifecycle::spawn_unchecked<test[aada8e7e76ba119b]::run_test::{closure#1}, ()>::{closure#1} as core[a373ad73a504971]::ops::function::FnOnce<()>>::call_once::{shim:vtable#0}
[INFO] [stdout]   18:     0x5a462631af9f - <std[617be2ca0a6fd877]::sys::thread::unix::Thread>::new::thread_start
[INFO] [stdout]   19:     0x7d746c50cdfa - <unknown>
[INFO] [stdout]   20:     0x7d746c5a03d4 - clone
[INFO] [stdout]   21:                0x0 - <unknown>
[INFO] [stdout] 
[INFO] [stdout] 
[INFO] [stdout] failures:
[INFO] [stdout]     crypto::tests::test_mask_secret
[INFO] [stdout] 
[INFO] [stdout] test result: FAILED. 39 passed; 1 failed; 0 ignored; 0 measured; 0 filtered out; finished in 0.03s
[INFO] [stdout] 
[INFO] running `Command { std: "docker" "inspect" "4a350009095a9a2129084c263ba6834428cccf4a4ddda4c65e82e3c32c9680c0", kill_on_drop: false }`
[INFO] running `Command { std: "docker" "rm" "-f" "4a350009095a9a2129084c263ba6834428cccf4a4ddda4c65e82e3c32c9680c0", kill_on_drop: false }`
[INFO] [stdout] 4a350009095a9a2129084c263ba6834428cccf4a4ddda4c65e82e3c32c9680c0
