[INFO] fetching crate elif-macros 0.2.4...
[INFO] testing elif-macros-0.2.4 against 1.99.0-beta.8+cargoflags=--release for beta-release-1.100-2
[INFO] extracting crate elif-macros 0.2.4 into /workspace/builds/worker-0-tc1/source
[INFO] started tweaking crates.io crate elif-macros 0.2.4
[INFO] removed 0 missing tests
[INFO] finished tweaking crates.io crate elif-macros 0.2.4
[INFO] tweaked toml for crates.io crate elif-macros 0.2.4 written to /workspace/builds/worker-0-tc1/source/Cargo.toml
[INFO] validating manifest of crates.io crate elif-macros 0.2.4 on toolchain 1.99.0-beta.8
[INFO] running `Command { std: CARGO_HOME="/workspace/cargo-home" RUSTUP_HOME="/workspace/rustup-home" "/workspace/cargo-home/bin/cargo" "+1.99.0-beta.8" "metadata" "--manifest-path" "Cargo.toml" "--no-deps", kill_on_drop: false }`
[INFO] crate crates.io crate elif-macros 0.2.4 already has a lockfile, it will not be regenerated
[INFO] running `Command { std: CARGO_HOME="/workspace/cargo-home" RUSTUP_HOME="/workspace/rustup-home" "/workspace/cargo-home/bin/cargo" "+1.99.0-beta.8" "fetch" "--manifest-path" "Cargo.toml", kill_on_drop: false }`
[INFO] [stderr]     Blocking waiting for file lock on package cache
[INFO] [stderr]     Updating crates.io index
[INFO] [stderr]  Downloading crates ...
[INFO] [stderr]   Downloaded tokio-test v0.4.4
[INFO] [stderr]   Downloaded trybuild v1.0.110
[INFO] [stderr]   Downloaded toml_writer v1.0.2
[INFO] [stderr]   Downloaded windows-targets v0.53.3
[INFO] [stderr]   Downloaded winapi-util v0.1.10
[INFO] [stderr]   Downloaded is-terminal v0.4.16
[INFO] [stderr]   Downloaded redox_syscall v0.5.17
[INFO] [stderr]   Downloaded humantime v2.2.0
[INFO] [stderr]   Downloaded tokio-stream v0.1.17
[INFO] [stderr]   Downloaded socket2 v0.6.0
[INFO] running `Command { std: "docker" "create" "-v" "/var/lib/crater-agent-workspace/builds/worker-0-tc1/source:/opt/rustwide/workdir:ro,Z" "-v" "/var/lib/crater-agent-workspace/builds/worker-0-tc1/target:/opt/rustwide/target:rw,Z" "-v" "/var/lib/crater-agent-workspace/cargo-home:/opt/rustwide/cargo-home:ro,Z" "-v" "/var/lib/crater-agent-workspace/rustup-home:/opt/rustwide/rustup-home:ro,Z" "-m" "1610612736" "--network" "none" "ghcr.io/rust-lang/crates-build-env/linux@sha256:77db811e55d90add9212f6832c23229e3de5f1c1f9905e8cb07319ea15df73ac" "sleep" "infinity", kill_on_drop: false }`
[INFO] [stdout] bbc05768bf112d92f2bf6651ac8b256e13601f88d021174e6f01c219d7338a77
[INFO] running `Command { std: "docker" "start" "bbc05768bf112d92f2bf6651ac8b256e13601f88d021174e6f01c219d7338a77", kill_on_drop: false }`
[INFO] running `Command { std: "docker" "inspect" "bbc05768bf112d92f2bf6651ac8b256e13601f88d021174e6f01c219d7338a77", kill_on_drop: false }`
[INFO] running `Command { std: "docker" "exec" "-e" "SOURCE_DIR=/opt/rustwide/workdir" "-e" "CARGO_HOME=/opt/rustwide/cargo-home" "-e" "RUSTUP_HOME=/opt/rustwide/rustup-home" "-e" "CARGO_TARGET_DIR=/opt/rustwide/target" "-w" "/opt/rustwide/workdir" "--user" "0:0" "bbc05768bf112d92f2bf6651ac8b256e13601f88d021174e6f01c219d7338a77" "/opt/rustwide/cargo-home/bin/cargo" "+1.99.0-beta.8" "metadata" "--no-deps" "--format-version=1", kill_on_drop: false }`
[INFO] running `Command { std: "docker" "inspect" "bbc05768bf112d92f2bf6651ac8b256e13601f88d021174e6f01c219d7338a77", kill_on_drop: false }`
[INFO] running `Command { std: "docker" "exec" "-e" "SOURCE_DIR=/opt/rustwide/workdir" "-e" "CARGO_HOME=/opt/rustwide/cargo-home" "-e" "RUSTUP_HOME=/opt/rustwide/rustup-home" "-e" "CARGO_TARGET_DIR=/opt/rustwide/target" "-e" "CARGO_INCREMENTAL=0" "-e" "RUST_BACKTRACE=full" "-e" "RUSTFLAGS=--cap-lints=warn" "-e" "RUSTDOCFLAGS=--cap-lints=warn" "-w" "/opt/rustwide/workdir" "--user" "0:0" "bbc05768bf112d92f2bf6651ac8b256e13601f88d021174e6f01c219d7338a77" "/opt/rustwide/cargo-home/bin/cargo" "+1.99.0-beta.8" "build" "--frozen" "--message-format=json" "--release", kill_on_drop: false }`
[INFO] [stderr]    Compiling libc v0.2.175
[INFO] [stderr]    Compiling proc-macro2 v1.0.101
[INFO] [stderr]    Compiling unicode-ident v1.0.18
[INFO] [stderr]    Compiling memchr v2.7.5
[INFO] [stderr]    Compiling parking_lot_core v0.9.11
[INFO] [stderr]    Compiling regex-syntax v0.8.5
[INFO] [stderr]    Compiling smallvec v1.15.1
[INFO] [stderr]    Compiling cfg-if v1.0.3
[INFO] [stderr]    Compiling scopeguard v1.2.0
[INFO] [stderr]    Compiling log v0.4.27
[INFO] [stderr]    Compiling termcolor v1.4.1
[INFO] [stderr]    Compiling humantime v2.2.0
[INFO] [stderr]    Compiling pin-project-lite v0.2.16
[INFO] [stderr]    Compiling bytes v1.10.1
[INFO] [stderr]    Compiling lock_api v0.4.13
[INFO] [stderr]    Compiling aho-corasick v1.1.3
[INFO] [stderr]    Compiling is-terminal v0.4.16
[INFO] [stderr]    Compiling socket2 v0.6.0
[INFO] [stderr]    Compiling signal-hook-registry v1.4.6
[INFO] [stderr]    Compiling mio v1.0.4
[INFO] [stderr]    Compiling quote v1.0.40
[INFO] [stderr]    Compiling parking_lot v0.12.4
[INFO] [stderr]    Compiling syn v2.0.106
[INFO] [stderr]    Compiling regex-automata v0.4.9
[INFO] [stderr]    Compiling tokio-macros v2.5.0
[INFO] [stderr]    Compiling regex v1.11.1
[INFO] [stderr]    Compiling tokio v1.47.1
[INFO] [stderr]    Compiling env_logger v0.10.2
[INFO] [stderr]    Compiling elif-macros v0.2.4 (/opt/rustwide/workdir)
[INFO] [stderr]     Finished `release` profile [optimized] target(s) in 20.25s
[INFO] running `Command { std: "docker" "inspect" "bbc05768bf112d92f2bf6651ac8b256e13601f88d021174e6f01c219d7338a77", kill_on_drop: false }`
[INFO] running `Command { std: "docker" "exec" "-e" "SOURCE_DIR=/opt/rustwide/workdir" "-e" "CARGO_HOME=/opt/rustwide/cargo-home" "-e" "RUSTUP_HOME=/opt/rustwide/rustup-home" "-e" "CARGO_TARGET_DIR=/opt/rustwide/target" "-e" "CARGO_INCREMENTAL=0" "-e" "RUST_BACKTRACE=full" "-e" "RUSTFLAGS=--cap-lints=warn" "-e" "RUSTDOCFLAGS=--cap-lints=warn" "-w" "/opt/rustwide/workdir" "--user" "0:0" "bbc05768bf112d92f2bf6651ac8b256e13601f88d021174e6f01c219d7338a77" "/opt/rustwide/cargo-home/bin/cargo" "+1.99.0-beta.8" "test" "--frozen" "--no-run" "--message-format=json" "--release", kill_on_drop: false }`
[INFO] [stderr]    Compiling serde v1.0.219
[INFO] [stderr]    Compiling libc v0.2.175
[INFO] [stderr]    Compiling serde_json v1.0.143
[INFO] [stderr]    Compiling target-triple v0.1.4
[INFO] [stderr]    Compiling memchr v2.7.5
[INFO] [stderr]    Compiling parking_lot_core v0.9.11
[INFO] [stderr]    Compiling cfg-if v1.0.3
[INFO] [stderr]    Compiling lock_api v0.4.13
[INFO] [stderr]    Compiling syn v2.0.106
[INFO] [stderr]    Compiling pin-project-lite v0.2.16
[INFO] [stderr]    Compiling proc-macro2 v1.0.101
[INFO] [stderr]    Compiling futures-core v0.3.31
[INFO] [stderr]    Compiling bytes v1.10.1
[INFO] [stderr]    Compiling winnow v0.7.12
[INFO] [stderr]    Compiling unicode-ident v1.0.18
[INFO] [stderr]    Compiling regex-syntax v0.8.5
[INFO] [stderr]    Compiling ryu v1.0.20
[INFO] [stderr]    Compiling itoa v1.0.15
[INFO] [stderr]    Compiling toml_writer v1.0.2
[INFO] [stderr]    Compiling termcolor v1.4.1
[INFO] [stderr]    Compiling log v0.4.27
[INFO] [stderr]    Compiling glob v0.3.3
[INFO] [stderr]    Compiling humantime v2.2.0
[INFO] [stderr]    Compiling quote v1.0.40
[INFO] [stderr]    Compiling aho-corasick v1.1.3
[INFO] [stderr]    Compiling socket2 v0.6.0
[INFO] [stderr]    Compiling signal-hook-registry v1.4.6
[INFO] [stderr]    Compiling mio v1.0.4
[INFO] [stderr]    Compiling parking_lot v0.12.4
[INFO] [stderr]    Compiling is-terminal v0.4.16
[INFO] [stderr]    Compiling toml_parser v1.0.2
[INFO] [stderr]    Compiling regex-automata v0.4.9
[INFO] [stderr]    Compiling serde_spanned v1.0.0
[INFO] [stderr]    Compiling toml_datetime v0.7.0
[INFO] [stderr]    Compiling tokio-macros v2.5.0
[INFO] [stderr]    Compiling async-stream-impl v0.3.6
[INFO] [stderr]    Compiling serde_derive v1.0.219
[INFO] [stderr]    Compiling toml v0.9.5
[INFO] [stderr]    Compiling async-stream v0.3.6
[INFO] [stderr]    Compiling tokio v1.47.1
[INFO] [stderr]    Compiling regex v1.11.1
[INFO] [stderr]    Compiling env_logger v0.10.2
[INFO] [stderr]    Compiling trybuild v1.0.110
[INFO] [stderr]    Compiling tokio-stream v0.1.17
[INFO] [stderr]    Compiling tokio-test v0.4.4
[INFO] [stderr]    Compiling elif-macros v0.2.4 (/opt/rustwide/workdir)
[INFO] [stderr]     Finished `release` profile [optimized] target(s) in 1m 15s
[INFO] running `Command { std: "docker" "inspect" "bbc05768bf112d92f2bf6651ac8b256e13601f88d021174e6f01c219d7338a77", kill_on_drop: false }`
[INFO] running `Command { std: "docker" "exec" "-e" "SOURCE_DIR=/opt/rustwide/workdir" "-e" "CARGO_HOME=/opt/rustwide/cargo-home" "-e" "RUSTUP_HOME=/opt/rustwide/rustup-home" "-e" "CARGO_TARGET_DIR=/opt/rustwide/target" "-e" "CARGO_INCREMENTAL=0" "-e" "RUST_BACKTRACE=full" "-e" "RUSTFLAGS=--cap-lints=warn" "-e" "RUSTDOCFLAGS=--cap-lints=warn" "-w" "/opt/rustwide/workdir" "--user" "0:0" "bbc05768bf112d92f2bf6651ac8b256e13601f88d021174e6f01c219d7338a77" "/opt/rustwide/cargo-home/bin/cargo" "+1.99.0-beta.8" "test" "--frozen" "--release", kill_on_drop: false }`
[INFO] [stderr]     Finished `release` profile [optimized] target(s) in 0.10s
[INFO] [stderr]      Running unittests src/lib.rs (/opt/rustwide/target/release/deps/elif_macros-0b1e89d742f39c28)
[INFO] [stdout] 
[INFO] [stdout] running 0 tests
[INFO] [stdout] 
[INFO] [stdout] test result: ok. 0 passed; 0 failed; 0 ignored; 0 measured; 0 filtered out; finished in 0.00s
[INFO] [stdout] 
[INFO] [stderr]      Running tests/bootstrap_tests.rs (/opt/rustwide/target/release/deps/bootstrap_tests-e18120f6a0c66d2f)
[INFO] [stdout] 
[INFO] [stdout] running 1 test
[INFO] [stdout] test compilation_tests::test_bootstrap_macro_exists ... ok
[INFO] [stderr]      Running tests/ui_tests.rs (/opt/rustwide/target/release/deps/ui_tests-caf5f419c367fe9b)
[INFO] [stdout] 
[INFO] [stdout] test result: ok. 1 passed; 0 failed; 0 ignored; 0 measured; 0 filtered out; finished in 0.00s
[INFO] [stdout] 
[INFO] [stdout] 
[INFO] [stdout] running 1 test
[INFO] [stderr]    Compiling proc-macro2 v1.0.101
[INFO] [stderr]    Compiling libc v0.2.175
[INFO] [stderr]    Compiling unicode-ident v1.0.18
[INFO] [stderr]    Compiling autocfg v1.5.0
[INFO] [stderr]    Compiling memchr v2.7.5
[INFO] [stderr]    Compiling parking_lot_core v0.9.11
[INFO] [stderr]    Compiling cfg-if v1.0.3
[INFO] [stderr]     Checking pin-project-lite v0.2.16
[INFO] [stderr]    Compiling smallvec v1.15.1
[INFO] [stderr]    Compiling regex-syntax v0.8.5
[INFO] [stderr]    Compiling scopeguard v1.2.0
[INFO] [stderr]     Checking futures-core v0.3.31
[INFO] [stderr]    Compiling termcolor v1.4.1
[INFO] [stderr]    Compiling log v0.4.27
[INFO] [stderr]    Compiling humantime v2.2.0
[INFO] [stderr]    Compiling bytes v1.10.1
[INFO] [stderr]     Checking tokio v1.47.1
[INFO] [stderr]    Compiling lock_api v0.4.13
[INFO] [stderr]     Checking quote v1.0.40
[INFO] [stderr]    Compiling aho-corasick v1.1.3
[INFO] [stderr]     Checking syn v2.0.106
[INFO] [stderr]    Compiling mio v1.0.4
[INFO] [stderr]    Compiling signal-hook-registry v1.4.6
[INFO] [stderr]    Compiling socket2 v0.6.0
[INFO] [stderr]    Compiling is-terminal v0.4.16
[INFO] [stderr]    Compiling parking_lot v0.12.4
[INFO] [stderr]    Compiling regex-automata v0.4.9
[INFO] [stderr]     Checking tokio-stream v0.1.17
[INFO] [stderr]    Compiling tokio-macros v2.5.0
[INFO] [stderr]    Compiling async-stream-impl v0.3.6
[INFO] [stderr]    Compiling regex v1.11.1
[INFO] [stderr]     Checking async-stream v0.3.6
[INFO] [stderr]     Checking tokio-test v0.4.4
[INFO] [stderr]    Compiling env_logger v0.10.2
[INFO] [stderr]    Compiling elif-macros v0.2.4 (/opt/rustwide/workdir)
[INFO] [stderr]     Checking elif-macros-tests v0.0.0 (/opt/rustwide/target/tests/trybuild/elif-macros)
[INFO] [stderr]     Finished `dev` profile [unoptimized + debuginfo] target(s) in 25.58s
[INFO] [stderr] 
[INFO] [stderr] 
[INFO] [stdout] test ui ... FAILED
[INFO] [stderr] test tests/ui/bootstrap_non_async.rs ... mismatch
[INFO] [stdout] 
[INFO] [stderr] 
[INFO] [stdout] failures:
[INFO] [stderr] EXPECTED:
[INFO] [stdout] 
[INFO] [stderr] ┈┈┈┈┈┈┈┈┈┈┈┈┈┈┈┈┈┈┈┈┈┈┈┈┈┈┈┈┈┈┈┈┈┈┈┈┈┈┈┈┈┈┈┈┈┈┈┈┈┈┈┈┈┈┈┈┈┈┈┈
[INFO] [stdout] ---- ui stdout ----
[INFO] [stderr] error: Bootstrap macro can only be applied to async functions
[INFO] [stdout] 
[INFO] [stderr] 
[INFO] [stdout] thread 'ui' (1767) panicked at /opt/rustwide/cargo-home/registry/src/index.crates.io-1949cf8c6b5b557f/trybuild-1.0.110/src/run.rs:102:13:
[INFO] [stderr]        💡 Change your function to:
[INFO] [stdout] 5 of 5 tests failed
[INFO] [stderr]        async fn main() -> Result<(), HttpError> {}
[INFO] [stdout] stack backtrace:
[INFO] [stderr]  --> tests/ui/bootstrap_non_async.rs:4:1
[INFO] [stdout]    0:     0x5cf1f00eb471 - <<std[70759c8f55707aa4]::sys::backtrace::BacktraceLock>::print::DisplayBacktrace as core[df12db4294e9bfd3]::fmt::Display>::fmt
[INFO] [stderr]   |
[INFO] [stdout]    1:     0x5cf1f0101baa - core[df12db4294e9bfd3]::fmt::write
[INFO] [stderr] 4 | fn main() -> Result<(), HttpError> {
[INFO] [stdout]    2:     0x5cf1f00effec - <alloc[2182bb758b4b3781]::vec::Vec<u8> as core[df12db4294e9bfd3]::io::write::Write>::write_fmt
[INFO] [stderr]   | ^^
[INFO] [stdout]    3:     0x5cf1f00c4956 - std[70759c8f55707aa4]::panicking::default_hook::{closure#0}
[INFO] [stderr] 
[INFO] [stdout]    4:     0x5cf1f00e2ae9 - std[70759c8f55707aa4]::panicking::default_hook
[INFO] [stderr] warning: unused import: `elif::prelude::*`
[INFO] [stdout]    5:     0x5cf1f007bd60 - test[9d35eded1c95d3be]::test_main_inner::<test[9d35eded1c95d3be]::test_main_static::{closure#0}>::{closure#0}
[INFO] [stderr]  --> tests/ui/bootstrap_non_async.rs:1:5
[INFO] [stdout]    6:     0x5cf1f00e2ca2 - std[70759c8f55707aa4]::panicking::panic_with_hook
[INFO] [stderr]   |
[INFO] [stdout]    7:     0x5cf1f00c4a02 - std[70759c8f55707aa4]::panicking::panic_handler::{closure#0}
[INFO] [stderr] 1 | use elif::prelude::*;
[INFO] [stdout]    8:     0x5cf1f00bd299 - std[70759c8f55707aa4]::sys::backtrace::__rust_end_short_backtrace::<std[70759c8f55707aa4]::panicking::panic_handler::{closure#0}, !>
[INFO] [stderr]   |     ^^^^^^^^^^^^^^^^
[INFO] [stdout]    9:     0x5cf1f00c55fd - __rustc[8fa7c3cbc660c2b3]::rust_begin_unwind
[INFO] [stderr]   |
[INFO] [stdout]   10:     0x5cf1f010231c - core[df12db4294e9bfd3]::panicking::panic_fmt
[INFO] [stderr]   = note: `#[warn(unused_imports)]` on by default
[INFO] [stdout]   11:     0x5cf1effcc08b - <trybuild[ac15266c67338dc2]::Runner>::run
[INFO] [stderr] 
[INFO] [stdout]   12:     0x5cf1effcf250 - <trybuild[ac15266c67338dc2]::TestCases as core[df12db4294e9bfd3]::ops::drop::Drop>::drop
[INFO] [stderr] error[E0601]: `main` function not found in crate `$CRATE`
[INFO] [stdout]   13:     0x5cf1effc6af6 - <ui_tests[fb89f49a7b3a6ea5]::ui::{closure#0} as core[df12db4294e9bfd3]::ops::function::FnOnce<()>>::call_once
[INFO] [stderr]  --> tests/ui/bootstrap_non_async.rs:6:2
[INFO] [stdout]   14:     0x5cf1f006f04b - test[9d35eded1c95d3be]::__rust_begin_short_backtrace::<core[df12db4294e9bfd3]::result::Result<(), alloc[2182bb758b4b3781]::string::String>, fn() -> core[df12db4294e9bfd3]::result::Result<(), alloc[2182bb758b4b3781]::string::String>>
[INFO] [stderr]   |
[INFO] [stdout]   15:     0x5cf1f007c6b5 - test[9d35eded1c95d3be]::run_test::{closure#0}
[INFO] [stderr] 6 | }
[INFO] [stdout]   16:     0x5cf1f0075f74 - std[70759c8f55707aa4]::sys::backtrace::__rust_begin_short_backtrace::<test[9d35eded1c95d3be]::run_test::{closure#1}, ()>
[INFO] [stderr]   |  ^ consider adding a `main` function to `$DIR/tests/ui/bootstrap_non_async.rs`
[INFO] [stdout]   17:     0x5cf1f007f812 - <std[70759c8f55707aa4]::thread::lifecycle::spawn_unchecked<test[9d35eded1c95d3be]::run_test::{closure#1}, ()>::{closure#1} as core[df12db4294e9bfd3]::ops::function::FnOnce<()>>::call_once::{shim:vtable#0}
[INFO] [stderr] ┈┈┈┈┈┈┈┈┈┈┈┈┈┈┈┈┈┈┈┈┈┈┈┈┈┈┈┈┈┈┈┈┈┈┈┈┈┈┈┈┈┈┈┈┈┈┈┈┈┈┈┈┈┈┈┈┈┈┈┈
[INFO] [stdout]   18:     0x5cf1f00ea729 - <std[70759c8f55707aa4]::sys::thread::unix::Thread>::new::thread_start
[INFO] [stderr] 
[INFO] [stdout]   19:     0x7fb4d7e14dfa - <unknown>
[INFO] [stderr] ACTUAL OUTPUT:
[INFO] [stdout]   20:     0x7fb4d7ea83d4 - clone
[INFO] [stderr] ┈┈┈┈┈┈┈┈┈┈┈┈┈┈┈┈┈┈┈┈┈┈┈┈┈┈┈┈┈┈┈┈┈┈┈┈┈┈┈┈┈┈┈┈┈┈┈┈┈┈┈┈┈┈┈┈┈┈┈┈
[INFO] [stdout]   21:                0x0 - <unknown>
[INFO] [stderr] error[E0433]: cannot find module or crate `elif` in this scope
[INFO] [stdout] 
[INFO] [stderr]  --> tests/ui/bootstrap_non_async.rs:1:5
[INFO] [stdout] 
[INFO] [stderr]   |
[INFO] [stdout] failures:
[INFO] [stderr] 1 | use elif::prelude::*;
[INFO] [stdout]     ui
[INFO] [stderr]   |     ^^^^ use of unresolved module or unlinked crate `elif`
[INFO] [stdout] 
[INFO] [stderr]   |
[INFO] [stdout] test result: FAILED. 0 passed; 1 failed; 0 ignored; 0 measured; 0 filtered out; finished in 26.06s
[INFO] [stderr]   = help: if you wanted to use a crate named `elif`, use `cargo add elif` to add it to your `Cargo.toml`
[INFO] [stdout] 
[INFO] [stderr] 
[INFO] [stderr] error[E0433]: cannot find module or crate `elif` in this scope
[INFO] [stderr]  --> tests/ui/bootstrap_non_async.rs:3:3
[INFO] [stderr]   |
[INFO] [stderr] 3 | #[elif::bootstrap(AppModule)]
[INFO] [stderr]   |   ^^^^ use of unresolved module or unlinked crate `elif`
[INFO] [stderr] 
[INFO] [stderr] error[E0425]: cannot find type `HttpError` in this scope
[INFO] [stderr]  --> tests/ui/bootstrap_non_async.rs:4:25
[INFO] [stderr]   |
[INFO] [stderr] 4 | fn main() -> Result<(), HttpError> {
[INFO] [stderr]   |                         ^^^^^^^^^ not found in this scope
[INFO] [stderr] ┈┈┈┈┈┈┈┈┈┈┈┈┈┈┈┈┈┈┈┈┈┈┈┈┈┈┈┈┈┈┈┈┈┈┈┈┈┈┈┈┈┈┈┈┈┈┈┈┈┈┈┈┈┈┈┈┈┈┈┈
[INFO] [stderr] note: If the actual output is the correct output you can bless it by rerunning
[INFO] [stderr]       your test with the environment variable TRYBUILD=overwrite
[INFO] [stderr] 
[INFO] [stderr] test tests/ui/bootstrap_non_result.rs ... mismatch
[INFO] [stderr] 
[INFO] [stderr] EXPECTED:
[INFO] [stderr] ┈┈┈┈┈┈┈┈┈┈┈┈┈┈┈┈┈┈┈┈┈┈┈┈┈┈┈┈┈┈┈┈┈┈┈┈┈┈┈┈┈┈┈┈┈┈┈┈┈┈┈┈┈┈┈┈┈┈┈┈
[INFO] [stderr] error: Bootstrap macro requires functions to return Result<(), HttpError>
[INFO] [stderr] 
[INFO] [stderr]        💡 Change your function signature to:
[INFO] [stderr]        async fn main() -> Result<(), HttpError> {}
[INFO] [stderr]  --> tests/ui/bootstrap_non_result.rs:3:1
[INFO] [stderr]   |
[INFO] [stderr] 3 | #[elif::bootstrap(AppModule)]
[INFO] [stderr]   | ^^^^^^^^^^^^^^^^^^^^^^^^^^^^^
[INFO] [stderr]   |
[INFO] [stderr]   = note: this error originates in the attribute macro `elif::bootstrap` (in Nightly builds, run with -Z macro-backtrace for more info)
[INFO] [stderr] 
[INFO] [stderr] warning: unused import: `elif::prelude::*`
[INFO] [stderr]  --> tests/ui/bootstrap_non_result.rs:1:5
[INFO] [stderr]   |
[INFO] [stderr] 1 | use elif::prelude::*;
[INFO] [stderr]   |     ^^^^^^^^^^^^^^^^
[INFO] [stderr]   |
[INFO] [stderr]   = note: `#[warn(unused_imports)]` on by default
[INFO] [stderr] 
[INFO] [stderr] error[E0601]: `main` function not found in crate `$CRATE`
[INFO] [stderr]  --> tests/ui/bootstrap_non_result.rs:6:2
[INFO] [stderr]   |
[INFO] [stderr] 6 | }
[INFO] [stderr]   |  ^ consider adding a `main` function to `$DIR/tests/ui/bootstrap_non_result.rs`
[INFO] [stderr] ┈┈┈┈┈┈┈┈┈┈┈┈┈┈┈┈┈┈┈┈┈┈┈┈┈┈┈┈┈┈┈┈┈┈┈┈┈┈┈┈┈┈┈┈┈┈┈┈┈┈┈┈┈┈┈┈┈┈┈┈
[INFO] [stderr] 
[INFO] [stderr] ACTUAL OUTPUT:
[INFO] [stderr] ┈┈┈┈┈┈┈┈┈┈┈┈┈┈┈┈┈┈┈┈┈┈┈┈┈┈┈┈┈┈┈┈┈┈┈┈┈┈┈┈┈┈┈┈┈┈┈┈┈┈┈┈┈┈┈┈┈┈┈┈
[INFO] [stderr] error[E0433]: cannot find module or crate `elif` in this scope
[INFO] [stderr]  --> tests/ui/bootstrap_non_result.rs:1:5
[INFO] [stderr]   |
[INFO] [stderr] 1 | use elif::prelude::*;
[INFO] [stderr]   |     ^^^^ use of unresolved module or unlinked crate `elif`
[INFO] [stderr]   |
[INFO] [stderr]   = help: if you wanted to use a crate named `elif`, use `cargo add elif` to add it to your `Cargo.toml`
[INFO] [stderr] 
[INFO] [stderr] error[E0433]: cannot find module or crate `elif` in this scope
[INFO] [stderr]  --> tests/ui/bootstrap_non_result.rs:3:3
[INFO] [stderr]   |
[INFO] [stderr] 3 | #[elif::bootstrap(AppModule)]
[INFO] [stderr]   |   ^^^^ use of unresolved module or unlinked crate `elif`
[INFO] [stderr] 
[INFO] [stderr] error[E0752]: `main` function is not allowed to be `async`
[INFO] [stderr]  --> tests/ui/bootstrap_non_result.rs:4:1
[INFO] [stderr]   |
[INFO] [stderr] 4 | async fn main() {
[INFO] [stderr]   | ^^^^^^^^^^^^^^^ `main` function is not allowed to be `async`
[INFO] [stderr] ┈┈┈┈┈┈┈┈┈┈┈┈┈┈┈┈┈┈┈┈┈┈┈┈┈┈┈┈┈┈┈┈┈┈┈┈┈┈┈┈┈┈┈┈┈┈┈┈┈┈┈┈┈┈┈┈┈┈┈┈
[INFO] [stderr] note: If the actual output is the correct output you can bless it by rerunning
[INFO] [stderr]       your test with the environment variable TRYBUILD=overwrite
[INFO] [stderr] 
[INFO] [stderr] test tests/ui/bootstrap_invalid_param.rs ... mismatch
[INFO] [stderr] 
[INFO] [stderr] EXPECTED:
[INFO] [stderr] ┈┈┈┈┈┈┈┈┈┈┈┈┈┈┈┈┈┈┈┈┈┈┈┈┈┈┈┈┈┈┈┈┈┈┈┈┈┈┈┈┈┈┈┈┈┈┈┈┈┈┈┈┈┈┈┈┈┈┈┈
[INFO] [stderr] error: Unknown bootstrap parameter 'invalid_param'. Valid parameters are: addr, config, middleware
[INFO] [stderr] 
[INFO] [stderr]        💡 Usage examples:
[INFO] [stderr]        • #[elif::bootstrap] (auto-discovery)
[INFO] [stderr]        • #[elif::bootstrap(addr = "127.0.0.1:3000")]
[INFO] [stderr]        • #[elif::bootstrap(config = my_config())]
[INFO] [stderr]        • #[elif::bootstrap(middleware = [cors(), auth()])]
[INFO] [stderr]        • #[elif::bootstrap(AppModule)] (backward compatibility)
[INFO] [stderr]  --> tests/ui/bootstrap_invalid_param.rs:3:30
[INFO] [stderr]   |
[INFO] [stderr] 3 | #[elif::bootstrap(AppModule, invalid_param = "test")]
[INFO] [stderr]   |                              ^^^^^^^^^^^^^
[INFO] [stderr] 
[INFO] [stderr] warning: unused import: `elif::prelude::*`
[INFO] [stderr]  --> tests/ui/bootstrap_invalid_param.rs:1:5
[INFO] [stderr]   |
[INFO] [stderr] 1 | use elif::prelude::*;
[INFO] [stderr]   |     ^^^^^^^^^^^^^^^^
[INFO] [stderr]   |
[INFO] [stderr]   = note: `#[warn(unused_imports)]` on by default
[INFO] [stderr] 
[INFO] [stderr] error[E0601]: `main` function not found in crate `$CRATE`
[INFO] [stderr]  --> tests/ui/bootstrap_invalid_param.rs:6:2
[INFO] [stderr]   |
[INFO] [stderr] 6 | }
[INFO] [stderr]   |  ^ consider adding a `main` function to `$DIR/tests/ui/bootstrap_invalid_param.rs`
[INFO] [stderr] ┈┈┈┈┈┈┈┈┈┈┈┈┈┈┈┈┈┈┈┈┈┈┈┈┈┈┈┈┈┈┈┈┈┈┈┈┈┈┈┈┈┈┈┈┈┈┈┈┈┈┈┈┈┈┈┈┈┈┈┈
[INFO] [stderr] 
[INFO] [stderr] ACTUAL OUTPUT:
[INFO] [stderr] ┈┈┈┈┈┈┈┈┈┈┈┈┈┈┈┈┈┈┈┈┈┈┈┈┈┈┈┈┈┈┈┈┈┈┈┈┈┈┈┈┈┈┈┈┈┈┈┈┈┈┈┈┈┈┈┈┈┈┈┈
[INFO] [stderr] error[E0433]: cannot find module or crate `elif` in this scope
[INFO] [stderr]  --> tests/ui/bootstrap_invalid_param.rs:1:5
[INFO] [stderr]   |
[INFO] [stderr] 1 | use elif::prelude::*;
[INFO] [stderr]   |     ^^^^ use of unresolved module or unlinked crate `elif`
[INFO] [stderr]   |
[INFO] [stderr]   = help: if you wanted to use a crate named `elif`, use `cargo add elif` to add it to your `Cargo.toml`
[INFO] [stderr] 
[INFO] [stderr] error[E0433]: cannot find module or crate `elif` in this scope
[INFO] [stderr]  --> tests/ui/bootstrap_invalid_param.rs:3:3
[INFO] [stderr]   |
[INFO] [stderr] 3 | #[elif::bootstrap(AppModule, invalid_param = "test")]
[INFO] [stderr]   |   ^^^^ use of unresolved module or unlinked crate `elif`
[INFO] [stderr] 
[INFO] [stderr] error[E0425]: cannot find type `HttpError` in this scope
[INFO] [stderr]  --> tests/ui/bootstrap_invalid_param.rs:4:31
[INFO] [stderr]   |
[INFO] [stderr] 4 | async fn main() -> Result<(), HttpError> {
[INFO] [stderr]   |                               ^^^^^^^^^ not found in this scope
[INFO] [stderr] 
[INFO] [stderr] error[E0752]: `main` function is not allowed to be `async`
[INFO] [stderr]  --> tests/ui/bootstrap_invalid_param.rs:4:1
[INFO] [stderr]   |
[INFO] [stderr] 4 | async fn main() -> Result<(), HttpError> {
[INFO] [stderr]   | ^^^^^^^^^^^^^^^^^^^^^^^^^^^^^^^^^^^^^^^^ `main` function is not allowed to be `async`
[INFO] [stderr] ┈┈┈┈┈┈┈┈┈┈┈┈┈┈┈┈┈┈┈┈┈┈┈┈┈┈┈┈┈┈┈┈┈┈┈┈┈┈┈┈┈┈┈┈┈┈┈┈┈┈┈┈┈┈┈┈┈┈┈┈
[INFO] [stderr] note: If the actual output is the correct output you can bless it by rerunning
[INFO] [stderr]       your test with the environment variable TRYBUILD=overwrite
[INFO] [stderr] 
[INFO] [stderr] test tests/ui/bootstrap_parse_basic.rs ... mismatch
[INFO] [stderr] 
[INFO] [stderr] EXPECTED:
[INFO] [stderr] ┈┈┈┈┈┈┈┈┈┈┈┈┈┈┈┈┈┈┈┈┈┈┈┈┈┈┈┈┈┈┈┈┈┈┈┈┈┈┈┈┈┈┈┈┈┈┈┈┈┈┈┈┈┈┈┈┈┈┈┈
[INFO] [stderr] error[E0433]: failed to resolve: use of unresolved module or unlinked crate `tokio`
[INFO] [stderr]  --> tests/ui/bootstrap_parse_basic.rs:3:1
[INFO] [stderr]   |
[INFO] [stderr] 3 | #[elif::bootstrap]
[INFO] [stderr]   | ^^^^^^^^^^^^^^^^^^ use of unresolved module or unlinked crate `tokio`
[INFO] [stderr]   |
[INFO] [stderr]   = note: this error originates in the attribute macro `elif::bootstrap` (in Nightly builds, run with -Z macro-backtrace for more info)
[INFO] [stderr] 
[INFO] [stderr] error[E0433]: failed to resolve: use of unresolved module or unlinked crate `elif_http`
[INFO] [stderr]  --> tests/ui/bootstrap_parse_basic.rs:3:1
[INFO] [stderr]   |
[INFO] [stderr] 3 | #[elif::bootstrap]
[INFO] [stderr]   | ^^^^^^^^^^^^^^^^^^ use of unresolved module or unlinked crate `elif_http`
[INFO] [stderr]   |
[INFO] [stderr]   = help: if you wanted to use a crate named `elif_http`, use `cargo add elif_http` to add it to your `Cargo.toml`
[INFO] [stderr]   = note: this error originates in the attribute macro `elif::bootstrap` (in Nightly builds, run with -Z macro-backtrace for more info)
[INFO] [stderr] help: consider importing this struct
[INFO] [stderr]   |
[INFO] [stderr] 3 + use elif::prelude::AppBootstrapper;
[INFO] [stderr]   |
[INFO] [stderr] 
[INFO] [stderr] error[E0433]: failed to resolve: use of unresolved module or unlinked crate `env_logger`
[INFO] [stderr]  --> tests/ui/bootstrap_parse_basic.rs:3:1
[INFO] [stderr]   |
[INFO] [stderr] 3 | #[elif::bootstrap]
[INFO] [stderr]   | ^^^^^^^^^^^^^^^^^^ use of unresolved module or unlinked crate `env_logger`
[INFO] [stderr]   |
[INFO] [stderr]   = help: if you wanted to use a crate named `env_logger`, use `cargo add env_logger` to add it to your `Cargo.toml`
[INFO] [stderr]   = note: this error originates in the attribute macro `elif::bootstrap` (in Nightly builds, run with -Z macro-backtrace for more info)
[INFO] [stderr] 
[INFO] [stderr] error[E0752]: `main` function is not allowed to be `async`
[INFO] [stderr]  --> tests/ui/bootstrap_parse_basic.rs:3:1
[INFO] [stderr]   |
[INFO] [stderr] 3 | #[elif::bootstrap]
[INFO] [stderr]   | ^^^^^^^^^^^^^^^^^^ `main` function is not allowed to be `async`
[INFO] [stderr]   |
[INFO] [stderr]   = note: this error originates in the attribute macro `elif::bootstrap` (in Nightly builds, run with -Z macro-backtrace for more info)
[INFO] [stderr] ┈┈┈┈┈┈┈┈┈┈┈┈┈┈┈┈┈┈┈┈┈┈┈┈┈┈┈┈┈┈┈┈┈┈┈┈┈┈┈┈┈┈┈┈┈┈┈┈┈┈┈┈┈┈┈┈┈┈┈┈
[INFO] [stderr] 
[INFO] [stderr] ACTUAL OUTPUT:
[INFO] [stderr] ┈┈┈┈┈┈┈┈┈┈┈┈┈┈┈┈┈┈┈┈┈┈┈┈┈┈┈┈┈┈┈┈┈┈┈┈┈┈┈┈┈┈┈┈┈┈┈┈┈┈┈┈┈┈┈┈┈┈┈┈
[INFO] [stderr] error[E0433]: cannot find module or crate `elif` in this scope
[INFO] [stderr]  --> tests/ui/bootstrap_parse_basic.rs:3:3
[INFO] [stderr]   |
[INFO] [stderr] 3 | #[elif::bootstrap]
[INFO] [stderr]   |   ^^^^ use of unresolved module or unlinked crate `elif`
[INFO] [stderr] 
[INFO] [stderr] error[E0425]: cannot find type `HttpError` in this scope
[INFO] [stderr]  --> tests/ui/bootstrap_parse_basic.rs:4:31
[INFO] [stderr]   |
[INFO] [stderr] 4 | async fn main() -> Result<(), HttpError> {
[INFO] [stderr]   |                               ^^^^^^^^^ not found in this scope
[INFO] [stderr] 
[INFO] [stderr] error[E0752]: `main` function is not allowed to be `async`
[INFO] [stderr]  --> tests/ui/bootstrap_parse_basic.rs:4:1
[INFO] [stderr]   |
[INFO] [stderr] 4 | async fn main() -> Result<(), HttpError> {
[INFO] [stderr]   | ^^^^^^^^^^^^^^^^^^^^^^^^^^^^^^^^^^^^^^^^ `main` function is not allowed to be `async`
[INFO] [stderr] ┈┈┈┈┈┈┈┈┈┈┈┈┈┈┈┈┈┈┈┈┈┈┈┈┈┈┈┈┈┈┈┈┈┈┈┈┈┈┈┈┈┈┈┈┈┈┈┈┈┈┈┈┈┈┈┈┈┈┈┈
[INFO] [stderr] note: If the actual output is the correct output you can bless it by rerunning
[INFO] [stderr]       your test with the environment variable TRYBUILD=overwrite
[INFO] [stderr] 
[INFO] [stderr] test tests/ui/bootstrap_parse_full.rs ... mismatch
[INFO] [stderr] 
[INFO] [stderr] EXPECTED:
[INFO] [stderr] ┈┈┈┈┈┈┈┈┈┈┈┈┈┈┈┈┈┈┈┈┈┈┈┈┈┈┈┈┈┈┈┈┈┈┈┈┈┈┈┈┈┈┈┈┈┈┈┈┈┈┈┈┈┈┈┈┈┈┈┈
[INFO] [stderr] error[E0433]: failed to resolve: use of unresolved module or unlinked crate `tokio`
[INFO] [stderr]  --> tests/ui/bootstrap_parse_full.rs:2:1
[INFO] [stderr]   |
[INFO] [stderr] 2 | #[elif::bootstrap(addr = "0.0.0.0:8080")]
[INFO] [stderr]   | ^^^^^^^^^^^^^^^^^^^^^^^^^^^^^^^^^^^^^^^^^ use of unresolved module or unlinked crate `tokio`
[INFO] [stderr]   |
[INFO] [stderr]   = note: this error originates in the attribute macro `elif::bootstrap` (in Nightly builds, run with -Z macro-backtrace for more info)
[INFO] [stderr] 
[INFO] [stderr] error[E0433]: failed to resolve: use of unresolved module or unlinked crate `elif_http`
[INFO] [stderr]  --> tests/ui/bootstrap_parse_full.rs:2:1
[INFO] [stderr]   |
[INFO] [stderr] 2 | #[elif::bootstrap(addr = "0.0.0.0:8080")]
[INFO] [stderr]   | ^^^^^^^^^^^^^^^^^^^^^^^^^^^^^^^^^^^^^^^^^ use of unresolved module or unlinked crate `elif_http`
[INFO] [stderr]   |
[INFO] [stderr]   = help: if you wanted to use a crate named `elif_http`, use `cargo add elif_http` to add it to your `Cargo.toml`
[INFO] [stderr]   = note: this error originates in the attribute macro `elif::bootstrap` (in Nightly builds, run with -Z macro-backtrace for more info)
[INFO] [stderr] help: consider importing this struct
[INFO] [stderr]   |
[INFO] [stderr] 2 + use elif::prelude::AppBootstrapper;
[INFO] [stderr]   |
[INFO] [stderr] 
[INFO] [stderr] error[E0433]: failed to resolve: use of unresolved module or unlinked crate `env_logger`
[INFO] [stderr]  --> tests/ui/bootstrap_parse_full.rs:2:1
[INFO] [stderr]   |
[INFO] [stderr] 2 | #[elif::bootstrap(addr = "0.0.0.0:8080")]
[INFO] [stderr]   | ^^^^^^^^^^^^^^^^^^^^^^^^^^^^^^^^^^^^^^^^^ use of unresolved module or unlinked crate `env_logger`
[INFO] [stderr]   |
[INFO] [stderr]   = help: if you wanted to use a crate named `env_logger`, use `cargo add env_logger` to add it to your `Cargo.toml`
[INFO] [stderr]   = note: this error originates in the attribute macro `elif::bootstrap` (in Nightly builds, run with -Z macro-backtrace for more info)
[INFO] [stderr] 
[INFO] [stderr] error[E0752]: `main` function is not allowed to be `async`
[INFO] [stderr]  --> tests/ui/bootstrap_parse_full.rs:2:1
[INFO] [stderr]   |
[INFO] [stderr] 2 | #[elif::bootstrap(addr = "0.0.0.0:8080")]
[INFO] [stderr]   | ^^^^^^^^^^^^^^^^^^^^^^^^^^^^^^^^^^^^^^^^^ `main` function is not allowed to be `async`
[INFO] [stderr]   |
[INFO] [stderr]   = note: this error originates in the attribute macro `elif::bootstrap` (in Nightly builds, run with -Z macro-backtrace for more info)
[INFO] [stderr] ┈┈┈┈┈┈┈┈┈┈┈┈┈┈┈┈┈┈┈┈┈┈┈┈┈┈┈┈┈┈┈┈┈┈┈┈┈┈┈┈┈┈┈┈┈┈┈┈┈┈┈┈┈┈┈┈┈┈┈┈
[INFO] [stderr] 
[INFO] [stderr] ACTUAL OUTPUT:
[INFO] [stderr] ┈┈┈┈┈┈┈┈┈┈┈┈┈┈┈┈┈┈┈┈┈┈┈┈┈┈┈┈┈┈┈┈┈┈┈┈┈┈┈┈┈┈┈┈┈┈┈┈┈┈┈┈┈┈┈┈┈┈┈┈
[INFO] [stderr] error[E0433]: cannot find module or crate `elif` in this scope
[INFO] [stderr]  --> tests/ui/bootstrap_parse_full.rs:2:3
[INFO] [stderr]   |
[INFO] [stderr] 2 | #[elif::bootstrap(addr = "0.0.0.0:8080")]
[INFO] [stderr]   |   ^^^^ use of unresolved module or unlinked crate `elif`
[INFO] [stderr] 
[INFO] [stderr] error[E0425]: cannot find type `HttpError` in this scope
[INFO] [stderr]  --> tests/ui/bootstrap_parse_full.rs:3:31
[INFO] [stderr]   |
[INFO] [stderr] 3 | async fn main() -> Result<(), HttpError> {
[INFO] [stderr]   |                               ^^^^^^^^^ not found in this scope
[INFO] [stderr] 
[INFO] [stderr] error[E0752]: `main` function is not allowed to be `async`
[INFO] [stderr]  --> tests/ui/bootstrap_parse_full.rs:3:1
[INFO] [stderr]   |
[INFO] [stderr] 3 | async fn main() -> Result<(), HttpError> {
[INFO] [stderr]   | ^^^^^^^^^^^^^^^^^^^^^^^^^^^^^^^^^^^^^^^^ `main` function is not allowed to be `async`
[INFO] [stderr] ┈┈┈┈┈┈┈┈┈┈┈┈┈┈┈┈┈┈┈┈┈┈┈┈┈┈┈┈┈┈┈┈┈┈┈┈┈┈┈┈┈┈┈┈┈┈┈┈┈┈┈┈┈┈┈┈┈┈┈┈
[INFO] [stderr] note: If the actual output is the correct output you can bless it by rerunning
[INFO] [stderr]       your test with the environment variable TRYBUILD=overwrite
[INFO] [stderr] 
[INFO] [stderr] 
[INFO] [stderr] 
[INFO] [stderr] error: test failed, to rerun pass `--test ui_tests`
[INFO] running `Command { std: "docker" "inspect" "bbc05768bf112d92f2bf6651ac8b256e13601f88d021174e6f01c219d7338a77", kill_on_drop: false }`
[INFO] running `Command { std: "docker" "rm" "-f" "bbc05768bf112d92f2bf6651ac8b256e13601f88d021174e6f01c219d7338a77", kill_on_drop: false }`
[INFO] [stdout] bbc05768bf112d92f2bf6651ac8b256e13601f88d021174e6f01c219d7338a77
