[INFO] fetching crate elid 0.4.51...
[INFO] testing elid-0.4.51 against 1.99.0-beta.8+cargoflags=--release for beta-release-1.100-2
[INFO] extracting crate elid 0.4.51 into /workspace/builds/worker-0-tc1/source
[INFO] started tweaking crates.io crate elid 0.4.51
[INFO] removed 0 missing examples
[INFO] removed 0 missing tests
[INFO] finished tweaking crates.io crate elid 0.4.51
[INFO] tweaked toml for crates.io crate elid 0.4.51 written to /workspace/builds/worker-0-tc1/source/Cargo.toml
[INFO] validating manifest of crates.io crate elid 0.4.51 on toolchain 1.99.0-beta.8
[INFO] running `Command { std: CARGO_HOME="/workspace/cargo-home" RUSTUP_HOME="/workspace/rustup-home" "/workspace/cargo-home/bin/cargo" "+1.99.0-beta.8" "metadata" "--manifest-path" "Cargo.toml" "--no-deps", kill_on_drop: false }`
[INFO] crate crates.io crate elid 0.4.51 already has a lockfile, it will not be regenerated
[INFO] running `Command { std: CARGO_HOME="/workspace/cargo-home" RUSTUP_HOME="/workspace/rustup-home" "/workspace/cargo-home/bin/cargo" "+1.99.0-beta.8" "fetch" "--manifest-path" "Cargo.toml", kill_on_drop: false }`
[INFO] [stderr]     Updating crates.io index
[INFO] [stderr]  Downloading crates ...
[INFO] [stderr]   Downloaded wasm-bindgen-test v0.3.72
[INFO] [stderr]   Downloaded wasm-bindgen-test-macro v0.3.72
[INFO] [stderr]   Downloaded wasm-bindgen-test-shared v0.2.122
[INFO] [stderr]   Downloaded anymap3 v1.0.1
[INFO] [stderr]   Downloaded cc v1.2.46
[INFO] [stderr]   Downloaded dyn-hash v0.2.2
[INFO] [stderr]   Downloaded liquid v0.26.8
[INFO] [stderr]   Downloaded scan_fmt v0.2.6
[INFO] [stderr]   Downloaded kstring v2.0.2
[INFO] [stderr]   Downloaded anymap2 v0.13.0
[INFO] [stderr]   Downloaded redox_syscall v0.7.0
[INFO] [stderr]   Downloaded tract-onnx-opl v0.21.10
[INFO] [stderr]   Downloaded string-interner v0.15.0
[INFO] [stderr]   Downloaded tract-data v0.21.10
[INFO] [stderr]   Downloaded tract-hir v0.21.10
[INFO] [stderr]   Downloaded dary_heap v0.3.8
[INFO] [stderr]   Downloaded liquid-derive v0.26.8
[INFO] [stderr]   Downloaded liquid-core v0.26.8
[INFO] [stderr]   Downloaded liquid-lib v0.26.8
[INFO] [stderr]   Downloaded tract-onnx v0.21.10
[INFO] [stderr]   Downloaded tract-nnef v0.21.10
[INFO] [stderr]   Downloaded tract-core v0.21.10
[INFO] [stderr]   Downloaded tract-linalg v0.21.10
[INFO] [stderr]   Downloaded pyo3-build-config v0.27.2
[INFO] [stderr]   Downloaded pyo3-macros v0.27.2
[INFO] [stderr]   Downloaded pyo3-macros-backend v0.27.2
[INFO] [stderr]   Downloaded pyo3-ffi v0.27.2
[INFO] [stderr]   Downloaded zune-jpeg v0.5.12
[INFO] [stderr]   Downloaded numpy v0.27.1
[INFO] [stderr]   Downloaded moxcms v0.7.11
[INFO] [stderr]   Downloaded image v0.25.9
[INFO] [stderr]   Downloaded clap v4.5.52
[INFO] [stderr]   Downloaded clap_builder v4.5.52
[INFO] [stderr]   Downloaded cbindgen v0.26.0
[INFO] [stderr]   Downloaded pyo3 v0.27.2
[INFO] [stderr]   Downloaded pxfm v0.1.27
[INFO] [stderr]   Downloaded clap_lex v0.2.4
[INFO] [stderr]   Downloaded os_str_bytes v6.6.1
[INFO] [stderr]   Downloaded blake3 v1.8.3
[INFO] [stderr]   Downloaded clap v3.2.25
[INFO] running `Command { std: "docker" "create" "-v" "/var/lib/crater-agent-workspace/builds/worker-0-tc1/source:/opt/rustwide/workdir:ro,Z" "-v" "/var/lib/crater-agent-workspace/builds/worker-0-tc1/target:/opt/rustwide/target:rw,Z" "-v" "/var/lib/crater-agent-workspace/cargo-home:/opt/rustwide/cargo-home:ro,Z" "-v" "/var/lib/crater-agent-workspace/rustup-home:/opt/rustwide/rustup-home:ro,Z" "-m" "1610612736" "--network" "none" "ghcr.io/rust-lang/crates-build-env/linux@sha256:77db811e55d90add9212f6832c23229e3de5f1c1f9905e8cb07319ea15df73ac" "sleep" "infinity", kill_on_drop: false }`
[INFO] [stdout] 524bcad34af4a41335745b205f802ae6db0fe7aed72405e8bf551fa476cdf3ad
[INFO] running `Command { std: "docker" "start" "524bcad34af4a41335745b205f802ae6db0fe7aed72405e8bf551fa476cdf3ad", kill_on_drop: false }`
[INFO] running `Command { std: "docker" "inspect" "524bcad34af4a41335745b205f802ae6db0fe7aed72405e8bf551fa476cdf3ad", kill_on_drop: false }`
[INFO] running `Command { std: "docker" "exec" "-e" "SOURCE_DIR=/opt/rustwide/workdir" "-e" "CARGO_HOME=/opt/rustwide/cargo-home" "-e" "RUSTUP_HOME=/opt/rustwide/rustup-home" "-e" "CARGO_TARGET_DIR=/opt/rustwide/target" "-w" "/opt/rustwide/workdir" "--user" "0:0" "524bcad34af4a41335745b205f802ae6db0fe7aed72405e8bf551fa476cdf3ad" "/opt/rustwide/cargo-home/bin/cargo" "+1.99.0-beta.8" "metadata" "--no-deps" "--format-version=1", kill_on_drop: false }`
[INFO] running `Command { std: "docker" "inspect" "524bcad34af4a41335745b205f802ae6db0fe7aed72405e8bf551fa476cdf3ad", kill_on_drop: false }`
[INFO] running `Command { std: "docker" "exec" "-e" "SOURCE_DIR=/opt/rustwide/workdir" "-e" "CARGO_HOME=/opt/rustwide/cargo-home" "-e" "RUSTUP_HOME=/opt/rustwide/rustup-home" "-e" "CARGO_TARGET_DIR=/opt/rustwide/target" "-e" "CARGO_INCREMENTAL=0" "-e" "RUST_BACKTRACE=full" "-e" "RUSTFLAGS=--cap-lints=warn" "-e" "RUSTDOCFLAGS=--cap-lints=warn" "-w" "/opt/rustwide/workdir" "--user" "0:0" "524bcad34af4a41335745b205f802ae6db0fe7aed72405e8bf551fa476cdf3ad" "/opt/rustwide/cargo-home/bin/cargo" "+1.99.0-beta.8" "build" "--frozen" "--message-format=json" "--release", kill_on_drop: false }`
[INFO] [stderr]    Compiling proc-macro2 v1.0.103
[INFO] [stderr]    Compiling quote v1.0.42
[INFO] [stderr]    Compiling unicode-ident v1.0.22
[INFO] [stderr]    Compiling libc v0.2.177
[INFO] [stderr]    Compiling serde_core v1.0.228
[INFO] [stderr]    Compiling autocfg v1.5.0
[INFO] [stderr]    Compiling serde v1.0.228
[INFO] [stderr]    Compiling zerocopy v0.8.27
[INFO] [stderr]    Compiling cfg-if v1.0.4
[INFO] [stderr]    Compiling rustix v1.1.2
[INFO] [stderr]    Compiling getrandom v0.3.4
[INFO] [stderr]    Compiling serde_json v1.0.145
[INFO] [stderr]    Compiling syn v1.0.109
[INFO] [stderr]    Compiling linux-raw-sys v0.11.0
[INFO] [stderr]    Compiling bitflags v2.10.0
[INFO] [stderr]    Compiling hashbrown v0.12.3
[INFO] [stderr]    Compiling os_str_bytes v6.6.1
[INFO] [stderr]    Compiling termcolor v1.4.1
[INFO] [stderr]    Compiling itoa v1.0.15
[INFO] [stderr]    Compiling find-msvc-tools v0.1.5
[INFO] [stderr]    Compiling strsim v0.10.0
[INFO] [stderr]    Compiling ryu v1.0.20
[INFO] [stderr]    Compiling once_cell v1.21.3
[INFO] [stderr]    Compiling cbindgen v0.26.0
[INFO] [stderr]    Compiling memchr v2.7.6
[INFO] [stderr]    Compiling libm v0.2.16
[INFO] [stderr]    Compiling fastrand v2.3.0
[INFO] [stderr]    Compiling textwrap v0.16.2
[INFO] [stderr]    Compiling bitflags v1.3.2
[INFO] [stderr]    Compiling indexmap v1.9.3
[INFO] [stderr]    Compiling num-traits v0.2.19
[INFO] [stderr]    Compiling clap_lex v0.2.4
[INFO] [stderr]    Compiling cc v1.2.46
[INFO] [stderr]    Compiling log v0.4.28
[INFO] [stderr]    Compiling heck v0.4.1
[INFO] [stderr]    Compiling thiserror v1.0.69
[INFO] [stderr]    Compiling arrayvec v0.7.6
[INFO] [stderr]    Compiling syn v2.0.110
[INFO] [stderr]    Compiling arrayref v0.3.9
[INFO] [stderr]    Compiling cpufeatures v0.2.17
[INFO] [stderr]    Compiling constant_time_eq v0.4.2
[INFO] [stderr]    Compiling data-encoding v2.10.0
[INFO] [stderr]    Compiling getrandom v0.2.17
[INFO] [stderr]    Compiling blake3 v1.8.3
[INFO] [stderr]    Compiling rand_core v0.6.4
[INFO] [stderr]    Compiling atty v0.2.14
[INFO] [stderr]    Compiling clap v3.2.25
[INFO] [stderr]    Compiling tempfile v3.23.0
[INFO] [stderr]    Compiling zerocopy-derive v0.8.27
[INFO] [stderr]    Compiling serde_derive v1.0.228
[INFO] [stderr]    Compiling thiserror-impl v1.0.69
[INFO] [stderr]    Compiling toml v0.5.11
[INFO] [stderr]    Compiling ppv-lite86 v0.2.21
[INFO] [stderr]    Compiling half v2.7.1
[INFO] [stderr]    Compiling rand_chacha v0.3.1
[INFO] [stderr]    Compiling rand v0.8.5
[INFO] [stderr]    Compiling rand_distr v0.4.3
[INFO] [stderr]    Compiling elid v0.4.51 (/opt/rustwide/workdir)
[INFO] [stderr]     Finished `release` profile [optimized] target(s) in 32.77s
[INFO] running `Command { std: "docker" "inspect" "524bcad34af4a41335745b205f802ae6db0fe7aed72405e8bf551fa476cdf3ad", kill_on_drop: false }`
[INFO] running `Command { std: "docker" "exec" "-e" "SOURCE_DIR=/opt/rustwide/workdir" "-e" "CARGO_HOME=/opt/rustwide/cargo-home" "-e" "RUSTUP_HOME=/opt/rustwide/rustup-home" "-e" "CARGO_TARGET_DIR=/opt/rustwide/target" "-e" "CARGO_INCREMENTAL=0" "-e" "RUST_BACKTRACE=full" "-e" "RUSTFLAGS=--cap-lints=warn" "-e" "RUSTDOCFLAGS=--cap-lints=warn" "-w" "/opt/rustwide/workdir" "--user" "0:0" "524bcad34af4a41335745b205f802ae6db0fe7aed72405e8bf551fa476cdf3ad" "/opt/rustwide/cargo-home/bin/cargo" "+1.99.0-beta.8" "test" "--frozen" "--no-run" "--message-format=json" "--release", kill_on_drop: false }`
[INFO] [stderr]    Compiling wasm-bindgen-shared v0.2.122
[INFO] [stderr]    Compiling libc v0.2.177
[INFO] [stderr]    Compiling serde_core v1.0.228
[INFO] [stderr]    Compiling rustversion v1.0.22
[INFO] [stderr]    Compiling crossbeam-utils v0.8.21
[INFO] [stderr]    Compiling serde v1.0.228
[INFO] [stderr]    Compiling num-traits v0.2.19
[INFO] [stderr]    Compiling syn v2.0.110
[INFO] [stderr]    Compiling bumpalo v3.19.0
[INFO] [stderr]    Compiling serde_json v1.0.145
[INFO] [stderr]    Compiling unicode-ident v1.0.22
[INFO] [stderr]    Compiling itoa v1.0.15
[INFO] [stderr]    Compiling slab v0.4.12
[INFO] [stderr]    Compiling futures-core v0.3.32
[INFO] [stderr]    Compiling ryu v1.0.20
[INFO] [stderr]    Compiling memchr v2.7.6
[INFO] [stderr]    Compiling pin-project-lite v0.2.17
[INFO] [stderr]    Compiling either v1.15.0
[INFO] [stderr]    Compiling futures-task v0.3.32
[INFO] [stderr]    Compiling rayon-core v1.13.0
[INFO] [stderr]    Compiling cast v0.3.0
[INFO] [stderr]    Compiling plotters-backend v0.3.7
[INFO] [stderr]    Compiling ciborium-io v0.2.2
[INFO] [stderr]    Compiling anstyle v1.0.13
[INFO] [stderr]    Compiling futures-util v0.3.32
[INFO] [stderr]    Compiling regex-syntax v0.8.8
[INFO] [stderr]    Compiling clap_lex v0.7.6
[INFO] [stderr]    Compiling oorandom v11.1.5
[INFO] [stderr]    Compiling same-file v1.0.6
[INFO] [stderr]    Compiling itertools v0.10.5
[INFO] [stderr]    Compiling nu-ansi-term v0.50.3
[INFO] [stderr]    Compiling plotters-svg v0.3.7
[INFO] [stderr]    Compiling walkdir v2.5.0
[INFO] [stderr]    Compiling anes v0.1.6
[INFO] [stderr]    Compiling wasm-bindgen v0.2.122
[INFO] [stderr]    Compiling clap_builder v4.5.52
[INFO] [stderr]    Compiling wasm-bindgen-test-shared v0.2.122
[INFO] [stderr]    Compiling plotters v0.3.7
[INFO] [stderr]    Compiling crossbeam-epoch v0.9.18
[INFO] [stderr]    Compiling getrandom v0.2.17
[INFO] [stderr]    Compiling is-terminal v0.4.17
[INFO] [stderr]    Compiling crossbeam-deque v0.8.6
[INFO] [stderr]    Compiling rand_core v0.6.4
[INFO] [stderr]    Compiling criterion-plot v0.5.0
[INFO] [stderr]    Compiling regex-automata v0.4.13
[INFO] [stderr]    Compiling rayon v1.11.0
[INFO] [stderr]    Compiling clap v4.5.52
[INFO] [stderr]    Compiling wasm-bindgen-macro-support v0.2.122
[INFO] [stderr]    Compiling serde_derive v1.0.228
[INFO] [stderr]    Compiling zerocopy-derive v0.8.27
[INFO] [stderr]    Compiling thiserror-impl v1.0.69
[INFO] [stderr]    Compiling async-trait v0.1.89
[INFO] [stderr]    Compiling wasm-bindgen-test-macro v0.3.72
[INFO] [stderr]    Compiling regex v1.12.2
[INFO] [stderr]    Compiling zerocopy v0.8.27
[INFO] [stderr]    Compiling thiserror v1.0.69
[INFO] [stderr]    Compiling wasm-bindgen-macro v0.2.122
[INFO] [stderr]    Compiling half v2.7.1
[INFO] [stderr]    Compiling ppv-lite86 v0.2.21
[INFO] [stderr]    Compiling toml v0.5.11
[INFO] [stderr]    Compiling tinytemplate v1.2.1
[INFO] [stderr]    Compiling rand_chacha v0.3.1
[INFO] [stderr]    Compiling ciborium-ll v0.2.2
[INFO] [stderr]    Compiling rand v0.8.5
[INFO] [stderr]    Compiling ciborium v0.2.2
[INFO] [stderr]    Compiling cbindgen v0.26.0
[INFO] [stderr]    Compiling criterion v0.5.1
[INFO] [stderr]    Compiling rand_distr v0.4.3
[INFO] [stderr]    Compiling js-sys v0.3.99
[INFO] [stderr]    Compiling elid v0.4.51 (/opt/rustwide/workdir)
[INFO] [stderr]    Compiling wasm-bindgen-futures v0.4.72
[INFO] [stderr]    Compiling wasm-bindgen-test v0.3.72
[INFO] [stderr]     Finished `release` profile [optimized] target(s) in 1m 09s
[INFO] running `Command { std: "docker" "inspect" "524bcad34af4a41335745b205f802ae6db0fe7aed72405e8bf551fa476cdf3ad", kill_on_drop: false }`
[INFO] running `Command { std: "docker" "exec" "-e" "SOURCE_DIR=/opt/rustwide/workdir" "-e" "CARGO_HOME=/opt/rustwide/cargo-home" "-e" "RUSTUP_HOME=/opt/rustwide/rustup-home" "-e" "CARGO_TARGET_DIR=/opt/rustwide/target" "-e" "CARGO_INCREMENTAL=0" "-e" "RUST_BACKTRACE=full" "-e" "RUSTFLAGS=--cap-lints=warn" "-e" "RUSTDOCFLAGS=--cap-lints=warn" "-w" "/opt/rustwide/workdir" "--user" "0:0" "524bcad34af4a41335745b205f802ae6db0fe7aed72405e8bf551fa476cdf3ad" "/opt/rustwide/cargo-home/bin/cargo" "+1.99.0-beta.8" "test" "--frozen" "--release", kill_on_drop: false }`
[INFO] [stderr]     Finished `release` profile [optimized] target(s) in 0.19s
[INFO] [stderr]      Running unittests src/lib.rs (/opt/rustwide/target/release/deps/elid-01a58db340f2e8fc)
[INFO] [stdout] 
[INFO] [stdout] running 184 tests
[INFO] [stdout] test embeddings::encoding::tests::test_invalid_encoding ... ok
[INFO] [stdout] test embeddings::encoding::tests::test_100_bit_length ... ok
[INFO] [stdout] test embeddings::encoding::tests::test_roundtrip ... ok
[INFO] [stdout] test embeddings::encoding::tests::test_sort_order_preservation ... ok
[INFO] [stdout] test embeddings::full_vector::tests::test_full32_roundtrip ... ok
[INFO] [stdout] test embeddings::full_vector::tests::test_bits_packing ... ok
[INFO] [stdout] test embeddings::encoding::tests::test_128_bit_length ... ok
[INFO] [stdout] test embeddings::encoding::tests::test_no_padding ... ok
[INFO] [stdout] test embeddings::encoding::tests::test_lowercase_alphabet ... ok
[INFO] [stdout] test embeddings::full_vector::tests::test_bits_roundtrip_4bit ... ok
[INFO] [stdout] test embeddings::full_vector::tests::test_full_vector_half16_roundtrip ... ok
[INFO] [stdout] test embeddings::full_vector::tests::test_profile_compressed ... ok
[INFO] [stdout] test embeddings::full_vector::tests::test_full_vector_lossless_roundtrip ... ok
[INFO] [stdout] test embeddings::full_vector::tests::test_half16_roundtrip ... ok
[INFO] [stdout] test embeddings::full_vector::tests::test_quant8_roundtrip ... ok
[INFO] [stdout] test embeddings::full_vector::tests::test_quantize_constant_values ... ok
[INFO] [stdout] test embeddings::full_vector::tests::test_quantize_roundtrip_8bit ... ok
[INFO] [stdout] test embeddings::hilbert::tests::test_encode_exceeds_128_bits - should panic ... ok
[INFO] [stdout] test embeddings::hilbert::tests::test_encoding_deterministic ... ok
[INFO] [stdout] test embeddings::full_vector::tests::test_profile_cross_dimensional ... ok
[INFO] [stdout] test embeddings::hilbert::tests::test_hilbert_encode_10d ... ok
[INFO] [stdout] test embeddings::hilbert::tests::test_hilbert_vs_morton_locality_2d ... ok
[INFO] [stdout] test embeddings::full_vector::tests::test_profile_lossless ... ok
[INFO] [stdout] test embeddings::hilbert::tests::test_hilbert_encode_2d_zeros ... ok
[INFO] [stdout] test embeddings::full_vector::tests::test_profile_max_length ... ok
[INFO] [stdout] test embeddings::full_vector::tests::test_full_vector_dimension_reduction ... ok
[INFO] [stdout] test embeddings::full_vector::tests::test_quantize_empty ... ok
[INFO] [stdout] test embeddings::morton::tests::test_2d_comprehensive ... ok
[INFO] [stdout] test embeddings::hilbert::tests::test_roundtrip_10d ... ok
[INFO] [stdout] test embeddings::hilbert::tests::test_single_dimension ... ok
[INFO] [stdout] test embeddings::morton::tests::test_bit_pattern_correctness ... ok
[INFO] [stdout] test embeddings::morton::tests::test_encode_exceeds_128_bits - should panic ... ok
[INFO] [stdout] test embeddings::full_vector::tests::test_projection_different_seeds ... ok
[INFO] [stdout] test embeddings::morton::tests::test_encoding_deterministic ... ok
[INFO] [stdout] test embeddings::morton::tests::test_known_value_2d_simple ... ok
[INFO] [stdout] test embeddings::hilbert::tests::test_decode_exceeds_128_bits - should panic ... ok
[INFO] [stdout] test embeddings::hilbert::tests::test_roundtrip_2d ... ok
[INFO] [stdout] test embeddings::hilbert::tests::test_various_dimensions ... ok
[INFO] [stdout] test embeddings::morton::tests::test_decode_exceeds_128_bits - should panic ... ok
[INFO] [stdout] test embeddings::morton::tests::test_locality_far_apart ... ok
[INFO] [stdout] test embeddings::hilbert::tests::test_roundtrip_3d ... ok
[INFO] [stdout] test embeddings::hilbert::tests::test_roundtrip_all_max ... ok
[INFO] [stdout] test embeddings::morton::tests::test_known_value_3d ... ok
[INFO] [stdout] test embeddings::full_vector::tests::test_projection_preserves_similarity ... ok
[INFO] [stdout] test embeddings::morton::tests::test_morton_decode_2d_simple ... ok
[INFO] [stdout] test embeddings::morton::tests::test_morton_encode_3d ... ok
[INFO] [stdout] test embeddings::morton::tests::test_one_bit_per_dimension ... ok
[INFO] [stdout] test embeddings::morton::tests::test_morton_encode_10d ... ok
[INFO] [stdout] test embeddings::morton::tests::test_morton_encode_2d_max_values ... ok
[INFO] [stdout] test embeddings::morton::tests::test_morton_encode_2d_simple ... ok
[INFO] [stdout] test embeddings::morton::tests::test_locality_adjacent_x ... ok
[INFO] [stdout] test embeddings::morton::tests::test_locality_adjacent_y ... ok
[INFO] [stdout] test embeddings::morton::tests::test_locality_diagonal ... ok
[INFO] [stdout] test embeddings::morton::tests::test_morton_decode_2d_zeros ... ok
[INFO] [stdout] test embeddings::full_vector::tests::test_projection_deterministic ... ok
[INFO] [stdout] test embeddings::morton::tests::test_morton_decode_3d ... ok
[INFO] [stdout] test embeddings::morton::tests::test_morton_encode_2d_zeros ... ok
[INFO] [stdout] test embeddings::full_vector::tests::test_full_vector_common_space ... ok
[INFO] [stdout] test embeddings::morton::tests::test_roundtrip_10d ... ok
[INFO] [stdout] test embeddings::hilbert::tests::test_hilbert_vs_morton_locality_10d ... ok
[INFO] [stdout] test embeddings::morton::tests::test_roundtrip_all_zeros ... ok
[INFO] [stdout] test embeddings::morton::tests::test_roundtrip_all_max ... ok
[INFO] [stdout] test embeddings::morton::tests::test_various_dimensions ... ok
[INFO] [stdout] test embeddings::hilbert::tests::test_roundtrip_all_zeros ... ok
[INFO] [stdout] test embeddings::tests::test_decode_to_embedding_unsupported ... ok
[INFO] [stdout] test embeddings::tests::test_encode_morton ... ok
[INFO] [stdout] test embeddings::tests::test_encode_validates_dimensions ... ok
[INFO] [stdout] test embeddings::tests::test_encode_basic ... ok
[INFO] [stdout] test embeddings::morton::tests::test_roundtrip_2d ... ok
[INFO] [stdout] test embeddings::morton::tests::test_roundtrip_3d ... ok
[INFO] [stdout] test embeddings::morton::tests::test_roundtrip_max_dimensions ... ok
[INFO] [stdout] test embeddings::tests::test_encode_deterministic ... ok
[INFO] [stdout] test embeddings::types::quantized_coords_tests::test_quantized_coords_min_value ... ok
[INFO] [stdout] test embeddings::types::quantized_coords_tests::test_quantized_coords_too_many_bits ... ok
[INFO] [stdout] test embeddings::types::quantized_coords_tests::test_quantized_coords_too_many_dims ... ok
[INFO] [stdout] test embeddings::tests::test_is_reversible_full_vector ... ok
[INFO] [stdout] test embeddings::tests::test_is_reversible_mini128 ... ok
[INFO] [stdout] test embeddings::tests::test_profile_max_length_constraint ... ok
[INFO] [stdout] test embeddings::morton::tests::test_single_dimension ... ok
[INFO] [stdout] test embeddings::types::quantized_coords_tests::test_quantized_coords_zero_dims ... ok
[INFO] [stdout] test embeddings::types::tests::test_elid_invalid_chars ... ok
[INFO] [stdout] test embeddings::types::tests::test_embedding_from_f64 ... ok
[INFO] [stdout] test embeddings::types::tests::test_elid_ordering ... ok
[INFO] [stdout] test embeddings::types::tests::test_elid_valid_string ... ok
[INFO] [stdout] test embeddings::tests::test_encode_full_vector_half16 ... ok
[INFO] [stdout] test embeddings::tests::test_encode_full_vector_quant8 ... ok
[INFO] [stdout] test embeddings::tests::test_encode_full_vector_lossless ... ok
[INFO] [stdout] test embeddings::types::tests::test_embedding_too_small ... ok
[INFO] [stdout] test embeddings::tests::test_encode_hilbert ... ok
[INFO] [stdout] test embeddings::tests::test_hamming_distance_identical_elids ... ok
[INFO] [stdout] test embeddings::types::tests::test_embedding_valid ... ok
[INFO] [stdout] test embeddings::tests::test_decode_roundtrip ... ok
[INFO] [stdout] test embeddings::types::tests::test_embedding_too_large ... ok
[INFO] [stdout] test embeddings::tests::test_encode_full_vector_dimension_reduction ... ok
[INFO] [stdout] test embeddings::types::tests::test_embedding_normalize ... ok
[INFO] [stdout] test embeddings::types::tests::test_embedding_normalize_zero ... ok
[INFO] [stdout] test embeddings::types::tests::test_embedding_nan ... ok
[INFO] [stdout] test embeddings::tests::test_encode_full_vector_cross_dimensional ... ok
[INFO] [stdout] test embeddings::types::tests::test_profile_default ... ok
[INFO] [stdout] test embeddings::types::quantized_coords_tests::test_quantized_coords_max_value ... ok
[INFO] [stdout] test embeddings::types::quantized_coords_tests::test_quantized_coords_zero_bits ... ok
[INFO] [stdout] test embeddings::types::tests::test_profile_info_basic_header ... ok
[INFO] [stdout] test embeddings::types::quantized_coords_tests::test_quantized_coords_basic ... ok
[INFO] [stdout] test embeddings::types::tests::test_profile_info_full_vector_short_header ... ok
[INFO] [stdout] test embeddings::types::tests::test_profile_info_full_vector_roundtrip ... ok
[INFO] [stdout] test embeddings::types::tests::test_profile_info_extended_header ... ok
[INFO] [stdout] test embeddings::types::tests::test_profile_bit_length ... ok
[INFO] [stdout] test embeddings::types::tests::test_embedding_inf ... ok
[INFO] [stdout] test embeddings::types::tests::test_profile_info_to_header ... ok
[INFO] [stdout] test embeddings::types::tests::test_profile_info_invalid_header ... ok
[INFO] [stdout] test embeddings::tests::test_profile_compressed_retention ... ok
[INFO] [stdout] test embeddings::types::tests::test_profile_info_roundtrip ... ok
[INFO] [stdout] test embeddings::vector_simhash::tests::test_derive_bit_seed_deterministic ... ok
[INFO] [stdout] test embeddings::vector_simhash::tests::test_cosine_similarity_approx_symmetry ... ok
[INFO] [stdout] test embeddings::vector_simhash::tests::test_derive_bit_seed_different_base ... ok
[INFO] [stdout] test embeddings::vector_simhash::tests::test_derive_bit_seed_different_bits ... ok
[INFO] [stdout] test embeddings::vector_simhash::tests::test_cosine_similarity_approx_identical ... ok
[INFO] [stdout] test embeddings::vector_simhash::tests::test_bands_different_embeddings_differ ... ok
[INFO] [stdout] test embeddings::vector_simhash::tests::test_bands_all_lowercase_base32hex ... ok
[INFO] [stdout] test embeddings::vector_simhash::tests::test_cosine_similarity_approx_opposite ... ok
[INFO] [stdout] test embeddings::vector_simhash::tests::test_band_content_matches_hash_segments ... ok
[INFO] [stdout] test embeddings::types::tests::test_profile_string_length ... ok
[INFO] [stdout] test embeddings::vector_simhash::tests::test_hamming_distance_identical ... ok
[INFO] [stdout] test embeddings::vector_simhash::tests::test_band_sizes ... ok
[INFO] [stdout] test embeddings::vector_simhash::tests::test_derive_bit_seed_coverage ... ok
[INFO] [stdout] test embeddings::vector_simhash::tests::test_hamming_distance_symmetric ... ok
[INFO] [stdout] test embeddings::vector_simhash::tests::test_invalid_num_bands ... ok
[INFO] [stdout] test embeddings::vector_simhash::tests::test_embedding_to_bands_invalid ... ok
[INFO] [stdout] test embeddings::vector_simhash::tests::test_hamming_distance_all_bits ... ok
[INFO] [stdout] test embeddings::vector_simhash::tests::test_simhash_128_all_zeros ... ok
[INFO] [stdout] test embeddings::vector_simhash::tests::test_simhash_128_different_embeddings ... ok
[INFO] [stdout] test embeddings::types::tests::test_profile_type_id ... ok
[INFO] [stdout] test embeddings::vector_simhash::tests::test_hamming_distance_known_pattern ... ok
[INFO] [stdout] test embeddings::vector_simhash::tests::test_hamming_distance_one_bit ... ok
[INFO] [stdout] test embeddings::vector_simhash::tests::test_simhash_128_sign_extraction ... ok
[INFO] [stdout] test embeddings::vector_simhash::tests::test_simhash_bytes_roundtrip ... ok
[INFO] [stdout] test embeddings::vector_simhash::tests::test_simhash_128_deterministic ... ok
[INFO] [stdout] test embeddings::vector_simhash::tests::test_bands_deterministic ... ok
[INFO] [stdout] test embeddings::vector_simhash::tests::test_simhash_from_bytes_valid ... ok
[INFO] [stdout] test embeddings::vector_simhash::tests::test_simhash_to_bytes_basic ... ok
[INFO] [stdout] test embeddings::vector_simhash::tests::test_simhash_128_different_seeds ... ok
[INFO] [stdout] test embeddings::vector_simhash::tests::test_simhash_reference_output ... ok
[INFO] [stdout] test strings::hamming::tests::test_hamming_different_length ... ok
[INFO] [stdout] test strings::hamming::tests::test_hamming_empty ... ok
[INFO] [stdout] test strings::hamming::tests::test_hamming_identical ... ok
[INFO] [stdout] test strings::common::tests::test_preprocess_trim ... ok
[INFO] [stdout] test strings::hamming::tests::test_hamming_unicode ... ok
[INFO] [stdout] test embeddings::vector_simhash::tests::test_simhash_128_locality_preservation ... ok
[INFO] [stdout] test strings::common::tests::test_preprocess_both ... ok
[INFO] [stdout] test embeddings::vector_simhash::tests::test_simhash_from_bytes_invalid_length ... ok
[INFO] [stdout] test strings::jaro_winkler::tests::test_jaro_winkler_identical ... ok
[INFO] [stdout] test strings::common::tests::test_preprocess_case_insensitive ... ok
[INFO] [stdout] test strings::hamming::tests::test_hamming_classic ... ok
[INFO] [stdout] test embeddings::vector_simhash::tests::test_similar_embeddings_share_band ... ok
[INFO] [stdout] test strings::hamming::tests::test_normalized_hamming ... ok
[INFO] [stdout] test strings::jaro_winkler::tests::test_jaro_classic ... ok
[INFO] [stdout] test strings::jaro_winkler::tests::test_jaro_no_matches ... ok
[INFO] [stdout] test strings::jaro_winkler::tests::test_jaro_empty ... ok
[INFO] [stdout] test strings::jaro_winkler::tests::test_jaro_identical ... ok
[INFO] [stdout] test strings::jaro_winkler::tests::test_jaro_winkler_with_custom_prefix ... ok
[INFO] [stdout] test strings::levenshtein::tests::test_levenshtein_unicode ... ok
[INFO] [stdout] test strings::osa::tests::test_normalized_osa ... ok
[INFO] [stdout] test strings::levenshtein::tests::test_normalized_levenshtein ... ok
[INFO] [stdout] test strings::jaro_winkler::tests::test_jaro_winkler_prefix_bonus ... ok
[INFO] [stdout] test strings::levenshtein::tests::test_levenshtein_identical ... ok
[INFO] [stdout] test strings::osa::tests::test_osa_empty ... ok
[INFO] [stdout] test strings::osa::tests::test_osa_identical ... ok
[INFO] [stdout] test strings::osa::tests::test_osa_vs_levenshtein ... ok
[INFO] [stdout] test strings::text_simhash::tests::test_simhash_similar ... ok
[INFO] [stdout] test strings::levenshtein::tests::test_levenshtein_classic ... ok
[INFO] [stdout] test strings::text_simhash::tests::test_simhash_similarity ... ok
[INFO] [stdout] test strings::text_simhash::tests::test_simhash_identical ... ok
[INFO] [stdout] test strings::text_simhash::tests::test_simhash_distance ... ok
[INFO] [stdout] test strings::osa::tests::test_osa_transposition ... ok
[INFO] [stdout] test strings::text_simhash::tests::test_case_insensitive ... ok
[INFO] [stdout] test strings::text_simhash::tests::test_empty_string ... ok
[INFO] [stdout] test strings::text_simhash::tests::test_find_similar_hashes ... ok
[INFO] [stdout] test strings::levenshtein::tests::test_levenshtein_empty ... ok
[INFO] [stdout] test tests::test_best_match ... ok
[INFO] [stdout] test strings::levenshtein::tests::test_levenshtein_with_opts ... ok
[INFO] [stdout] test tests::test_find_best_match ... ok
[INFO] [stdout] test embeddings::vector_simhash::tests::test_simhash_128_various_dimensions ... ok
[INFO] [stdout] test tests::test_find_matches_above_threshold ... ok
[INFO] [stderr]      Running tests/integration_tests.rs (/opt/rustwide/target/release/deps/integration_tests-83a7b7959ea3b3de)
[INFO] [stdout] test strings::text_simhash::tests::test_feature_extraction ... ok
[INFO] [stdout] 
[INFO] [stdout] test result: ok. 184 passed; 0 failed; 0 ignored; 0 measured; 0 filtered out; finished in 0.07s
[INFO] [stdout] 
[INFO] [stdout] 
[INFO] [stdout] running 18 tests
[INFO] [stdout] test test_all_algorithms_on_identical_strings ... ok
[INFO] [stdout] test test_jaro_comprehensive ... ok
[INFO] [stdout] test test_best_match_function ... ok
[INFO] [stdout] test test_osa_transposition_handling ... ok
[INFO] [stdout] test test_performance_on_long_strings ... ok
[INFO] [stdout] test test_similarity_opts_case_insensitive ... ok
[INFO] [stdout] test test_similarity_opts_trim_whitespace ... ok
[INFO] [stdout] test test_all_algorithms_on_empty_strings ... ok
[INFO] [stdout] test test_normalized_levenshtein_range ... ok
[INFO] [stdout] test test_find_best_match_in_candidates ... ok
[INFO] [stdout] test test_unicode_support ... ok
[INFO] [stdout] test test_find_matches_above_threshold ... ok
[INFO] [stdout] test test_hamming_distance ... ok
[INFO] [stdout] test test_similarity_opts_combined ... ok
[INFO] [stdout] test test_real_world_scenarios ... ok
[INFO] [stderr]      Running tests/model_tests.rs (/opt/rustwide/target/release/deps/model_tests-bdcfebbf50829eb0)
[INFO] [stdout] test test_jaro_winkler_prefix_advantage ... ok
[INFO] [stdout] test test_levenshtein_comprehensive ... ok
[INFO] [stdout] test test_symmetry ... ok
[INFO] [stdout] 
[INFO] [stdout] test result: ok. 18 passed; 0 failed; 0 ignored; 0 measured; 0 filtered out; finished in 0.01s
[INFO] [stdout] 
[INFO] [stdout] 
[INFO] [stdout] running 0 tests
[INFO] [stdout] 
[INFO] [stdout] test result: ok. 0 passed; 0 failed; 0 ignored; 0 measured; 0 filtered out; finished in 0.00s
[INFO] [stdout] 
[INFO] [stderr]    Doc-tests elid
[INFO] [stdout] 
[INFO] [stdout] running 36 tests
[INFO] [stdout] test src/embeddings/encoding.rs - embeddings::encoding::decode_sortable (line 79) ... ignored
[INFO] [stdout] test src/embeddings/encoding.rs - embeddings::encoding::encode_sortable (line 53) ... ignored
[INFO] [stdout] test src/embeddings/mod.rs - embeddings::decode_to_embedding (line 216) ... ignored
[INFO] [stdout] test src/embeddings/mod.rs - embeddings::encode (line 63) ... ignored
[INFO] [stdout] test src/embeddings/mod.rs - embeddings::is_reversible (line 258) ... ignored
[INFO] [stdout] test src/embeddings/types.rs - embeddings::types::Elid (line 149) ... ignored
[INFO] [stdout] test src/embeddings/types.rs - embeddings::types::Embedding (line 829) ... ignored
[INFO] [stdout] test src/embeddings/types.rs - embeddings::types::QuantizedCoords (line 937) ... ignored
[INFO] [stdout] test src/embeddings/types.rs - embeddings::types::QuantizedCoords::from_embedding (line 979) ... ignored
[INFO] [stdout] test src/lib.rs - (line 41) ... ignored
[INFO] [stdout] test src/embeddings/morton.rs - embeddings::morton::morton_decode (line 153) ... FAILED
[INFO] [stdout] test src/lib.rs - find_matches_above_threshold (line 153) ... FAILED
[INFO] [stdout] test src/lib.rs - (line 59) ... FAILED
[INFO] [stdout] test src/embeddings/vector_simhash.rs - embeddings::vector_simhash::embedding_to_bands (line 376) ... FAILED
[INFO] [stdout] test src/embeddings/morton.rs - embeddings::morton::morton_encode (line 81) ... FAILED
[INFO] [stdout] test src/strings/jaro_winkler.rs - strings::jaro_winkler::jaro (line 14) ... FAILED
[INFO] [stdout] test src/embeddings/morton.rs - embeddings::morton (line 28) ... FAILED
[INFO] [stdout] test src/embeddings/hilbert.rs - embeddings::hilbert::hilbert_encode (line 77) ... FAILED
[INFO] [stdout] test src/strings/hamming.rs - strings::hamming::normalized_hamming (line 50) ... FAILED
[INFO] [stdout] test src/lib.rs - find_best_match (line 131) ... FAILED
[INFO] [stdout] test src/embeddings/vector_simhash.rs - embeddings::vector_simhash::mini128_to_bands (line 306) ... FAILED
[INFO] [stdout] test src/lib.rs - best_match (line 113) ... FAILED
[INFO] [stdout] test src/strings/hamming.rs - strings::hamming::hamming (line 13) ... FAILED
[INFO] [stdout] test src/strings/jaro_winkler.rs - strings::jaro_winkler::jaro_winkler (line 99) ... FAILED
[INFO] [stdout] test src/embeddings/hilbert.rs - embeddings::hilbert (line 20) ... FAILED
[INFO] [stdout] test src/embeddings/hilbert.rs - embeddings::hilbert::hilbert_decode (line 165) ... FAILED
[INFO] [stdout] test src/strings/levenshtein.rs - strings::levenshtein::normalized_levenshtein (line 79) ... FAILED
[INFO] [stdout] test src/strings/levenshtein.rs - strings::levenshtein::levenshtein (line 16) ... ok
[INFO] [stdout] test src/strings/levenshtein.rs - strings::levenshtein::levenshtein_with_opts (line 107) ... ok
[INFO] [stdout] test src/strings/text_simhash.rs - strings::text_simhash::find_similar_hashes (line 127) ... ok
[INFO] [stdout] test src/strings/text_simhash.rs - strings::text_simhash::simhash_similarity (line 102) ... ok
[INFO] [stdout] test src/strings/osa.rs - strings::osa::osa_distance (line 13) ... ok
[INFO] [stdout] test src/strings/text_simhash.rs - strings::text_simhash::simhash_distance (line 82) ... ok
[INFO] [stdout] test src/strings/jaro_winkler.rs - strings::jaro_winkler::jaro_winkler_with_prefix (line 121) ... ok
[INFO] [stdout] test src/strings/osa.rs - strings::osa::normalized_osa (line 94) ... ok
[INFO] [stdout] test src/strings/text_simhash.rs - strings::text_simhash::simhash (line 15) ... ok
[INFO] [stderr] error: doctest failed, to rerun pass `--doc`
[INFO] [stdout] 
[INFO] [stdout] failures:
[INFO] [stdout] 
[INFO] [stdout] ---- src/embeddings/morton.rs - embeddings::morton::morton_decode (line 153) stdout ----
[INFO] [stdout] Couldn't compile the test.
[INFO] [stdout] ---- src/lib.rs - find_matches_above_threshold (line 153) stdout ----
[INFO] [stdout] Couldn't compile the test.
[INFO] [stdout] ---- src/lib.rs - (line 59) stdout ----
[INFO] [stdout] Couldn't compile the test.
[INFO] [stdout] ---- src/embeddings/vector_simhash.rs - embeddings::vector_simhash::embedding_to_bands (line 376) stdout ----
[INFO] [stdout] Couldn't compile the test.
[INFO] [stdout] ---- src/embeddings/morton.rs - embeddings::morton::morton_encode (line 81) stdout ----
[INFO] [stdout] Couldn't compile the test.
[INFO] [stdout] ---- src/strings/jaro_winkler.rs - strings::jaro_winkler::jaro (line 14) stdout ----
[INFO] [stdout] Couldn't compile the test.
[INFO] [stdout] ---- src/embeddings/morton.rs - embeddings::morton (line 28) stdout ----
[INFO] [stdout] Couldn't compile the test.
[INFO] [stdout] ---- src/embeddings/hilbert.rs - embeddings::hilbert::hilbert_encode (line 77) stdout ----
[INFO] [stdout] Couldn't compile the test.
[INFO] [stdout] ---- src/strings/hamming.rs - strings::hamming::normalized_hamming (line 50) stdout ----
[INFO] [stdout] Couldn't compile the test.
[INFO] [stdout] ---- src/lib.rs - find_best_match (line 131) stdout ----
[INFO] [stdout] Couldn't compile the test.
[INFO] [stdout] ---- src/embeddings/vector_simhash.rs - embeddings::vector_simhash::mini128_to_bands (line 306) stdout ----
[INFO] [stdout] Couldn't compile the test.
[INFO] [stdout] ---- src/lib.rs - best_match (line 113) stdout ----
[INFO] [stdout] Couldn't compile the test.
[INFO] [stdout] ---- src/strings/hamming.rs - strings::hamming::hamming (line 13) stdout ----
[INFO] [stdout] Couldn't compile the test.
[INFO] [stdout] ---- src/strings/jaro_winkler.rs - strings::jaro_winkler::jaro_winkler (line 99) stdout ----
[INFO] [stdout] Couldn't compile the test.
[INFO] [stdout] ---- src/embeddings/hilbert.rs - embeddings::hilbert (line 20) stdout ----
[INFO] [stdout] Couldn't compile the test.
[INFO] [stdout] ---- src/embeddings/hilbert.rs - embeddings::hilbert::hilbert_decode (line 165) stdout ----
[INFO] [stdout] Couldn't compile the test.
[INFO] [stdout] ---- src/strings/levenshtein.rs - strings::levenshtein::normalized_levenshtein (line 79) stdout ----
[INFO] [stdout] Couldn't compile the test.
[INFO] [stdout] 
[INFO] [stdout] failures:
[INFO] [stdout]     src/embeddings/hilbert.rs - embeddings::hilbert (line 20)
[INFO] [stdout]     src/embeddings/hilbert.rs - embeddings::hilbert::hilbert_decode (line 165)
[INFO] [stdout]     src/embeddings/hilbert.rs - embeddings::hilbert::hilbert_encode (line 77)
[INFO] [stdout]     src/embeddings/morton.rs - embeddings::morton (line 28)
[INFO] [stdout]     src/embeddings/morton.rs - embeddings::morton::morton_decode (line 153)
[INFO] [stdout]     src/embeddings/morton.rs - embeddings::morton::morton_encode (line 81)
[INFO] [stdout]     src/embeddings/vector_simhash.rs - embeddings::vector_simhash::embedding_to_bands (line 376)
[INFO] [stdout]     src/embeddings/vector_simhash.rs - embeddings::vector_simhash::mini128_to_bands (line 306)
[INFO] [stdout]     src/lib.rs - (line 59)
[INFO] [stdout]     src/lib.rs - best_match (line 113)
[INFO] [stdout]     src/lib.rs - find_best_match (line 131)
[INFO] [stdout]     src/lib.rs - find_matches_above_threshold (line 153)
[INFO] [stdout]     src/strings/hamming.rs - strings::hamming::hamming (line 13)
[INFO] [stdout]     src/strings/hamming.rs - strings::hamming::normalized_hamming (line 50)
[INFO] [stdout]     src/strings/jaro_winkler.rs - strings::jaro_winkler::jaro (line 14)
[INFO] [stdout]     src/strings/jaro_winkler.rs - strings::jaro_winkler::jaro_winkler (line 99)
[INFO] [stdout]     src/strings/levenshtein.rs - strings::levenshtein::normalized_levenshtein (line 79)
[INFO] [stdout] 
[INFO] [stdout] test result: FAILED. 9 passed; 17 failed; 10 ignored; 0 measured; 0 filtered out; finished in 19.23s
[INFO] [stdout] 
[INFO] running `Command { std: "docker" "inspect" "524bcad34af4a41335745b205f802ae6db0fe7aed72405e8bf551fa476cdf3ad", kill_on_drop: false }`
[INFO] running `Command { std: "docker" "rm" "-f" "524bcad34af4a41335745b205f802ae6db0fe7aed72405e8bf551fa476cdf3ad", kill_on_drop: false }`
[INFO] [stdout] 524bcad34af4a41335745b205f802ae6db0fe7aed72405e8bf551fa476cdf3ad
