[INFO] fetching crate elenchus-cli 0.15.1...
[INFO] testing elenchus-cli-0.15.1 against 1.99.0-beta.8+cargoflags=--release for beta-release-1.100-2
[INFO] extracting crate elenchus-cli 0.15.1 into /workspace/builds/worker-3-tc1/source
[INFO] started tweaking crates.io crate elenchus-cli 0.15.1
[INFO] removed 0 missing tests
[INFO] finished tweaking crates.io crate elenchus-cli 0.15.1
[INFO] tweaked toml for crates.io crate elenchus-cli 0.15.1 written to /workspace/builds/worker-3-tc1/source/Cargo.toml
[INFO] validating manifest of crates.io crate elenchus-cli 0.15.1 on toolchain 1.99.0-beta.8
[INFO] running `Command { std: CARGO_HOME="/workspace/cargo-home" RUSTUP_HOME="/workspace/rustup-home" "/workspace/cargo-home/bin/cargo" "+1.99.0-beta.8" "metadata" "--manifest-path" "Cargo.toml" "--no-deps", kill_on_drop: false }`
[INFO] crate crates.io crate elenchus-cli 0.15.1 already has a lockfile, it will not be regenerated
[INFO] running `Command { std: CARGO_HOME="/workspace/cargo-home" RUSTUP_HOME="/workspace/rustup-home" "/workspace/cargo-home/bin/cargo" "+1.99.0-beta.8" "fetch" "--manifest-path" "Cargo.toml", kill_on_drop: false }`
[INFO] [stderr]     Updating crates.io index
[INFO] [stderr]  Downloading crates ...
[INFO] [stderr]   Downloaded elenchus-parser v0.15.1
[INFO] [stderr]   Downloaded elenchus-solver v0.15.1
[INFO] [stderr]   Downloaded nom_locate v5.0.0
[INFO] [stderr]   Downloaded elenchus-compiler v0.15.1
[INFO] running `Command { std: "docker" "create" "-v" "/var/lib/crater-agent-workspace/builds/worker-3-tc1/source:/opt/rustwide/workdir:ro,Z" "-v" "/var/lib/crater-agent-workspace/builds/worker-3-tc1/target:/opt/rustwide/target:rw,Z" "-v" "/var/lib/crater-agent-workspace/cargo-home:/opt/rustwide/cargo-home:ro,Z" "-v" "/var/lib/crater-agent-workspace/rustup-home:/opt/rustwide/rustup-home:ro,Z" "-m" "1610612736" "--network" "none" "ghcr.io/rust-lang/crates-build-env/linux@sha256:77db811e55d90add9212f6832c23229e3de5f1c1f9905e8cb07319ea15df73ac" "sleep" "infinity", kill_on_drop: false }`
[INFO] [stdout] 22732f6b46991563efcf35af76b5c4f780ad3c1aa6ef16d37670d1946d9d5602
[INFO] running `Command { std: "docker" "start" "22732f6b46991563efcf35af76b5c4f780ad3c1aa6ef16d37670d1946d9d5602", kill_on_drop: false }`
[INFO] running `Command { std: "docker" "inspect" "22732f6b46991563efcf35af76b5c4f780ad3c1aa6ef16d37670d1946d9d5602", kill_on_drop: false }`
[INFO] running `Command { std: "docker" "exec" "-e" "SOURCE_DIR=/opt/rustwide/workdir" "-e" "CARGO_HOME=/opt/rustwide/cargo-home" "-e" "RUSTUP_HOME=/opt/rustwide/rustup-home" "-e" "CARGO_TARGET_DIR=/opt/rustwide/target" "-w" "/opt/rustwide/workdir" "--user" "0:0" "22732f6b46991563efcf35af76b5c4f780ad3c1aa6ef16d37670d1946d9d5602" "/opt/rustwide/cargo-home/bin/cargo" "+1.99.0-beta.8" "metadata" "--no-deps" "--format-version=1", kill_on_drop: false }`
[INFO] running `Command { std: "docker" "inspect" "22732f6b46991563efcf35af76b5c4f780ad3c1aa6ef16d37670d1946d9d5602", kill_on_drop: false }`
[INFO] running `Command { std: "docker" "exec" "-e" "SOURCE_DIR=/opt/rustwide/workdir" "-e" "CARGO_HOME=/opt/rustwide/cargo-home" "-e" "RUSTUP_HOME=/opt/rustwide/rustup-home" "-e" "CARGO_TARGET_DIR=/opt/rustwide/target" "-e" "CARGO_INCREMENTAL=0" "-e" "RUST_BACKTRACE=full" "-e" "RUSTFLAGS=--cap-lints=warn" "-e" "RUSTDOCFLAGS=--cap-lints=warn" "-w" "/opt/rustwide/workdir" "--user" "0:0" "22732f6b46991563efcf35af76b5c4f780ad3c1aa6ef16d37670d1946d9d5602" "/opt/rustwide/cargo-home/bin/cargo" "+1.99.0-beta.8" "build" "--frozen" "--message-format=json" "--release", kill_on_drop: false }`
[INFO] [stderr]    Compiling syn v2.0.118
[INFO] [stderr]    Compiling memchr v2.8.2
[INFO] [stderr]    Compiling crypto-common v0.1.7
[INFO] [stderr]    Compiling bytecount v0.6.9
[INFO] [stderr]    Compiling digest v0.10.7
[INFO] [stderr]    Compiling sha2 v0.10.9
[INFO] [stderr]    Compiling nom v8.0.0
[INFO] [stderr]    Compiling thiserror-impl v2.0.18
[INFO] [stderr]    Compiling clap_derive v4.6.1
[INFO] [stderr]    Compiling thiserror v2.0.18
[INFO] [stderr]    Compiling clap v4.6.1
[INFO] [stderr]    Compiling nom_locate v5.0.0
[INFO] [stderr]    Compiling elenchus-parser v0.15.1
[INFO] [stderr]    Compiling elenchus-compiler v0.15.1
[INFO] [stderr]    Compiling elenchus-solver v0.15.1
[INFO] [stderr]    Compiling elenchus-cli v0.15.1 (/opt/rustwide/workdir)
[INFO] [stderr]     Finished `release` profile [optimized] target(s) in 24.76s
[INFO] running `Command { std: "docker" "inspect" "22732f6b46991563efcf35af76b5c4f780ad3c1aa6ef16d37670d1946d9d5602", kill_on_drop: false }`
[INFO] running `Command { std: "docker" "exec" "-e" "SOURCE_DIR=/opt/rustwide/workdir" "-e" "CARGO_HOME=/opt/rustwide/cargo-home" "-e" "RUSTUP_HOME=/opt/rustwide/rustup-home" "-e" "CARGO_TARGET_DIR=/opt/rustwide/target" "-e" "CARGO_INCREMENTAL=0" "-e" "RUST_BACKTRACE=full" "-e" "RUSTFLAGS=--cap-lints=warn" "-e" "RUSTDOCFLAGS=--cap-lints=warn" "-w" "/opt/rustwide/workdir" "--user" "0:0" "22732f6b46991563efcf35af76b5c4f780ad3c1aa6ef16d37670d1946d9d5602" "/opt/rustwide/cargo-home/bin/cargo" "+1.99.0-beta.8" "test" "--frozen" "--no-run" "--message-format=json" "--release", kill_on_drop: false }`
[INFO] [stderr]    Compiling elenchus-cli v0.15.1 (/opt/rustwide/workdir)
[INFO] [stderr]     Finished `release` profile [optimized] target(s) in 1.25s
[INFO] running `Command { std: "docker" "inspect" "22732f6b46991563efcf35af76b5c4f780ad3c1aa6ef16d37670d1946d9d5602", kill_on_drop: false }`
[INFO] running `Command { std: "docker" "exec" "-e" "SOURCE_DIR=/opt/rustwide/workdir" "-e" "CARGO_HOME=/opt/rustwide/cargo-home" "-e" "RUSTUP_HOME=/opt/rustwide/rustup-home" "-e" "CARGO_TARGET_DIR=/opt/rustwide/target" "-e" "CARGO_INCREMENTAL=0" "-e" "RUST_BACKTRACE=full" "-e" "RUSTFLAGS=--cap-lints=warn" "-e" "RUSTDOCFLAGS=--cap-lints=warn" "-w" "/opt/rustwide/workdir" "--user" "0:0" "22732f6b46991563efcf35af76b5c4f780ad3c1aa6ef16d37670d1946d9d5602" "/opt/rustwide/cargo-home/bin/cargo" "+1.99.0-beta.8" "test" "--frozen" "--release", kill_on_drop: false }`
[INFO] [stderr]     Finished `release` profile [optimized] target(s) in 0.07s
[INFO] [stderr]      Running unittests src/main.rs (/opt/rustwide/target/release/deps/elenchus_cli-39905ea4d29a6a59)
[INFO] [stderr]      Running tests/cli.rs (/opt/rustwide/target/release/deps/cli-5688d0c47c523e2b)
[INFO] [stdout] 
[INFO] [stdout] running 0 tests
[INFO] [stdout] 
[INFO] [stdout] test result: ok. 0 passed; 0 failed; 0 ignored; 0 measured; 0 filtered out; finished in 0.00s
[INFO] [stdout] 
[INFO] [stdout] 
[INFO] [stdout] running 26 tests
[INFO] [stdout] test consequent_or_conflicts_when_all_disjuncts_false ... ok
[INFO] [stdout] test compatible_assumption_exits_0 ... ok
[INFO] [stdout] test all_syntax_errors_grouped_by_class_by_default ... ok
[INFO] [stdout] test file_with_imports_is_resolved ... ok
[INFO] [stdout] test data_file_conflicting_with_set_exits_2 ... ok
[INFO] [stdout] test conflicting_set_values_exit_2 ... ok
[INFO] [stdout] test data_file_supplies_a_port_value ... ok
[INFO] [stdout] test hide_params_suppresses_the_placeholders_section ... ok
[INFO] [stdout] test dash_reads_stdin ... ok
[INFO] [stdout] test json_format_is_emitted ... ok
[INFO] [stdout] test max_classes_caps_the_number_of_classes ... ok
[INFO] [stdout] test help_points_agents_at_the_skill ... ok
[INFO] [stdout] test text_conflict_exits_2 ... ok
[INFO] [stdout] test consequent_or_is_satisfied_by_one_disjunct ... ok
[INFO] [stdout] test clashing_assumptions_exit_2_and_print_retract ... ok
[INFO] [stdout] test text_warning_exits_1 ... ok
[INFO] [stdout] test max_per_class_caps_places_within_a_class ... ok
[INFO] [stdout] test missing_data_file_is_a_usage_error ... ok
[INFO] [stdout] test text_consistent_exits_0 ... ok
[INFO] [stdout] test set_supplies_a_port_value ... ok
[INFO] [stdout] test data_file_with_logic_is_rejected ... ok
[INFO] [stdout] test parse_error_exits_2_with_message ... ok
[INFO] [stdout] test antecedent_or_fires_on_any_disjunct ... ok
[INFO] [stdout] test no_args_prints_help_instead_of_waiting_for_stdin ... ok
[INFO] [stdout] test max_conflicts_aborts_with_exit_3_and_no_verdict ... ok
[INFO] [stdout] test whitespace_is_cosmetic_indented_equals_flat ... ok
[INFO] [stdout] 
[INFO] [stdout] test result: ok. 26 passed; 0 failed; 0 ignored; 0 measured; 0 filtered out; finished in 0.04s
[INFO] [stdout] 
[INFO] [stderr]      Running tests/examples.rs (/opt/rustwide/target/release/deps/examples-edac7bb54a392722)
[INFO] [stdout] 
[INFO] [stdout] running 5 tests
[INFO] [stdout] test skill_capstone_stage_a_warns_about_the_missing_backup ... ok
[INFO] [stdout] test skill_capstone_stage_b_consistent_when_backup_verified ... ok
[INFO] [stdout] test skill_capstone_stage_c_conflict_when_backup_not_verified ... ok
[INFO] [stdout] test shipped_examples_match_their_verdicts ... FAILED
[INFO] [stderr] error: test failed, to rerun pass `--test examples`
[INFO] [stdout] test deploy_gate_template_is_filled_from_its_data_file ... FAILED
[INFO] [stdout] 
[INFO] [stdout] failures:
[INFO] [stdout] 
[INFO] [stdout] ---- shipped_examples_match_their_verdicts stdout ----
[INFO] [stdout] 
[INFO] [stdout] thread 'shipped_examples_match_their_verdicts' (568) panicked at tests/examples.rs:60:9:
[INFO] [stdout] assertion `left == right` failed: creature.vrf changed its verdict
[INFO] [stdout]   left: 2
[INFO] [stdout]  right: 1
[INFO] [stdout] stack backtrace:
[INFO] [stdout]    0:     0x56c7178d9141 - <<std[70759c8f55707aa4]::sys::backtrace::BacktraceLock>::print::DisplayBacktrace as core[df12db4294e9bfd3]::fmt::Display>::fmt
[INFO] [stdout]    1:     0x56c7178ed31a - core[df12db4294e9bfd3]::fmt::write
[INFO] [stdout]    2:     0x56c7178dd5dc - <alloc[2182bb758b4b3781]::vec::Vec<u8> as core[df12db4294e9bfd3]::io::write::Write>::write_fmt
[INFO] [stdout]    3:     0x56c7178b5636 - std[70759c8f55707aa4]::panicking::default_hook::{closure#0}
[INFO] [stdout]    4:     0x56c7178d18a9 - std[70759c8f55707aa4]::panicking::default_hook
[INFO] [stdout]    5:     0x56c71786dc30 - test[9d35eded1c95d3be]::test_main_inner::<test[9d35eded1c95d3be]::test_main_static::{closure#0}>::{closure#0}
[INFO] [stdout]    6:     0x56c7178d1a62 - std[70759c8f55707aa4]::panicking::panic_with_hook
[INFO] [stdout]    7:     0x56c7178b56e2 - std[70759c8f55707aa4]::panicking::panic_handler::{closure#0}
[INFO] [stdout]    8:     0x56c7178ae469 - std[70759c8f55707aa4]::sys::backtrace::__rust_end_short_backtrace::<std[70759c8f55707aa4]::panicking::panic_handler::{closure#0}, !>
[INFO] [stdout]    9:     0x56c7178b62dd - __rustc[8fa7c3cbc660c2b3]::rust_begin_unwind
[INFO] [stdout]   10:     0x56c7178eda4c - core[df12db4294e9bfd3]::panicking::panic_fmt
[INFO] [stdout]   11:     0x56c7178ed9c3 - core[df12db4294e9bfd3]::panicking::assert_failed_inner
[INFO] [stdout]   12:     0x56c7178ae005 - core[df12db4294e9bfd3]::panicking::assert_failed::<i32, i32>
[INFO] [stdout]   13:     0x56c717860834 - <examples[8ad378f57bc8eb87]::shipped_examples_match_their_verdicts::{closure#0} as core[df12db4294e9bfd3]::ops::function::FnOnce<()>>::call_once
[INFO] [stdout]   14:     0x56c717860f1b - test[9d35eded1c95d3be]::__rust_begin_short_backtrace::<core[df12db4294e9bfd3]::result::Result<(), alloc[2182bb758b4b3781]::string::String>, fn() -> core[df12db4294e9bfd3]::result::Result<(), alloc[2182bb758b4b3781]::string::String>>
[INFO] [stdout]   15:     0x56c71786e585 - test[9d35eded1c95d3be]::run_test::{closure#0}
[INFO] [stdout]   16:     0x56c717867e44 - std[70759c8f55707aa4]::sys::backtrace::__rust_begin_short_backtrace::<test[9d35eded1c95d3be]::run_test::{closure#1}, ()>
[INFO] [stdout]   17:     0x56c7178716e2 - <std[70759c8f55707aa4]::thread::lifecycle::spawn_unchecked<test[9d35eded1c95d3be]::run_test::{closure#1}, ()>::{closure#1} as core[df12db4294e9bfd3]::ops::function::FnOnce<()>>::call_once::{shim:vtable#0}
[INFO] [stdout]   18:     0x56c7178d8a19 - <std[70759c8f55707aa4]::sys::thread::unix::Thread>::new::thread_start
[INFO] [stdout]   19:     0x751dc3368dfa - <unknown>
[INFO] [stdout]   20:     0x751dc33fc3d4 - clone
[INFO] [stdout]   21:                0x0 - <unknown>
[INFO] [stdout] 
[INFO] [stdout] ---- deploy_gate_template_is_filled_from_its_data_file stdout ----
[INFO] [stdout] 
[INFO] [stdout] thread 'deploy_gate_template_is_filled_from_its_data_file' (567) panicked at tests/examples.rs:110:5:
[INFO] [stdout] assertion `left == right` failed: the data file must satisfy every gate
[INFO] [stdout]   left: 2
[INFO] [stdout]  right: 0
[INFO] [stdout] stack backtrace:
[INFO] [stdout]    0:     0x56c7178d9141 - <<std[70759c8f55707aa4]::sys::backtrace::BacktraceLock>::print::DisplayBacktrace as core[df12db4294e9bfd3]::fmt::Display>::fmt
[INFO] [stdout]    1:     0x56c7178ed31a - core[df12db4294e9bfd3]::fmt::write
[INFO] [stdout]    2:     0x56c7178dd5dc - <alloc[2182bb758b4b3781]::vec::Vec<u8> as core[df12db4294e9bfd3]::io::write::Write>::write_fmt
[INFO] [stdout]    3:     0x56c7178b5636 - std[70759c8f55707aa4]::panicking::default_hook::{closure#0}
[INFO] [stdout]    4:     0x56c7178d18a9 - std[70759c8f55707aa4]::panicking::default_hook
[INFO] [stdout]    5:     0x56c71786dc30 - test[9d35eded1c95d3be]::test_main_inner::<test[9d35eded1c95d3be]::test_main_static::{closure#0}>::{closure#0}
[INFO] [stdout]    6:     0x56c7178d1a62 - std[70759c8f55707aa4]::panicking::panic_with_hook
[INFO] [stdout]    7:     0x56c7178b56e2 - std[70759c8f55707aa4]::panicking::panic_handler::{closure#0}
[INFO] [stdout]    8:     0x56c7178ae469 - std[70759c8f55707aa4]::sys::backtrace::__rust_end_short_backtrace::<std[70759c8f55707aa4]::panicking::panic_handler::{closure#0}, !>
[INFO] [stdout]    9:     0x56c7178b62dd - __rustc[8fa7c3cbc660c2b3]::rust_begin_unwind
[INFO] [stdout]   10:     0x56c7178eda4c - core[df12db4294e9bfd3]::panicking::panic_fmt
[INFO] [stdout]   11:     0x56c7178ed9c3 - core[df12db4294e9bfd3]::panicking::assert_failed_inner
[INFO] [stdout]   12:     0x56c7178ae005 - core[df12db4294e9bfd3]::panicking::assert_failed::<i32, i32>
[INFO] [stdout]   13:     0x56c717860ba2 - <examples[8ad378f57bc8eb87]::deploy_gate_template_is_filled_from_its_data_file::{closure#0} as core[df12db4294e9bfd3]::ops::function::FnOnce<()>>::call_once
[INFO] [stdout]   14:     0x56c717860f1b - test[9d35eded1c95d3be]::__rust_begin_short_backtrace::<core[df12db4294e9bfd3]::result::Result<(), alloc[2182bb758b4b3781]::string::String>, fn() -> core[df12db4294e9bfd3]::result::Result<(), alloc[2182bb758b4b3781]::string::String>>
[INFO] [stdout]   15:     0x56c71786e585 - test[9d35eded1c95d3be]::run_test::{closure#0}
[INFO] [stdout]   16:     0x56c717867e44 - std[70759c8f55707aa4]::sys::backtrace::__rust_begin_short_backtrace::<test[9d35eded1c95d3be]::run_test::{closure#1}, ()>
[INFO] [stdout]   17:     0x56c7178716e2 - <std[70759c8f55707aa4]::thread::lifecycle::spawn_unchecked<test[9d35eded1c95d3be]::run_test::{closure#1}, ()>::{closure#1} as core[df12db4294e9bfd3]::ops::function::FnOnce<()>>::call_once::{shim:vtable#0}
[INFO] [stdout]   18:     0x56c7178d8a19 - <std[70759c8f55707aa4]::sys::thread::unix::Thread>::new::thread_start
[INFO] [stdout]   19:     0x751dc3368dfa - <unknown>
[INFO] [stdout]   20:     0x751dc33fc3d4 - clone
[INFO] [stdout]   21:                0x0 - <unknown>
[INFO] [stdout] 
[INFO] [stdout] 
[INFO] [stdout] failures:
[INFO] [stdout]     deploy_gate_template_is_filled_from_its_data_file
[INFO] [stdout]     shipped_examples_match_their_verdicts
[INFO] [stdout] 
[INFO] [stdout] test result: FAILED. 3 passed; 2 failed; 0 ignored; 0 measured; 0 filtered out; finished in 0.03s
[INFO] [stdout] 
[INFO] running `Command { std: "docker" "inspect" "22732f6b46991563efcf35af76b5c4f780ad3c1aa6ef16d37670d1946d9d5602", kill_on_drop: false }`
[INFO] running `Command { std: "docker" "rm" "-f" "22732f6b46991563efcf35af76b5c4f780ad3c1aa6ef16d37670d1946d9d5602", kill_on_drop: false }`
[INFO] [stdout] 22732f6b46991563efcf35af76b5c4f780ad3c1aa6ef16d37670d1946d9d5602
