[INFO] fetching crate electrum-client 0.25.0...
[INFO] testing electrum-client-0.25.0 against 1.99.0-beta.8+cargoflags=--release for beta-release-1.100-2
[INFO] extracting crate electrum-client 0.25.0 into /workspace/builds/worker-2-tc1/source
[INFO] started tweaking crates.io crate electrum-client 0.25.0
[INFO] removed 0 missing examples
[INFO] finished tweaking crates.io crate electrum-client 0.25.0
[INFO] tweaked toml for crates.io crate electrum-client 0.25.0 written to /workspace/builds/worker-2-tc1/source/Cargo.toml
[INFO] validating manifest of crates.io crate electrum-client 0.25.0 on toolchain 1.99.0-beta.8
[INFO] running `Command { std: CARGO_HOME="/workspace/cargo-home" RUSTUP_HOME="/workspace/rustup-home" "/workspace/cargo-home/bin/cargo" "+1.99.0-beta.8" "metadata" "--manifest-path" "Cargo.toml" "--no-deps", kill_on_drop: false }`
[INFO] crate crates.io crate electrum-client 0.25.0 already has a lockfile, it will not be regenerated
[INFO] running `Command { std: CARGO_HOME="/workspace/cargo-home" RUSTUP_HOME="/workspace/rustup-home" "/workspace/cargo-home/bin/cargo" "+1.99.0-beta.8" "fetch" "--manifest-path" "Cargo.toml", kill_on_drop: false }`
[INFO] [stderr]     Updating crates.io index
[INFO] [stderr]  Downloading crates ...
[INFO] [stderr]   Downloaded bitreq v0.3.5
[INFO] [stderr]   Downloaded bitcoin-units v0.1.3
[INFO] [stderr]   Downloaded secp256k1 v0.29.1
[INFO] [stderr]   Downloaded aws-lc-rs v1.16.3
[INFO] [stderr]   Downloaded bitcoin v0.32.9
[INFO] [stderr]   Downloaded aws-lc-sys v0.40.0
[INFO] running `Command { std: "docker" "create" "-v" "/var/lib/crater-agent-workspace/builds/worker-2-tc1/source:/opt/rustwide/workdir:ro,Z" "-v" "/var/lib/crater-agent-workspace/builds/worker-2-tc1/target:/opt/rustwide/target:rw,Z" "-v" "/var/lib/crater-agent-workspace/cargo-home:/opt/rustwide/cargo-home:ro,Z" "-v" "/var/lib/crater-agent-workspace/rustup-home:/opt/rustwide/rustup-home:ro,Z" "-m" "1610612736" "--network" "none" "ghcr.io/rust-lang/crates-build-env/linux@sha256:77db811e55d90add9212f6832c23229e3de5f1c1f9905e8cb07319ea15df73ac" "sleep" "infinity", kill_on_drop: false }`
[INFO] [stdout] 9dc1d1b8de3f93fcfe0bc82dc18ffd7f235562cfe78de2ce73c8eb8f1e41e580
[INFO] running `Command { std: "docker" "start" "9dc1d1b8de3f93fcfe0bc82dc18ffd7f235562cfe78de2ce73c8eb8f1e41e580", kill_on_drop: false }`
[INFO] running `Command { std: "docker" "inspect" "9dc1d1b8de3f93fcfe0bc82dc18ffd7f235562cfe78de2ce73c8eb8f1e41e580", kill_on_drop: false }`
[INFO] running `Command { std: "docker" "exec" "-e" "SOURCE_DIR=/opt/rustwide/workdir" "-e" "CARGO_HOME=/opt/rustwide/cargo-home" "-e" "RUSTUP_HOME=/opt/rustwide/rustup-home" "-e" "CARGO_TARGET_DIR=/opt/rustwide/target" "-w" "/opt/rustwide/workdir" "--user" "0:0" "9dc1d1b8de3f93fcfe0bc82dc18ffd7f235562cfe78de2ce73c8eb8f1e41e580" "/opt/rustwide/cargo-home/bin/cargo" "+1.99.0-beta.8" "metadata" "--no-deps" "--format-version=1", kill_on_drop: false }`
[INFO] running `Command { std: "docker" "inspect" "9dc1d1b8de3f93fcfe0bc82dc18ffd7f235562cfe78de2ce73c8eb8f1e41e580", kill_on_drop: false }`
[INFO] running `Command { std: "docker" "exec" "-e" "SOURCE_DIR=/opt/rustwide/workdir" "-e" "CARGO_HOME=/opt/rustwide/cargo-home" "-e" "RUSTUP_HOME=/opt/rustwide/rustup-home" "-e" "CARGO_TARGET_DIR=/opt/rustwide/target" "-e" "CARGO_INCREMENTAL=0" "-e" "RUST_BACKTRACE=full" "-e" "RUSTFLAGS=--cap-lints=warn" "-e" "RUSTDOCFLAGS=--cap-lints=warn" "-w" "/opt/rustwide/workdir" "--user" "0:0" "9dc1d1b8de3f93fcfe0bc82dc18ffd7f235562cfe78de2ce73c8eb8f1e41e580" "/opt/rustwide/cargo-home/bin/cargo" "+1.99.0-beta.8" "build" "--frozen" "--message-format=json" "--release", kill_on_drop: false }`
[INFO] [stderr]    Compiling libc v0.2.186
[INFO] [stderr]    Compiling proc-macro2 v1.0.106
[INFO] [stderr]    Compiling quote v1.0.45
[INFO] [stderr]    Compiling bitcoin-io v0.1.4
[INFO] [stderr]    Compiling bitcoin-internals v0.3.0
[INFO] [stderr]    Compiling arrayvec v0.7.6
[INFO] [stderr]    Compiling aws-lc-rs v1.16.3
[INFO] [stderr]    Compiling hex_lit v0.1.1
[INFO] [stderr]    Compiling rustls-pki-types v1.14.1
[INFO] [stderr]    Compiling rustls v0.23.40
[INFO] [stderr]    Compiling bitcoin v0.32.9
[INFO] [stderr]    Compiling hex-conservative v0.2.2
[INFO] [stderr]    Compiling bech32 v0.11.1
[INFO] [stderr]    Compiling serde_json v1.0.149
[INFO] [stderr]    Compiling syn v2.0.117
[INFO] [stderr]    Compiling jobserver v0.1.34
[INFO] [stderr]    Compiling cc v1.2.61
[INFO] [stderr]    Compiling cmake v0.1.58
[INFO] [stderr]    Compiling serde_derive v1.0.228
[INFO] [stderr]    Compiling secp256k1-sys v0.10.1
[INFO] [stderr]    Compiling aws-lc-sys v0.40.0
[INFO] [stderr]    Compiling serde v1.0.228
[INFO] [stderr]    Compiling bitcoin_hashes v0.14.1
[INFO] [stderr]    Compiling bitcoin-units v0.1.3
[INFO] [stderr]    Compiling base58ck v0.1.0
[INFO] [stderr]    Compiling secp256k1 v0.29.1
[INFO] [stderr]    Compiling rustls-webpki v0.103.13
[INFO] [stderr]    Compiling electrum-client v0.25.0 (/opt/rustwide/workdir)
[INFO] [stderr]     Finished `release` profile [optimized] target(s) in 2m 53s
[INFO] running `Command { std: "docker" "inspect" "9dc1d1b8de3f93fcfe0bc82dc18ffd7f235562cfe78de2ce73c8eb8f1e41e580", kill_on_drop: false }`
[INFO] running `Command { std: "docker" "exec" "-e" "SOURCE_DIR=/opt/rustwide/workdir" "-e" "CARGO_HOME=/opt/rustwide/cargo-home" "-e" "RUSTUP_HOME=/opt/rustwide/rustup-home" "-e" "CARGO_TARGET_DIR=/opt/rustwide/target" "-e" "CARGO_INCREMENTAL=0" "-e" "RUST_BACKTRACE=full" "-e" "RUSTFLAGS=--cap-lints=warn" "-e" "RUSTDOCFLAGS=--cap-lints=warn" "-w" "/opt/rustwide/workdir" "--user" "0:0" "9dc1d1b8de3f93fcfe0bc82dc18ffd7f235562cfe78de2ce73c8eb8f1e41e580" "/opt/rustwide/cargo-home/bin/cargo" "+1.99.0-beta.8" "test" "--frozen" "--no-run" "--message-format=json" "--release", kill_on_drop: false }`
[INFO] [stderr]    Compiling syn v2.0.117
[INFO] [stderr]    Compiling ring v0.17.14
[INFO] [stderr]    Compiling getrandom v0.2.17
[INFO] [stderr]    Compiling rustls v0.23.40
[INFO] [stderr]    Compiling parking_lot_core v0.9.12
[INFO] [stderr]    Compiling errno v0.3.14
[INFO] [stderr]    Compiling mio v1.2.0
[INFO] [stderr]    Compiling socket2 v0.6.3
[INFO] [stderr]    Compiling webpki-roots v1.0.7
[INFO] [stderr]    Compiling signal-hook-registry v1.4.8
[INFO] [stderr]    Compiling parking_lot v0.12.5
[INFO] [stderr]    Compiling serde_derive v1.0.228
[INFO] [stderr]    Compiling tokio-macros v2.7.0
[INFO] [stderr]    Compiling tokio v1.52.2
[INFO] [stderr]    Compiling serde v1.0.228
[INFO] [stderr]    Compiling bitcoin_hashes v0.14.1
[INFO] [stderr]    Compiling bitcoin-internals v0.3.0
[INFO] [stderr]    Compiling bitcoin-units v0.1.3
[INFO] [stderr]    Compiling secp256k1 v0.29.1
[INFO] [stderr]    Compiling base58ck v0.1.0
[INFO] [stderr]    Compiling bitcoin v0.32.9
[INFO] [stderr]    Compiling rustls-webpki v0.103.13
[INFO] [stderr]    Compiling tokio-rustls v0.26.4
[INFO] [stderr]    Compiling electrum-client v0.25.0 (/opt/rustwide/workdir)
[INFO] [stderr]    Compiling bitreq v0.3.5
[INFO] [stderr]     Finished `release` profile [optimized] target(s) in 2m 42s
[INFO] running `Command { std: "docker" "inspect" "9dc1d1b8de3f93fcfe0bc82dc18ffd7f235562cfe78de2ce73c8eb8f1e41e580", kill_on_drop: false }`
[INFO] running `Command { std: "docker" "exec" "-e" "SOURCE_DIR=/opt/rustwide/workdir" "-e" "CARGO_HOME=/opt/rustwide/cargo-home" "-e" "RUSTUP_HOME=/opt/rustwide/rustup-home" "-e" "CARGO_TARGET_DIR=/opt/rustwide/target" "-e" "CARGO_INCREMENTAL=0" "-e" "RUST_BACKTRACE=full" "-e" "RUSTFLAGS=--cap-lints=warn" "-e" "RUSTDOCFLAGS=--cap-lints=warn" "-w" "/opt/rustwide/workdir" "--user" "0:0" "9dc1d1b8de3f93fcfe0bc82dc18ffd7f235562cfe78de2ce73c8eb8f1e41e580" "/opt/rustwide/cargo-home/bin/cargo" "+1.99.0-beta.8" "test" "--frozen" "--release", kill_on_drop: false }`
[INFO] [stderr]     Finished `release` profile [optimized] target(s) in 0.19s
[INFO] [stderr]      Running unittests src/lib.rs (/opt/rustwide/target/release/deps/electrum_client-0a128a32723c163f)
[INFO] [stdout] 
[INFO] [stdout] running 58 tests
[INFO] [stdout] test api::test::deref ... ok
[INFO] [stdout] test config::tests::test_authorization_provider_builder ... ok
[INFO] [stdout] test config::tests::test_authorization_provider_dynamic_token ... ok
[INFO] [stdout] test client::tests::failed_attempts_bigger_than_u8_means_exhausted ... ok
[INFO] [stdout] test config::tests::test_authorization_provider_none ... ok
[INFO] [stdout] test client::tests::less_failed_attempts_means_not_exhausted ... ok
[INFO] [stdout] test client::tests::attempts_equals_retries_means_not_exhausted_yet ... ok
[INFO] [stdout] test config::tests::test_config_debug_with_provider ... ok
[INFO] [stdout] test config::tests::test_config_debug_without_provider ... ok
[INFO] [stdout] test client::tests::more_failed_attempts_than_retries_means_exhausted ... ok
[INFO] [stdout] test config::tests::test_authorization_provider_returns_none ... ok
[INFO] [stdout] test raw_client::test::test_batch_response_ordering ... ignored, depends on a live server
[INFO] [stdout] test raw_client::test::test_batch_transaction_get_merkle ... FAILED
[INFO] [stdout] test raw_client::test::test_batch_script_list_unspent ... FAILED
[INFO] [stdout] test raw_client::test::test_batch_estimate_fee ... FAILED
[INFO] [stdout] test raw_client::test::test_authorization_provider_dynamic_token_refresh ... FAILED
[INFO] [stdout] test raw_client::test::test_authorization_provider_with_client ... FAILED
[INFO] [stdout] test raw_client::test::test_block_header_raw ... FAILED
[INFO] [stdout] test raw_client::test::test_block_header ... FAILED
[INFO] [stdout] test raw_client::test::test_authorization_provider_returns_none ... FAILED
[INFO] [stdout] test raw_client::test::test_auth_provider_via_constructor ... FAILED
[INFO] [stdout] test raw_client::test::test_block_headers_subscribe ... FAILED
[INFO] [stdout] test raw_client::test::test_block_headers ... FAILED
[INFO] [stdout] test raw_client::test::test_estimate_fee ... FAILED
[INFO] [stdout] test raw_client::test::test_mempool_get_info ... FAILED
[INFO] [stdout] test raw_client::test::test_ping ... FAILED
[INFO] [stdout] test raw_client::test::test_raw_call ... FAILED
[INFO] [stdout] test raw_client::test::test_script_get_balance ... FAILED
[INFO] [stdout] test raw_client::test::test_script_get_history ... FAILED
[INFO] [stdout] test raw_client::test::test_script_list_unspent ... FAILED
[INFO] [stdout] test raw_client::test::test_server_features_simple ... FAILED
[INFO] [stdout] test raw_client::test::test_request_after_error ... FAILED
[INFO] [stdout] test raw_client::test::test_transaction_broadcast_package ... FAILED
[INFO] [stdout] test raw_client::test::test_script_subscribe ... FAILED
[INFO] [stdout] test raw_client::test::test_transaction_get_merkle ... FAILED
[INFO] [stdout] test socks::v4::test::bind ... ignored
[INFO] [stdout] test socks::v4::test::google ... ignored
[INFO] [stdout] test socks::v4::test::google_dns ... ignored
[INFO] [stdout] test socks::v5::test::associate_long ... ignored
[INFO] [stdout] test socks::v5::test::associate_no_auth ... ignored
[INFO] [stdout] test raw_client::test::test_transaction_get_raw ... FAILED
[INFO] [stdout] test socks::v5::test::associate_with_password ... ignored
[INFO] [stdout] test raw_client::test::test_txid_from_pos ... FAILED
[INFO] [stdout] test socks::v5::test::auth_method_not_supported ... ignored
[INFO] [stdout] test socks::v5::test::bind_no_auth ... ignored
[INFO] [stdout] test raw_client::test::test_txid_from_pos_with_merkle ... FAILED
[INFO] [stdout] test socks::v5::test::bind_with_password ... ignored
[INFO] [stdout] test socks::v5::test::bind_with_password_supported_but_no_auth_used ... ignored
[INFO] [stdout] test socks::v5::test::google_dns ... ignored
[INFO] [stdout] test socks::v5::test::google_no_auth ... ignored
[INFO] [stdout] test socks::v5::test::google_with_password ... ignored
[INFO] [stdout] test socks::v5::test::incorrect_password ... ignored
[INFO] [stdout] test socks::v5::test::username_and_password_length ... ignored
[INFO] [stdout] test types::tests::script_status_roundtrip ... ok
[INFO] [stdout] test types::tests::test_request_serialization_with_authorization ... ok
[INFO] [stdout] test raw_client::test::test_transaction_get ... FAILED
[INFO] [stdout] test types::tests::test_request_serialization_without_authorization ... ok
[INFO] [stdout] test types::tests::test_request_with_params_and_authorization ... ok
[INFO] [stdout] 
[INFO] [stdout] failures:
[INFO] [stdout] 
[INFO] [stdout] ---- raw_client::test::test_batch_transaction_get_merkle stdout ----
[INFO] [stdout] 
[INFO] [stdout] thread 'raw_client::test::test_batch_transaction_get_merkle' (2906) panicked at src/raw_client.rs:1439:14:
[INFO] [stdout] should build the `RawClient` successfully!: IOError(Custom { kind: Uncategorized, error: "failed to lookup address information: Temporary failure in name resolution" })
[INFO] [stdout] stack backtrace:
[INFO] [stdout]    0:     0x6173e565af81 - <<std[70759c8f55707aa4]::sys::backtrace::BacktraceLock>::print::DisplayBacktrace as core[df12db4294e9bfd3]::fmt::Display>::fmt
[INFO] [stdout]    1:     0x6173e567141a - core[df12db4294e9bfd3]::fmt::write
[INFO] [stdout]    2:     0x6173e565fc6c - <alloc[2182bb758b4b3781]::vec::Vec<u8> as core[df12db4294e9bfd3]::io::write::Write>::write_fmt
[INFO] [stdout]    3:     0x6173e5635ce6 - std[70759c8f55707aa4]::panicking::default_hook::{closure#0}
[INFO] [stdout]    4:     0x6173e5652e99 - std[70759c8f55707aa4]::panicking::default_hook
[INFO] [stdout]    5:     0x6173e5355cc0 - test[9d35eded1c95d3be]::test_main_inner::<test[9d35eded1c95d3be]::test_main_static::{closure#0}>::{closure#0}
[INFO] [stdout]    6:     0x6173e5653052 - std[70759c8f55707aa4]::panicking::panic_with_hook
[INFO] [stdout]    7:     0x6173e5635d92 - std[70759c8f55707aa4]::panicking::panic_handler::{closure#0}
[INFO] [stdout]    8:     0x6173e562ea69 - std[70759c8f55707aa4]::sys::backtrace::__rust_end_short_backtrace::<std[70759c8f55707aa4]::panicking::panic_handler::{closure#0}, !>
[INFO] [stdout]    9:     0x6173e5636b7d - __rustc[8fa7c3cbc660c2b3]::rust_begin_unwind
[INFO] [stdout]   10:     0x6173e5671b4c - core[df12db4294e9bfd3]::panicking::panic_fmt
[INFO] [stdout]   11:     0x6173e5671922 - core[df12db4294e9bfd3]::result::unwrap_failed
[INFO] [stdout]   12:     0x6173e530196f - electrum_client[621234147e920595]::raw_client::test::get_test_client
[INFO] [stdout]   13:     0x6173e53054ee - electrum_client[621234147e920595]::raw_client::test::test_batch_transaction_get_merkle
[INFO] [stdout]   14:     0x6173e5341b19 - <electrum_client[621234147e920595]::raw_client::test::test_batch_transaction_get_merkle::{closure#0} as core[df12db4294e9bfd3]::ops::function::FnOnce<()>>::call_once
[INFO] [stdout]   15:     0x6173e5348fab - test[9d35eded1c95d3be]::__rust_begin_short_backtrace::<core[df12db4294e9bfd3]::result::Result<(), alloc[2182bb758b4b3781]::string::String>, fn() -> core[df12db4294e9bfd3]::result::Result<(), alloc[2182bb758b4b3781]::string::String>>
[INFO] [stdout]   16:     0x6173e5356615 - test[9d35eded1c95d3be]::run_test::{closure#0}
[INFO] [stdout]   17:     0x6173e534fed4 - std[70759c8f55707aa4]::sys::backtrace::__rust_begin_short_backtrace::<test[9d35eded1c95d3be]::run_test::{closure#1}, ()>
[INFO] [stdout]   18:     0x6173e5359772 - <std[70759c8f55707aa4]::thread::lifecycle::spawn_unchecked<test[9d35eded1c95d3be]::run_test::{closure#1}, ()>::{closure#1} as core[df12db4294e9bfd3]::ops::function::FnOnce<()>>::call_once::{shim:vtable#0}
[INFO] [stdout]   19:     0x6173e565a0b9 - <std[70759c8f55707aa4]::sys::thread::unix::Thread>::new::thread_start
[INFO] [stdout]   20:     0x796d12288dfa - <unknown>
[INFO] [stdout]   21:     0x796d1231c3d4 - clone
[INFO] [stdout]   22:                0x0 - <unknown>
[INFO] [stdout] 
[INFO] [stdout] ---- raw_client::test::test_batch_script_list_unspent stdout ----
[INFO] [stdout] 
[INFO] [stdout] thread 'raw_client::test::test_batch_script_list_unspent' (2905) panicked at src/raw_client.rs:1439:14:
[INFO] [stdout] should build the `RawClient` successfully!: IOError(Custom { kind: Uncategorized, error: "failed to lookup address information: Temporary failure in name resolution" })
[INFO] [stdout] stack backtrace:
[INFO] [stdout]    0:     0x6173e565af81 - <<std[70759c8f55707aa4]::sys::backtrace::BacktraceLock>::print::DisplayBacktrace as core[df12db4294e9bfd3]::fmt::Display>::fmt
[INFO] [stdout]    1:     0x6173e567141a - core[df12db4294e9bfd3]::fmt::write
[INFO] [stdout]    2:     0x6173e565fc6c - <alloc[2182bb758b4b3781]::vec::Vec<u8> as core[df12db4294e9bfd3]::io::write::Write>::write_fmt
[INFO] [stdout]    3:     0x6173e5635ce6 - std[70759c8f55707aa4]::panicking::default_hook::{closure#0}
[INFO] [stdout]    4:     0x6173e5652e99 - std[70759c8f55707aa4]::panicking::default_hook
[INFO] [stdout]    5:     0x6173e5355cc0 - test[9d35eded1c95d3be]::test_main_inner::<test[9d35eded1c95d3be]::test_main_static::{closure#0}>::{closure#0}
[INFO] [stdout]    6:     0x6173e5653052 - std[70759c8f55707aa4]::panicking::panic_with_hook
[INFO] [stdout]    7:     0x6173e5635d92 - std[70759c8f55707aa4]::panicking::panic_handler::{closure#0}
[INFO] [stdout]    8:     0x6173e562ea69 - std[70759c8f55707aa4]::sys::backtrace::__rust_end_short_backtrace::<std[70759c8f55707aa4]::panicking::panic_handler::{closure#0}, !>
[INFO] [stdout]    9:     0x6173e5636b7d - __rustc[8fa7c3cbc660c2b3]::rust_begin_unwind
[INFO] [stdout]   10:     0x6173e5671b4c - core[df12db4294e9bfd3]::panicking::panic_fmt
[INFO] [stdout]   11:     0x6173e5671922 - core[df12db4294e9bfd3]::result::unwrap_failed
[INFO] [stdout]   12:     0x6173e530196f - electrum_client[621234147e920595]::raw_client::test::get_test_client
[INFO] [stdout]   13:     0x6173e5304f77 - electrum_client[621234147e920595]::raw_client::test::test_batch_script_list_unspent
[INFO] [stdout]   14:     0x6173e5341ad9 - <electrum_client[621234147e920595]::raw_client::test::test_batch_script_list_unspent::{closure#0} as core[df12db4294e9bfd3]::ops::function::FnOnce<()>>::call_once
[INFO] [stdout]   15:     0x6173e5348fab - test[9d35eded1c95d3be]::__rust_begin_short_backtrace::<core[df12db4294e9bfd3]::result::Result<(), alloc[2182bb758b4b3781]::string::String>, fn() -> core[df12db4294e9bfd3]::result::Result<(), alloc[2182bb758b4b3781]::string::String>>
[INFO] [stdout]   16:     0x6173e5356615 - test[9d35eded1c95d3be]::run_test::{closure#0}
[INFO] [stdout]   17:     0x6173e534fed4 - std[70759c8f55707aa4]::sys::backtrace::__rust_begin_short_backtrace::<test[9d35eded1c95d3be]::run_test::{closure#1}, ()>
[INFO] [stdout]   18:     0x6173e5359772 - <std[70759c8f55707aa4]::thread::lifecycle::spawn_unchecked<test[9d35eded1c95d3be]::run_test::{closure#1}, ()>::{closure#1} as core[df12db4294e9bfd3]::ops::function::FnOnce<()>>::call_once::{shim:vtable#0}
[INFO] [stdout]   19:     0x6173e565a0b9 - <std[70759c8f55707aa4]::sys::thread::unix::Thread>::new::thread_start
[INFO] [stdout]   20:     0x796d12288dfa - <unknown>
[INFO] [stdout]   21:     0x796d1231c3d4 - clone
[INFO] [stdout]   22:                0x0 - <unknown>
[INFO] [stdout] 
[INFO] [stdout] ---- raw_client::test::test_batch_estimate_fee stdout ----
[INFO] [stdout] 
[INFO] [stdout] thread 'raw_client::test::test_batch_estimate_fee' (2904) panicked at src/raw_client.rs:1439:14:
[INFO] [stdout] should build the `RawClient` successfully!: IOError(Custom { kind: Uncategorized, error: "failed to lookup address information: Temporary failure in name resolution" })
[INFO] [stdout] stack backtrace:
[INFO] [stdout]    0:     0x6173e565af81 - <<std[70759c8f55707aa4]::sys::backtrace::BacktraceLock>::print::DisplayBacktrace as core[df12db4294e9bfd3]::fmt::Display>::fmt
[INFO] [stdout]    1:     0x6173e567141a - core[df12db4294e9bfd3]::fmt::write
[INFO] [stdout]    2:     0x6173e565fc6c - <alloc[2182bb758b4b3781]::vec::Vec<u8> as core[df12db4294e9bfd3]::io::write::Write>::write_fmt
[INFO] [stdout]    3:     0x6173e5635ce6 - std[70759c8f55707aa4]::panicking::default_hook::{closure#0}
[INFO] [stdout]    4:     0x6173e5652e99 - std[70759c8f55707aa4]::panicking::default_hook
[INFO] [stdout]    5:     0x6173e5355cc0 - test[9d35eded1c95d3be]::test_main_inner::<test[9d35eded1c95d3be]::test_main_static::{closure#0}>::{closure#0}
[INFO] [stdout]    6:     0x6173e5653052 - std[70759c8f55707aa4]::panicking::panic_with_hook
[INFO] [stdout]    7:     0x6173e5635d92 - std[70759c8f55707aa4]::panicking::panic_handler::{closure#0}
[INFO] [stdout]    8:     0x6173e562ea69 - std[70759c8f55707aa4]::sys::backtrace::__rust_end_short_backtrace::<std[70759c8f55707aa4]::panicking::panic_handler::{closure#0}, !>
[INFO] [stdout]    9:     0x6173e5636b7d - __rustc[8fa7c3cbc660c2b3]::rust_begin_unwind
[INFO] [stdout]   10:     0x6173e5671b4c - core[df12db4294e9bfd3]::panicking::panic_fmt
[INFO] [stdout]   11:     0x6173e5671922 - core[df12db4294e9bfd3]::result::unwrap_failed
[INFO] [stdout]   12:     0x6173e530196f - electrum_client[621234147e920595]::raw_client::test::get_test_client
[INFO] [stdout]   13:     0x6173e5302df9 - electrum_client[621234147e920595]::raw_client::test::test_batch_estimate_fee
[INFO] [stdout]   14:     0x6173e5341999 - <electrum_client[621234147e920595]::raw_client::test::test_batch_estimate_fee::{closure#0} as core[df12db4294e9bfd3]::ops::function::FnOnce<()>>::call_once
[INFO] [stdout]   15:     0x6173e5348fab - test[9d35eded1c95d3be]::__rust_begin_short_backtrace::<core[df12db4294e9bfd3]::result::Result<(), alloc[2182bb758b4b3781]::string::String>, fn() -> core[df12db4294e9bfd3]::result::Result<(), alloc[2182bb758b4b3781]::string::String>>
[INFO] [stdout]   16:     0x6173e5356615 - test[9d35eded1c95d3be]::run_test::{closure#0}
[INFO] [stdout]   17:     0x6173e534fed4 - std[70759c8f55707aa4]::sys::backtrace::__rust_begin_short_backtrace::<test[9d35eded1c95d3be]::run_test::{closure#1}, ()>
[INFO] [stdout]   18:     0x6173e5359772 - <std[70759c8f55707aa4]::thread::lifecycle::spawn_unchecked<test[9d35eded1c95d3be]::run_test::{closure#1}, ()>::{closure#1} as core[df12db4294e9bfd3]::ops::function::FnOnce<()>>::call_once::{shim:vtable#0}
[INFO] [stdout]   19:     0x6173e565a0b9 - <std[70759c8f55707aa4]::sys::thread::unix::Thread>::new::thread_start
[INFO] [stdout]   20:     0x796d12288dfa - <unknown>
[INFO] [stdout]   21:     0x796d1231c3d4 - clone
[INFO] [stdout]   22:                0x0 - <unknown>
[INFO] [stdout] 
[INFO] [stdout] ---- raw_client::test::test_authorization_provider_dynamic_token_refresh stdout ----
[INFO] [stdout] 
[INFO] [stdout] thread 'raw_client::test::test_authorization_provider_dynamic_token_refresh' (2901) panicked at src/raw_client.rs:1431:14:
[INFO] [stdout] should build the `RawClient` successfully!: IOError(Custom { kind: Uncategorized, error: "failed to lookup address information: Temporary failure in name resolution" })
[INFO] [stdout] stack backtrace:
[INFO] [stdout]    0:     0x6173e565af81 - <<std[70759c8f55707aa4]::sys::backtrace::BacktraceLock>::print::DisplayBacktrace as core[df12db4294e9bfd3]::fmt::Display>::fmt
[INFO] [stdout]    1:     0x6173e567141a - core[df12db4294e9bfd3]::fmt::write
[INFO] [stdout]    2:     0x6173e565fc6c - <alloc[2182bb758b4b3781]::vec::Vec<u8> as core[df12db4294e9bfd3]::io::write::Write>::write_fmt
[INFO] [stdout]    3:     0x6173e5635ce6 - std[70759c8f55707aa4]::panicking::default_hook::{closure#0}
[INFO] [stdout]    4:     0x6173e5652e99 - std[70759c8f55707aa4]::panicking::default_hook
[INFO] [stdout]    5:     0x6173e5355cc0 - test[9d35eded1c95d3be]::test_main_inner::<test[9d35eded1c95d3be]::test_main_static::{closure#0}>::{closure#0}
[INFO] [stdout]    6:     0x6173e5653052 - std[70759c8f55707aa4]::panicking::panic_with_hook
[INFO] [stdout]    7:     0x6173e5635d92 - std[70759c8f55707aa4]::panicking::panic_handler::{closure#0}
[INFO] [stdout]    8:     0x6173e562ea69 - std[70759c8f55707aa4]::sys::backtrace::__rust_end_short_backtrace::<std[70759c8f55707aa4]::panicking::panic_handler::{closure#0}, !>
[INFO] [stdout]    9:     0x6173e5636b7d - __rustc[8fa7c3cbc660c2b3]::rust_begin_unwind
[INFO] [stdout]   10:     0x6173e5671b4c - core[df12db4294e9bfd3]::panicking::panic_fmt
[INFO] [stdout]   11:     0x6173e5671922 - core[df12db4294e9bfd3]::result::unwrap_failed
[INFO] [stdout]   12:     0x6173e5301b64 - electrum_client[621234147e920595]::raw_client::test::get_test_auth_client
[INFO] [stdout]   13:     0x6173e5306cd5 - electrum_client[621234147e920595]::raw_client::test::test_authorization_provider_dynamic_token_refresh
[INFO] [stdout]   14:     0x6173e5341bb9 - <electrum_client[621234147e920595]::raw_client::test::test_authorization_provider_dynamic_token_refresh::{closure#0} as core[df12db4294e9bfd3]::ops::function::FnOnce<()>>::call_once
[INFO] [stdout]   15:     0x6173e5348fab - test[9d35eded1c95d3be]::__rust_begin_short_backtrace::<core[df12db4294e9bfd3]::result::Result<(), alloc[2182bb758b4b3781]::string::String>, fn() -> core[df12db4294e9bfd3]::result::Result<(), alloc[2182bb758b4b3781]::string::String>>
[INFO] [stdout]   16:     0x6173e5356615 - test[9d35eded1c95d3be]::run_test::{closure#0}
[INFO] [stdout]   17:     0x6173e534fed4 - std[70759c8f55707aa4]::sys::backtrace::__rust_begin_short_backtrace::<test[9d35eded1c95d3be]::run_test::{closure#1}, ()>
[INFO] [stdout]   18:     0x6173e5359772 - <std[70759c8f55707aa4]::thread::lifecycle::spawn_unchecked<test[9d35eded1c95d3be]::run_test::{closure#1}, ()>::{closure#1} as core[df12db4294e9bfd3]::ops::function::FnOnce<()>>::call_once::{shim:vtable#0}
[INFO] [stdout]   19:     0x6173e565a0b9 - <std[70759c8f55707aa4]::sys::thread::unix::Thread>::new::thread_start
[INFO] [stdout]   20:     0x796d12288dfa - <unknown>
[INFO] [stdout]   21:     0x796d1231c3d4 - clone
[INFO] [stdout]   22:                0x0 - <unknown>
[INFO] [stdout] 
[INFO] [stdout] ---- raw_client::test::test_authorization_provider_with_client stdout ----
[INFO] [stdout] 
[INFO] [stdout] thread 'raw_client::test::test_authorization_provider_with_client' (2903) panicked at src/raw_client.rs:1431:14:
[INFO] [stdout] should build the `RawClient` successfully!: IOError(Custom { kind: Uncategorized, error: "failed to lookup address information: Temporary failure in name resolution" })
[INFO] [stdout] stack backtrace:
[INFO] [stdout]    0:     0x6173e565af81 - <<std[70759c8f55707aa4]::sys::backtrace::BacktraceLock>::print::DisplayBacktrace as core[df12db4294e9bfd3]::fmt::Display>::fmt
[INFO] [stdout]    1:     0x6173e567141a - core[df12db4294e9bfd3]::fmt::write
[INFO] [stdout]    2:     0x6173e565fc6c - <alloc[2182bb758b4b3781]::vec::Vec<u8> as core[df12db4294e9bfd3]::io::write::Write>::write_fmt
[INFO] [stdout]    3:     0x6173e5635ce6 - std[70759c8f55707aa4]::panicking::default_hook::{closure#0}
[INFO] [stdout]    4:     0x6173e5652e99 - std[70759c8f55707aa4]::panicking::default_hook
[INFO] [stdout]    5:     0x6173e5355cc0 - test[9d35eded1c95d3be]::test_main_inner::<test[9d35eded1c95d3be]::test_main_static::{closure#0}>::{closure#0}
[INFO] [stdout]    6:     0x6173e5653052 - std[70759c8f55707aa4]::panicking::panic_with_hook
[INFO] [stdout]    7:     0x6173e5635d92 - std[70759c8f55707aa4]::panicking::panic_handler::{closure#0}
[INFO] [stdout]    8:     0x6173e562ea69 - std[70759c8f55707aa4]::sys::backtrace::__rust_end_short_backtrace::<std[70759c8f55707aa4]::panicking::panic_handler::{closure#0}, !>
[INFO] [stdout]    9:     0x6173e5636b7d - __rustc[8fa7c3cbc660c2b3]::rust_begin_unwind
[INFO] [stdout]   10:     0x6173e5671b4c - core[df12db4294e9bfd3]::panicking::panic_fmt
[INFO] [stdout]   11:     0x6173e5671922 - core[df12db4294e9bfd3]::result::unwrap_failed
[INFO] [stdout]   12:     0x6173e5301b64 - electrum_client[621234147e920595]::raw_client::test::get_test_auth_client
[INFO] [stdout]   13:     0x6173e530648b - electrum_client[621234147e920595]::raw_client::test::test_authorization_provider_with_client
[INFO] [stdout]   14:     0x6173e5341b79 - <electrum_client[621234147e920595]::raw_client::test::test_authorization_provider_with_client::{closure#0} as core[df12db4294e9bfd3]::ops::function::FnOnce<()>>::call_once
[INFO] [stdout]   15:     0x6173e5348fab - test[9d35eded1c95d3be]::__rust_begin_short_backtrace::<core[df12db4294e9bfd3]::result::Result<(), alloc[2182bb758b4b3781]::string::String>, fn() -> core[df12db4294e9bfd3]::result::Result<(), alloc[2182bb758b4b3781]::string::String>>
[INFO] [stdout]   16:     0x6173e5356615 - test[9d35eded1c95d3be]::run_test::{closure#0}
[INFO] [stdout]   17:     0x6173e534fed4 - std[70759c8f55707aa4]::sys::backtrace::__rust_begin_short_backtrace::<test[9d35eded1c95d3be]::run_test::{closure#1}, ()>
[INFO] [stdout]   18:     0x6173e5359772 - <std[70759c8f55707aa4]::thread::lifecycle::spawn_unchecked<test[9d35eded1c95d3be]::run_test::{closure#1}, ()>::{closure#1} as core[df12db4294e9bfd3]::ops::function::FnOnce<()>>::call_once::{shim:vtable#0}
[INFO] [stdout]   19:     0x6173e565a0b9 - <std[70759c8f55707aa4]::sys::thread::unix::Thread>::new::thread_start
[INFO] [stdout]   20:     0x796d12288dfa - <unknown>
[INFO] [stdout]   21:     0x796d1231c3d4 - clone
[INFO] [stdout]   22:                0x0 - <unknown>
[INFO] [stdout] 
[INFO] [stdout] ---- raw_client::test::test_block_header_raw stdout ----
[INFO] [stdout] 
[INFO] [stdout] thread 'raw_client::test::test_block_header_raw' (2908) panicked at src/raw_client.rs:1439:14:
[INFO] [stdout] should build the `RawClient` successfully!: IOError(Custom { kind: Uncategorized, error: "failed to lookup address information: Temporary failure in name resolution" })
[INFO] [stdout] stack backtrace:
[INFO] [stdout]    0:     0x6173e565af81 - <<std[70759c8f55707aa4]::sys::backtrace::BacktraceLock>::print::DisplayBacktrace as core[df12db4294e9bfd3]::fmt::Display>::fmt
[INFO] [stdout]    1:     0x6173e567141a - core[df12db4294e9bfd3]::fmt::write
[INFO] [stdout]    2:     0x6173e565fc6c - <alloc[2182bb758b4b3781]::vec::Vec<u8> as core[df12db4294e9bfd3]::io::write::Write>::write_fmt
[INFO] [stdout]    3:     0x6173e5635ce6 - std[70759c8f55707aa4]::panicking::default_hook::{closure#0}
[INFO] [stdout]    4:     0x6173e5652e99 - std[70759c8f55707aa4]::panicking::default_hook
[INFO] [stdout]    5:     0x6173e5355cc0 - test[9d35eded1c95d3be]::test_main_inner::<test[9d35eded1c95d3be]::test_main_static::{closure#0}>::{closure#0}
[INFO] [stdout]    6:     0x6173e5653052 - std[70759c8f55707aa4]::panicking::panic_with_hook
[INFO] [stdout]    7:     0x6173e5635d92 - std[70759c8f55707aa4]::panicking::panic_handler::{closure#0}
[INFO] [stdout]    8:     0x6173e562ea69 - std[70759c8f55707aa4]::sys::backtrace::__rust_end_short_backtrace::<std[70759c8f55707aa4]::panicking::panic_handler::{closure#0}, !>
[INFO] [stdout]    9:     0x6173e5636b7d - __rustc[8fa7c3cbc660c2b3]::rust_begin_unwind
[INFO] [stdout]   10:     0x6173e5671b4c - core[df12db4294e9bfd3]::panicking::panic_fmt
[INFO] [stdout]   11:     0x6173e5671922 - core[df12db4294e9bfd3]::result::unwrap_failed
[INFO] [stdout]   12:     0x6173e530196f - electrum_client[621234147e920595]::raw_client::test::get_test_client
[INFO] [stdout]   13:     0x6173e530275a - electrum_client[621234147e920595]::raw_client::test::test_block_header_raw
[INFO] [stdout]   14:     0x6173e5341939 - <electrum_client[621234147e920595]::raw_client::test::test_block_header_raw::{closure#0} as core[df12db4294e9bfd3]::ops::function::FnOnce<()>>::call_once
[INFO] [stdout]   15:     0x6173e5348fab - test[9d35eded1c95d3be]::__rust_begin_short_backtrace::<core[df12db4294e9bfd3]::result::Result<(), alloc[2182bb758b4b3781]::string::String>, fn() -> core[df12db4294e9bfd3]::result::Result<(), alloc[2182bb758b4b3781]::string::String>>
[INFO] [stdout]   16:     0x6173e5356615 - test[9d35eded1c95d3be]::run_test::{closure#0}
[INFO] [stdout]   17:     0x6173e534fed4 - std[70759c8f55707aa4]::sys::backtrace::__rust_begin_short_backtrace::<test[9d35eded1c95d3be]::run_test::{closure#1}, ()>
[INFO] [stdout]   18:     0x6173e5359772 - <std[70759c8f55707aa4]::thread::lifecycle::spawn_unchecked<test[9d35eded1c95d3be]::run_test::{closure#1}, ()>::{closure#1} as core[df12db4294e9bfd3]::ops::function::FnOnce<()>>::call_once::{shim:vtable#0}
[INFO] [stdout]   19:     0x6173e565a0b9 - <std[70759c8f55707aa4]::sys::thread::unix::Thread>::new::thread_start
[INFO] [stdout]   20:     0x796d12288dfa - <unknown>
[INFO] [stdout]   21:     0x796d1231c3d4 - clone
[INFO] [stdout]   22:                0x0 - <unknown>
[INFO] [stdout] 
[INFO] [stdout] ---- raw_client::test::test_block_header stdout ----
[INFO] [stdout] 
[INFO] [stdout] thread 'raw_client::test::test_block_header' (2907) panicked at src/raw_client.rs:1439:14:
[INFO] [stdout] should build the `RawClient` successfully!: IOError(Custom { kind: Uncategorized, error: "failed to lookup address information: Temporary failure in name resolution" })
[INFO] [stdout] stack backtrace:
[INFO] [stdout]    0:     0x6173e565af81 - <<std[70759c8f55707aa4]::sys::backtrace::BacktraceLock>::print::DisplayBacktrace as core[df12db4294e9bfd3]::fmt::Display>::fmt
[INFO] [stdout]    1:     0x6173e567141a - core[df12db4294e9bfd3]::fmt::write
[INFO] [stdout]    2:     0x6173e565fc6c - <alloc[2182bb758b4b3781]::vec::Vec<u8> as core[df12db4294e9bfd3]::io::write::Write>::write_fmt
[INFO] [stdout]    3:     0x6173e5635ce6 - std[70759c8f55707aa4]::panicking::default_hook::{closure#0}
[INFO] [stdout]    4:     0x6173e5652e99 - std[70759c8f55707aa4]::panicking::default_hook
[INFO] [stdout]    5:     0x6173e5355cc0 - test[9d35eded1c95d3be]::test_main_inner::<test[9d35eded1c95d3be]::test_main_static::{closure#0}>::{closure#0}
[INFO] [stdout]    6:     0x6173e5653052 - std[70759c8f55707aa4]::panicking::panic_with_hook
[INFO] [stdout]    7:     0x6173e5635d92 - std[70759c8f55707aa4]::panicking::panic_handler::{closure#0}
[INFO] [stdout]    8:     0x6173e562ea69 - std[70759c8f55707aa4]::sys::backtrace::__rust_end_short_backtrace::<std[70759c8f55707aa4]::panicking::panic_handler::{closure#0}, !>
[INFO] [stdout]    9:     0x6173e5636b7d - __rustc[8fa7c3cbc660c2b3]::rust_begin_unwind
[INFO] [stdout]   10:     0x6173e5671b4c - core[df12db4294e9bfd3]::panicking::panic_fmt
[INFO] [stdout]   11:     0x6173e5671922 - core[df12db4294e9bfd3]::result::unwrap_failed
[INFO] [stdout]   12:     0x6173e530196f - electrum_client[621234147e920595]::raw_client::test::get_test_client
[INFO] [stdout]   13:     0x6173e5301f08 - electrum_client[621234147e920595]::raw_client::test::test_block_header
[INFO] [stdout]   14:     0x6173e5341899 - <electrum_client[621234147e920595]::raw_client::test::test_block_header::{closure#0} as core[df12db4294e9bfd3]::ops::function::FnOnce<()>>::call_once
[INFO] [stdout]   15:     0x6173e5348fab - test[9d35eded1c95d3be]::__rust_begin_short_backtrace::<core[df12db4294e9bfd3]::result::Result<(), alloc[2182bb758b4b3781]::string::String>, fn() -> core[df12db4294e9bfd3]::result::Result<(), alloc[2182bb758b4b3781]::string::String>>
[INFO] [stdout]   16:     0x6173e5356615 - test[9d35eded1c95d3be]::run_test::{closure#0}
[INFO] [stdout]   17:     0x6173e534fed4 - std[70759c8f55707aa4]::sys::backtrace::__rust_begin_short_backtrace::<test[9d35eded1c95d3be]::run_test::{closure#1}, ()>
[INFO] [stdout]   18:     0x6173e5359772 - <std[70759c8f55707aa4]::thread::lifecycle::spawn_unchecked<test[9d35eded1c95d3be]::run_test::{closure#1}, ()>::{closure#1} as core[df12db4294e9bfd3]::ops::function::FnOnce<()>>::call_once::{shim:vtable#0}
[INFO] [stdout]   19:     0x6173e565a0b9 - <std[70759c8f55707aa4]::sys::thread::unix::Thread>::new::thread_start
[INFO] [stdout]   20:     0x796d12288dfa - <unknown>
[INFO] [stdout]   21:     0x796d1231c3d4 - clone
[INFO] [stdout]   22:                0x0 - <unknown>
[INFO] [stdout] 
[INFO] [stdout] ---- raw_client::test::test_authorization_provider_returns_none stdout ----
[INFO] [stdout] 
[INFO] [stdout] thread 'raw_client::test::test_authorization_provider_returns_none' (2902) panicked at src/raw_client.rs:1431:14:
[INFO] [stdout] should build the `RawClient` successfully!: IOError(Custom { kind: Uncategorized, error: "failed to lookup address information: Temporary failure in name resolution" })
[INFO] [stdout] stack backtrace:
[INFO] [stdout]    0:     0x6173e565af81 - <<std[70759c8f55707aa4]::sys::backtrace::BacktraceLock>::print::DisplayBacktrace as core[df12db4294e9bfd3]::fmt::Display>::fmt
[INFO] [stdout]    1:     0x6173e567141a - core[df12db4294e9bfd3]::fmt::write
[INFO] [stdout]    2:     0x6173e565fc6c - <alloc[2182bb758b4b3781]::vec::Vec<u8> as core[df12db4294e9bfd3]::io::write::Write>::write_fmt
[INFO] [stdout]    3:     0x6173e5635ce6 - std[70759c8f55707aa4]::panicking::default_hook::{closure#0}
[INFO] [stdout]    4:     0x6173e5652e99 - std[70759c8f55707aa4]::panicking::default_hook
[INFO] [stdout]    5:     0x6173e5355cc0 - test[9d35eded1c95d3be]::test_main_inner::<test[9d35eded1c95d3be]::test_main_static::{closure#0}>::{closure#0}
[INFO] [stdout]    6:     0x6173e5653052 - std[70759c8f55707aa4]::panicking::panic_with_hook
[INFO] [stdout]    7:     0x6173e5635d92 - std[70759c8f55707aa4]::panicking::panic_handler::{closure#0}
[INFO] [stdout]    8:     0x6173e562ea69 - std[70759c8f55707aa4]::sys::backtrace::__rust_end_short_backtrace::<std[70759c8f55707aa4]::panicking::panic_handler::{closure#0}, !>
[INFO] [stdout]    9:     0x6173e5636b7d - __rustc[8fa7c3cbc660c2b3]::rust_begin_unwind
[INFO] [stdout]   10:     0x6173e5671b4c - core[df12db4294e9bfd3]::panicking::panic_fmt
[INFO] [stdout]   11:     0x6173e5671922 - core[df12db4294e9bfd3]::result::unwrap_failed
[INFO] [stdout]   12:     0x6173e5301b64 - electrum_client[621234147e920595]::raw_client::test::get_test_auth_client
[INFO] [stdout]   13:     0x6173e53068f0 - electrum_client[621234147e920595]::raw_client::test::test_authorization_provider_returns_none
[INFO] [stdout]   14:     0x6173e5341b99 - <electrum_client[621234147e920595]::raw_client::test::test_authorization_provider_returns_none::{closure#0} as core[df12db4294e9bfd3]::ops::function::FnOnce<()>>::call_once
[INFO] [stdout]   15:     0x6173e5348fab - test[9d35eded1c95d3be]::__rust_begin_short_backtrace::<core[df12db4294e9bfd3]::result::Result<(), alloc[2182bb758b4b3781]::string::String>, fn() -> core[df12db4294e9bfd3]::result::Result<(), alloc[2182bb758b4b3781]::string::String>>
[INFO] [stdout]   16:     0x6173e5356615 - test[9d35eded1c95d3be]::run_test::{closure#0}
[INFO] [stdout]   17:     0x6173e534fed4 - std[70759c8f55707aa4]::sys::backtrace::__rust_begin_short_backtrace::<test[9d35eded1c95d3be]::run_test::{closure#1}, ()>
[INFO] [stdout]   18:     0x6173e5359772 - <std[70759c8f55707aa4]::thread::lifecycle::spawn_unchecked<test[9d35eded1c95d3be]::run_test::{closure#1}, ()>::{closure#1} as core[df12db4294e9bfd3]::ops::function::FnOnce<()>>::call_once::{shim:vtable#0}
[INFO] [stdout]   19:     0x6173e565a0b9 - <std[70759c8f55707aa4]::sys::thread::unix::Thread>::new::thread_start
[INFO] [stdout]   20:     0x796d12288dfa - <unknown>
[INFO] [stdout]   21:     0x796d1231c3d4 - clone
[INFO] [stdout]   22:                0x0 - <unknown>
[INFO] [stdout] 
[INFO] [stdout] ---- raw_client::test::test_auth_provider_via_constructor stdout ----
[INFO] [stdout] 
[INFO] [stdout] thread 'raw_client::test::test_auth_provider_via_constructor' (2900) panicked at src/raw_client.rs:1431:14:
[INFO] [stdout] should build the `RawClient` successfully!: IOError(Custom { kind: Uncategorized, error: "failed to lookup address information: Temporary failure in name resolution" })
[INFO] [stdout] stack backtrace:
[INFO] [stdout]    0:     0x6173e565af81 - <<std[70759c8f55707aa4]::sys::backtrace::BacktraceLock>::print::DisplayBacktrace as core[df12db4294e9bfd3]::fmt::Display>::fmt
[INFO] [stdout]    1:     0x6173e567141a - core[df12db4294e9bfd3]::fmt::write
[INFO] [stdout]    2:     0x6173e565fc6c - <alloc[2182bb758b4b3781]::vec::Vec<u8> as core[df12db4294e9bfd3]::io::write::Write>::write_fmt
[INFO] [stdout]    3:     0x6173e5635ce6 - std[70759c8f55707aa4]::panicking::default_hook::{closure#0}
[INFO] [stdout]    4:     0x6173e5652e99 - std[70759c8f55707aa4]::panicking::default_hook
[INFO] [stdout]    5:     0x6173e5355cc0 - test[9d35eded1c95d3be]::test_main_inner::<test[9d35eded1c95d3be]::test_main_static::{closure#0}>::{closure#0}
[INFO] [stdout]    6:     0x6173e5653052 - std[70759c8f55707aa4]::panicking::panic_with_hook
[INFO] [stdout]    7:     0x6173e5635d92 - std[70759c8f55707aa4]::panicking::panic_handler::{closure#0}
[INFO] [stdout]    8:     0x6173e562ea69 - std[70759c8f55707aa4]::sys::backtrace::__rust_end_short_backtrace::<std[70759c8f55707aa4]::panicking::panic_handler::{closure#0}, !>
[INFO] [stdout]    9:     0x6173e5636b7d - __rustc[8fa7c3cbc660c2b3]::rust_begin_unwind
[INFO] [stdout]   10:     0x6173e5671b4c - core[df12db4294e9bfd3]::panicking::panic_fmt
[INFO] [stdout]   11:     0x6173e5671922 - core[df12db4294e9bfd3]::result::unwrap_failed
[INFO] [stdout]   12:     0x6173e5301b64 - electrum_client[621234147e920595]::raw_client::test::get_test_auth_client
[INFO] [stdout]   13:     0x6173e5306000 - electrum_client[621234147e920595]::raw_client::test::test_auth_provider_via_constructor
[INFO] [stdout]   14:     0x6173e5341b39 - <electrum_client[621234147e920595]::raw_client::test::test_auth_provider_via_constructor::{closure#0} as core[df12db4294e9bfd3]::ops::function::FnOnce<()>>::call_once
[INFO] [stdout]   15:     0x6173e5348fab - test[9d35eded1c95d3be]::__rust_begin_short_backtrace::<core[df12db4294e9bfd3]::result::Result<(), alloc[2182bb758b4b3781]::string::String>, fn() -> core[df12db4294e9bfd3]::result::Result<(), alloc[2182bb758b4b3781]::string::String>>
[INFO] [stdout]   16:     0x6173e5356615 - test[9d35eded1c95d3be]::run_test::{closure#0}
[INFO] [stdout]   17:     0x6173e534fed4 - std[70759c8f55707aa4]::sys::backtrace::__rust_begin_short_backtrace::<test[9d35eded1c95d3be]::run_test::{closure#1}, ()>
[INFO] [stdout]   18:     0x6173e5359772 - <std[70759c8f55707aa4]::thread::lifecycle::spawn_unchecked<test[9d35eded1c95d3be]::run_test::{closure#1}, ()>::{closure#1} as core[df12db4294e9bfd3]::ops::function::FnOnce<()>>::call_once::{shim:vtable#0}
[INFO] [stdout]   19:     0x6173e565a0b9 - <std[70759c8f55707aa4]::sys::thread::unix::Thread>::new::thread_start
[INFO] [stdout]   20:     0x796d12288dfa - <unknown>
[INFO] [stdout]   21:     0x796d1231c3d4 - clone
[INFO] [stdout]   22:                0x0 - <unknown>
[INFO] [stdout] 
[INFO] [stdout] ---- raw_client::test::test_block_headers_subscribe stdout ----
[INFO] [stdout] 
[INFO] [stdout] thread 'raw_client::test::test_block_headers_subscribe' (2910) panicked at src/raw_client.rs:1439:14:
[INFO] [stdout] should build the `RawClient` successfully!: IOError(Custom { kind: Uncategorized, error: "failed to lookup address information: Temporary failure in name resolution" })
[INFO] [stdout] stack backtrace:
[INFO] [stdout]    0:     0x6173e565af81 - <<std[70759c8f55707aa4]::sys::backtrace::BacktraceLock>::print::DisplayBacktrace as core[df12db4294e9bfd3]::fmt::Display>::fmt
[INFO] [stdout]    1:     0x6173e567141a - core[df12db4294e9bfd3]::fmt::write
[INFO] [stdout]    2:     0x6173e565fc6c - <alloc[2182bb758b4b3781]::vec::Vec<u8> as core[df12db4294e9bfd3]::io::write::Write>::write_fmt
[INFO] [stdout]    3:     0x6173e5635ce6 - std[70759c8f55707aa4]::panicking::default_hook::{closure#0}
[INFO] [stdout]    4:     0x6173e5652e99 - std[70759c8f55707aa4]::panicking::default_hook
[INFO] [stdout]    5:     0x6173e5355cc0 - test[9d35eded1c95d3be]::test_main_inner::<test[9d35eded1c95d3be]::test_main_static::{closure#0}>::{closure#0}
[INFO] [stdout]    6:     0x6173e5653052 - std[70759c8f55707aa4]::panicking::panic_with_hook
[INFO] [stdout]    7:     0x6173e5635d92 - std[70759c8f55707aa4]::panicking::panic_handler::{closure#0}
[INFO] [stdout]    8:     0x6173e562ea69 - std[70759c8f55707aa4]::sys::backtrace::__rust_end_short_backtrace::<std[70759c8f55707aa4]::panicking::panic_handler::{closure#0}, !>
[INFO] [stdout]    9:     0x6173e5636b7d - __rustc[8fa7c3cbc660c2b3]::rust_begin_unwind
[INFO] [stdout]   10:     0x6173e5671b4c - core[df12db4294e9bfd3]::panicking::panic_fmt
[INFO] [stdout]   11:     0x6173e5671922 - core[df12db4294e9bfd3]::result::unwrap_failed
[INFO] [stdout]   12:     0x6173e530196f - electrum_client[621234147e920595]::raw_client::test::get_test_client
[INFO] [stdout]   13:     0x6173e5304e88 - electrum_client[621234147e920595]::raw_client::test::test_block_headers_subscribe
[INFO] [stdout]   14:     0x6173e5341ab9 - <electrum_client[621234147e920595]::raw_client::test::test_block_headers_subscribe::{closure#0} as core[df12db4294e9bfd3]::ops::function::FnOnce<()>>::call_once
[INFO] [stdout]   15:     0x6173e5348fab - test[9d35eded1c95d3be]::__rust_begin_short_backtrace::<core[df12db4294e9bfd3]::result::Result<(), alloc[2182bb758b4b3781]::string::String>, fn() -> core[df12db4294e9bfd3]::result::Result<(), alloc[2182bb758b4b3781]::string::String>>
[INFO] [stdout]   16:     0x6173e5356615 - test[9d35eded1c95d3be]::run_test::{closure#0}
[INFO] [stdout]   17:     0x6173e534fed4 - std[70759c8f55707aa4]::sys::backtrace::__rust_begin_short_backtrace::<test[9d35eded1c95d3be]::run_test::{closure#1}, ()>
[INFO] [stdout]   18:     0x6173e5359772 - <std[70759c8f55707aa4]::thread::lifecycle::spawn_unchecked<test[9d35eded1c95d3be]::run_test::{closure#1}, ()>::{closure#1} as core[df12db4294e9bfd3]::ops::function::FnOnce<()>>::call_once::{shim:vtable#0}
[INFO] [stdout]   19:     0x6173e565a0b9 - <std[70759c8f55707aa4]::sys::thread::unix::Thread>::new::thread_start
[INFO] [stdout]   20:     0x796d12288dfa - <unknown>
[INFO] [stdout]   21:     0x796d1231c3d4 - clone
[INFO] [stdout]   22:                0x0 - <unknown>
[INFO] [stdout] 
[INFO] [stdout] ---- raw_client::test::test_block_headers stdout ----
[INFO] [stdout] 
[INFO] [stdout] thread 'raw_client::test::test_block_headers' (2909) panicked at src/raw_client.rs:1439:14:
[INFO] [stdout] should build the `RawClient` successfully!: IOError(Custom { kind: Uncategorized, error: "failed to lookup address information: Temporary failure in name resolution" })
[INFO] [stdout] stack backtrace:
[INFO] [stdout]    0:     0x6173e565af81 - <<std[70759c8f55707aa4]::sys::backtrace::BacktraceLock>::print::DisplayBacktrace as core[df12db4294e9bfd3]::fmt::Display>::fmt
[INFO] [stdout]    1:     0x6173e567141a - core[df12db4294e9bfd3]::fmt::write
[INFO] [stdout]    2:     0x6173e565fc6c - <alloc[2182bb758b4b3781]::vec::Vec<u8> as core[df12db4294e9bfd3]::io::write::Write>::write_fmt
[INFO] [stdout]    3:     0x6173e5635ce6 - std[70759c8f55707aa4]::panicking::default_hook::{closure#0}
[INFO] [stdout]    4:     0x6173e5652e99 - std[70759c8f55707aa4]::panicking::default_hook
[INFO] [stdout]    5:     0x6173e5355cc0 - test[9d35eded1c95d3be]::test_main_inner::<test[9d35eded1c95d3be]::test_main_static::{closure#0}>::{closure#0}
[INFO] [stdout]    6:     0x6173e5653052 - std[70759c8f55707aa4]::panicking::panic_with_hook
[INFO] [stdout]    7:     0x6173e5635d92 - std[70759c8f55707aa4]::panicking::panic_handler::{closure#0}
[INFO] [stdout]    8:     0x6173e562ea69 - std[70759c8f55707aa4]::sys::backtrace::__rust_end_short_backtrace::<std[70759c8f55707aa4]::panicking::panic_handler::{closure#0}, !>
[INFO] [stdout]    9:     0x6173e5636b7d - __rustc[8fa7c3cbc660c2b3]::rust_begin_unwind
[INFO] [stdout]   10:     0x6173e5671b4c - core[df12db4294e9bfd3]::panicking::panic_fmt
[INFO] [stdout]   11:     0x6173e5671922 - core[df12db4294e9bfd3]::result::unwrap_failed
[INFO] [stdout]   12:     0x6173e530196f - electrum_client[621234147e920595]::raw_client::test::get_test_client
[INFO] [stdout]   13:     0x6173e5302190 - electrum_client[621234147e920595]::raw_client::test::test_block_headers
[INFO] [stdout]   14:     0x6173e53418d9 - <electrum_client[621234147e920595]::raw_client::test::test_block_headers::{closure#0} as core[df12db4294e9bfd3]::ops::function::FnOnce<()>>::call_once
[INFO] [stdout]   15:     0x6173e5348fab - test[9d35eded1c95d3be]::__rust_begin_short_backtrace::<core[df12db4294e9bfd3]::result::Result<(), alloc[2182bb758b4b3781]::string::String>, fn() -> core[df12db4294e9bfd3]::result::Result<(), alloc[2182bb758b4b3781]::string::String>>
[INFO] [stdout]   16:     0x6173e5356615 - test[9d35eded1c95d3be]::run_test::{closure#0}
[INFO] [stdout]   17:     0x6173e534fed4 - std[70759c8f55707aa4]::sys::backtrace::__rust_begin_short_backtrace::<test[9d35eded1c95d3be]::run_test::{closure#1}, ()>
[INFO] [stdout]   18:     0x6173e5359772 - <std[70759c8f55707aa4]::thread::lifecycle::spawn_unchecked<test[9d35eded1c95d3be]::run_test::{closure#1}, ()>::{closure#1} as core[df12db4294e9bfd3]::ops::function::FnOnce<()>>::call_once::{shim:vtable#0}
[INFO] [stdout]   19:     0x6173e565a0b9 - <std[70759c8f55707aa4]::sys::thread::unix::Thread>::new::thread_start
[INFO] [stdout]   20:     0x796d12288dfa - <unknown>
[INFO] [stdout]   21:     0x796d1231c3d4 - clone
[INFO] [stdout]   22:                0x0 - <unknown>
[INFO] [stdout] 
[INFO] [stdout] ---- raw_client::test::test_estimate_fee stdout ----
[INFO] [stdout] 
[INFO] [stdout] thread 'raw_client::test::test_estimate_fee' (2911) panicked at src/raw_client.rs:1439:14:
[INFO] [stdout] should build the `RawClient` successfully!: IOError(Custom { kind: Uncategorized, error: "failed to lookup address information: Temporary failure in name resolution" })
[INFO] [stdout] stack backtrace:
[INFO] [stdout]    0:     0x6173e565af81 - <<std[70759c8f55707aa4]::sys::backtrace::BacktraceLock>::print::DisplayBacktrace as core[df12db4294e9bfd3]::fmt::Display>::fmt
[INFO] [stdout]    1:     0x6173e567141a - core[df12db4294e9bfd3]::fmt::write
[INFO] [stdout]    2:     0x6173e565fc6c - <alloc[2182bb758b4b3781]::vec::Vec<u8> as core[df12db4294e9bfd3]::io::write::Write>::write_fmt
[INFO] [stdout]    3:     0x6173e5635ce6 - std[70759c8f55707aa4]::panicking::default_hook::{closure#0}
[INFO] [stdout]    4:     0x6173e5652e99 - std[70759c8f55707aa4]::panicking::default_hook
[INFO] [stdout]    5:     0x6173e5355cc0 - test[9d35eded1c95d3be]::test_main_inner::<test[9d35eded1c95d3be]::test_main_static::{closure#0}>::{closure#0}
[INFO] [stdout]    6:     0x6173e5653052 - std[70759c8f55707aa4]::panicking::panic_with_hook
[INFO] [stdout]    7:     0x6173e5635d92 - std[70759c8f55707aa4]::panicking::panic_handler::{closure#0}
[INFO] [stdout]    8:     0x6173e562ea69 - std[70759c8f55707aa4]::sys::backtrace::__rust_end_short_backtrace::<std[70759c8f55707aa4]::panicking::panic_handler::{closure#0}, !>
[INFO] [stdout]    9:     0x6173e5636b7d - __rustc[8fa7c3cbc660c2b3]::rust_begin_unwind
[INFO] [stdout]   10:     0x6173e5671b4c - core[df12db4294e9bfd3]::panicking::panic_fmt
[INFO] [stdout]   11:     0x6173e5671922 - core[df12db4294e9bfd3]::result::unwrap_failed
[INFO] [stdout]   12:     0x6173e530196f - electrum_client[621234147e920595]::raw_client::test::get_test_client
[INFO] [stdout]   13:     0x6173e5302088 - electrum_client[621234147e920595]::raw_client::test::test_estimate_fee
[INFO] [stdout]   14:     0x6173e53418b9 - <electrum_client[621234147e920595]::raw_client::test::test_estimate_fee::{closure#0} as core[df12db4294e9bfd3]::ops::function::FnOnce<()>>::call_once
[INFO] [stdout]   15:     0x6173e5348fab - test[9d35eded1c95d3be]::__rust_begin_short_backtrace::<core[df12db4294e9bfd3]::result::Result<(), alloc[2182bb758b4b3781]::string::String>, fn() -> core[df12db4294e9bfd3]::result::Result<(), alloc[2182bb758b4b3781]::string::String>>
[INFO] [stdout]   16:     0x6173e5356615 - test[9d35eded1c95d3be]::run_test::{closure#0}
[INFO] [stdout]   17:     0x6173e534fed4 - std[70759c8f55707aa4]::sys::backtrace::__rust_begin_short_backtrace::<test[9d35eded1c95d3be]::run_test::{closure#1}, ()>
[INFO] [stdout]   18:     0x6173e5359772 - <std[70759c8f55707aa4]::thread::lifecycle::spawn_unchecked<test[9d35eded1c95d3be]::run_test::{closure#1}, ()>::{closure#1} as core[df12db4294e9bfd3]::ops::function::FnOnce<()>>::call_once::{shim:vtable#0}
[INFO] [stdout]   19:     0x6173e565a0b9 - <std[70759c8f55707aa4]::sys::thread::unix::Thread>::new::thread_start
[INFO] [stdout]   20:     0x796d12288dfa - <unknown>
[INFO] [stdout]   21:     0x796d1231c3d4 - clone
[INFO] [stdout]   22:                0x0 - <unknown>
[INFO] [stdout] 
[INFO] [stdout] ---- raw_client::test::test_mempool_get_info stdout ----
[INFO] [stdout] 
[INFO] [stdout] thread 'raw_client::test::test_mempool_get_info' (2912) panicked at src/raw_client.rs:1439:14:
[INFO] [stdout] should build the `RawClient` successfully!: IOError(Custom { kind: Uncategorized, error: "failed to lookup address information: Temporary failure in name resolution" })
[INFO] [stdout] stack backtrace:
[INFO] [stdout]    0:     0x6173e565af81 - <<std[70759c8f55707aa4]::sys::backtrace::BacktraceLock>::print::DisplayBacktrace as core[df12db4294e9bfd3]::fmt::Display>::fmt
[INFO] [stdout]    1:     0x6173e567141a - core[df12db4294e9bfd3]::fmt::write
[INFO] [stdout]    2:     0x6173e565fc6c - <alloc[2182bb758b4b3781]::vec::Vec<u8> as core[df12db4294e9bfd3]::io::write::Write>::write_fmt
[INFO] [stdout]    3:     0x6173e5635ce6 - std[70759c8f55707aa4]::panicking::default_hook::{closure#0}
[INFO] [stdout]    4:     0x6173e5652e99 - std[70759c8f55707aa4]::panicking::default_hook
[INFO] [stdout]    5:     0x6173e5355cc0 - test[9d35eded1c95d3be]::test_main_inner::<test[9d35eded1c95d3be]::test_main_static::{closure#0}>::{closure#0}
[INFO] [stdout]    6:     0x6173e5653052 - std[70759c8f55707aa4]::panicking::panic_with_hook
[INFO] [stdout]    7:     0x6173e5635d92 - std[70759c8f55707aa4]::panicking::panic_handler::{closure#0}
[INFO] [stdout]    8:     0x6173e562ea69 - std[70759c8f55707aa4]::sys::backtrace::__rust_end_short_backtrace::<std[70759c8f55707aa4]::panicking::panic_handler::{closure#0}, !>
[INFO] [stdout]    9:     0x6173e5636b7d - __rustc[8fa7c3cbc660c2b3]::rust_begin_unwind
[INFO] [stdout]   10:     0x6173e5671b4c - core[df12db4294e9bfd3]::panicking::panic_fmt
[INFO] [stdout]   11:     0x6173e5671922 - core[df12db4294e9bfd3]::result::unwrap_failed
[INFO] [stdout]   12:     0x6173e530196f - electrum_client[621234147e920595]::raw_client::test::get_test_client
[INFO] [stdout]   13:     0x6173e5302978 - electrum_client[621234147e920595]::raw_client::test::test_mempool_get_info
[INFO] [stdout]   14:     0x6173e5341959 - <electrum_client[621234147e920595]::raw_client::test::test_mempool_get_info::{closure#0} as core[df12db4294e9bfd3]::ops::function::FnOnce<()>>::call_once
[INFO] [stdout]   15:     0x6173e5348fab - test[9d35eded1c95d3be]::__rust_begin_short_backtrace::<core[df12db4294e9bfd3]::result::Result<(), alloc[2182bb758b4b3781]::string::String>, fn() -> core[df12db4294e9bfd3]::result::Result<(), alloc[2182bb758b4b3781]::string::String>>
[INFO] [stdout]   16:     0x6173e5356615 - test[9d35eded1c95d3be]::run_test::{closure#0}
[INFO] [stdout]   17:     0x6173e534fed4 - std[70759c8f55707aa4]::sys::backtrace::__rust_begin_short_backtrace::<test[9d35eded1c95d3be]::run_test::{closure#1}, ()>
[INFO] [stdout]   18:     0x6173e5359772 - <std[70759c8f55707aa4]::thread::lifecycle::spawn_unchecked<test[9d35eded1c95d3be]::run_test::{closure#1}, ()>::{closure#1} as core[df12db4294e9bfd3]::ops::function::FnOnce<()>>::call_once::{shim:vtable#0}
[INFO] [stdout]   19:     0x6173e565a0b9 - <std[70759c8f55707aa4]::sys::thread::unix::Thread>::new::thread_start
[INFO] [stdout]   20:     0x796d12288dfa - <unknown>
[INFO] [stdout]   21:     0x796d1231c3d4 - clone
[INFO] [stdout]   22:                0x0 - <unknown>
[INFO] [stdout] 
[INFO] [stdout] ---- raw_client::test::test_ping stdout ----
[INFO] [stdout] 
[INFO] [stdout] thread 'raw_client::test::test_ping' (2913) panicked at src/raw_client.rs:1439:14:
[INFO] [stdout] should build the `RawClient` successfully!: IOError(Custom { kind: Uncategorized, error: "failed to lookup address information: Temporary failure in name resolution" })
[INFO] [stdout] stack backtrace:
[INFO] [stdout]    0:     0x6173e565af81 - <<std[70759c8f55707aa4]::sys::backtrace::BacktraceLock>::print::DisplayBacktrace as core[df12db4294e9bfd3]::fmt::Display>::fmt
[INFO] [stdout]    1:     0x6173e567141a - core[df12db4294e9bfd3]::fmt::write
[INFO] [stdout]    2:     0x6173e565fc6c - <alloc[2182bb758b4b3781]::vec::Vec<u8> as core[df12db4294e9bfd3]::io::write::Write>::write_fmt
[INFO] [stdout]    3:     0x6173e5635ce6 - std[70759c8f55707aa4]::panicking::default_hook::{closure#0}
[INFO] [stdout]    4:     0x6173e5652e99 - std[70759c8f55707aa4]::panicking::default_hook
[INFO] [stdout]    5:     0x6173e5355cc0 - test[9d35eded1c95d3be]::test_main_inner::<test[9d35eded1c95d3be]::test_main_static::{closure#0}>::{closure#0}
[INFO] [stdout]    6:     0x6173e5653052 - std[70759c8f55707aa4]::panicking::panic_with_hook
[INFO] [stdout]    7:     0x6173e5635d92 - std[70759c8f55707aa4]::panicking::panic_handler::{closure#0}
[INFO] [stdout]    8:     0x6173e562ea69 - std[70759c8f55707aa4]::sys::backtrace::__rust_end_short_backtrace::<std[70759c8f55707aa4]::panicking::panic_handler::{closure#0}, !>
[INFO] [stdout]    9:     0x6173e5636b7d - __rustc[8fa7c3cbc660c2b3]::rust_begin_unwind
[INFO] [stdout]   10:     0x6173e5671b4c - core[df12db4294e9bfd3]::panicking::panic_fmt
[INFO] [stdout]   11:     0x6173e5671922 - core[df12db4294e9bfd3]::result::unwrap_failed
[INFO] [stdout]   12:     0x6173e530196f - electrum_client[621234147e920595]::raw_client::test::get_test_client
[INFO] [stdout]   13:     0x6173e53075d8 - electrum_client[621234147e920595]::raw_client::test::test_ping
[INFO] [stdout]   14:     0x6173e5341bd9 - <electrum_client[621234147e920595]::raw_client::test::test_ping::{closure#0} as core[df12db4294e9bfd3]::ops::function::FnOnce<()>>::call_once
[INFO] [stdout]   15:     0x6173e5348fab - test[9d35eded1c95d3be]::__rust_begin_short_backtrace::<core[df12db4294e9bfd3]::result::Result<(), alloc[2182bb758b4b3781]::string::String>, fn() -> core[df12db4294e9bfd3]::result::Result<(), alloc[2182bb758b4b3781]::string::String>>
[INFO] [stdout]   16:     0x6173e5356615 - test[9d35eded1c95d3be]::run_test::{closure#0}
[INFO] [stdout]   17:     0x6173e534fed4 - std[70759c8f55707aa4]::sys::backtrace::__rust_begin_short_backtrace::<test[9d35eded1c95d3be]::run_test::{closure#1}, ()>
[INFO] [stdout]   18:     0x6173e5359772 - <std[70759c8f55707aa4]::thread::lifecycle::spawn_unchecked<test[9d35eded1c95d3be]::run_test::{closure#1}, ()>::{closure#1} as core[df12db4294e9bfd3]::ops::function::FnOnce<()>>::call_once::{shim:vtable#0}
[INFO] [stdout]   19:     0x6173e565a0b9 - <std[70759c8f55707aa4]::sys::thread::unix::Thread>::new::thread_start
[INFO] [stdout]   20:     0x796d12288dfa - <unknown>
[INFO] [stdout]   21:     0x796d1231c3d4 - clone
[INFO] [stdout]   22:                0x0 - <unknown>
[INFO] [stdout] 
[INFO] [stdout] ---- raw_client::test::test_raw_call stdout ----
[INFO] [stdout] 
[INFO] [stdout] thread 'raw_client::test::test_raw_call' (2914) panicked at src/raw_client.rs:1439:14:
[INFO] [stdout] should build the `RawClient` successfully!: IOError(Custom { kind: Uncategorized, error: "failed to lookup address information: Temporary failure in name resolution" })
[INFO] [stdout] stack backtrace:
[INFO] [stdout]    0:     0x6173e565af81 - <<std[70759c8f55707aa4]::sys::backtrace::BacktraceLock>::print::DisplayBacktrace as core[df12db4294e9bfd3]::fmt::Display>::fmt
[INFO] [stdout]    1:     0x6173e567141a - core[df12db4294e9bfd3]::fmt::write
[INFO] [stdout]    2:     0x6173e565fc6c - <alloc[2182bb758b4b3781]::vec::Vec<u8> as core[df12db4294e9bfd3]::io::write::Write>::write_fmt
[INFO] [stdout]    3:     0x6173e5635ce6 - std[70759c8f55707aa4]::panicking::default_hook::{closure#0}
[INFO] [stdout]    4:     0x6173e5652e99 - std[70759c8f55707aa4]::panicking::default_hook
[INFO] [stdout]    5:     0x6173e5355cc0 - test[9d35eded1c95d3be]::test_main_inner::<test[9d35eded1c95d3be]::test_main_static::{closure#0}>::{closure#0}
[INFO] [stdout]    6:     0x6173e5653052 - std[70759c8f55707aa4]::panicking::panic_with_hook
[INFO] [stdout]    7:     0x6173e5635d92 - std[70759c8f55707aa4]::panicking::panic_handler::{closure#0}
[INFO] [stdout]    8:     0x6173e562ea69 - std[70759c8f55707aa4]::sys::backtrace::__rust_end_short_backtrace::<std[70759c8f55707aa4]::panicking::panic_handler::{closure#0}, !>
[INFO] [stdout]    9:     0x6173e5636b7d - __rustc[8fa7c3cbc660c2b3]::rust_begin_unwind
[INFO] [stdout]   10:     0x6173e5671b4c - core[df12db4294e9bfd3]::panicking::panic_fmt
[INFO] [stdout]   11:     0x6173e5671922 - core[df12db4294e9bfd3]::result::unwrap_failed
[INFO] [stdout]   12:     0x6173e530196f - electrum_client[621234147e920595]::raw_client::test::get_test_client
[INFO] [stdout]   13:     0x6173e5301c17 - electrum_client[621234147e920595]::raw_client::test::test_raw_call
[INFO] [stdout]   14:     0x6173e5341879 - <electrum_client[621234147e920595]::raw_client::test::test_raw_call::{closure#0} as core[df12db4294e9bfd3]::ops::function::FnOnce<()>>::call_once
[INFO] [stdout]   15:     0x6173e5348fab - test[9d35eded1c95d3be]::__rust_begin_short_backtrace::<core[df12db4294e9bfd3]::result::Result<(), alloc[2182bb758b4b3781]::string::String>, fn() -> core[df12db4294e9bfd3]::result::Result<(), alloc[2182bb758b4b3781]::string::String>>
[INFO] [stdout]   16:     0x6173e5356615 - test[9d35eded1c95d3be]::run_test::{closure#0}
[INFO] [stdout]   17:     0x6173e534fed4 - std[70759c8f55707aa4]::sys::backtrace::__rust_begin_short_backtrace::<test[9d35eded1c95d3be]::run_test::{closure#1}, ()>
[INFO] [stdout]   18:     0x6173e5359772 - <std[70759c8f55707aa4]::thread::lifecycle::spawn_unchecked<test[9d35eded1c95d3be]::run_test::{closure#1}, ()>::{closure#1} as core[df12db4294e9bfd3]::ops::function::FnOnce<()>>::call_once::{shim:vtable#0}
[INFO] [stdout]   19:     0x6173e565a0b9 - <std[70759c8f55707aa4]::sys::thread::unix::Thread>::new::thread_start
[INFO] [stdout]   20:     0x796d12288dfa - <unknown>
[INFO] [stdout]   21:     0x796d1231c3d4 - clone
[INFO] [stdout]   22:                0x0 - <unknown>
[INFO] [stdout] 
[INFO] [stdout] ---- raw_client::test::test_script_get_balance stdout ----
[INFO] [stdout] 
[INFO] [stdout] thread 'raw_client::test::test_script_get_balance' (2916) panicked at src/raw_client.rs:1439:14:
[INFO] [stdout] should build the `RawClient` successfully!: IOError(Custom { kind: Uncategorized, error: "failed to lookup address information: Temporary failure in name resolution" })
[INFO] [stdout] stack backtrace:
[INFO] [stdout]    0:     0x6173e565af81 - <<std[70759c8f55707aa4]::sys::backtrace::BacktraceLock>::print::DisplayBacktrace as core[df12db4294e9bfd3]::fmt::Display>::fmt
[INFO] [stdout]    1:     0x6173e567141a - core[df12db4294e9bfd3]::fmt::write
[INFO] [stdout]    2:     0x6173e565fc6c - <alloc[2182bb758b4b3781]::vec::Vec<u8> as core[df12db4294e9bfd3]::io::write::Write>::write_fmt
[INFO] [stdout]    3:     0x6173e5635ce6 - std[70759c8f55707aa4]::panicking::default_hook::{closure#0}
[INFO] [stdout]    4:     0x6173e5652e99 - std[70759c8f55707aa4]::panicking::default_hook
[INFO] [stdout]    5:     0x6173e5355cc0 - test[9d35eded1c95d3be]::test_main_inner::<test[9d35eded1c95d3be]::test_main_static::{closure#0}>::{closure#0}
[INFO] [stdout]    6:     0x6173e5653052 - std[70759c8f55707aa4]::panicking::panic_with_hook
[INFO] [stdout]    7:     0x6173e5635d92 - std[70759c8f55707aa4]::panicking::panic_handler::{closure#0}
[INFO] [stdout]    8:     0x6173e562ea69 - std[70759c8f55707aa4]::sys::backtrace::__rust_end_short_backtrace::<std[70759c8f55707aa4]::panicking::panic_handler::{closure#0}, !>
[INFO] [stdout]    9:     0x6173e5636b7d - __rustc[8fa7c3cbc660c2b3]::rust_begin_unwind
[INFO] [stdout]   10:     0x6173e5671b4c - core[df12db4294e9bfd3]::panicking::panic_fmt
[INFO] [stdout]   11:     0x6173e5671922 - core[df12db4294e9bfd3]::result::unwrap_failed
[INFO] [stdout]   12:     0x6173e530196f - electrum_client[621234147e920595]::raw_client::test::get_test_client
[INFO] [stdout]   13:     0x6173e5302fe7 - electrum_client[621234147e920595]::raw_client::test::test_script_get_balance
[INFO] [stdout]   14:     0x6173e53419b9 - <electrum_client[621234147e920595]::raw_client::test::test_script_get_balance::{closure#0} as core[df12db4294e9bfd3]::ops::function::FnOnce<()>>::call_once
[INFO] [stdout]   15:     0x6173e5348fab - test[9d35eded1c95d3be]::__rust_begin_short_backtrace::<core[df12db4294e9bfd3]::result::Result<(), alloc[2182bb758b4b3781]::string::String>, fn() -> core[df12db4294e9bfd3]::result::Result<(), alloc[2182bb758b4b3781]::string::String>>
[INFO] [stdout]   16:     0x6173e5356615 - test[9d35eded1c95d3be]::run_test::{closure#0}
[INFO] [stdout]   17:     0x6173e534fed4 - std[70759c8f55707aa4]::sys::backtrace::__rust_begin_short_backtrace::<test[9d35eded1c95d3be]::run_test::{closure#1}, ()>
[INFO] [stdout]   18:     0x6173e5359772 - <std[70759c8f55707aa4]::thread::lifecycle::spawn_unchecked<test[9d35eded1c95d3be]::run_test::{closure#1}, ()>::{closure#1} as core[df12db4294e9bfd3]::ops::function::FnOnce<()>>::call_once::{shim:vtable#0}
[INFO] [stdout]   19:     0x6173e565a0b9 - <std[70759c8f55707aa4]::sys::thread::unix::Thread>::new::thread_start
[INFO] [stdout]   20:     0x796d12288dfa - <unknown>
[INFO] [stdout]   21:     0x796d1231c3d4 - clone
[INFO] [stdout]   22:                0x0 - <unknown>
[INFO] [stdout] 
[INFO] [stdout] ---- raw_client::test::test_script_get_history stdout ----
[INFO] [stdout] 
[INFO] [stdout] thread 'raw_client::test::test_script_get_history' (2917) panicked at src/raw_client.rs:1439:14:
[INFO] [stdout] should build the `RawClient` successfully!: IOError(Custom { kind: Uncategorized, error: "failed to lookup address information: Temporary failure in name resolution" })
[INFO] [stdout] stack backtrace:
[INFO] [stdout]    0:     0x6173e565af81 - <<std[70759c8f55707aa4]::sys::backtrace::BacktraceLock>::print::DisplayBacktrace as core[df12db4294e9bfd3]::fmt::Display>::fmt
[INFO] [stdout]    1:     0x6173e567141a - core[df12db4294e9bfd3]::fmt::write
[INFO] [stdout]    2:     0x6173e565fc6c - <alloc[2182bb758b4b3781]::vec::Vec<u8> as core[df12db4294e9bfd3]::io::write::Write>::write_fmt
[INFO] [stdout]    3:     0x6173e5635ce6 - std[70759c8f55707aa4]::panicking::default_hook::{closure#0}
[INFO] [stdout]    4:     0x6173e5652e99 - std[70759c8f55707aa4]::panicking::default_hook
[INFO] [stdout]    5:     0x6173e5355cc0 - test[9d35eded1c95d3be]::test_main_inner::<test[9d35eded1c95d3be]::test_main_static::{closure#0}>::{closure#0}
[INFO] [stdout]    6:     0x6173e5653052 - std[70759c8f55707aa4]::panicking::panic_with_hook
[INFO] [stdout]    7:     0x6173e5635d92 - std[70759c8f55707aa4]::panicking::panic_handler::{closure#0}
[INFO] [stdout]    8:     0x6173e562ea69 - std[70759c8f55707aa4]::sys::backtrace::__rust_end_short_backtrace::<std[70759c8f55707aa4]::panicking::panic_handler::{closure#0}, !>
[INFO] [stdout]    9:     0x6173e5636b7d - __rustc[8fa7c3cbc660c2b3]::rust_begin_unwind
[INFO] [stdout]   10:     0x6173e5671b4c - core[df12db4294e9bfd3]::panicking::panic_fmt
[INFO] [stdout]   11:     0x6173e5671922 - core[df12db4294e9bfd3]::result::unwrap_failed
[INFO] [stdout]   12:     0x6173e530196f - electrum_client[621234147e920595]::raw_client::test::get_test_client
[INFO] [stdout]   13:     0x6173e530322b - electrum_client[621234147e920595]::raw_client::test::test_script_get_history
[INFO] [stdout]   14:     0x6173e53419d9 - <electrum_client[621234147e920595]::raw_client::test::test_script_get_history::{closure#0} as core[df12db4294e9bfd3]::ops::function::FnOnce<()>>::call_once
[INFO] [stdout]   15:     0x6173e5348fab - test[9d35eded1c95d3be]::__rust_begin_short_backtrace::<core[df12db4294e9bfd3]::result::Result<(), alloc[2182bb758b4b3781]::string::String>, fn() -> core[df12db4294e9bfd3]::result::Result<(), alloc[2182bb758b4b3781]::string::String>>
[INFO] [stdout]   16:     0x6173e5356615 - test[9d35eded1c95d3be]::run_test::{closure#0}
[INFO] [stdout]   17:     0x6173e534fed4 - std[70759c8f55707aa4]::sys::backtrace::__rust_begin_short_backtrace::<test[9d35eded1c95d3be]::run_test::{closure#1}, ()>
[INFO] [stdout]   18:     0x6173e5359772 - <std[70759c8f55707aa4]::thread::lifecycle::spawn_unchecked<test[9d35eded1c95d3be]::run_test::{closure#1}, ()>::{closure#1} as core[df12db4294e9bfd3]::ops::function::FnOnce<()>>::call_once::{shim:vtable#0}
[INFO] [stdout]   19:     0x6173e565a0b9 - <std[70759c8f55707aa4]::sys::thread::unix::Thread>::new::thread_start
[INFO] [stdout]   20:     0x796d12288dfa - <unknown>
[INFO] [stdout]   21:     0x796d1231c3d4 - clone
[INFO] [stdout]   22:                0x0 - <unknown>
[INFO] [stdout] 
[INFO] [stdout] ---- raw_client::test::test_script_list_unspent stdout ----
[INFO] [stdout] 
[INFO] [stdout] thread 'raw_client::test::test_script_list_unspent' (2918) panicked at src/raw_client.rs:1439:14:
[INFO] [stdout] should build the `RawClient` successfully!: IOError(Custom { kind: Uncategorized, error: "failed to lookup address information: Temporary failure in name resolution" })
[INFO] [stdout] stack backtrace:
[INFO] [stdout]    0:     0x6173e565af81 - <<std[70759c8f55707aa4]::sys::backtrace::BacktraceLock>::print::DisplayBacktrace as core[df12db4294e9bfd3]::fmt::Display>::fmt
[INFO] [stdout]    1:     0x6173e567141a - core[df12db4294e9bfd3]::fmt::write
[INFO] [stdout]    2:     0x6173e565fc6c - <alloc[2182bb758b4b3781]::vec::Vec<u8> as core[df12db4294e9bfd3]::io::write::Write>::write_fmt
[INFO] [stdout]    3:     0x6173e5635ce6 - std[70759c8f55707aa4]::panicking::default_hook::{closure#0}
[INFO] [stdout]    4:     0x6173e5652e99 - std[70759c8f55707aa4]::panicking::default_hook
[INFO] [stdout]    5:     0x6173e5355cc0 - test[9d35eded1c95d3be]::test_main_inner::<test[9d35eded1c95d3be]::test_main_static::{closure#0}>::{closure#0}
[INFO] [stdout]    6:     0x6173e5653052 - std[70759c8f55707aa4]::panicking::panic_with_hook
[INFO] [stdout]    7:     0x6173e5635d92 - std[70759c8f55707aa4]::panicking::panic_handler::{closure#0}
[INFO] [stdout]    8:     0x6173e562ea69 - std[70759c8f55707aa4]::sys::backtrace::__rust_end_short_backtrace::<std[70759c8f55707aa4]::panicking::panic_handler::{closure#0}, !>
[INFO] [stdout]    9:     0x6173e5636b7d - __rustc[8fa7c3cbc660c2b3]::rust_begin_unwind
[INFO] [stdout]   10:     0x6173e5671b4c - core[df12db4294e9bfd3]::panicking::panic_fmt
[INFO] [stdout]   11:     0x6173e5671922 - core[df12db4294e9bfd3]::result::unwrap_failed
[INFO] [stdout]   12:     0x6173e530196f - electrum_client[621234147e920595]::raw_client::test::get_test_client
[INFO] [stdout]   13:     0x6173e530386d - electrum_client[621234147e920595]::raw_client::test::test_script_list_unspent
[INFO] [stdout]   14:     0x6173e5341a19 - <electrum_client[621234147e920595]::raw_client::test::test_script_list_unspent::{closure#0} as core[df12db4294e9bfd3]::ops::function::FnOnce<()>>::call_once
[INFO] [stdout]   15:     0x6173e5348fab - test[9d35eded1c95d3be]::__rust_begin_short_backtrace::<core[df12db4294e9bfd3]::result::Result<(), alloc[2182bb758b4b3781]::string::String>, fn() -> core[df12db4294e9bfd3]::result::Result<(), alloc[2182bb758b4b3781]::string::String>>
[INFO] [stdout]   16:     0x6173e5356615 - test[9d35eded1c95d3be]::run_test::{closure#0}
[INFO] [stdout]   17:     0x6173e534fed4 - std[70759c8f55707aa4]::sys::backtrace::__rust_begin_short_backtrace::<test[9d35eded1c95d3be]::run_test::{closure#1}, ()>
[INFO] [stdout]   18:     0x6173e5359772 - <std[70759c8f55707aa4]::thread::lifecycle::spawn_unchecked<test[9d35eded1c95d3be]::run_test::{closure#1}, ()>::{closure#1} as core[df12db4294e9bfd3]::ops::function::FnOnce<()>>::call_once::{shim:vtable#0}
[INFO] [stdout]   19:     0x6173e565a0b9 - <std[70759c8f55707aa4]::sys::thread::unix::Thread>::new::thread_start
[INFO] [stdout]   20:     0x796d12288dfa - <unknown>
[INFO] [stdout]   21:     0x796d1231c3d4 - clone
[INFO] [stdout]   22:                0x0 - <unknown>
[INFO] [stdout] 
[INFO] [stdout] ---- raw_client::test::test_server_features_simple stdout ----
[INFO] [stdout] 
[INFO] [stdout] thread 'raw_client::test::test_server_features_simple' (2920) panicked at src/raw_client.rs:1439:14:
[INFO] [stdout] should build the `RawClient` successfully!: IOError(Custom { kind: Uncategorized, error: "failed to lookup address information: Temporary failure in name resolution" })
[INFO] [stdout] stack backtrace:
[INFO] [stdout]    0:     0x6173e565af81 - <<std[70759c8f55707aa4]::sys::backtrace::BacktraceLock>::print::DisplayBacktrace as core[df12db4294e9bfd3]::fmt::Display>::fmt
[INFO] [stdout]    1:     0x6173e567141a - core[df12db4294e9bfd3]::fmt::write
[INFO] [stdout]    2:     0x6173e565fc6c - <alloc[2182bb758b4b3781]::vec::Vec<u8> as core[df12db4294e9bfd3]::io::write::Write>::write_fmt
[INFO] [stdout]    3:     0x6173e5635ce6 - std[70759c8f55707aa4]::panicking::default_hook::{closure#0}
[INFO] [stdout]    4:     0x6173e5652e99 - std[70759c8f55707aa4]::panicking::default_hook
[INFO] [stdout]    5:     0x6173e5355cc0 - test[9d35eded1c95d3be]::test_main_inner::<test[9d35eded1c95d3be]::test_main_static::{closure#0}>::{closure#0}
[INFO] [stdout]    6:     0x6173e5653052 - std[70759c8f55707aa4]::panicking::panic_with_hook
[INFO] [stdout]    7:     0x6173e5635d92 - std[70759c8f55707aa4]::panicking::panic_handler::{closure#0}
[INFO] [stdout]    8:     0x6173e562ea69 - std[70759c8f55707aa4]::sys::backtrace::__rust_end_short_backtrace::<std[70759c8f55707aa4]::panicking::panic_handler::{closure#0}, !>
[INFO] [stdout]    9:     0x6173e5636b7d - __rustc[8fa7c3cbc660c2b3]::rust_begin_unwind
[INFO] [stdout]   10:     0x6173e5671b4c - core[df12db4294e9bfd3]::panicking::panic_fmt
[INFO] [stdout]   11:     0x6173e5671922 - core[df12db4294e9bfd3]::result::unwrap_failed
[INFO] [stdout]   12:     0x6173e530196f - electrum_client[621234147e920595]::raw_client::test::get_test_client
[INFO] [stdout]   13:     0x6173e530402c - electrum_client[621234147e920595]::raw_client::test::test_server_features_simple
[INFO] [stdout]   14:     0x6173e5341a59 - <electrum_client[621234147e920595]::raw_client::test::test_server_features_simple::{closure#0} as core[df12db4294e9bfd3]::ops::function::FnOnce<()>>::call_once
[INFO] [stdout]   15:     0x6173e5348fab - test[9d35eded1c95d3be]::__rust_begin_short_backtrace::<core[df12db4294e9bfd3]::result::Result<(), alloc[2182bb758b4b3781]::string::String>, fn() -> core[df12db4294e9bfd3]::result::Result<(), alloc[2182bb758b4b3781]::string::String>>
[INFO] [stdout]   16:     0x6173e5356615 - test[9d35eded1c95d3be]::run_test::{closure#0}
[INFO] [stdout]   17:     0x6173e534fed4 - std[70759c8f55707aa4]::sys::backtrace::__rust_begin_short_backtrace::<test[9d35eded1c95d3be]::run_test::{closure#1}, ()>
[INFO] [stdout]   18:     0x6173e5359772 - <std[70759c8f55707aa4]::thread::lifecycle::spawn_unchecked<test[9d35eded1c95d3be]::run_test::{closure#1}, ()>::{closure#1} as core[df12db4294e9bfd3]::ops::function::FnOnce<()>>::call_once::{shim:vtable#0}
[INFO] [stdout]   19:     0x6173e565a0b9 - <std[70759c8f55707aa4]::sys::thread::unix::Thread>::new::thread_start
[INFO] [stdout]   20:     0x796d12288dfa - <unknown>
[INFO] [stdout]   21:     0x796d1231c3d4 - clone
[INFO] [stdout]   22:                0x0 - <unknown>
[INFO] [stdout] 
[INFO] [stdout] ---- raw_client::test::test_request_after_error stdout ----
[INFO] [stdout] 
[INFO] [stdout] thread 'raw_client::test::test_request_after_error' (2915) panicked at src/raw_client.rs:1439:14:
[INFO] [stdout] should build the `RawClient` successfully!: IOError(Custom { kind: Uncategorized, error: "failed to lookup address information: Temporary failure in name resolution" })
[INFO] [stdout] stack backtrace:
[INFO] [stdout]    0:     0x6173e565af81 - <<std[70759c8f55707aa4]::sys::backtrace::BacktraceLock>::print::DisplayBacktrace as core[df12db4294e9bfd3]::fmt::Display>::fmt
[INFO] [stdout]    1:     0x6173e567141a - core[df12db4294e9bfd3]::fmt::write
[INFO] [stdout]    2:     0x6173e565fc6c - <alloc[2182bb758b4b3781]::vec::Vec<u8> as core[df12db4294e9bfd3]::io::write::Write>::write_fmt
[INFO] [stdout]    3:     0x6173e5635ce6 - std[70759c8f55707aa4]::panicking::default_hook::{closure#0}
[INFO] [stdout]    4:     0x6173e5652e99 - std[70759c8f55707aa4]::panicking::default_hook
[INFO] [stdout]    5:     0x6173e5355cc0 - test[9d35eded1c95d3be]::test_main_inner::<test[9d35eded1c95d3be]::test_main_static::{closure#0}>::{closure#0}
[INFO] [stdout]    6:     0x6173e5653052 - std[70759c8f55707aa4]::panicking::panic_with_hook
[INFO] [stdout]    7:     0x6173e5635d92 - std[70759c8f55707aa4]::panicking::panic_handler::{closure#0}
[INFO] [stdout]    8:     0x6173e562ea69 - std[70759c8f55707aa4]::sys::backtrace::__rust_end_short_backtrace::<std[70759c8f55707aa4]::panicking::panic_handler::{closure#0}, !>
[INFO] [stdout]    9:     0x6173e5636b7d - __rustc[8fa7c3cbc660c2b3]::rust_begin_unwind
[INFO] [stdout]   10:     0x6173e5671b4c - core[df12db4294e9bfd3]::panicking::panic_fmt
[INFO] [stdout]   11:     0x6173e5671922 - core[df12db4294e9bfd3]::result::unwrap_failed
[INFO] [stdout]   12:     0x6173e530196f - electrum_client[621234147e920595]::raw_client::test::get_test_client
[INFO] [stdout]   13:     0x6173e5303568 - electrum_client[621234147e920595]::raw_client::test::test_request_after_error
[INFO] [stdout]   14:     0x6173e53419f9 - <electrum_client[621234147e920595]::raw_client::test::test_request_after_error::{closure#0} as core[df12db4294e9bfd3]::ops::function::FnOnce<()>>::call_once
[INFO] [stdout]   15:     0x6173e5348fab - test[9d35eded1c95d3be]::__rust_begin_short_backtrace::<core[df12db4294e9bfd3]::result::Result<(), alloc[2182bb758b4b3781]::string::String>, fn() -> core[df12db4294e9bfd3]::result::Result<(), alloc[2182bb758b4b3781]::string::String>>
[INFO] [stdout]   16:     0x6173e5356615 - test[9d35eded1c95d3be]::run_test::{closure#0}
[INFO] [stdout]   17:     0x6173e534fed4 - std[70759c8f55707aa4]::sys::backtrace::__rust_begin_short_backtrace::<test[9d35eded1c95d3be]::run_test::{closure#1}, ()>
[INFO] [stdout]   18:     0x6173e5359772 - <std[70759c8f55707aa4]::thread::lifecycle::spawn_unchecked<test[9d35eded1c95d3be]::run_test::{closure#1}, ()>::{closure#1} as core[df12db4294e9bfd3]::ops::function::FnOnce<()>>::call_once::{shim:vtable#0}
[INFO] [stdout]   19:     0x6173e565a0b9 - <std[70759c8f55707aa4]::sys::thread::unix::Thread>::new::thread_start
[INFO] [stdout]   20:     0x796d12288dfa - <unknown>
[INFO] [stdout]   21:     0x796d1231c3d4 - clone
[INFO] [stdout]   22:                0x0 - <unknown>
[INFO] [stdout] 
[INFO] [stdout] ---- raw_client::test::test_transaction_broadcast_package stdout ----
[INFO] [stdout] 
[INFO] [stdout] thread 'raw_client::test::test_transaction_broadcast_package' (2921) panicked at src/raw_client.rs:1439:14:
[INFO] [stdout] should build the `RawClient` successfully!: IOError(Custom { kind: Uncategorized, error: "failed to lookup address information: Temporary failure in name resolution" })
[INFO] [stdout] stack backtrace:
[INFO] [stdout]    0:     0x6173e565af81 - <<std[70759c8f55707aa4]::sys::backtrace::BacktraceLock>::print::DisplayBacktrace as core[df12db4294e9bfd3]::fmt::Display>::fmt
[INFO] [stdout]    1:     0x6173e567141a - core[df12db4294e9bfd3]::fmt::write
[INFO] [stdout]    2:     0x6173e565fc6c - <alloc[2182bb758b4b3781]::vec::Vec<u8> as core[df12db4294e9bfd3]::io::write::Write>::write_fmt
[INFO] [stdout]    3:     0x6173e5635ce6 - std[70759c8f55707aa4]::panicking::default_hook::{closure#0}
[INFO] [stdout]    4:     0x6173e5652e99 - std[70759c8f55707aa4]::panicking::default_hook
[INFO] [stdout]    5:     0x6173e5355cc0 - test[9d35eded1c95d3be]::test_main_inner::<test[9d35eded1c95d3be]::test_main_static::{closure#0}>::{closure#0}
[INFO] [stdout]    6:     0x6173e5653052 - std[70759c8f55707aa4]::panicking::panic_with_hook
[INFO] [stdout]    7:     0x6173e5635d92 - std[70759c8f55707aa4]::panicking::panic_handler::{closure#0}
[INFO] [stdout]    8:     0x6173e562ea69 - std[70759c8f55707aa4]::sys::backtrace::__rust_end_short_backtrace::<std[70759c8f55707aa4]::panicking::panic_handler::{closure#0}, !>
[INFO] [stdout]    9:     0x6173e5636b7d - __rustc[8fa7c3cbc660c2b3]::rust_begin_unwind
[INFO] [stdout]   10:     0x6173e5671b4c - core[df12db4294e9bfd3]::panicking::panic_fmt
[INFO] [stdout]   11:     0x6173e5671922 - core[df12db4294e9bfd3]::result::unwrap_failed
[INFO] [stdout]   12:     0x6173e530196f - electrum_client[621234147e920595]::raw_client::test::get_test_client
[INFO] [stdout]   13:     0x6173e53062cd - electrum_client[621234147e920595]::raw_client::test::test_transaction_broadcast_package
[INFO] [stdout]   14:     0x6173e5341b59 - <electrum_client[621234147e920595]::raw_client::test::test_transaction_broadcast_package::{closure#0} as core[df12db4294e9bfd3]::ops::function::FnOnce<()>>::call_once
[INFO] [stdout]   15:     0x6173e5348fab - test[9d35eded1c95d3be]::__rust_begin_short_backtrace::<core[df12db4294e9bfd3]::result::Result<(), alloc[2182bb758b4b3781]::string::String>, fn() -> core[df12db4294e9bfd3]::result::Result<(), alloc[2182bb758b4b3781]::string::String>>
[INFO] [stdout]   16:     0x6173e5356615 - test[9d35eded1c95d3be]::run_test::{closure#0}
[INFO] [stdout]   17:     0x6173e534fed4 - std[70759c8f55707aa4]::sys::backtrace::__rust_begin_short_backtrace::<test[9d35eded1c95d3be]::run_test::{closure#1}, ()>
[INFO] [stdout]   18:     0x6173e5359772 - <std[70759c8f55707aa4]::thread::lifecycle::spawn_unchecked<test[9d35eded1c95d3be]::run_test::{closure#1}, ()>::{closure#1} as core[df12db4294e9bfd3]::ops::function::FnOnce<()>>::call_once::{shim:vtable#0}
[INFO] [stdout]   19:     0x6173e565a0b9 - <std[70759c8f55707aa4]::sys::thread::unix::Thread>::new::thread_start
[INFO] [stdout]   20:     0x796d12288dfa - <unknown>
[INFO] [stdout]   21:     0x796d1231c3d4 - clone
[INFO] [stdout]   22:                0x0 - <unknown>
[INFO] [stdout] 
[INFO] [stdout] ---- raw_client::test::test_script_subscribe stdout ----
[INFO] [stdout] 
[INFO] [stdout] thread 'raw_client::test::test_script_subscribe' (2919) panicked at src/raw_client.rs:1439:14:
[INFO] [stdout] should build the `RawClient` successfully!: IOError(Custom { kind: Uncategorized, error: "failed to lookup address information: Temporary failure in name resolution" })
[INFO] [stdout] stack backtrace:
[INFO] [stdout]    0:     0x6173e565af81 - <<std[70759c8f55707aa4]::sys::backtrace::BacktraceLock>::print::DisplayBacktrace as core[df12db4294e9bfd3]::fmt::Display>::fmt
[INFO] [stdout]    1:     0x6173e567141a - core[df12db4294e9bfd3]::fmt::write
[INFO] [stdout]    2:     0x6173e565fc6c - <alloc[2182bb758b4b3781]::vec::Vec<u8> as core[df12db4294e9bfd3]::io::write::Write>::write_fmt
[INFO] [stdout]    3:     0x6173e5635ce6 - std[70759c8f55707aa4]::panicking::default_hook::{closure#0}
[INFO] [stdout]    4:     0x6173e5652e99 - std[70759c8f55707aa4]::panicking::default_hook
[INFO] [stdout]    5:     0x6173e5355cc0 - test[9d35eded1c95d3be]::test_main_inner::<test[9d35eded1c95d3be]::test_main_static::{closure#0}>::{closure#0}
[INFO] [stdout]    6:     0x6173e5653052 - std[70759c8f55707aa4]::panicking::panic_with_hook
[INFO] [stdout]    7:     0x6173e5635d92 - std[70759c8f55707aa4]::panicking::panic_handler::{closure#0}
[INFO] [stdout]    8:     0x6173e562ea69 - std[70759c8f55707aa4]::sys::backtrace::__rust_end_short_backtrace::<std[70759c8f55707aa4]::panicking::panic_handler::{closure#0}, !>
[INFO] [stdout]    9:     0x6173e5636b7d - __rustc[8fa7c3cbc660c2b3]::rust_begin_unwind
[INFO] [stdout]   10:     0x6173e5671b4c - core[df12db4294e9bfd3]::panicking::panic_fmt
[INFO] [stdout]   11:     0x6173e5671922 - core[df12db4294e9bfd3]::result::unwrap_failed
[INFO] [stdout]   12:     0x6173e530196f - electrum_client[621234147e920595]::raw_client::test::get_test_client
[INFO] [stdout]   13:     0x6173e5302be7 - electrum_client[621234147e920595]::raw_client::test::test_script_subscribe
[INFO] [stdout]   14:     0x6173e5341979 - <electrum_client[621234147e920595]::raw_client::test::test_script_subscribe::{closure#0} as core[df12db4294e9bfd3]::ops::function::FnOnce<()>>::call_once
[INFO] [stdout]   15:     0x6173e5348fab - test[9d35eded1c95d3be]::__rust_begin_short_backtrace::<core[df12db4294e9bfd3]::result::Result<(), alloc[2182bb758b4b3781]::string::String>, fn() -> core[df12db4294e9bfd3]::result::Result<(), alloc[2182bb758b4b3781]::string::String>>
[INFO] [stdout]   16:     0x6173e5356615 - test[9d35eded1c95d3be]::run_test::{closure#0}
[INFO] [stdout]   17:     0x6173e534fed4 - std[70759c8f55707aa4]::sys::backtrace::__rust_begin_short_backtrace::<test[9d35eded1c95d3be]::run_test::{closure#1}, ()>
[INFO] [stdout]   18:     0x6173e5359772 - <std[70759c8f55707aa4]::thread::lifecycle::spawn_unchecked<test[9d35eded1c95d3be]::run_test::{closure#1}, ()>::{closure#1} as core[df12db4294e9bfd3]::ops::function::FnOnce<()>>::call_once::{shim:vtable#0}
[INFO] [stdout]   19:     0x6173e565a0b9 - <std[70759c8f55707aa4]::sys::thread::unix::Thread>::new::thread_start
[INFO] [stdout]   20:     0x796d12288dfa - <unknown>
[INFO] [stdout]   21:     0x796d1231c3d4 - clone
[INFO] [stdout]   22:                0x0 - <unknown>
[INFO] [stdout] 
[INFO] [stdout] ---- raw_client::test::test_transaction_get_merkle stdout ----
[INFO] [stdout] 
[INFO] [stdout] thread 'raw_client::test::test_transaction_get_merkle' (2923) panicked at src/raw_client.rs:1439:14:
[INFO] [stdout] should build the `RawClient` successfully!: IOError(Custom { kind: Uncategorized, error: "failed to lookup address information: Temporary failure in name resolution" })
[INFO] [stdout] stack backtrace:
[INFO] [stdout]    0:     0x6173e565af81 - <<std[70759c8f55707aa4]::sys::backtrace::BacktraceLock>::print::DisplayBacktrace as core[df12db4294e9bfd3]::fmt::Display>::fmt
[INFO] [stdout]    1:     0x6173e567141a - core[df12db4294e9bfd3]::fmt::write
[INFO] [stdout]    2:     0x6173e565fc6c - <alloc[2182bb758b4b3781]::vec::Vec<u8> as core[df12db4294e9bfd3]::io::write::Write>::write_fmt
[INFO] [stdout]    3:     0x6173e5635ce6 - std[70759c8f55707aa4]::panicking::default_hook::{closure#0}
[INFO] [stdout]    4:     0x6173e5652e99 - std[70759c8f55707aa4]::panicking::default_hook
[INFO] [stdout]    5:     0x6173e5355cc0 - test[9d35eded1c95d3be]::test_main_inner::<test[9d35eded1c95d3be]::test_main_static::{closure#0}>::{closure#0}
[INFO] [stdout]    6:     0x6173e5653052 - std[70759c8f55707aa4]::panicking::panic_with_hook
[INFO] [stdout]    7:     0x6173e5635d92 - std[70759c8f55707aa4]::panicking::panic_handler::{closure#0}
[INFO] [stdout]    8:     0x6173e562ea69 - std[70759c8f55707aa4]::sys::backtrace::__rust_end_short_backtrace::<std[70759c8f55707aa4]::panicking::panic_handler::{closure#0}, !>
[INFO] [stdout]    9:     0x6173e5636b7d - __rustc[8fa7c3cbc660c2b3]::rust_begin_unwind
[INFO] [stdout]   10:     0x6173e5671b4c - core[df12db4294e9bfd3]::panicking::panic_fmt
[INFO] [stdout]   11:     0x6173e5671922 - core[df12db4294e9bfd3]::result::unwrap_failed
[INFO] [stdout]   12:     0x6173e530196f - electrum_client[621234147e920595]::raw_client::test::get_test_client
[INFO] [stdout]   13:     0x6173e5304549 - electrum_client[621234147e920595]::raw_client::test::test_transaction_get_merkle
[INFO] [stdout]   14:     0x6173e5341a79 - <electrum_client[621234147e920595]::raw_client::test::test_transaction_get_merkle::{closure#0} as core[df12db4294e9bfd3]::ops::function::FnOnce<()>>::call_once
[INFO] [stdout]   15:     0x6173e5348fab - test[9d35eded1c95d3be]::__rust_begin_short_backtrace::<core[df12db4294e9bfd3]::result::Result<(), alloc[2182bb758b4b3781]::string::String>, fn() -> core[df12db4294e9bfd3]::result::Result<(), alloc[2182bb758b4b3781]::string::String>>
[INFO] [stdout]   16:     0x6173e5356615 - test[9d35eded1c95d3be]::run_test::{closure#0}
[INFO] [stdout]   17:     0x6173e534fed4 - std[70759c8f55707aa4]::sys::backtrace::__rust_begin_short_backtrace::<test[9d35eded1c95d3be]::run_test::{closure#1}, ()>
[INFO] [stdout]   18:     0x6173e5359772 - <std[70759c8f55707aa4]::thread::lifecycle::spawn_unchecked<test[9d35eded1c95d3be]::run_test::{closure#1}, ()>::{closure#1} as core[df12db4294e9bfd3]::ops::function::FnOnce<()>>::call_once::{shim:vtable#0}
[INFO] [stdout]   19:     0x6173e565a0b9 - <std[70759c8f55707aa4]::sys::thread::unix::Thread>::new::thread_start
[INFO] [stdout]   20:     0x796d12288dfa - <unknown>
[INFO] [stdout]   21:     0x796d1231c3d4 - clone
[INFO] [stdout]   22:                0x0 - <unknown>
[INFO] [stdout] 
[INFO] [stdout] ---- raw_client::test::test_transaction_get_raw stdout ----
[INFO] [stdout] 
[INFO] [stdout] thread 'raw_client::test::test_transaction_get_raw' (2924) panicked at src/raw_client.rs:1439:14:
[INFO] [stdout] should build the `RawClient` successfully!: IOError(Custom { kind: Uncategorized, error: "failed to lookup address information: Temporary failure in name resolution" })
[INFO] [stdout] stack backtrace:
[INFO] [stdout]    0:     0x6173e565af81 - <<std[70759c8f55707aa4]::sys::backtrace::BacktraceLock>::print::DisplayBacktrace as core[df12db4294e9bfd3]::fmt::Display>::fmt
[INFO] [stdout]    1:     0x6173e567141a - core[df12db4294e9bfd3]::fmt::write
[INFO] [stdout]    2:     0x6173e565fc6c - <alloc[2182bb758b4b3781]::vec::Vec<u8> as core[df12db4294e9bfd3]::io::write::Write>::write_fmt
[INFO] [stdout]    3:     0x6173e5635ce6 - std[70759c8f55707aa4]::panicking::default_hook::{closure#0}
[INFO] [stdout]    4:     0x6173e5652e99 - std[70759c8f55707aa4]::panicking::default_hook
[INFO] [stdout]    5:     0x6173e5355cc0 - test[9d35eded1c95d3be]::test_main_inner::<test[9d35eded1c95d3be]::test_main_static::{closure#0}>::{closure#0}
[INFO] [stdout]    6:     0x6173e5653052 - std[70759c8f55707aa4]::panicking::panic_with_hook
[INFO] [stdout]    7:     0x6173e5635d92 - std[70759c8f55707aa4]::panicking::panic_handler::{closure#0}
[INFO] [stdout]    8:     0x6173e562ea69 - std[70759c8f55707aa4]::sys::backtrace::__rust_end_short_backtrace::<std[70759c8f55707aa4]::panicking::panic_handler::{closure#0}, !>
[INFO] [stdout]    9:     0x6173e5636b7d - __rustc[8fa7c3cbc660c2b3]::rust_begin_unwind
[INFO] [stdout]   10:     0x6173e5671b4c - core[df12db4294e9bfd3]::panicking::panic_fmt
[INFO] [stdout]   11:     0x6173e5671922 - core[df12db4294e9bfd3]::result::unwrap_failed
[INFO] [stdout]   12:     0x6173e530196f - electrum_client[621234147e920595]::raw_client::test::get_test_client
[INFO] [stdout]   13:     0x6173e5303c77 - electrum_client[621234147e920595]::raw_client::test::test_transaction_get_raw
[INFO] [stdout]   14:     0x6173e5341a39 - <electrum_client[621234147e920595]::raw_client::test::test_transaction_get_raw::{closure#0} as core[df12db4294e9bfd3]::ops::function::FnOnce<()>>::call_once
[INFO] [stdout]   15:     0x6173e5348fab - test[9d35eded1c95d3be]::__rust_begin_short_backtrace::<core[df12db4294e9bfd3]::result::Result<(), alloc[2182bb758b4b3781]::string::String>, fn() -> core[df12db4294e9bfd3]::result::Result<(), alloc[2182bb758b4b3781]::string::String>>
[INFO] [stdout]   16:     0x6173e5356615 - test[9d35eded1c95d3be]::run_test::{closure#0}
[INFO] [stdout]   17:     0x6173e534fed4 - std[70759c8f55707aa4]::sys::backtrace::__rust_begin_short_backtrace::<test[9d35eded1c95d3be]::run_test::{closure#1}, ()>
[INFO] [stdout]   18:     0x6173e5359772 - <std[70759c8f55707aa4]::thread::lifecycle::spawn_unchecked<test[9d35eded1c95d3be]::run_test::{closure#1}, ()>::{closure#1} as core[df12db4294e9bfd3]::ops::function::FnOnce<()>>::call_once::{shim:vtable#0}
[INFO] [stdout]   19:     0x6173e565a0b9 - <std[70759c8f55707aa4]::sys::thread::unix::Thread>::new::thread_start
[INFO] [stdout]   20:     0x796d12288dfa - <unknown>
[INFO] [stdout]   21:     0x796d1231c3d4 - clone
[INFO] [stdout]   22:                0x0 - <unknown>
[INFO] [stdout] 
[INFO] [stdout] ---- raw_client::test::test_txid_from_pos stdout ----
[INFO] [stdout] 
[INFO] [stdout] thread 'raw_client::test::test_txid_from_pos' (2925) panicked at src/raw_client.rs:1439:14:
[INFO] [stdout] should build the `RawClient` successfully!: IOError(Custom { kind: Uncategorized, error: "failed to lookup address information: Temporary failure in name resolution" })
[INFO] [stdout] stack backtrace:
[INFO] [stdout]    0:     0x6173e565af81 - <<std[70759c8f55707aa4]::sys::backtrace::BacktraceLock>::print::DisplayBacktrace as core[df12db4294e9bfd3]::fmt::Display>::fmt
[INFO] [stdout]    1:     0x6173e567141a - core[df12db4294e9bfd3]::fmt::write
[INFO] [stdout]    2:     0x6173e565fc6c - <alloc[2182bb758b4b3781]::vec::Vec<u8> as core[df12db4294e9bfd3]::io::write::Write>::write_fmt
[INFO] [stdout]    3:     0x6173e5635ce6 - std[70759c8f55707aa4]::panicking::default_hook::{closure#0}
[INFO] [stdout]    4:     0x6173e5652e99 - std[70759c8f55707aa4]::panicking::default_hook
[INFO] [stdout]    5:     0x6173e5355cc0 - test[9d35eded1c95d3be]::test_main_inner::<test[9d35eded1c95d3be]::test_main_static::{closure#0}>::{closure#0}
[INFO] [stdout]    6:     0x6173e5653052 - std[70759c8f55707aa4]::panicking::panic_with_hook
[INFO] [stdout]    7:     0x6173e5635d92 - std[70759c8f55707aa4]::panicking::panic_handler::{closure#0}
[INFO] [stdout]    8:     0x6173e562ea69 - std[70759c8f55707aa4]::sys::backtrace::__rust_end_short_backtrace::<std[70759c8f55707aa4]::panicking::panic_handler::{closure#0}, !>
[INFO] [stdout]    9:     0x6173e5636b7d - __rustc[8fa7c3cbc660c2b3]::rust_begin_unwind
[INFO] [stdout]   10:     0x6173e5671b4c - core[df12db4294e9bfd3]::panicking::panic_fmt
[INFO] [stdout]   11:     0x6173e5671922 - core[df12db4294e9bfd3]::result::unwrap_failed
[INFO] [stdout]   12:     0x6173e530196f - electrum_client[621234147e920595]::raw_client::test::get_test_client
[INFO] [stdout]   13:     0x6173e53023c5 - electrum_client[621234147e920595]::raw_client::test::test_txid_from_pos
[INFO] [stdout]   14:     0x6173e53418f9 - <electrum_client[621234147e920595]::raw_client::test::test_txid_from_pos::{closure#0} as core[df12db4294e9bfd3]::ops::function::FnOnce<()>>::call_once
[INFO] [stdout]   15:     0x6173e5348fab - test[9d35eded1c95d3be]::__rust_begin_short_backtrace::<core[df12db4294e9bfd3]::result::Result<(), alloc[2182bb758b4b3781]::string::String>, fn() -> core[df12db4294e9bfd3]::result::Result<(), alloc[2182bb758b4b3781]::string::String>>
[INFO] [stdout]   16:     0x6173e5356615 - test[9d35eded1c95d3be]::run_test::{closure#0}
[INFO] [stdout]   17:     0x6173e534fed4 - std[70759c8f55707aa4]::sys::backtrace::__rust_begin_short_backtrace::<test[9d35eded1c95d3be]::run_test::{closure#1}, ()>
[INFO] [stdout]   18:     0x6173e5359772 - <std[70759c8f55707aa4]::thread::lifecycle::spawn_unchecked<test[9d35eded1c95d3be]::run_test::{closure#1}, ()>::{closure#1} as core[df12db4294e9bfd3]::ops::function::FnOnce<()>>::call_once::{shim:vtable#0}
[INFO] [stdout]   19:     0x6173e565a0b9 - <std[70759c8f55707aa4]::sys::thread::unix::Thread>::new::thread_start
[INFO] [stdout]   20:     0x796d12288dfa - <unknown>
[INFO] [stdout]   21:     0x796d1231c3d4 - clone
[INFO] [stdout]   22:                0x0 - <unknown>
[INFO] [stdout] 
[INFO] [stdout] ---- raw_client::test::test_txid_from_pos_with_merkle stdout ----
[INFO] [stdout] 
[INFO] [stdout] thread 'raw_client::test::test_txid_from_pos_with_merkle' (2926) panicked at src/raw_client.rs:1439:14:
[INFO] [stdout] should build the `RawClient` successfully!: IOError(Custom { kind: Uncategorized, error: "failed to lookup address information: Temporary failure in name resolution" })
[INFO] [stdout] stack backtrace:
[INFO] [stdout]    0:     0x6173e565af81 - <<std[70759c8f55707aa4]::sys::backtrace::BacktraceLock>::print::DisplayBacktrace as core[df12db4294e9bfd3]::fmt::Display>::fmt
[INFO] [stdout]    1:     0x6173e567141a - core[df12db4294e9bfd3]::fmt::write
[INFO] [stdout]    2:     0x6173e565fc6c - <alloc[2182bb758b4b3781]::vec::Vec<u8> as core[df12db4294e9bfd3]::io::write::Write>::write_fmt
[INFO] [stdout]    3:     0x6173e5635ce6 - std[70759c8f55707aa4]::panicking::default_hook::{closure#0}
[INFO] [stdout]    4:     0x6173e5652e99 - std[70759c8f55707aa4]::panicking::default_hook
[INFO] [stdout]    5:     0x6173e5355cc0 - test[9d35eded1c95d3be]::test_main_inner::<test[9d35eded1c95d3be]::test_main_static::{closure#0}>::{closure#0}
[INFO] [stdout]    6:     0x6173e5653052 - std[70759c8f55707aa4]::panicking::panic_with_hook
[INFO] [stdout]    7:     0x6173e5635d92 - std[70759c8f55707aa4]::panicking::panic_handler::{closure#0}
[INFO] [stdout]    8:     0x6173e562ea69 - std[70759c8f55707aa4]::sys::backtrace::__rust_end_short_backtrace::<std[70759c8f55707aa4]::panicking::panic_handler::{closure#0}, !>
[INFO] [stdout]    9:     0x6173e5636b7d - __rustc[8fa7c3cbc660c2b3]::rust_begin_unwind
[INFO] [stdout]   10:     0x6173e5671b4c - core[df12db4294e9bfd3]::panicking::panic_fmt
[INFO] [stdout]   11:     0x6173e5671922 - core[df12db4294e9bfd3]::result::unwrap_failed
[INFO] [stdout]   12:     0x6173e530196f - electrum_client[621234147e920595]::raw_client::test::get_test_client
[INFO] [stdout]   13:     0x6173e5305275 - electrum_client[621234147e920595]::raw_client::test::test_txid_from_pos_with_merkle
[INFO] [stdout]   14:     0x6173e5341af9 - <electrum_client[621234147e920595]::raw_client::test::test_txid_from_pos_with_merkle::{closure#0} as core[df12db4294e9bfd3]::ops::function::FnOnce<()>>::call_once
[INFO] [stdout]   15:     0x6173e5348fab - test[9d35eded1c95d3be]::__rust_begin_short_backtrace::<core[df12db4294e9bfd3]::result::Result<(), alloc[2182bb758b4b3781]::string::String>, fn() -> core[df12db4294e9bfd3]::result::Result<(), alloc[2182bb758b4b3781]::string::String>>
[INFO] [stdout]   16:     0x6173e5356615 - test[9d35eded1c95d3be]::run_test::{closure#0}
[INFO] [stdout]   17:     0x6173e534fed4 - std[70759c8f55707aa4]::sys::backtrace::__rust_begin_short_backtrace::<test[9d35eded1c95d3be]::run_test::{closure#1}, ()>
[INFO] [stdout]   18:     0x6173e5359772 - <std[70759c8f55707aa4]::thread::lifecycle::spawn_unchecked<test[9d35eded1c95d3be]::run_test::{closure#1}, ()>::{closure#1} as core[df12db4294e9bfd3]::ops::function::FnOnce<()>>::call_once::{shim:vtable#0}
[INFO] [stdout]   19:     0x6173e565a0b9 - <std[70759c8f55707aa4]::sys::thread::unix::Thread>::new::thread_start
[INFO] [stdout]   20:     0x796d12288dfa - <unknown>
[INFO] [stdout]   21:     0x796d1231c3d4 - clone
[INFO] [stdout]   22:                0x0 - <unknown>
[INFO] [stdout] 
[INFO] [stdout] ---- raw_client::test::test_transaction_get stdout ----
[INFO] [stdout] 
[INFO] [stdout] thread 'raw_client::test::test_transaction_get' (2922) panicked at src/raw_client.rs:1439:14:
[INFO] [stdout] should build the `RawClient` successfully!: IOError(Custom { kind: Uncategorized, error: "failed to lookup address information: Temporary failure in name resolution" })
[INFO] [stdout] stack backtrace:
[INFO] [stdout]    0:     0x6173e565af81 - <<std[70759c8f55707aa4]::sys::backtrace::BacktraceLock>::print::DisplayBacktrace as core[df12db4294e9bfd3]::fmt::Display>::fmt
[INFO] [stdout]    1:     0x6173e567141a - core[df12db4294e9bfd3]::fmt::write
[INFO] [stdout]    2:     0x6173e565fc6c - <alloc[2182bb758b4b3781]::vec::Vec<u8> as core[df12db4294e9bfd3]::io::write::Write>::write_fmt
[INFO] [stdout]    3:     0x6173e5635ce6 - std[70759c8f55707aa4]::panicking::default_hook::{closure#0}
[INFO] [stdout]    4:     0x6173e5652e99 - std[70759c8f55707aa4]::panicking::default_hook
[INFO] [stdout]    5:     0x6173e5355cc0 - test[9d35eded1c95d3be]::test_main_inner::<test[9d35eded1c95d3be]::test_main_static::{closure#0}>::{closure#0}
[INFO] [stdout]    6:     0x6173e5653052 - std[70759c8f55707aa4]::panicking::panic_with_hook
[INFO] [stdout]    7:     0x6173e5635d92 - std[70759c8f55707aa4]::panicking::panic_handler::{closure#0}
[INFO] [stdout]    8:     0x6173e562ea69 - std[70759c8f55707aa4]::sys::backtrace::__rust_end_short_backtrace::<std[70759c8f55707aa4]::panicking::panic_handler::{closure#0}, !>
[INFO] [stdout]    9:     0x6173e5636b7d - __rustc[8fa7c3cbc660c2b3]::rust_begin_unwind
[INFO] [stdout]   10:     0x6173e5671b4c - core[df12db4294e9bfd3]::panicking::panic_fmt
[INFO] [stdout]   11:     0x6173e5671922 - core[df12db4294e9bfd3]::result::unwrap_failed
[INFO] [stdout]   12:     0x6173e530196f - electrum_client[621234147e920595]::raw_client::test::get_test_client
[INFO] [stdout]   13:     0x6173e5302575 - electrum_client[621234147e920595]::raw_client::test::test_transaction_get
[INFO] [stdout]   14:     0x6173e5341919 - <electrum_client[621234147e920595]::raw_client::test::test_transaction_get::{closure#0} as core[df12db4294e9bfd3]::ops::function::FnOnce<()>>::call_once
[INFO] [stdout]   15:     0x6173e5348fab - test[9d35eded1c95d3be]::__rust_begin_short_backtrace::<core[df12db4294e9bfd3]::result::Result<(), alloc[2182bb758b4b3781]::string::String>, fn() -> core[df12db4294e9bfd3]::result::Result<(), alloc[2182bb758b4b3781]::string::String>>
[INFO] [stdout]   16:     0x6173e5356615 - test[9d35eded1c95d3be]::run_test::{closure#0}
[INFO] [stdout]   17:     0x6173e534fed4 - std[70759c8f55707aa4]::sys::backtrace::__rust_begin_short_backtrace::<test[9d35eded1c95d3be]::run_test::{closure#1}, ()>
[INFO] [stdout]   18:     0x6173e5359772 - <std[70759c8f55707aa4]::thread::lifecycle::spawn_unchecked<test[9d35eded1c95d3be]::run_test::{closure#1}, ()>::{closure#1} as core[df12db4294e9bfd3]::ops::function::FnOnce<()>>::call_once::{shim:vtable#0}
[INFO] [stdout]   19:     0x6173e565a0b9 - <std[70759c8f55707aa4]::sys::thread::unix::Thread>::new::thread_start
[INFO] [stdout]   20:     0x796d12288dfa - <unknown>
[INFO] [stdout]   21:     0x796d1231c3d4 - clone
[INFO] [stdout]   22:                0x0 - <unknown>
[INFO] [stdout] 
[INFO] [stdout] 
[INFO] [stdout] failures:
[INFO] [stdout]     raw_client::test::test_auth_provider_via_constructor
[INFO] [stdout]     raw_client::test::test_authorization_provider_dynamic_token_refresh
[INFO] [stdout]     raw_client::test::test_authorization_provider_returns_none
[INFO] [stdout]     raw_client::test::test_authorization_provider_with_client
[INFO] [stdout]     raw_client::test::test_batch_estimate_fee
[INFO] [stdout]     raw_client::test::test_batch_script_list_unspent
[INFO] [stdout]     raw_client::test::test_batch_transaction_get_merkle
[INFO] [stdout]     raw_client::test::test_block_header
[INFO] [stdout]     raw_client::test::test_block_header_raw
[INFO] [stdout]     raw_client::test::test_block_headers
[INFO] [stdout]     raw_client::test::test_block_headers_subscribe
[INFO] [stdout]     raw_client::test::test_estimate_fee
[INFO] [stdout]     raw_client::test::test_mempool_get_info
[INFO] [stdout]     raw_client::test::test_ping
[INFO] [stdout]     raw_client::test::test_raw_call
[INFO] [stdout]     raw_client::test::test_request_after_error
[INFO] [stdout]     raw_client::test::test_script_get_balance
[INFO] [stdout]     raw_client::test::test_script_get_history
[INFO] [stderr] error: test failed, to rerun pass `--lib`
[INFO] [stdout]     raw_client::test::test_script_list_unspent
[INFO] [stdout]     raw_client::test::test_script_subscribe
[INFO] [stdout]     raw_client::test::test_server_features_simple
[INFO] [stdout]     raw_client::test::test_transaction_broadcast_package
[INFO] [stdout]     raw_client::test::test_transaction_get
[INFO] [stdout]     raw_client::test::test_transaction_get_merkle
[INFO] [stdout]     raw_client::test::test_transaction_get_raw
[INFO] [stdout]     raw_client::test::test_txid_from_pos
[INFO] [stdout]     raw_client::test::test_txid_from_pos_with_merkle
[INFO] [stdout] 
[INFO] [stdout] test result: FAILED. 15 passed; 27 failed; 16 ignored; 0 measured; 0 filtered out; finished in 0.03s
[INFO] [stdout] 
[INFO] running `Command { std: "docker" "inspect" "9dc1d1b8de3f93fcfe0bc82dc18ffd7f235562cfe78de2ce73c8eb8f1e41e580", kill_on_drop: false }`
[INFO] running `Command { std: "docker" "rm" "-f" "9dc1d1b8de3f93fcfe0bc82dc18ffd7f235562cfe78de2ce73c8eb8f1e41e580", kill_on_drop: false }`
[INFO] [stdout] 9dc1d1b8de3f93fcfe0bc82dc18ffd7f235562cfe78de2ce73c8eb8f1e41e580
