[INFO] fetching crate electrum-client-netagnostic 0.22.0...
[INFO] testing electrum-client-netagnostic-0.22.0 against 1.99.0-beta.8+cargoflags=--release for beta-release-1.100-2
[INFO] extracting crate electrum-client-netagnostic 0.22.0 into /workspace/builds/worker-7-tc1/source
[INFO] started tweaking crates.io crate electrum-client-netagnostic 0.22.0
[INFO] removed 0 missing examples
[INFO] finished tweaking crates.io crate electrum-client-netagnostic 0.22.0
[INFO] tweaked toml for crates.io crate electrum-client-netagnostic 0.22.0 written to /workspace/builds/worker-7-tc1/source/Cargo.toml
[INFO] validating manifest of crates.io crate electrum-client-netagnostic 0.22.0 on toolchain 1.99.0-beta.8
[INFO] running `Command { std: CARGO_HOME="/workspace/cargo-home" RUSTUP_HOME="/workspace/rustup-home" "/workspace/cargo-home/bin/cargo" "+1.99.0-beta.8" "metadata" "--manifest-path" "Cargo.toml" "--no-deps", kill_on_drop: false }`
[INFO] crate crates.io crate electrum-client-netagnostic 0.22.0 already has a lockfile, it will not be regenerated
[INFO] running `Command { std: CARGO_HOME="/workspace/cargo-home" RUSTUP_HOME="/workspace/rustup-home" "/workspace/cargo-home/bin/cargo" "+1.99.0-beta.8" "fetch" "--manifest-path" "Cargo.toml", kill_on_drop: false }`
[INFO] [stderr]  Downloading crates ...
[INFO] [stderr]   Downloaded tungstenite v0.28.0
[INFO] [stderr]   Downloaded zmij v1.0.19
[INFO] [stderr]   Downloaded zerocopy-derive v0.8.37
[INFO] [stderr]   Downloaded zerocopy v0.8.37
[INFO] [stderr]   Downloaded webpki-roots v0.25.4
[INFO] [stderr]   Downloaded aws-lc-rs v1.15.4
[INFO] [stderr]   Downloaded openssl v0.10.75
[INFO] [stderr]   Downloaded aws-lc-sys v0.37.0
[INFO] running `Command { std: "docker" "create" "-v" "/var/lib/crater-agent-workspace/builds/worker-7-tc1/source:/opt/rustwide/workdir:ro,Z" "-v" "/var/lib/crater-agent-workspace/builds/worker-7-tc1/target:/opt/rustwide/target:rw,Z" "-v" "/var/lib/crater-agent-workspace/cargo-home:/opt/rustwide/cargo-home:ro,Z" "-v" "/var/lib/crater-agent-workspace/rustup-home:/opt/rustwide/rustup-home:ro,Z" "-m" "1610612736" "--network" "none" "ghcr.io/rust-lang/crates-build-env/linux@sha256:77db811e55d90add9212f6832c23229e3de5f1c1f9905e8cb07319ea15df73ac" "sleep" "infinity", kill_on_drop: false }`
[INFO] [stdout] a3f64f2414f3b25ac6b93efbcac38d996f83ad4fbc814b30020da9566403d2ff
[INFO] running `Command { std: "docker" "start" "a3f64f2414f3b25ac6b93efbcac38d996f83ad4fbc814b30020da9566403d2ff", kill_on_drop: false }`
[INFO] running `Command { std: "docker" "inspect" "a3f64f2414f3b25ac6b93efbcac38d996f83ad4fbc814b30020da9566403d2ff", kill_on_drop: false }`
[INFO] running `Command { std: "docker" "exec" "-e" "SOURCE_DIR=/opt/rustwide/workdir" "-e" "CARGO_HOME=/opt/rustwide/cargo-home" "-e" "RUSTUP_HOME=/opt/rustwide/rustup-home" "-e" "CARGO_TARGET_DIR=/opt/rustwide/target" "-w" "/opt/rustwide/workdir" "--user" "0:0" "a3f64f2414f3b25ac6b93efbcac38d996f83ad4fbc814b30020da9566403d2ff" "/opt/rustwide/cargo-home/bin/cargo" "+1.99.0-beta.8" "metadata" "--no-deps" "--format-version=1", kill_on_drop: false }`
[INFO] running `Command { std: "docker" "inspect" "a3f64f2414f3b25ac6b93efbcac38d996f83ad4fbc814b30020da9566403d2ff", kill_on_drop: false }`
[INFO] running `Command { std: "docker" "exec" "-e" "SOURCE_DIR=/opt/rustwide/workdir" "-e" "CARGO_HOME=/opt/rustwide/cargo-home" "-e" "RUSTUP_HOME=/opt/rustwide/rustup-home" "-e" "CARGO_TARGET_DIR=/opt/rustwide/target" "-e" "CARGO_INCREMENTAL=0" "-e" "RUST_BACKTRACE=full" "-e" "RUSTFLAGS=--cap-lints=warn" "-e" "RUSTDOCFLAGS=--cap-lints=warn" "-w" "/opt/rustwide/workdir" "--user" "0:0" "a3f64f2414f3b25ac6b93efbcac38d996f83ad4fbc814b30020da9566403d2ff" "/opt/rustwide/cargo-home/bin/cargo" "+1.99.0-beta.8" "build" "--frozen" "--message-format=json" "--release", kill_on_drop: false }`
[INFO] [stderr]    Compiling aws-lc-rs v1.15.4
[INFO] [stderr]    Compiling quote v1.0.44
[INFO] [stderr]    Compiling zmij v1.0.19
[INFO] [stderr]    Compiling rustls v0.23.36
[INFO] [stderr]    Compiling rustls-pki-types v1.14.0
[INFO] [stderr]    Compiling libc v0.2.180
[INFO] [stderr]    Compiling once_cell v1.21.3
[INFO] [stderr]    Compiling memchr v2.7.6
[INFO] [stderr]    Compiling proc-macro2 v1.0.106
[INFO] [stderr]    Compiling webpki-roots v0.25.4
[INFO] [stderr]    Compiling cmake v0.1.57
[INFO] [stderr]    Compiling aws-lc-sys v0.37.0
[INFO] [stderr]    Compiling syn v2.0.114
[INFO] [stderr]    Compiling serde_json v1.0.149
[INFO] [stderr]    Compiling serde_derive v1.0.228
[INFO] [stderr]    Compiling serde v1.0.228
[INFO] [stderr]    Compiling rustls-webpki v0.103.9
[INFO] [stderr]    Compiling electrum-client-netagnostic v0.22.0 (/opt/rustwide/workdir)
[INFO] [stderr]     Finished `release` profile [optimized] target(s) in 1m 14s
[INFO] running `Command { std: "docker" "inspect" "a3f64f2414f3b25ac6b93efbcac38d996f83ad4fbc814b30020da9566403d2ff", kill_on_drop: false }`
[INFO] running `Command { std: "docker" "exec" "-e" "SOURCE_DIR=/opt/rustwide/workdir" "-e" "CARGO_HOME=/opt/rustwide/cargo-home" "-e" "RUSTUP_HOME=/opt/rustwide/rustup-home" "-e" "CARGO_TARGET_DIR=/opt/rustwide/target" "-e" "CARGO_INCREMENTAL=0" "-e" "RUST_BACKTRACE=full" "-e" "RUSTFLAGS=--cap-lints=warn" "-e" "RUSTDOCFLAGS=--cap-lints=warn" "-w" "/opt/rustwide/workdir" "--user" "0:0" "a3f64f2414f3b25ac6b93efbcac38d996f83ad4fbc814b30020da9566403d2ff" "/opt/rustwide/cargo-home/bin/cargo" "+1.99.0-beta.8" "test" "--frozen" "--no-run" "--message-format=json" "--release", kill_on_drop: false }`
[INFO] [stderr]    Compiling electrum-client-netagnostic v0.22.0 (/opt/rustwide/workdir)
[INFO] [stderr]     Finished `release` profile [optimized] target(s) in 14.31s
[INFO] running `Command { std: "docker" "inspect" "a3f64f2414f3b25ac6b93efbcac38d996f83ad4fbc814b30020da9566403d2ff", kill_on_drop: false }`
[INFO] running `Command { std: "docker" "exec" "-e" "SOURCE_DIR=/opt/rustwide/workdir" "-e" "CARGO_HOME=/opt/rustwide/cargo-home" "-e" "RUSTUP_HOME=/opt/rustwide/rustup-home" "-e" "CARGO_TARGET_DIR=/opt/rustwide/target" "-e" "CARGO_INCREMENTAL=0" "-e" "RUST_BACKTRACE=full" "-e" "RUSTFLAGS=--cap-lints=warn" "-e" "RUSTDOCFLAGS=--cap-lints=warn" "-w" "/opt/rustwide/workdir" "--user" "0:0" "a3f64f2414f3b25ac6b93efbcac38d996f83ad4fbc814b30020da9566403d2ff" "/opt/rustwide/cargo-home/bin/cargo" "+1.99.0-beta.8" "test" "--frozen" "--release", kill_on_drop: false }`
[INFO] [stderr]     Finished `release` profile [optimized] target(s) in 0.07s
[INFO] [stderr]      Running unittests src/lib.rs (/opt/rustwide/target/release/deps/electrum_client_netagnostic-f30a6419b72db2ce)
[INFO] [stdout] 
[INFO] [stdout] running 22 tests
[INFO] [stdout] test client::tests::test_local_timeout ... ignored
[INFO] [stdout] test socks::v4::test::bind ... ignored
[INFO] [stdout] test socks::v4::test::google ... ignored
[INFO] [stdout] test socks::v4::test::google_dns ... ignored
[INFO] [stdout] test socks::v5::test::associate_long ... ignored
[INFO] [stdout] test socks::v5::test::associate_no_auth ... ignored
[INFO] [stdout] test socks::v5::test::associate_with_password ... ignored
[INFO] [stdout] test socks::v5::test::auth_method_not_supported ... ignored
[INFO] [stdout] test socks::v5::test::bind_no_auth ... ignored
[INFO] [stdout] test socks::v5::test::bind_with_password ... ignored
[INFO] [stdout] test socks::v5::test::bind_with_password_supported_but_no_auth_used ... ignored
[INFO] [stdout] test socks::v5::test::google_dns ... ignored
[INFO] [stdout] test socks::v5::test::google_no_auth ... ignored
[INFO] [stdout] test socks::v5::test::google_with_password ... ignored
[INFO] [stdout] test socks::v5::test::incorrect_password ... ignored
[INFO] [stdout] test socks::v5::test::username_and_password_length ... ignored
[INFO] [stdout] test client::tests::less_failed_attempts_means_not_exhausted ... ok
[INFO] [stdout] test client::tests::attempts_equals_retries_means_not_exhausted_yet ... ok
[INFO] [stdout] test client::tests::more_failed_attempts_than_retries_means_exhausted ... ok
[INFO] [stdout] test client::tests::failed_attempts_bigger_than_u8_means_exhausted ... ok
[INFO] [stdout] test raw_client::test::test_raw_call ... FAILED
[INFO] [stdout] test raw_client::test::test_ping ... FAILED
[INFO] [stderr] error: test failed, to rerun pass `--lib`
[INFO] [stdout] 
[INFO] [stdout] failures:
[INFO] [stdout] 
[INFO] [stdout] ---- raw_client::test::test_raw_call stdout ----
[INFO] [stdout] 
[INFO] [stdout] thread 'raw_client::test::test_raw_call' (1991) panicked at src/raw_client.rs:1067:62:
[INFO] [stdout] called `Result::unwrap()` on an `Err` value: IOError(Custom { kind: Uncategorized, error: "failed to lookup address information: Temporary failure in name resolution" })
[INFO] [stdout] stack backtrace:
[INFO] [stdout]    0:     0x6318e9d4a241 - <<std[70759c8f55707aa4]::sys::backtrace::BacktraceLock>::print::DisplayBacktrace as core[df12db4294e9bfd3]::fmt::Display>::fmt
[INFO] [stdout]    1:     0x6318e9d605fa - core[df12db4294e9bfd3]::fmt::write
[INFO] [stdout]    2:     0x6318e9d4ee8c - <alloc[2182bb758b4b3781]::vec::Vec<u8> as core[df12db4294e9bfd3]::io::write::Write>::write_fmt
[INFO] [stdout]    3:     0x6318e9d24af6 - std[70759c8f55707aa4]::panicking::default_hook::{closure#0}
[INFO] [stdout]    4:     0x6318e9d41f09 - std[70759c8f55707aa4]::panicking::default_hook
[INFO] [stdout]    5:     0x6318e9a49260 - test[9d35eded1c95d3be]::test_main_inner::<test[9d35eded1c95d3be]::test_main_static::{closure#0}>::{closure#0}
[INFO] [stdout]    6:     0x6318e9d420c2 - std[70759c8f55707aa4]::panicking::panic_with_hook
[INFO] [stdout]    7:     0x6318e9d24ba2 - std[70759c8f55707aa4]::panicking::panic_handler::{closure#0}
[INFO] [stdout]    8:     0x6318e9d1d879 - std[70759c8f55707aa4]::sys::backtrace::__rust_end_short_backtrace::<std[70759c8f55707aa4]::panicking::panic_handler::{closure#0}, !>
[INFO] [stdout]    9:     0x6318e9d2598d - __rustc[8fa7c3cbc660c2b3]::rust_begin_unwind
[INFO] [stdout]   10:     0x6318e9d60d2c - core[df12db4294e9bfd3]::panicking::panic_fmt
[INFO] [stdout]   11:     0x6318e9d60b02 - core[df12db4294e9bfd3]::result::unwrap_failed
[INFO] [stdout]   12:     0x6318e9a1c8bb - electrum_client_netagnostic[cdffbfc863f59b2f]::raw_client::test::test_raw_call
[INFO] [stdout]   13:     0x6318e9a3a919 - <electrum_client_netagnostic[cdffbfc863f59b2f]::raw_client::test::test_raw_call::{closure#0} as core[df12db4294e9bfd3]::ops::function::FnOnce<()>>::call_once
[INFO] [stdout]   14:     0x6318e9a3c54b - test[9d35eded1c95d3be]::__rust_begin_short_backtrace::<core[df12db4294e9bfd3]::result::Result<(), alloc[2182bb758b4b3781]::string::String>, fn() -> core[df12db4294e9bfd3]::result::Result<(), alloc[2182bb758b4b3781]::string::String>>
[INFO] [stdout]   15:     0x6318e9a49bb5 - test[9d35eded1c95d3be]::run_test::{closure#0}
[INFO] [stdout]   16:     0x6318e9a43474 - std[70759c8f55707aa4]::sys::backtrace::__rust_begin_short_backtrace::<test[9d35eded1c95d3be]::run_test::{closure#1}, ()>
[INFO] [stdout]   17:     0x6318e9a4cd12 - <std[70759c8f55707aa4]::thread::lifecycle::spawn_unchecked<test[9d35eded1c95d3be]::run_test::{closure#1}, ()>::{closure#1} as core[df12db4294e9bfd3]::ops::function::FnOnce<()>>::call_once::{shim:vtable#0}
[INFO] [stdout]   18:     0x6318e9d49129 - <std[70759c8f55707aa4]::sys::thread::unix::Thread>::new::thread_start
[INFO] [stdout]   19:     0x79896e831dfa - <unknown>
[INFO] [stdout]   20:     0x79896e8c53d4 - clone
[INFO] [stdout]   21:                0x0 - <unknown>
[INFO] [stdout] 
[INFO] [stdout] ---- raw_client::test::test_ping stdout ----
[INFO] [stdout] 
[INFO] [stdout] thread 'raw_client::test::test_ping' (1990) panicked at src/raw_client.rs:1059:62:
[INFO] [stdout] called `Result::unwrap()` on an `Err` value: IOError(Custom { kind: Uncategorized, error: "failed to lookup address information: Temporary failure in name resolution" })
[INFO] [stdout] stack backtrace:
[INFO] [stdout]    0:     0x6318e9d4a241 - <<std[70759c8f55707aa4]::sys::backtrace::BacktraceLock>::print::DisplayBacktrace as core[df12db4294e9bfd3]::fmt::Display>::fmt
[INFO] [stdout]    1:     0x6318e9d605fa - core[df12db4294e9bfd3]::fmt::write
[INFO] [stdout]    2:     0x6318e9d4ee8c - <alloc[2182bb758b4b3781]::vec::Vec<u8> as core[df12db4294e9bfd3]::io::write::Write>::write_fmt
[INFO] [stdout]    3:     0x6318e9d24af6 - std[70759c8f55707aa4]::panicking::default_hook::{closure#0}
[INFO] [stdout]    4:     0x6318e9d41f09 - std[70759c8f55707aa4]::panicking::default_hook
[INFO] [stdout]    5:     0x6318e9a49260 - test[9d35eded1c95d3be]::test_main_inner::<test[9d35eded1c95d3be]::test_main_static::{closure#0}>::{closure#0}
[INFO] [stdout]    6:     0x6318e9d420c2 - std[70759c8f55707aa4]::panicking::panic_with_hook
[INFO] [stdout]    7:     0x6318e9d24ba2 - std[70759c8f55707aa4]::panicking::panic_handler::{closure#0}
[INFO] [stdout]    8:     0x6318e9d1d879 - std[70759c8f55707aa4]::sys::backtrace::__rust_end_short_backtrace::<std[70759c8f55707aa4]::panicking::panic_handler::{closure#0}, !>
[INFO] [stdout]    9:     0x6318e9d2598d - __rustc[8fa7c3cbc660c2b3]::rust_begin_unwind
[INFO] [stdout]   10:     0x6318e9d60d2c - core[df12db4294e9bfd3]::panicking::panic_fmt
[INFO] [stdout]   11:     0x6318e9d60b02 - core[df12db4294e9bfd3]::result::unwrap_failed
[INFO] [stdout]   12:     0x6318e9a1cb7f - electrum_client_netagnostic[cdffbfc863f59b2f]::raw_client::test::test_ping
[INFO] [stdout]   13:     0x6318e9a3a939 - <electrum_client_netagnostic[cdffbfc863f59b2f]::raw_client::test::test_ping::{closure#0} as core[df12db4294e9bfd3]::ops::function::FnOnce<()>>::call_once
[INFO] [stdout]   14:     0x6318e9a3c54b - test[9d35eded1c95d3be]::__rust_begin_short_backtrace::<core[df12db4294e9bfd3]::result::Result<(), alloc[2182bb758b4b3781]::string::String>, fn() -> core[df12db4294e9bfd3]::result::Result<(), alloc[2182bb758b4b3781]::string::String>>
[INFO] [stdout]   15:     0x6318e9a49bb5 - test[9d35eded1c95d3be]::run_test::{closure#0}
[INFO] [stdout]   16:     0x6318e9a43474 - std[70759c8f55707aa4]::sys::backtrace::__rust_begin_short_backtrace::<test[9d35eded1c95d3be]::run_test::{closure#1}, ()>
[INFO] [stdout]   17:     0x6318e9a4cd12 - <std[70759c8f55707aa4]::thread::lifecycle::spawn_unchecked<test[9d35eded1c95d3be]::run_test::{closure#1}, ()>::{closure#1} as core[df12db4294e9bfd3]::ops::function::FnOnce<()>>::call_once::{shim:vtable#0}
[INFO] [stdout]   18:     0x6318e9d49129 - <std[70759c8f55707aa4]::sys::thread::unix::Thread>::new::thread_start
[INFO] [stdout]   19:     0x79896e831dfa - <unknown>
[INFO] [stdout]   20:     0x79896e8c53d4 - clone
[INFO] [stdout]   21:                0x0 - <unknown>
[INFO] [stdout] 
[INFO] [stdout] 
[INFO] [stdout] failures:
[INFO] [stdout]     raw_client::test::test_ping
[INFO] [stdout]     raw_client::test::test_raw_call
[INFO] [stdout] 
[INFO] [stdout] test result: FAILED. 4 passed; 2 failed; 16 ignored; 0 measured; 0 filtered out; finished in 0.01s
[INFO] [stdout] 
[INFO] running `Command { std: "docker" "inspect" "a3f64f2414f3b25ac6b93efbcac38d996f83ad4fbc814b30020da9566403d2ff", kill_on_drop: false }`
[INFO] running `Command { std: "docker" "rm" "-f" "a3f64f2414f3b25ac6b93efbcac38d996f83ad4fbc814b30020da9566403d2ff", kill_on_drop: false }`
[INFO] [stdout] a3f64f2414f3b25ac6b93efbcac38d996f83ad4fbc814b30020da9566403d2ff
