[INFO] fetching crate elastik-core 8.3.0...
[INFO] testing elastik-core-8.3.0 against 1.100.0-beta.1+cargoflags=--release for beta-release-1.100-2
[INFO] extracting crate elastik-core 8.3.0 into /workspace/builds/worker-1-tc2/source
[INFO] started tweaking crates.io crate elastik-core 8.3.0
[INFO] finished tweaking crates.io crate elastik-core 8.3.0
[INFO] tweaked toml for crates.io crate elastik-core 8.3.0 written to /workspace/builds/worker-1-tc2/source/Cargo.toml
[INFO] validating manifest of crates.io crate elastik-core 8.3.0 on toolchain 1.100.0-beta.1
[INFO] running `Command { std: CARGO_HOME="/workspace/cargo-home" RUSTUP_HOME="/workspace/rustup-home" "/workspace/cargo-home/bin/cargo" "+1.100.0-beta.1" "metadata" "--manifest-path" "Cargo.toml" "--no-deps", kill_on_drop: false }`
[INFO] crate crates.io crate elastik-core 8.3.0 already has a lockfile, it will not be regenerated
[INFO] running `Command { std: CARGO_HOME="/workspace/cargo-home" RUSTUP_HOME="/workspace/rustup-home" "/workspace/cargo-home/bin/cargo" "+1.100.0-beta.1" "fetch" "--manifest-path" "Cargo.toml", kill_on_drop: false }`
[INFO] [stderr] warning: `package.homepage` is redundant with `package.repository`
[INFO] [stderr]   --> Cargo.toml:49:12
[INFO] [stderr]    |
[INFO] [stderr] 49 | homepage = "https://github.com/rangersui/AuditeDB"
[INFO] [stderr]    |            ^^^^^^^^^^^^^^^^^^^^^^^^^^^^^^^^^^^^^^^
[INFO] [stderr] ...
[INFO] [stderr] 53 | repository = "https://github.com/rangersui/AuditeDB"
[INFO] [stderr]    |              ---------------------------------------
[INFO] [stderr]    |
[INFO] [stderr]    = note: `cargo::redundant_homepage` is set to `warn` by default
[INFO] [stderr] help: consider removing `package.homepage`
[INFO] [stderr] warning: `elastik-core` (manifest) generated 1 warning
[INFO] running `Command { std: "docker" "create" "-v" "/var/lib/crater-agent-workspace/builds/worker-1-tc2/source:/opt/rustwide/workdir:ro,Z" "-v" "/var/lib/crater-agent-workspace/builds/worker-1-tc2/target:/opt/rustwide/target:rw,Z" "-v" "/var/lib/crater-agent-workspace/cargo-home:/opt/rustwide/cargo-home:ro,Z" "-v" "/var/lib/crater-agent-workspace/rustup-home:/opt/rustwide/rustup-home:ro,Z" "-m" "1610612736" "--network" "none" "ghcr.io/rust-lang/crates-build-env/linux@sha256:77db811e55d90add9212f6832c23229e3de5f1c1f9905e8cb07319ea15df73ac" "sleep" "infinity", kill_on_drop: false }`
[INFO] [stdout] 74ee1d45dbd872b361e8aedadb6e56efd0c655ecf1da1deab9532816bf6d00d0
[INFO] running `Command { std: "docker" "start" "74ee1d45dbd872b361e8aedadb6e56efd0c655ecf1da1deab9532816bf6d00d0", kill_on_drop: false }`
[INFO] running `Command { std: "docker" "inspect" "74ee1d45dbd872b361e8aedadb6e56efd0c655ecf1da1deab9532816bf6d00d0", kill_on_drop: false }`
[INFO] running `Command { std: "docker" "exec" "-e" "SOURCE_DIR=/opt/rustwide/workdir" "-e" "CARGO_HOME=/opt/rustwide/cargo-home" "-e" "RUSTUP_HOME=/opt/rustwide/rustup-home" "-e" "CARGO_TARGET_DIR=/opt/rustwide/target" "-w" "/opt/rustwide/workdir" "--user" "0:0" "74ee1d45dbd872b361e8aedadb6e56efd0c655ecf1da1deab9532816bf6d00d0" "/opt/rustwide/cargo-home/bin/cargo" "+1.100.0-beta.1" "metadata" "--no-deps" "--format-version=1", kill_on_drop: false }`
[INFO] running `Command { std: "docker" "inspect" "74ee1d45dbd872b361e8aedadb6e56efd0c655ecf1da1deab9532816bf6d00d0", kill_on_drop: false }`
[INFO] running `Command { std: "docker" "exec" "-e" "SOURCE_DIR=/opt/rustwide/workdir" "-e" "CARGO_HOME=/opt/rustwide/cargo-home" "-e" "RUSTUP_HOME=/opt/rustwide/rustup-home" "-e" "CARGO_TARGET_DIR=/opt/rustwide/target" "-e" "CARGO_INCREMENTAL=0" "-e" "RUST_BACKTRACE=full" "-e" "RUSTFLAGS=--cap-lints=warn" "-e" "RUSTDOCFLAGS=--cap-lints=warn" "-w" "/opt/rustwide/workdir" "--user" "0:0" "74ee1d45dbd872b361e8aedadb6e56efd0c655ecf1da1deab9532816bf6d00d0" "/opt/rustwide/cargo-home/bin/cargo" "+1.100.0-beta.1" "build" "--frozen" "--message-format=json" "--release", kill_on_drop: false }`
[INFO] [stderr] warning: `package.homepage` is redundant with `package.repository`
[INFO] [stderr]   --> Cargo.toml:49:12
[INFO] [stderr]    |
[INFO] [stderr] 49 | homepage = "https://github.com/rangersui/AuditeDB"
[INFO] [stderr]    |            ^^^^^^^^^^^^^^^^^^^^^^^^^^^^^^^^^^^^^^^
[INFO] [stderr] ...
[INFO] [stderr] 53 | repository = "https://github.com/rangersui/AuditeDB"
[INFO] [stderr]    |              ---------------------------------------
[INFO] [stderr]    |
[INFO] [stderr]    = note: `cargo::redundant_homepage` is set to `warn` by default
[INFO] [stderr] help: consider removing `package.homepage`
[INFO] [stderr] warning: `elastik-core` (manifest) generated 1 warning
[INFO] [stderr]    Compiling proc-macro2 v1.0.106
[INFO] [stderr]    Compiling unicode-ident v1.0.24
[INFO] [stderr]    Compiling quote v1.0.45
[INFO] [stderr]    Compiling typenum v1.20.1
[INFO] [stderr]    Compiling shlex v2.0.1
[INFO] [stderr]    Compiling find-msvc-tools v0.1.9
[INFO] [stderr]    Compiling vcpkg v0.2.15
[INFO] [stderr]    Compiling cmov v0.5.4
[INFO] [stderr]    Compiling pkg-config v0.3.33
[INFO] [stderr]    Compiling libc v0.2.186
[INFO] [stderr]    Compiling parking_lot_core v0.9.12
[INFO] [stderr]    Compiling smallvec v1.15.1
[INFO] [stderr]    Compiling once_cell v1.21.4
[INFO] [stderr]    Compiling const-oid v0.10.2
[INFO] [stderr]    Compiling cfg-if v1.0.4
[INFO] [stderr]    Compiling crossbeam-utils v0.8.21
[INFO] [stderr]    Compiling scopeguard v1.2.0
[INFO] [stderr]    Compiling pin-project-lite v0.2.17
[INFO] [stderr]    Compiling fallible-iterator v0.3.0
[INFO] [stderr]    Compiling lock_api v0.4.14
[INFO] [stderr]    Compiling cpufeatures v0.3.0
[INFO] [stderr]    Compiling bitflags v2.12.1
[INFO] [stderr]    Compiling tracing-core v0.1.36
[INFO] [stderr]    Compiling fallible-streaming-iterator v0.1.9
[INFO] [stderr]    Compiling hashbrown v0.14.5
[INFO] [stderr]    Compiling bytes v1.11.1
[INFO] [stderr]    Compiling cc v1.2.63
[INFO] [stderr]    Compiling percent-encoding v2.3.2
[INFO] [stderr]    Compiling hex v0.4.3
[INFO] [stderr]    Compiling ctutils v0.4.2
[INFO] [stderr]    Compiling syn v2.0.117
[INFO] [stderr]    Compiling hybrid-array v0.4.12
[INFO] [stderr]    Compiling libsqlite3-sys v0.38.0
[INFO] [stderr]    Compiling block-buffer v0.12.0
[INFO] [stderr]    Compiling crypto-common v0.2.2
[INFO] [stderr]    Compiling dashmap v6.2.1
[INFO] [stderr]    Compiling digest v0.11.3
[INFO] [stderr]    Compiling sha2 v0.11.0
[INFO] [stderr]    Compiling hmac v0.13.0
[INFO] [stderr]    Compiling tokio-macros v2.7.0
[INFO] [stderr]    Compiling tracing-attributes v0.1.31
[INFO] [stderr]    Compiling tokio v1.52.3
[INFO] [stderr]    Compiling tracing v0.1.44
[INFO] [stderr]    Compiling rusqlite v0.40.0
[INFO] [stderr]    Compiling elastik-core v8.3.0 (/opt/rustwide/workdir)
[INFO] [stdout] warning: use of deprecated method `std::sync::atomic::Atomic::<usize>::fetch_update`: renamed to `try_update` for consistency
[INFO] [stdout]    --> src/delete_ops.rs:148:14
[INFO] [stdout]     |
[INFO] [stdout] 148 |             .fetch_update(Ordering::Relaxed, Ordering::Relaxed, |used| {
[INFO] [stdout]     |              ^^^^^^^^^^^^
[INFO] [stdout]     |
[INFO] [stdout]     = note: `#[warn(deprecated)]` on by default
[INFO] [stdout] help: replace the use of the deprecated method
[INFO] [stdout]     |
[INFO] [stdout] 148 -             .fetch_update(Ordering::Relaxed, Ordering::Relaxed, |used| {
[INFO] [stdout] 148 +             .try_update(Ordering::Relaxed, Ordering::Relaxed, |used| {
[INFO] [stdout]     |
[INFO] [stdout] 
[INFO] [stdout] 
[INFO] [stdout] warning: use of deprecated method `std::sync::atomic::Atomic::<usize>::fetch_update`: renamed to `try_update` for consistency
[INFO] [stdout]    --> src/delete_ops.rs:153:14
[INFO] [stdout]     |
[INFO] [stdout] 153 |             .fetch_update(Ordering::Relaxed, Ordering::Relaxed, |count| {
[INFO] [stdout]     |              ^^^^^^^^^^^^
[INFO] [stdout]     |
[INFO] [stdout] help: replace the use of the deprecated method
[INFO] [stdout]     |
[INFO] [stdout] 153 -             .fetch_update(Ordering::Relaxed, Ordering::Relaxed, |count| {
[INFO] [stdout] 153 +             .try_update(Ordering::Relaxed, Ordering::Relaxed, |count| {
[INFO] [stdout]     |
[INFO] [stdout] 
[INFO] [stdout] 
[INFO] [stdout] warning: use of deprecated method `std::sync::atomic::Atomic::<usize>::fetch_update`: renamed to `try_update` for consistency
[INFO] [stdout]    --> src/state.rs:343:50
[INFO] [stdout]     |
[INFO] [stdout] 343 |             let result = self.storage_body_bytes.fetch_update(
[INFO] [stdout]     |                                                  ^^^^^^^^^^^^
[INFO] [stdout]     |
[INFO] [stdout] help: replace the use of the deprecated method
[INFO] [stdout]     |
[INFO] [stdout] 343 -             let result = self.storage_body_bytes.fetch_update(
[INFO] [stdout] 343 +             let result = self.storage_body_bytes.try_update(
[INFO] [stdout]     |
[INFO] [stdout] 
[INFO] [stdout] 
[INFO] [stdout] warning: use of deprecated method `std::sync::atomic::Atomic::<usize>::fetch_update`: renamed to `try_update` for consistency
[INFO] [stdout]    --> src/state.rs:368:45
[INFO] [stdout]     |
[INFO] [stdout] 368 |             let _ = self.storage_body_bytes.fetch_update(
[INFO] [stdout]     |                                             ^^^^^^^^^^^^
[INFO] [stdout]     |
[INFO] [stdout] help: replace the use of the deprecated method
[INFO] [stdout]     |
[INFO] [stdout] 368 -             let _ = self.storage_body_bytes.fetch_update(
[INFO] [stdout] 368 +             let _ = self.storage_body_bytes.try_update(
[INFO] [stdout]     |
[INFO] [stdout] 
[INFO] [stdout] 
[INFO] [stdout] warning: use of deprecated method `std::sync::atomic::Atomic::<usize>::fetch_update`: renamed to `try_update` for consistency
[INFO] [stdout]    --> src/state.rs:382:18
[INFO] [stdout]     |
[INFO] [stdout] 382 |                 .fetch_update(Ordering::Relaxed, Ordering::Relaxed, |used| {
[INFO] [stdout]     |                  ^^^^^^^^^^^^
[INFO] [stdout]     |
[INFO] [stdout] help: replace the use of the deprecated method
[INFO] [stdout]     |
[INFO] [stdout] 382 -                 .fetch_update(Ordering::Relaxed, Ordering::Relaxed, |used| {
[INFO] [stdout] 382 +                 .try_update(Ordering::Relaxed, Ordering::Relaxed, |used| {
[INFO] [stdout]     |
[INFO] [stdout] 
[INFO] [stdout] 
[INFO] [stderr]     Finished `release` profile [optimized] target(s) in 1m 41s
[INFO] running `Command { std: "docker" "inspect" "74ee1d45dbd872b361e8aedadb6e56efd0c655ecf1da1deab9532816bf6d00d0", kill_on_drop: false }`
[INFO] running `Command { std: "docker" "exec" "-e" "SOURCE_DIR=/opt/rustwide/workdir" "-e" "CARGO_HOME=/opt/rustwide/cargo-home" "-e" "RUSTUP_HOME=/opt/rustwide/rustup-home" "-e" "CARGO_TARGET_DIR=/opt/rustwide/target" "-e" "CARGO_INCREMENTAL=0" "-e" "RUST_BACKTRACE=full" "-e" "RUSTFLAGS=--cap-lints=warn" "-e" "RUSTDOCFLAGS=--cap-lints=warn" "-w" "/opt/rustwide/workdir" "--user" "0:0" "74ee1d45dbd872b361e8aedadb6e56efd0c655ecf1da1deab9532816bf6d00d0" "/opt/rustwide/cargo-home/bin/cargo" "+1.100.0-beta.1" "test" "--frozen" "--no-run" "--message-format=json" "--release", kill_on_drop: false }`
[INFO] [stderr] warning: `package.homepage` is redundant with `package.repository`
[INFO] [stderr]   --> Cargo.toml:49:12
[INFO] [stderr]    |
[INFO] [stderr] 49 | homepage = "https://github.com/rangersui/AuditeDB"
[INFO] [stderr]    |            ^^^^^^^^^^^^^^^^^^^^^^^^^^^^^^^^^^^^^^^
[INFO] [stderr] ...
[INFO] [stderr] 53 | repository = "https://github.com/rangersui/AuditeDB"
[INFO] [stderr]    |              ---------------------------------------
[INFO] [stderr]    |
[INFO] [stderr]    = note: `cargo::redundant_homepage` is set to `warn` by default
[INFO] [stderr] help: consider removing `package.homepage`
[INFO] [stderr] warning: `elastik-core` (manifest) generated 1 warning
[INFO] [stderr]    Compiling typenum v1.20.1
[INFO] [stderr]    Compiling cmov v0.5.4
[INFO] [stderr]    Compiling smallvec v1.15.1
[INFO] [stderr]    Compiling cfg-if v1.0.4
[INFO] [stderr]    Compiling once_cell v1.21.4
[INFO] [stderr]    Compiling const-oid v0.10.2
[INFO] [stderr]    Compiling pin-project-lite v0.2.17
[INFO] [stderr]    Compiling scopeguard v1.2.0
[INFO] [stderr]    Compiling fallible-streaming-iterator v0.1.9
[INFO] [stderr]    Compiling bitflags v2.12.1
[INFO] [stderr]    Compiling fallible-iterator v0.3.0
[INFO] [stderr]    Compiling libc v0.2.186
[INFO] [stderr]    Compiling crossbeam-utils v0.8.21
[INFO] [stderr]    Compiling cpufeatures v0.3.0
[INFO] [stderr]    Compiling hashbrown v0.14.5
[INFO] [stderr]    Compiling libsqlite3-sys v0.38.0
[INFO] [stderr]    Compiling percent-encoding v2.3.2
[INFO] [stderr]    Compiling bytes v1.11.1
[INFO] [stderr]    Compiling tokio v1.52.3
[INFO] [stderr]    Compiling lock_api v0.4.14
[INFO] [stderr]    Compiling hex v0.4.3
[INFO] [stderr]    Compiling tracing-core v0.1.36
[INFO] [stderr]    Compiling ctutils v0.4.2
[INFO] [stderr]    Compiling rusqlite v0.40.0
[INFO] [stderr]    Compiling tracing v0.1.44
[INFO] [stderr]    Compiling hybrid-array v0.4.12
[INFO] [stderr]    Compiling parking_lot_core v0.9.12
[INFO] [stderr]    Compiling dashmap v6.2.1
[INFO] [stderr]    Compiling block-buffer v0.12.0
[INFO] [stderr]    Compiling crypto-common v0.2.2
[INFO] [stderr]    Compiling digest v0.11.3
[INFO] [stderr]    Compiling sha2 v0.11.0
[INFO] [stderr]    Compiling hmac v0.13.0
[INFO] [stderr]    Compiling elastik-core v8.3.0 (/opt/rustwide/workdir)
[INFO] [stdout] warning: use of deprecated method `std::sync::atomic::Atomic::<usize>::fetch_update`: renamed to `try_update` for consistency
[INFO] [stdout]    --> src/delete_ops.rs:148:14
[INFO] [stdout]     |
[INFO] [stdout] 148 |             .fetch_update(Ordering::Relaxed, Ordering::Relaxed, |used| {
[INFO] [stdout]     |              ^^^^^^^^^^^^
[INFO] [stdout]     |
[INFO] [stdout]     = note: `#[warn(deprecated)]` on by default
[INFO] [stdout] help: replace the use of the deprecated method
[INFO] [stdout]     |
[INFO] [stdout] 148 -             .fetch_update(Ordering::Relaxed, Ordering::Relaxed, |used| {
[INFO] [stdout] 148 +             .try_update(Ordering::Relaxed, Ordering::Relaxed, |used| {
[INFO] [stdout]     |
[INFO] [stdout] 
[INFO] [stdout] 
[INFO] [stdout] warning: use of deprecated method `std::sync::atomic::Atomic::<usize>::fetch_update`: renamed to `try_update` for consistency
[INFO] [stdout]    --> src/delete_ops.rs:153:14
[INFO] [stdout]     |
[INFO] [stdout] 153 |             .fetch_update(Ordering::Relaxed, Ordering::Relaxed, |count| {
[INFO] [stdout]     |              ^^^^^^^^^^^^
[INFO] [stdout]     |
[INFO] [stdout] help: replace the use of the deprecated method
[INFO] [stdout]     |
[INFO] [stdout] 153 -             .fetch_update(Ordering::Relaxed, Ordering::Relaxed, |count| {
[INFO] [stdout] 153 +             .try_update(Ordering::Relaxed, Ordering::Relaxed, |count| {
[INFO] [stdout]     |
[INFO] [stdout] 
[INFO] [stdout] 
[INFO] [stdout] warning: use of deprecated method `std::sync::atomic::Atomic::<usize>::fetch_update`: renamed to `try_update` for consistency
[INFO] [stdout]    --> src/state.rs:343:50
[INFO] [stdout]     |
[INFO] [stdout] 343 |             let result = self.storage_body_bytes.fetch_update(
[INFO] [stdout]     |                                                  ^^^^^^^^^^^^
[INFO] [stdout]     |
[INFO] [stdout] help: replace the use of the deprecated method
[INFO] [stdout]     |
[INFO] [stdout] 343 -             let result = self.storage_body_bytes.fetch_update(
[INFO] [stdout] 343 +             let result = self.storage_body_bytes.try_update(
[INFO] [stdout]     |
[INFO] [stdout] 
[INFO] [stdout] 
[INFO] [stdout] warning: use of deprecated method `std::sync::atomic::Atomic::<usize>::fetch_update`: renamed to `try_update` for consistency
[INFO] [stdout]    --> src/state.rs:368:45
[INFO] [stdout]     |
[INFO] [stdout] 368 |             let _ = self.storage_body_bytes.fetch_update(
[INFO] [stdout]     |                                             ^^^^^^^^^^^^
[INFO] [stdout]     |
[INFO] [stdout] help: replace the use of the deprecated method
[INFO] [stdout]     |
[INFO] [stdout] 368 -             let _ = self.storage_body_bytes.fetch_update(
[INFO] [stdout] 368 +             let _ = self.storage_body_bytes.try_update(
[INFO] [stdout]     |
[INFO] [stdout] 
[INFO] [stdout] 
[INFO] [stdout] warning: use of deprecated method `std::sync::atomic::Atomic::<usize>::fetch_update`: renamed to `try_update` for consistency
[INFO] [stdout]    --> src/state.rs:382:18
[INFO] [stdout]     |
[INFO] [stdout] 382 |                 .fetch_update(Ordering::Relaxed, Ordering::Relaxed, |used| {
[INFO] [stdout]     |                  ^^^^^^^^^^^^
[INFO] [stdout]     |
[INFO] [stdout] help: replace the use of the deprecated method
[INFO] [stdout]     |
[INFO] [stdout] 382 -                 .fetch_update(Ordering::Relaxed, Ordering::Relaxed, |used| {
[INFO] [stdout] 382 +                 .try_update(Ordering::Relaxed, Ordering::Relaxed, |used| {
[INFO] [stdout]     |
[INFO] [stdout] 
[INFO] [stdout] 
[INFO] [stdout] warning: use of deprecated method `std::sync::atomic::Atomic::<usize>::fetch_update`: renamed to `try_update` for consistency
[INFO] [stdout]    --> src/delete_ops.rs:148:14
[INFO] [stdout]     |
[INFO] [stdout] 148 |             .fetch_update(Ordering::Relaxed, Ordering::Relaxed, |used| {
[INFO] [stdout]     |              ^^^^^^^^^^^^
[INFO] [stdout]     |
[INFO] [stdout]     = note: `#[warn(deprecated)]` on by default
[INFO] [stdout] help: replace the use of the deprecated method
[INFO] [stdout]     |
[INFO] [stdout] 148 -             .fetch_update(Ordering::Relaxed, Ordering::Relaxed, |used| {
[INFO] [stdout] 148 +             .try_update(Ordering::Relaxed, Ordering::Relaxed, |used| {
[INFO] [stdout]     |
[INFO] [stdout] 
[INFO] [stdout] 
[INFO] [stdout] warning: use of deprecated method `std::sync::atomic::Atomic::<usize>::fetch_update`: renamed to `try_update` for consistency
[INFO] [stdout]    --> src/delete_ops.rs:153:14
[INFO] [stdout]     |
[INFO] [stdout] 153 |             .fetch_update(Ordering::Relaxed, Ordering::Relaxed, |count| {
[INFO] [stdout]     |              ^^^^^^^^^^^^
[INFO] [stdout]     |
[INFO] [stdout] help: replace the use of the deprecated method
[INFO] [stdout]     |
[INFO] [stdout] 153 -             .fetch_update(Ordering::Relaxed, Ordering::Relaxed, |count| {
[INFO] [stdout] 153 +             .try_update(Ordering::Relaxed, Ordering::Relaxed, |count| {
[INFO] [stdout]     |
[INFO] [stdout] 
[INFO] [stdout] 
[INFO] [stdout] warning: use of deprecated method `std::sync::atomic::Atomic::<usize>::fetch_update`: renamed to `try_update` for consistency
[INFO] [stdout]    --> src/state.rs:255:45
[INFO] [stdout]     |
[INFO] [stdout] 255 |             let _ = self.storage_body_bytes.fetch_update(
[INFO] [stdout]     |                                             ^^^^^^^^^^^^
[INFO] [stdout]     |
[INFO] [stdout] help: replace the use of the deprecated method
[INFO] [stdout]     |
[INFO] [stdout] 255 -             let _ = self.storage_body_bytes.fetch_update(
[INFO] [stdout] 255 +             let _ = self.storage_body_bytes.try_update(
[INFO] [stdout]     |
[INFO] [stdout] 
[INFO] [stdout] 
[INFO] [stdout] warning: use of deprecated method `std::sync::atomic::Atomic::<usize>::fetch_update`: renamed to `try_update` for consistency
[INFO] [stdout]    --> src/state.rs:343:50
[INFO] [stdout]     |
[INFO] [stdout] 343 |             let result = self.storage_body_bytes.fetch_update(
[INFO] [stdout]     |                                                  ^^^^^^^^^^^^
[INFO] [stdout]     |
[INFO] [stdout] help: replace the use of the deprecated method
[INFO] [stdout]     |
[INFO] [stdout] 343 -             let result = self.storage_body_bytes.fetch_update(
[INFO] [stdout] 343 +             let result = self.storage_body_bytes.try_update(
[INFO] [stdout]     |
[INFO] [stdout] 
[INFO] [stdout] 
[INFO] [stdout] warning: use of deprecated method `std::sync::atomic::Atomic::<usize>::fetch_update`: renamed to `try_update` for consistency
[INFO] [stdout]    --> src/state.rs:368:45
[INFO] [stdout]     |
[INFO] [stdout] 368 |             let _ = self.storage_body_bytes.fetch_update(
[INFO] [stdout]     |                                             ^^^^^^^^^^^^
[INFO] [stdout]     |
[INFO] [stdout] help: replace the use of the deprecated method
[INFO] [stdout]     |
[INFO] [stdout] 368 -             let _ = self.storage_body_bytes.fetch_update(
[INFO] [stdout] 368 +             let _ = self.storage_body_bytes.try_update(
[INFO] [stdout]     |
[INFO] [stdout] 
[INFO] [stdout] 
[INFO] [stdout] warning: use of deprecated method `std::sync::atomic::Atomic::<usize>::fetch_update`: renamed to `try_update` for consistency
[INFO] [stdout]    --> src/state.rs:382:18
[INFO] [stdout]     |
[INFO] [stdout] 382 |                 .fetch_update(Ordering::Relaxed, Ordering::Relaxed, |used| {
[INFO] [stdout]     |                  ^^^^^^^^^^^^
[INFO] [stdout]     |
[INFO] [stdout] help: replace the use of the deprecated method
[INFO] [stdout]     |
[INFO] [stdout] 382 -                 .fetch_update(Ordering::Relaxed, Ordering::Relaxed, |used| {
[INFO] [stdout] 382 +                 .try_update(Ordering::Relaxed, Ordering::Relaxed, |used| {
[INFO] [stdout]     |
[INFO] [stdout] 
[INFO] [stdout] 
[INFO] [stderr]     Finished `release` profile [optimized] target(s) in 24.42s
[INFO] running `Command { std: "docker" "inspect" "74ee1d45dbd872b361e8aedadb6e56efd0c655ecf1da1deab9532816bf6d00d0", kill_on_drop: false }`
[INFO] running `Command { std: "docker" "exec" "-e" "SOURCE_DIR=/opt/rustwide/workdir" "-e" "CARGO_HOME=/opt/rustwide/cargo-home" "-e" "RUSTUP_HOME=/opt/rustwide/rustup-home" "-e" "CARGO_TARGET_DIR=/opt/rustwide/target" "-e" "CARGO_INCREMENTAL=0" "-e" "RUST_BACKTRACE=full" "-e" "RUSTFLAGS=--cap-lints=warn" "-e" "RUSTDOCFLAGS=--cap-lints=warn" "-w" "/opt/rustwide/workdir" "--user" "0:0" "74ee1d45dbd872b361e8aedadb6e56efd0c655ecf1da1deab9532816bf6d00d0" "/opt/rustwide/cargo-home/bin/cargo" "+1.100.0-beta.1" "test" "--frozen" "--release", kill_on_drop: false }`
[INFO] [stderr] warning: `package.homepage` is redundant with `package.repository`
[INFO] [stderr]   --> Cargo.toml:49:12
[INFO] [stderr]    |
[INFO] [stderr] 49 | homepage = "https://github.com/rangersui/AuditeDB"
[INFO] [stderr]    |            ^^^^^^^^^^^^^^^^^^^^^^^^^^^^^^^^^^^^^^^
[INFO] [stderr] ...
[INFO] [stderr] 53 | repository = "https://github.com/rangersui/AuditeDB"
[INFO] [stderr]    |              ---------------------------------------
[INFO] [stderr]    |
[INFO] [stderr]    = note: `cargo::redundant_homepage` is set to `warn` by default
[INFO] [stderr] help: consider removing `package.homepage`
[INFO] [stderr] warning: `elastik-core` (manifest) generated 1 warning
[INFO] [stderr] warning: use of deprecated method `std::sync::atomic::Atomic::<usize>::fetch_update`: renamed to `try_update` for consistency
[INFO] [stderr]    --> src/delete_ops.rs:148:14
[INFO] [stderr]     |
[INFO] [stderr] 148 |             .fetch_update(Ordering::Relaxed, Ordering::Relaxed, |used| {
[INFO] [stderr]     |              ^^^^^^^^^^^^
[INFO] [stderr]     |
[INFO] [stderr]     = note: `#[warn(deprecated)]` on by default
[INFO] [stderr] help: replace the use of the deprecated method
[INFO] [stderr]     |
[INFO] [stderr] 148 -             .fetch_update(Ordering::Relaxed, Ordering::Relaxed, |used| {
[INFO] [stderr] 148 +             .try_update(Ordering::Relaxed, Ordering::Relaxed, |used| {
[INFO] [stderr]     |
[INFO] [stderr] 
[INFO] [stderr] warning: use of deprecated method `std::sync::atomic::Atomic::<usize>::fetch_update`: renamed to `try_update` for consistency
[INFO] [stderr]    --> src/delete_ops.rs:153:14
[INFO] [stderr]     |
[INFO] [stderr] 153 |             .fetch_update(Ordering::Relaxed, Ordering::Relaxed, |count| {
[INFO] [stderr]     |              ^^^^^^^^^^^^
[INFO] [stderr]     |
[INFO] [stderr] help: replace the use of the deprecated method
[INFO] [stderr]     |
[INFO] [stderr] 153 -             .fetch_update(Ordering::Relaxed, Ordering::Relaxed, |count| {
[INFO] [stderr] 153 +             .try_update(Ordering::Relaxed, Ordering::Relaxed, |count| {
[INFO] [stderr]     |
[INFO] [stderr] 
[INFO] [stderr] warning: use of deprecated method `std::sync::atomic::Atomic::<usize>::fetch_update`: renamed to `try_update` for consistency
[INFO] [stderr]    --> src/state.rs:343:50
[INFO] [stderr]     |
[INFO] [stderr] 343 |             let result = self.storage_body_bytes.fetch_update(
[INFO] [stderr]     |                                                  ^^^^^^^^^^^^
[INFO] [stderr]     |
[INFO] [stderr] help: replace the use of the deprecated method
[INFO] [stderr]     |
[INFO] [stderr] 343 -             let result = self.storage_body_bytes.fetch_update(
[INFO] [stderr] 343 +             let result = self.storage_body_bytes.try_update(
[INFO] [stderr]     |
[INFO] [stderr] 
[INFO] [stderr] warning: use of deprecated method `std::sync::atomic::Atomic::<usize>::fetch_update`: renamed to `try_update` for consistency
[INFO] [stderr]    --> src/state.rs:368:45
[INFO] [stderr]     |
[INFO] [stderr] 368 |             let _ = self.storage_body_bytes.fetch_update(
[INFO] [stderr]     |                                             ^^^^^^^^^^^^
[INFO] [stderr]     |
[INFO] [stderr] help: replace the use of the deprecated method
[INFO] [stderr]     |
[INFO] [stderr] 368 -             let _ = self.storage_body_bytes.fetch_update(
[INFO] [stderr] 368 +             let _ = self.storage_body_bytes.try_update(
[INFO] [stderr]     |
[INFO] [stderr] 
[INFO] [stderr] warning: use of deprecated method `std::sync::atomic::Atomic::<usize>::fetch_update`: renamed to `try_update` for consistency
[INFO] [stderr]    --> src/state.rs:382:18
[INFO] [stderr]     |
[INFO] [stderr] 382 |                 .fetch_update(Ordering::Relaxed, Ordering::Relaxed, |used| {
[INFO] [stderr]     |                  ^^^^^^^^^^^^
[INFO] [stderr]     |
[INFO] [stderr] help: replace the use of the deprecated method
[INFO] [stderr]     |
[INFO] [stderr] 382 -                 .fetch_update(Ordering::Relaxed, Ordering::Relaxed, |used| {
[INFO] [stderr] 382 +                 .try_update(Ordering::Relaxed, Ordering::Relaxed, |used| {
[INFO] [stderr]     |
[INFO] [stderr] 
[INFO] [stderr] warning: use of deprecated method `std::sync::atomic::Atomic::<usize>::fetch_update`: renamed to `try_update` for consistency
[INFO] [stderr]    --> src/state.rs:255:45
[INFO] [stderr]     |
[INFO] [stderr] 255 |             let _ = self.storage_body_bytes.fetch_update(
[INFO] [stderr]     |                                             ^^^^^^^^^^^^
[INFO] [stderr]     |
[INFO] [stderr] help: replace the use of the deprecated method
[INFO] [stderr]     |
[INFO] [stderr] 255 -             let _ = self.storage_body_bytes.fetch_update(
[INFO] [stderr] 255 +             let _ = self.storage_body_bytes.try_update(
[INFO] [stderr]     |
[INFO] [stderr] 
[INFO] [stderr] warning: `elastik-core` (lib) generated 5 warnings (run `cargo fix --lib -p elastik-core` to apply 5 suggestions)
[INFO] [stderr] warning: `elastik-core` (lib test) generated 6 warnings (5 duplicates) (run `cargo fix --lib -p elastik-core --tests` to apply 1 suggestion)
[INFO] [stderr]     Finished `release` profile [optimized] target(s) in 0.06s
[INFO] [stderr]      Running unittests src/lib.rs (/opt/rustwide/target/release/build/elastik-core/eb0a2bb06c01ca10/out/elastik_core-eb0a2bb06c01ca10)
[INFO] [stdout] 
[INFO] [stdout] running 99 tests
[INFO] [stdout] test audit::tests::hmac_sha256_known_vector_matches_rfc4231 ... ok
[INFO] [stdout] test auth::tests::delete_requires_approve_token ... ok
[INFO] [stdout] test auth::tests::non_log_var_still_accepts_auth_token ... ok
[INFO] [stdout] test auth::tests::var_log_requires_approve_token ... ok
[INFO] [stdout] test auth::tests::system_namespace_roots_require_approve_even_if_called_directly ... ok
[INFO] [stdout] test auth::tests::wipe_vec_allocation_clears_spare_capacity ... ok
[INFO] [stdout] test auth::tests::nonempty_raw_tokens_still_authenticate ... ok
[INFO] [stdout] test delete_ops::tests::delete_permit_rejects_append_only_ledger ... ok
[INFO] [stdout] test auth::tests::read_token_is_optional_but_gates_reads_when_set ... ok
[INFO] [stdout] test auth::tests::public_token_validity_matches_core_token_gate ... ok
[INFO] [stdout] test auth::tests::invalid_token_candidates_never_match ... ok
[INFO] [stdout] test delete_ops::tests::delete_permit_requires_approve_and_binds_world ... ok
[INFO] [stdout] test audit::tests::append_tx_propagates_prev_hmac_read_errors ... ok
[INFO] [stdout] test audit::tests::verify_appendable_existing_reports_chain_broken_error ... ok
[INFO] [stdout] test audit::tests::verify_connection_accepts_intact_chain ... ok
[INFO] [stdout] test audit::tests::verify_connection_rejects_tampered_event_hmac ... ok
[INFO] [stdout] test engine::tests::secret_bytes_rejects_empty_keys ... ok
[INFO] [stdout] test engine_introspection::tests::validated_proc_path_accepts_declared_endpoints_only ... ok
[INFO] [stdout] test audit::tests::hmac_chain_domain_separates_adjacent_fields ... ok
[INFO] [stdout] test audit::tests::verify_connection_rejects_tampered_event_headers ... ok
[INFO] [stdout] test engine::tests::verify_token_maps_raw_bytes_to_access_tier ... ok
[INFO] [stdout] test data_lock::tests::data_root_writer_lock_is_exclusive ... ok
[INFO] [stdout] test engine::tests::build_holds_the_data_root_writer_lock ... ok
[INFO] [stdout] test engine_ops::tests::engine_subscribe_denied_auth_does_not_consume_slot ... ok
[INFO] [stdout] test engine::tests::zero_numeric_limits_match_env_default_semantics ... ok
[INFO] [stdout] test engine::tests::shutdown_is_idempotent_without_extra_notifications ... ok
[INFO] [stdout] test engine_trace::tests::public_delete_trace_forwards_without_exposing_internal_error_type ... ok
[INFO] [stdout] test engine_trace::tests::public_write_trace_forwards_internal_hook_boundaries ... ok
[INFO] [stdout] test engine_types::tests::audit_hmac_key_rejects_empty_whitespace_and_short_keys ... ok
[INFO] [stdout] test engine_types::tests::preconditions_constructor_sets_matcher_lists ... ok
[INFO] [stdout] test engine_types::tests::representation_constructor_sets_all_public_fields ... ok
[INFO] [stdout] test data_lock::tests::data_root_writer_lock_uses_rollback_journal ... ok
[INFO] [stdout] test data_lock::tests::data_root_writer_lock_holder_is_visible_while_lock_is_held ... ok
[INFO] [stdout] test engine_types::tests::validated_world_path_accepts_canonical_namespaced_worlds ... ok
[INFO] [stdout] test engine_types::tests::subscribe_pattern_normalizes_once_at_entry ... ok
[INFO] [stdout] test engine_types::tests::validated_world_path_rejects_wire_paths_and_bare_names ... ok
[INFO] [stdout] test etag::tests::preconditions_can_be_checked_without_adapter_header_types ... ok
[INFO] [stdout] test event::tests::patterns_are_prefix_or_exact ... ok
[INFO] [stdout] test engine::tests::token_setters_treat_empty_and_whitespace_as_unset ... ok
[INFO] [stdout] test path::tests::canonicalize_preserves_explicit_namespaces ... ok
[INFO] [stdout] test engine_ops::tests::engine_subscribe_enforces_slot_cap_at_entry ... ok
[INFO] [stdout] test path::tests::control_bytes_are_not_valid_world_names ... ok
[INFO] [stdout] test path::tests::dot_segments_empty_segments_and_backslashes_are_not_valid_world_names ... ok
[INFO] [stdout] test etag::tests::etag_lists_match_strong_and_weak_rules ... ok
[INFO] [stdout] test path::tests::namespace_roots_and_proc_subtree_are_not_world_names ... ok
[INFO] [stdout] test audit::tests::audit_keeps_historical_metadata_without_json_payload ... ok
[INFO] [stdout] test audit::tests::startup_verification_rejects_tampered_world ... ok
[INFO] [stdout] test engine_ops::tests::replay_after_handles_max_last_event_id_without_overflow ... ok
[INFO] [stdout] test engine_ops::tests::replay_after_reports_ring_gap_and_replays_available_events ... ok
[INFO] [stdout] test engine_ops::tests::engine_subscription_closed_is_terminal ... ok
[INFO] [stdout] test read_cache::tests::cache_hit_on_second_read ... ok
[INFO] [stdout] test engine_introspection::tests::engine_introspection_returns_typed_snapshots ... ok
[INFO] [stdout] test engine::tests::build_classifies_non_chain_verify_failures_as_storage_errors ... ok
[INFO] [stdout] test engine::tests::build_verifies_audit_chains_before_returning_engine ... ok
[INFO] [stdout] test read_cache::tests::cantopen_with_existing_unreadable_file_propagates_500_not_404 ... FAILED
[INFO] [stdout] test read_cache::tests::cached_verify_chain_uses_slot_protocol ... ok
[INFO] [stdout] test read_cache::tests::missing_world_returns_none_via_phase3 ... ok
[INFO] [stdout] test read_cache::tests::opening_transition_drop_sets_tombstone_on_panic_path ... ok
[INFO] [stdout] test engine_ops::tests::engine_subscribe_requires_read_tier_and_replays_since_id ... ok
[INFO] [stdout] test read_cache::tests::eviction_refuses_slots_with_active_read_guards ... ok
[INFO] [stdout] test read_cache::tests::evicted_slot_reopens_existing_world_instead_of_404 ... ok
[INFO] [stdout] test engine_ops::tests::engine_delete_requires_approve_and_removes_world ... ok
[INFO] [stdout] test state::tests::core_hmac_key_is_stored_as_audit_hmac_key ... ok
[INFO] [stdout] test storage_class::tests::busy_and_locked_are_transient_storage ... ok
[INFO] [stdout] test storage_class::tests::corrupt_is_not_quota_or_transient_storage ... ok
[INFO] [stdout] test storage_class::tests::disk_full_is_insufficient_storage ... ok
[INFO] [stdout] test read_cache::tests::cache_hit_updates_last_access_tick ... ok
[INFO] [stdout] test store::tests::memory_worlds_do_not_create_sqlite_files_or_audit_chain ... ok
[INFO] [stdout] test store::tests::storage_prefix_routes_memory_and_disk_modes ... ok
[INFO] [stdout] test read_cache::tests::cache_hit_serves_from_cache_even_at_cap ... ok
[INFO] [stdout] test read_cache::tests::install_tombstone_short_circuits_read_to_404 ... ok
[INFO] [stdout] test read_cache::tests::tombstone_done_none_counts_as_hit_but_opening_is_retry ... ok
[INFO] [stdout] test read_cache::tests::stuck_opening_returns_busy_after_retry_budget ... ok
[INFO] [stdout] test world::tests::create_dir_storage_full_maps_to_sqlite_disk_full ... ok
[INFO] [stdout] test world::tests::disk_names_do_not_alias_literal_percent_with_encoded_slash ... ok
[INFO] [stdout] test world::tests::disk_names_encode_dot_segments_even_if_called_directly ... ok
[INFO] [stdout] test world::tests::disk_names_roundtrip_unicode_worlds ... ok
[INFO] [stdout] test engine_ops::tests::engine_subscription_drains_replay_before_shutdown ... ok
[INFO] [stdout] test read_cache::tests::try_evict_ready_slot_removes_idle_ready_entry ... ok
[INFO] [stdout] test world::tests::sqlite_bench_sketch::bench_open_existing_warm ... ignored
[INFO] [stdout] test world::tests::sqlite_bench_sketch::bench_open_full_warm ... ignored
[INFO] [stdout] test read_cache::tests::try_evict_ready_slot_reports_false_when_map_entry_changed ... ok
[INFO] [stdout] test store::tests::disk_worlds_create_sqlite_files_and_audit_chain_when_using_audit_path ... ok
[INFO] [stdout] test store::tests::worlds_store_content_type_not_private_extensions ... ok
[INFO] [stdout] test world_ops::tests::write_permit_preserves_path_based_approve_gate ... ok
[INFO] [stdout] test read_cache::tests::lru_eviction_skips_tombstone_and_evicts_ready_slot ... ok
[INFO] [stdout] test world::tests::audited_write_rejects_empty_chain_with_body ... ok
[INFO] [stdout] test world::tests::audited_write_recovers_empty_bootstrap_db ... ok
[INFO] [stdout] test world_ops::tests::write_permit_is_bound_to_one_world ... ok
[INFO] [stdout] test world::tests::audited_write_rejects_tampered_existing_chain ... ok
[INFO] [stdout] test read_cache::tests::cap_full_miss_evicts_cold_slot_and_caches_new_world ... ok
[INFO] [stdout] test read_cache::tests::cap_full_miss_falls_back_to_transient_when_candidates_are_busy ... ok
[INFO] [stdout] test world::tests::existing_world_missing_audit_table_is_not_recreated ... ok
[INFO] [stdout] test read_cache::tests::cap_transient_slot_concurrent_readers_safe_under_cleanup ... ok
[INFO] [stdout] test read_cache::tests::eviction_sample_excludes_requested_world ... ok
[INFO] [stdout] test read_cache::tests::cache_size_one_concurrent_readers_never_report_false_404 ... ok
[INFO] [stdout] test world::tests::text_body_storage_is_schema_corruption_not_legacy ... ok
[INFO] [stdout] test read_cache::tests::cache_size_one_evicts_on_every_new_world ... ok
[INFO] [stdout] test world_ops::tests::real_sqlite_lock_maps_to_transient_read_error ... ok
[INFO] [stdout] 
[INFO] [stdout] failures:
[INFO] [stdout] 
[INFO] [stdout] ---- read_cache::tests::cantopen_with_existing_unreadable_file_propagates_500_not_404 stdout ----
[INFO] [stdout] 
[INFO] [stdout] thread 'read_cache::tests::cantopen_with_existing_unreadable_file_propagates_500_not_404' (1089) panicked at src/read_cache.rs:1523:9:
[INFO] [stdout] CANTOPEN on existing-but-unreadable file must propagate as Err(_); got Ok(Some(_)) <- spurious read (a future regression to bare path.exists() would land here)
[INFO] [stdout] stack backtrace:
[INFO] [stdout]    0:     0x57d88709ee76 - <unknown>
[INFO] [stdout]    1:     0x57d886fc8a6a - <unknown>
[INFO] [stdout]    2:     0x57d8870a45ec - <unknown>
[INFO] [stdout]    3:     0x57d88707ad92 - <unknown>
[INFO] [stdout]    4:     0x57d887097011 - <unknown>
[INFO] [stdout]    5:     0x57d8870971f2 - <unknown>
[INFO] [stdout]    6:     0x57d88707ae42 - <unknown>
[INFO] [stdout]    7:     0x57d887073aa9 - <unknown>
[INFO] [stdout]    8:     0x57d88707baed - <unknown>
[INFO] [stdout]    9:     0x57d886fc918c - <unknown>
[INFO] [stdout]   10:     0x57d887036adb - <unknown>
[INFO] [stdout]   11:     0x57d8870a5bcb - <unknown>
[INFO] [stdout]   12:     0x57d8870b3a74 - <unknown>
[INFO] [stdout]   13:     0x57d8870ad1a4 - <unknown>
[INFO] [stdout]   14:     0x57d8870b7832 - <unknown>
[INFO] [stdout]   15:     0x57d88709e6c4 - <unknown>
[INFO] [stdout]   16:     0x7c43c2027dfa - <unknown>
[INFO] [stdout]   17:     0x7c43c20bb3d4 - clone
[INFO] [stdout]   18:                0x0 - <unknown>
[INFO] [stdout] 
[INFO] [stdout] 
[INFO] [stdout] failures:
[INFO] [stdout]     read_cache::tests::cantopen_with_existing_unreadable_file_propagates_500_not_404
[INFO] [stdout] 
[INFO] [stdout] test result: FAILED. 96 passed; 1 failed; 2 ignored; 0 measured; 0 filtered out; finished in 1.38s
[INFO] [stdout] 
[INFO] [stderr] error: test failed, to rerun pass `--lib`
[INFO] running `Command { std: "docker" "inspect" "74ee1d45dbd872b361e8aedadb6e56efd0c655ecf1da1deab9532816bf6d00d0", kill_on_drop: false }`
[INFO] running `Command { std: "docker" "rm" "-f" "74ee1d45dbd872b361e8aedadb6e56efd0c655ecf1da1deab9532816bf6d00d0", kill_on_drop: false }`
[INFO] [stdout] 74ee1d45dbd872b361e8aedadb6e56efd0c655ecf1da1deab9532816bf6d00d0
