[INFO] fetching crate ej-io 0.5.1...
[INFO] testing ej-io-0.5.1 against 1.100.0-beta.1+cargoflags=--release for beta-release-1.100-2
[INFO] extracting crate ej-io 0.5.1 into /workspace/builds/worker-5-tc2/source
[INFO] started tweaking crates.io crate ej-io 0.5.1
[INFO] finished tweaking crates.io crate ej-io 0.5.1
[INFO] tweaked toml for crates.io crate ej-io 0.5.1 written to /workspace/builds/worker-5-tc2/source/Cargo.toml
[INFO] validating manifest of crates.io crate ej-io 0.5.1 on toolchain 1.100.0-beta.1
[INFO] running `Command { std: CARGO_HOME="/workspace/cargo-home" RUSTUP_HOME="/workspace/rustup-home" "/workspace/cargo-home/bin/cargo" "+1.100.0-beta.1" "metadata" "--manifest-path" "Cargo.toml" "--no-deps", kill_on_drop: false }`
[INFO] crate crates.io crate ej-io 0.5.1 already has a lockfile, it will not be regenerated
[INFO] running `Command { std: CARGO_HOME="/workspace/cargo-home" RUSTUP_HOME="/workspace/rustup-home" "/workspace/cargo-home/bin/cargo" "+1.100.0-beta.1" "fetch" "--manifest-path" "Cargo.toml", kill_on_drop: false }`
[INFO] running `Command { std: "docker" "create" "-v" "/var/lib/crater-agent-workspace/builds/worker-5-tc2/source:/opt/rustwide/workdir:ro,Z" "-v" "/var/lib/crater-agent-workspace/builds/worker-5-tc2/target:/opt/rustwide/target:rw,Z" "-v" "/var/lib/crater-agent-workspace/cargo-home:/opt/rustwide/cargo-home:ro,Z" "-v" "/var/lib/crater-agent-workspace/rustup-home:/opt/rustwide/rustup-home:ro,Z" "-m" "1610612736" "--network" "none" "ghcr.io/rust-lang/crates-build-env/linux@sha256:77db811e55d90add9212f6832c23229e3de5f1c1f9905e8cb07319ea15df73ac" "sleep" "infinity", kill_on_drop: false }`
[INFO] [stdout] 72ebe25a0f3b25a3af143e8ef0d1898ff82a6791aa4f6537e55065e3968616fb
[INFO] running `Command { std: "docker" "start" "72ebe25a0f3b25a3af143e8ef0d1898ff82a6791aa4f6537e55065e3968616fb", kill_on_drop: false }`
[INFO] running `Command { std: "docker" "inspect" "72ebe25a0f3b25a3af143e8ef0d1898ff82a6791aa4f6537e55065e3968616fb", kill_on_drop: false }`
[INFO] running `Command { std: "docker" "exec" "-e" "SOURCE_DIR=/opt/rustwide/workdir" "-e" "CARGO_HOME=/opt/rustwide/cargo-home" "-e" "RUSTUP_HOME=/opt/rustwide/rustup-home" "-e" "CARGO_TARGET_DIR=/opt/rustwide/target" "-w" "/opt/rustwide/workdir" "--user" "0:0" "72ebe25a0f3b25a3af143e8ef0d1898ff82a6791aa4f6537e55065e3968616fb" "/opt/rustwide/cargo-home/bin/cargo" "+1.100.0-beta.1" "metadata" "--no-deps" "--format-version=1", kill_on_drop: false }`
[INFO] running `Command { std: "docker" "inspect" "72ebe25a0f3b25a3af143e8ef0d1898ff82a6791aa4f6537e55065e3968616fb", kill_on_drop: false }`
[INFO] running `Command { std: "docker" "exec" "-e" "SOURCE_DIR=/opt/rustwide/workdir" "-e" "CARGO_HOME=/opt/rustwide/cargo-home" "-e" "RUSTUP_HOME=/opt/rustwide/rustup-home" "-e" "CARGO_TARGET_DIR=/opt/rustwide/target" "-e" "CARGO_INCREMENTAL=0" "-e" "RUST_BACKTRACE=full" "-e" "RUSTFLAGS=--cap-lints=warn" "-e" "RUSTDOCFLAGS=--cap-lints=warn" "-w" "/opt/rustwide/workdir" "--user" "0:0" "72ebe25a0f3b25a3af143e8ef0d1898ff82a6791aa4f6537e55065e3968616fb" "/opt/rustwide/cargo-home/bin/cargo" "+1.100.0-beta.1" "build" "--frozen" "--message-format=json" "--release", kill_on_drop: false }`
[INFO] [stderr]    Compiling proc-macro2 v1.0.95
[INFO] [stderr]    Compiling unicode-ident v1.0.18
[INFO] [stderr]    Compiling libc v0.2.172
[INFO] [stderr]    Compiling once_cell v1.21.3
[INFO] [stderr]    Compiling pin-project-lite v0.2.16
[INFO] [stderr]    Compiling bytes v1.10.1
[INFO] [stderr]    Compiling tracing-core v0.1.33
[INFO] [stderr]    Compiling quote v1.0.40
[INFO] [stderr]    Compiling syn v2.0.101
[INFO] [stderr]    Compiling signal-hook-registry v1.4.5
[INFO] [stderr]    Compiling mio v1.0.3
[INFO] [stderr]    Compiling tokio-macros v2.5.0
[INFO] [stderr]    Compiling tracing-attributes v0.1.28
[INFO] [stderr]    Compiling tokio v1.46.1
[INFO] [stderr]    Compiling tracing v0.1.41
[INFO] [stderr]    Compiling ej-io v0.5.1 (/opt/rustwide/workdir)
[INFO] [stderr]     Finished `release` profile [optimized] target(s) in 15.13s
[INFO] running `Command { std: "docker" "inspect" "72ebe25a0f3b25a3af143e8ef0d1898ff82a6791aa4f6537e55065e3968616fb", kill_on_drop: false }`
[INFO] running `Command { std: "docker" "exec" "-e" "SOURCE_DIR=/opt/rustwide/workdir" "-e" "CARGO_HOME=/opt/rustwide/cargo-home" "-e" "RUSTUP_HOME=/opt/rustwide/rustup-home" "-e" "CARGO_TARGET_DIR=/opt/rustwide/target" "-e" "CARGO_INCREMENTAL=0" "-e" "RUST_BACKTRACE=full" "-e" "RUSTFLAGS=--cap-lints=warn" "-e" "RUSTDOCFLAGS=--cap-lints=warn" "-w" "/opt/rustwide/workdir" "--user" "0:0" "72ebe25a0f3b25a3af143e8ef0d1898ff82a6791aa4f6537e55065e3968616fb" "/opt/rustwide/cargo-home/bin/cargo" "+1.100.0-beta.1" "test" "--frozen" "--no-run" "--message-format=json" "--release", kill_on_drop: false }`
[INFO] [stderr]    Compiling ej-io v0.5.1 (/opt/rustwide/workdir)
[INFO] [stderr]     Finished `release` profile [optimized] target(s) in 2.10s
[INFO] running `Command { std: "docker" "inspect" "72ebe25a0f3b25a3af143e8ef0d1898ff82a6791aa4f6537e55065e3968616fb", kill_on_drop: false }`
[INFO] running `Command { std: "docker" "exec" "-e" "SOURCE_DIR=/opt/rustwide/workdir" "-e" "CARGO_HOME=/opt/rustwide/cargo-home" "-e" "RUSTUP_HOME=/opt/rustwide/rustup-home" "-e" "CARGO_TARGET_DIR=/opt/rustwide/target" "-e" "CARGO_INCREMENTAL=0" "-e" "RUST_BACKTRACE=full" "-e" "RUSTFLAGS=--cap-lints=warn" "-e" "RUSTDOCFLAGS=--cap-lints=warn" "-w" "/opt/rustwide/workdir" "--user" "0:0" "72ebe25a0f3b25a3af143e8ef0d1898ff82a6791aa4f6537e55065e3968616fb" "/opt/rustwide/cargo-home/bin/cargo" "+1.100.0-beta.1" "test" "--frozen" "--release", kill_on_drop: false }`
[INFO] [stderr]     Finished `release` profile [optimized] target(s) in 0.04s
[INFO] [stderr]      Running unittests src/lib.rs (/opt/rustwide/target/release/build/ej-io/4d013e132045c327/out/ej_io-4d013e132045c327)
[INFO] [stdout] 
[INFO] [stdout] running 4 tests
[INFO] [stdout] test runner::test::test_infinite_loop ... FAILED
[INFO] [stdout] test runner::test::test_stuck_stdin ... FAILED
[INFO] [stdout] test runner::test::test_infinite_loop_with_timeouts ... FAILED
[INFO] [stdout] test runner::test::test_infinite_loop_with_sig_mapped ... FAILED
[INFO] [stdout] 
[INFO] [stdout] failures:
[INFO] [stdout] 
[INFO] [stdout] ---- runner::test::test_infinite_loop stdout ----
[INFO] [stdout] 
[INFO] [stdout] thread 'runner::test::test_infinite_loop' (466) panicked at src/runner.rs:248:17:
[INFO] [stdout] assertion failed: exit.is_some()
[INFO] [stdout] stack backtrace:
[INFO] [stdout]    0:     0x5e189645fb81 - <<std[617be2ca0a6fd877]::sys::backtrace::BacktraceLock>::print::DisplayBacktrace as core[a373ad73a504971]::fmt::Display>::fmt
[INFO] [stdout]    1:     0x5e1896473d1a - core[a373ad73a504971]::fmt::write
[INFO] [stdout]    2:     0x5e1896463f3c - <alloc[2e1b2a31b91974c5]::vec::Vec<u8> as core[a373ad73a504971]::io::write::Write>::write_fmt
[INFO] [stdout]    3:     0x5e189643b486 - std[617be2ca0a6fd877]::panicking::default_hook::{closure#0}
[INFO] [stdout]    4:     0x5e1896457e29 - std[617be2ca0a6fd877]::panicking::default_hook
[INFO] [stdout]    5:     0x5e18963cc060 - test[aada8e7e76ba119b]::test_main_inner::{closure#0}
[INFO] [stdout]    6:     0x5e1896458152 - std[617be2ca0a6fd877]::panicking::panic_with_hook
[INFO] [stdout]    7:     0x5e189643b564 - std[617be2ca0a6fd877]::panicking::panic_handler::{closure#0}
[INFO] [stdout]    8:     0x5e1896434199 - std[617be2ca0a6fd877]::sys::backtrace::__rust_end_short_backtrace::<std[617be2ca0a6fd877]::panicking::panic_handler::{closure#0}, !>
[INFO] [stdout]    9:     0x5e189643c13d - __rustc[ea4f61d10b84890b]::rust_begin_unwind
[INFO] [stdout]   10:     0x5e189647447c - core[a373ad73a504971]::panicking::panic_fmt
[INFO] [stdout]   11:     0x5e1896474442 - core[a373ad73a504971]::panicking::panic
[INFO] [stdout]   12:     0x5e18963ae56e - ej_io[d528e22e80eb4b2e]::runner::test::launch_program::{closure#0}::{closure#0}
[INFO] [stdout]   13:     0x5e18963afd47 - <tokio[90964c84bd3b4a27]::runtime::task::core::Core<ej_io[d528e22e80eb4b2e]::runner::test::launch_program::{closure#0}::{closure#0}, alloc[2e1b2a31b91974c5]::sync::Arc<tokio[90964c84bd3b4a27]::runtime::scheduler::multi_thread::handle::Handle>>>::poll
[INFO] [stdout]   14:     0x5e18963a9ebf - <tokio[90964c84bd3b4a27]::runtime::task::harness::Harness<ej_io[d528e22e80eb4b2e]::runner::test::launch_program::{closure#0}::{closure#0}, alloc[2e1b2a31b91974c5]::sync::Arc<tokio[90964c84bd3b4a27]::runtime::scheduler::current_thread::Handle>>>::poll
[INFO] [stdout]   15:     0x5e18963b3f59 - <tokio[90964c84bd3b4a27]::runtime::context::scoped::Scoped<tokio[90964c84bd3b4a27]::runtime::scheduler::Context>>::set::<<tokio[90964c84bd3b4a27]::runtime::scheduler::current_thread::CoreGuard>::enter<<tokio[90964c84bd3b4a27]::runtime::scheduler::current_thread::CoreGuard>::block_on<core[a373ad73a504971]::pin::Pin<&mut core[a373ad73a504971]::pin::Pin<&mut dyn core[a373ad73a504971]::future::future::Future<Output = ()>>>>::{closure#0}, core[a373ad73a504971]::option::Option<()>>::{closure#0}, (alloc[2e1b2a31b91974c5]::boxed::Box<tokio[90964c84bd3b4a27]::runtime::scheduler::current_thread::Core>, core[a373ad73a504971]::option::Option<()>)>
[INFO] [stdout]   16:     0x5e18963b46ad - <tokio[90964c84bd3b4a27]::runtime::scheduler::current_thread::CoreGuard>::block_on::<core[a373ad73a504971]::pin::Pin<&mut core[a373ad73a504971]::pin::Pin<&mut dyn core[a373ad73a504971]::future::future::Future<Output = ()>>>>
[INFO] [stdout]   17:     0x5e18963b363d - tokio[90964c84bd3b4a27]::runtime::context::runtime::enter_runtime::<<tokio[90964c84bd3b4a27]::runtime::scheduler::current_thread::CurrentThread>::block_on<core[a373ad73a504971]::pin::Pin<&mut dyn core[a373ad73a504971]::future::future::Future<Output = ()>>>::{closure#0}, ()>
[INFO] [stdout]   18:     0x5e18963b20be - <tokio[90964c84bd3b4a27]::runtime::runtime::Runtime>::block_on::<core[a373ad73a504971]::pin::Pin<&mut dyn core[a373ad73a504971]::future::future::Future<Output = ()>>>
[INFO] [stdout]   19:     0x5e18963b88ae - <ej_io[d528e22e80eb4b2e]::runner::test::test_infinite_loop::{closure#0} as core[a373ad73a504971]::ops::function::FnOnce<()>>::call_once
[INFO] [stdout]   20:     0x5e18963bf4ab - test[aada8e7e76ba119b]::__rust_begin_short_backtrace::<core[a373ad73a504971]::result::Result<(), alloc[2e1b2a31b91974c5]::string::String>, fn() -> core[a373ad73a504971]::result::Result<(), alloc[2e1b2a31b91974c5]::string::String>>
[INFO] [stdout]   21:     0x5e18963cc685 - test[aada8e7e76ba119b]::run_test::{closure#0}
[INFO] [stdout]   22:     0x5e18963c5f74 - std[617be2ca0a6fd877]::sys::backtrace::__rust_begin_short_backtrace::<test[aada8e7e76ba119b]::run_test::{closure#1}, ()>
[INFO] [stdout]   23:     0x5e18963cf712 - <std[617be2ca0a6fd877]::thread::lifecycle::spawn_unchecked<test[aada8e7e76ba119b]::run_test::{closure#1}, ()>::{closure#1} as core[a373ad73a504971]::ops::function::FnOnce<()>>::call_once::{shim:vtable#0}
[INFO] [stdout]   24:     0x5e189645f39f - <std[617be2ca0a6fd877]::sys::thread::unix::Thread>::new::thread_start
[INFO] [stdout]   25:     0x7f86f9ab9dfa - <unknown>
[INFO] [stdout]   26:     0x7f86f9b4d3d4 - clone
[INFO] [stdout]   27:                0x0 - <unknown>
[INFO] [stdout] 
[INFO] [stdout] thread 'runner::test::test_infinite_loop' (466) panicked at src/runner.rs:262:14:
[INFO] [stdout] Couldn't join thread: JoinError::Panic(Id(2), "assertion failed: exit.is_some()", ...)
[INFO] [stdout] stack backtrace:
[INFO] [stdout]    0:     0x5e189645fb81 - <<std[617be2ca0a6fd877]::sys::backtrace::BacktraceLock>::print::DisplayBacktrace as core[a373ad73a504971]::fmt::Display>::fmt
[INFO] [stdout]    1:     0x5e1896473d1a - core[a373ad73a504971]::fmt::write
[INFO] [stdout]    2:     0x5e1896463f3c - <alloc[2e1b2a31b91974c5]::vec::Vec<u8> as core[a373ad73a504971]::io::write::Write>::write_fmt
[INFO] [stdout]    3:     0x5e189643b486 - std[617be2ca0a6fd877]::panicking::default_hook::{closure#0}
[INFO] [stdout]    4:     0x5e1896457e29 - std[617be2ca0a6fd877]::panicking::default_hook
[INFO] [stdout]    5:     0x5e18963cc060 - test[aada8e7e76ba119b]::test_main_inner::{closure#0}
[INFO] [stdout]    6:     0x5e1896458152 - std[617be2ca0a6fd877]::panicking::panic_with_hook
[INFO] [stdout]    7:     0x5e189643b532 - std[617be2ca0a6fd877]::panicking::panic_handler::{closure#0}
[INFO] [stdout]    8:     0x5e1896434199 - std[617be2ca0a6fd877]::sys::backtrace::__rust_end_short_backtrace::<std[617be2ca0a6fd877]::panicking::panic_handler::{closure#0}, !>
[INFO] [stdout]    9:     0x5e189643c13d - __rustc[ea4f61d10b84890b]::rust_begin_unwind
[INFO] [stdout]   10:     0x5e189647447c - core[a373ad73a504971]::panicking::panic_fmt
[INFO] [stdout]   11:     0x5e1896474252 - core[a373ad73a504971]::result::unwrap_failed
[INFO] [stdout]   12:     0x5e18963b7743 - ej_io[d528e22e80eb4b2e]::runner::test::compile_and_run_blocking_program::{closure#0}
[INFO] [stdout]   13:     0x5e18963b7a0f - ej_io[d528e22e80eb4b2e]::runner::test::test_infinite_loop::{closure#0}
[INFO] [stdout]   14:     0x5e18963b3e58 - <tokio[90964c84bd3b4a27]::runtime::context::scoped::Scoped<tokio[90964c84bd3b4a27]::runtime::scheduler::Context>>::set::<<tokio[90964c84bd3b4a27]::runtime::scheduler::current_thread::CoreGuard>::enter<<tokio[90964c84bd3b4a27]::runtime::scheduler::current_thread::CoreGuard>::block_on<core[a373ad73a504971]::pin::Pin<&mut core[a373ad73a504971]::pin::Pin<&mut dyn core[a373ad73a504971]::future::future::Future<Output = ()>>>>::{closure#0}, core[a373ad73a504971]::option::Option<()>>::{closure#0}, (alloc[2e1b2a31b91974c5]::boxed::Box<tokio[90964c84bd3b4a27]::runtime::scheduler::current_thread::Core>, core[a373ad73a504971]::option::Option<()>)>
[INFO] [stdout]   15:     0x5e18963b46ad - <tokio[90964c84bd3b4a27]::runtime::scheduler::current_thread::CoreGuard>::block_on::<core[a373ad73a504971]::pin::Pin<&mut core[a373ad73a504971]::pin::Pin<&mut dyn core[a373ad73a504971]::future::future::Future<Output = ()>>>>
[INFO] [stdout]   16:     0x5e18963b363d - tokio[90964c84bd3b4a27]::runtime::context::runtime::enter_runtime::<<tokio[90964c84bd3b4a27]::runtime::scheduler::current_thread::CurrentThread>::block_on<core[a373ad73a504971]::pin::Pin<&mut dyn core[a373ad73a504971]::future::future::Future<Output = ()>>>::{closure#0}, ()>
[INFO] [stdout]   17:     0x5e18963b20be - <tokio[90964c84bd3b4a27]::runtime::runtime::Runtime>::block_on::<core[a373ad73a504971]::pin::Pin<&mut dyn core[a373ad73a504971]::future::future::Future<Output = ()>>>
[INFO] [stdout]   18:     0x5e18963b88ae - <ej_io[d528e22e80eb4b2e]::runner::test::test_infinite_loop::{closure#0} as core[a373ad73a504971]::ops::function::FnOnce<()>>::call_once
[INFO] [stdout]   19:     0x5e18963bf4ab - test[aada8e7e76ba119b]::__rust_begin_short_backtrace::<core[a373ad73a504971]::result::Result<(), alloc[2e1b2a31b91974c5]::string::String>, fn() -> core[a373ad73a504971]::result::Result<(), alloc[2e1b2a31b91974c5]::string::String>>
[INFO] [stdout]   20:     0x5e18963cc685 - test[aada8e7e76ba119b]::run_test::{closure#0}
[INFO] [stdout]   21:     0x5e18963c5f74 - std[617be2ca0a6fd877]::sys::backtrace::__rust_begin_short_backtrace::<test[aada8e7e76ba119b]::run_test::{closure#1}, ()>
[INFO] [stdout]   22:     0x5e18963cf712 - <std[617be2ca0a6fd877]::thread::lifecycle::spawn_unchecked<test[aada8e7e76ba119b]::run_test::{closure#1}, ()>::{closure#1} as core[a373ad73a504971]::ops::function::FnOnce<()>>::call_once::{shim:vtable#0}
[INFO] [stdout]   23:     0x5e189645f39f - <std[617be2ca0a6fd877]::sys::thread::unix::Thread>::new::thread_start
[INFO] [stdout]   24:     0x7f86f9ab9dfa - <unknown>
[INFO] [stdout]   25:     0x7f86f9b4d3d4 - clone
[INFO] [stdout]   26:                0x0 - <unknown>
[INFO] [stdout] 
[INFO] [stdout] ---- runner::test::test_stuck_stdin stdout ----
[INFO] [stdout] 
[INFO] [stdout] thread 'runner::test::test_stuck_stdin' (469) panicked at src/runner.rs:248:17:
[INFO] [stdout] assertion failed: exit.is_some()
[INFO] [stdout] stack backtrace:
[INFO] [stdout]    0:     0x5e189645fb81 - <<std[617be2ca0a6fd877]::sys::backtrace::BacktraceLock>::print::DisplayBacktrace as core[a373ad73a504971]::fmt::Display>::fmt
[INFO] [stdout]    1:     0x5e1896473d1a - core[a373ad73a504971]::fmt::write
[INFO] [stdout]    2:     0x5e1896463f3c - <alloc[2e1b2a31b91974c5]::vec::Vec<u8> as core[a373ad73a504971]::io::write::Write>::write_fmt
[INFO] [stdout]    3:     0x5e189643b486 - std[617be2ca0a6fd877]::panicking::default_hook::{closure#0}
[INFO] [stdout]    4:     0x5e1896457e29 - std[617be2ca0a6fd877]::panicking::default_hook
[INFO] [stdout]    5:     0x5e18963cc060 - test[aada8e7e76ba119b]::test_main_inner::{closure#0}
[INFO] [stdout]    6:     0x5e1896458152 - std[617be2ca0a6fd877]::panicking::panic_with_hook
[INFO] [stdout]    7:     0x5e189643b564 - std[617be2ca0a6fd877]::panicking::panic_handler::{closure#0}
[INFO] [stdout]    8:     0x5e1896434199 - std[617be2ca0a6fd877]::sys::backtrace::__rust_end_short_backtrace::<std[617be2ca0a6fd877]::panicking::panic_handler::{closure#0}, !>
[INFO] [stdout]    9:     0x5e189643c13d - __rustc[ea4f61d10b84890b]::rust_begin_unwind
[INFO] [stdout]   10:     0x5e189647447c - core[a373ad73a504971]::panicking::panic_fmt
[INFO] [stdout]   11:     0x5e1896474442 - core[a373ad73a504971]::panicking::panic
[INFO] [stdout]   12:     0x5e18963ae56e - ej_io[d528e22e80eb4b2e]::runner::test::launch_program::{closure#0}::{closure#0}
[INFO] [stdout]   13:     0x5e18963afd47 - <tokio[90964c84bd3b4a27]::runtime::task::core::Core<ej_io[d528e22e80eb4b2e]::runner::test::launch_program::{closure#0}::{closure#0}, alloc[2e1b2a31b91974c5]::sync::Arc<tokio[90964c84bd3b4a27]::runtime::scheduler::multi_thread::handle::Handle>>>::poll
[INFO] [stdout]   14:     0x5e18963a9ebf - <tokio[90964c84bd3b4a27]::runtime::task::harness::Harness<ej_io[d528e22e80eb4b2e]::runner::test::launch_program::{closure#0}::{closure#0}, alloc[2e1b2a31b91974c5]::sync::Arc<tokio[90964c84bd3b4a27]::runtime::scheduler::current_thread::Handle>>>::poll
[INFO] [stdout]   15:     0x5e18963b3f59 - <tokio[90964c84bd3b4a27]::runtime::context::scoped::Scoped<tokio[90964c84bd3b4a27]::runtime::scheduler::Context>>::set::<<tokio[90964c84bd3b4a27]::runtime::scheduler::current_thread::CoreGuard>::enter<<tokio[90964c84bd3b4a27]::runtime::scheduler::current_thread::CoreGuard>::block_on<core[a373ad73a504971]::pin::Pin<&mut core[a373ad73a504971]::pin::Pin<&mut dyn core[a373ad73a504971]::future::future::Future<Output = ()>>>>::{closure#0}, core[a373ad73a504971]::option::Option<()>>::{closure#0}, (alloc[2e1b2a31b91974c5]::boxed::Box<tokio[90964c84bd3b4a27]::runtime::scheduler::current_thread::Core>, core[a373ad73a504971]::option::Option<()>)>
[INFO] [stdout]   16:     0x5e18963b46ad - <tokio[90964c84bd3b4a27]::runtime::scheduler::current_thread::CoreGuard>::block_on::<core[a373ad73a504971]::pin::Pin<&mut core[a373ad73a504971]::pin::Pin<&mut dyn core[a373ad73a504971]::future::future::Future<Output = ()>>>>
[INFO] [stdout]   17:     0x5e18963b363d - tokio[90964c84bd3b4a27]::runtime::context::runtime::enter_runtime::<<tokio[90964c84bd3b4a27]::runtime::scheduler::current_thread::CurrentThread>::block_on<core[a373ad73a504971]::pin::Pin<&mut dyn core[a373ad73a504971]::future::future::Future<Output = ()>>>::{closure#0}, ()>
[INFO] [stdout]   18:     0x5e18963b20be - <tokio[90964c84bd3b4a27]::runtime::runtime::Runtime>::block_on::<core[a373ad73a504971]::pin::Pin<&mut dyn core[a373ad73a504971]::future::future::Future<Output = ()>>>
[INFO] [stdout]   19:     0x5e18963b872e - <ej_io[d528e22e80eb4b2e]::runner::test::test_stuck_stdin::{closure#0} as core[a373ad73a504971]::ops::function::FnOnce<()>>::call_once
[INFO] [stdout]   20:     0x5e18963bf4ab - test[aada8e7e76ba119b]::__rust_begin_short_backtrace::<core[a373ad73a504971]::result::Result<(), alloc[2e1b2a31b91974c5]::string::String>, fn() -> core[a373ad73a504971]::result::Result<(), alloc[2e1b2a31b91974c5]::string::String>>
[INFO] [stdout]   21:     0x5e18963cc685 - test[aada8e7e76ba119b]::run_test::{closure#0}
[INFO] [stdout]   22:     0x5e18963c5f74 - std[617be2ca0a6fd877]::sys::backtrace::__rust_begin_short_backtrace::<test[aada8e7e76ba119b]::run_test::{closure#1}, ()>
[INFO] [stdout]   23:     0x5e18963cf712 - <std[617be2ca0a6fd877]::thread::lifecycle::spawn_unchecked<test[aada8e7e76ba119b]::run_test::{closure#1}, ()>::{closure#1} as core[a373ad73a504971]::ops::function::FnOnce<()>>::call_once::{shim:vtable#0}
[INFO] [stdout]   24:     0x5e189645f39f - <std[617be2ca0a6fd877]::sys::thread::unix::Thread>::new::thread_start
[INFO] [stdout]   25:     0x7f86f9ab9dfa - <unknown>
[INFO] [stdout]   26:     0x7f86f9b4d3d4 - clone
[INFO] [stdout]   27:                0x0 - <unknown>
[INFO] [stdout] 
[INFO] [stdout] thread 'runner::test::test_stuck_stdin' (469) panicked at src/runner.rs:262:14:
[INFO] [stdout] Couldn't join thread: JoinError::Panic(Id(3), "assertion failed: exit.is_some()", ...)
[INFO] [stdout] stack backtrace:
[INFO] [stdout]    0:     0x5e189645fb81 - <<std[617be2ca0a6fd877]::sys::backtrace::BacktraceLock>::print::DisplayBacktrace as core[a373ad73a504971]::fmt::Display>::fmt
[INFO] [stdout]    1:     0x5e1896473d1a - core[a373ad73a504971]::fmt::write
[INFO] [stdout]    2:     0x5e1896463f3c - <alloc[2e1b2a31b91974c5]::vec::Vec<u8> as core[a373ad73a504971]::io::write::Write>::write_fmt
[INFO] [stdout]    3:     0x5e189643b486 - std[617be2ca0a6fd877]::panicking::default_hook::{closure#0}
[INFO] [stdout]    4:     0x5e1896457e29 - std[617be2ca0a6fd877]::panicking::default_hook
[INFO] [stdout]    5:     0x5e18963cc060 - test[aada8e7e76ba119b]::test_main_inner::{closure#0}
[INFO] [stdout]    6:     0x5e1896458152 - std[617be2ca0a6fd877]::panicking::panic_with_hook
[INFO] [stdout]    7:     0x5e189643b532 - std[617be2ca0a6fd877]::panicking::panic_handler::{closure#0}
[INFO] [stdout]    8:     0x5e1896434199 - std[617be2ca0a6fd877]::sys::backtrace::__rust_end_short_backtrace::<std[617be2ca0a6fd877]::panicking::panic_handler::{closure#0}, !>
[INFO] [stdout]    9:     0x5e189643c13d - __rustc[ea4f61d10b84890b]::rust_begin_unwind
[INFO] [stdout]   10:     0x5e189647447c - core[a373ad73a504971]::panicking::panic_fmt
[INFO] [stdout]   11:     0x5e1896474252 - core[a373ad73a504971]::result::unwrap_failed
[INFO] [stdout]   12:     0x5e18963b7743 - ej_io[d528e22e80eb4b2e]::runner::test::compile_and_run_blocking_program::{closure#0}
[INFO] [stdout]   13:     0x5e18963b792f - ej_io[d528e22e80eb4b2e]::runner::test::test_stuck_stdin::{closure#0}
[INFO] [stdout]   14:     0x5e18963b3e58 - <tokio[90964c84bd3b4a27]::runtime::context::scoped::Scoped<tokio[90964c84bd3b4a27]::runtime::scheduler::Context>>::set::<<tokio[90964c84bd3b4a27]::runtime::scheduler::current_thread::CoreGuard>::enter<<tokio[90964c84bd3b4a27]::runtime::scheduler::current_thread::CoreGuard>::block_on<core[a373ad73a504971]::pin::Pin<&mut core[a373ad73a504971]::pin::Pin<&mut dyn core[a373ad73a504971]::future::future::Future<Output = ()>>>>::{closure#0}, core[a373ad73a504971]::option::Option<()>>::{closure#0}, (alloc[2e1b2a31b91974c5]::boxed::Box<tokio[90964c84bd3b4a27]::runtime::scheduler::current_thread::Core>, core[a373ad73a504971]::option::Option<()>)>
[INFO] [stdout]   15:     0x5e18963b46ad - <tokio[90964c84bd3b4a27]::runtime::scheduler::current_thread::CoreGuard>::block_on::<core[a373ad73a504971]::pin::Pin<&mut core[a373ad73a504971]::pin::Pin<&mut dyn core[a373ad73a504971]::future::future::Future<Output = ()>>>>
[INFO] [stdout]   16:     0x5e18963b363d - tokio[90964c84bd3b4a27]::runtime::context::runtime::enter_runtime::<<tokio[90964c84bd3b4a27]::runtime::scheduler::current_thread::CurrentThread>::block_on<core[a373ad73a504971]::pin::Pin<&mut dyn core[a373ad73a504971]::future::future::Future<Output = ()>>>::{closure#0}, ()>
[INFO] [stdout]   17:     0x5e18963b20be - <tokio[90964c84bd3b4a27]::runtime::runtime::Runtime>::block_on::<core[a373ad73a504971]::pin::Pin<&mut dyn core[a373ad73a504971]::future::future::Future<Output = ()>>>
[INFO] [stdout]   18:     0x5e18963b872e - <ej_io[d528e22e80eb4b2e]::runner::test::test_stuck_stdin::{closure#0} as core[a373ad73a504971]::ops::function::FnOnce<()>>::call_once
[INFO] [stdout]   19:     0x5e18963bf4ab - test[aada8e7e76ba119b]::__rust_begin_short_backtrace::<core[a373ad73a504971]::result::Result<(), alloc[2e1b2a31b91974c5]::string::String>, fn() -> core[a373ad73a504971]::result::Result<(), alloc[2e1b2a31b91974c5]::string::String>>
[INFO] [stdout]   20:     0x5e18963cc685 - test[aada8e7e76ba119b]::run_test::{closure#0}
[INFO] [stdout]   21:     0x5e18963c5f74 - std[617be2ca0a6fd877]::sys::backtrace::__rust_begin_short_backtrace::<test[aada8e7e76ba119b]::run_test::{closure#1}, ()>
[INFO] [stdout]   22:     0x5e18963cf712 - <std[617be2ca0a6fd877]::thread::lifecycle::spawn_unchecked<test[aada8e7e76ba119b]::run_test::{closure#1}, ()>::{closure#1} as core[a373ad73a504971]::ops::function::FnOnce<()>>::call_once::{shim:vtable#0}
[INFO] [stdout]   23:     0x5e189645f39f - <std[617be2ca0a6fd877]::sys::thread::unix::Thread>::new::thread_start
[INFO] [stdout]   24:     0x7f86f9ab9dfa - <unknown>
[INFO] [stdout]   25:     0x7f86f9b4d3d4 - clone
[INFO] [stdout]   26:                0x0 - <unknown>
[INFO] [stdout] 
[INFO] [stdout] ---- runner::test::test_infinite_loop_with_timeouts stdout ----
[INFO] [stdout] 
[INFO] [stdout] thread 'runner::test::test_infinite_loop_with_timeouts' (468) panicked at src/runner.rs:248:17:
[INFO] [stdout] assertion failed: exit.is_some()
[INFO] [stdout] stack backtrace:
[INFO] [stdout]    0:     0x5e189645fb81 - <<std[617be2ca0a6fd877]::sys::backtrace::BacktraceLock>::print::DisplayBacktrace as core[a373ad73a504971]::fmt::Display>::fmt
[INFO] [stdout]    1:     0x5e1896473d1a - core[a373ad73a504971]::fmt::write
[INFO] [stdout]    2:     0x5e1896463f3c - <alloc[2e1b2a31b91974c5]::vec::Vec<u8> as core[a373ad73a504971]::io::write::Write>::write_fmt
[INFO] [stdout]    3:     0x5e189643b486 - std[617be2ca0a6fd877]::panicking::default_hook::{closure#0}
[INFO] [stdout]    4:     0x5e1896457e29 - std[617be2ca0a6fd877]::panicking::default_hook
[INFO] [stdout]    5:     0x5e18963cc060 - test[aada8e7e76ba119b]::test_main_inner::{closure#0}
[INFO] [stdout]    6:     0x5e1896458152 - std[617be2ca0a6fd877]::panicking::panic_with_hook
[INFO] [stdout]    7:     0x5e189643b564 - std[617be2ca0a6fd877]::panicking::panic_handler::{closure#0}
[INFO] [stdout]    8:     0x5e1896434199 - std[617be2ca0a6fd877]::sys::backtrace::__rust_end_short_backtrace::<std[617be2ca0a6fd877]::panicking::panic_handler::{closure#0}, !>
[INFO] [stdout]    9:     0x5e189643c13d - __rustc[ea4f61d10b84890b]::rust_begin_unwind
[INFO] [stdout]   10:     0x5e189647447c - core[a373ad73a504971]::panicking::panic_fmt
[INFO] [stdout]   11:     0x5e1896474442 - core[a373ad73a504971]::panicking::panic
[INFO] [stdout]   12:     0x5e18963ae56e - ej_io[d528e22e80eb4b2e]::runner::test::launch_program::{closure#0}::{closure#0}
[INFO] [stdout]   13:     0x5e18963afd47 - <tokio[90964c84bd3b4a27]::runtime::task::core::Core<ej_io[d528e22e80eb4b2e]::runner::test::launch_program::{closure#0}::{closure#0}, alloc[2e1b2a31b91974c5]::sync::Arc<tokio[90964c84bd3b4a27]::runtime::scheduler::multi_thread::handle::Handle>>>::poll
[INFO] [stdout]   14:     0x5e18963a9ebf - <tokio[90964c84bd3b4a27]::runtime::task::harness::Harness<ej_io[d528e22e80eb4b2e]::runner::test::launch_program::{closure#0}::{closure#0}, alloc[2e1b2a31b91974c5]::sync::Arc<tokio[90964c84bd3b4a27]::runtime::scheduler::current_thread::Handle>>>::poll
[INFO] [stdout]   15:     0x5e18963b3f59 - <tokio[90964c84bd3b4a27]::runtime::context::scoped::Scoped<tokio[90964c84bd3b4a27]::runtime::scheduler::Context>>::set::<<tokio[90964c84bd3b4a27]::runtime::scheduler::current_thread::CoreGuard>::enter<<tokio[90964c84bd3b4a27]::runtime::scheduler::current_thread::CoreGuard>::block_on<core[a373ad73a504971]::pin::Pin<&mut core[a373ad73a504971]::pin::Pin<&mut dyn core[a373ad73a504971]::future::future::Future<Output = ()>>>>::{closure#0}, core[a373ad73a504971]::option::Option<()>>::{closure#0}, (alloc[2e1b2a31b91974c5]::boxed::Box<tokio[90964c84bd3b4a27]::runtime::scheduler::current_thread::Core>, core[a373ad73a504971]::option::Option<()>)>
[INFO] [stdout]   16:     0x5e18963b46ad - <tokio[90964c84bd3b4a27]::runtime::scheduler::current_thread::CoreGuard>::block_on::<core[a373ad73a504971]::pin::Pin<&mut core[a373ad73a504971]::pin::Pin<&mut dyn core[a373ad73a504971]::future::future::Future<Output = ()>>>>
[INFO] [stdout]   17:     0x5e18963b363d - tokio[90964c84bd3b4a27]::runtime::context::runtime::enter_runtime::<<tokio[90964c84bd3b4a27]::runtime::scheduler::current_thread::CurrentThread>::block_on<core[a373ad73a504971]::pin::Pin<&mut dyn core[a373ad73a504971]::future::future::Future<Output = ()>>>::{closure#0}, ()>
[INFO] [stdout]   18:     0x5e18963b20be - <tokio[90964c84bd3b4a27]::runtime::runtime::Runtime>::block_on::<core[a373ad73a504971]::pin::Pin<&mut dyn core[a373ad73a504971]::future::future::Future<Output = ()>>>
[INFO] [stdout]   19:     0x5e18963b8a2e - <ej_io[d528e22e80eb4b2e]::runner::test::test_infinite_loop_with_timeouts::{closure#0} as core[a373ad73a504971]::ops::function::FnOnce<()>>::call_once
[INFO] [stdout]   20:     0x5e18963bf4ab - test[aada8e7e76ba119b]::__rust_begin_short_backtrace::<core[a373ad73a504971]::result::Result<(), alloc[2e1b2a31b91974c5]::string::String>, fn() -> core[a373ad73a504971]::result::Result<(), alloc[2e1b2a31b91974c5]::string::String>>
[INFO] [stdout]   21:     0x5e18963cc685 - test[aada8e7e76ba119b]::run_test::{closure#0}
[INFO] [stdout]   22:     0x5e18963c5f74 - std[617be2ca0a6fd877]::sys::backtrace::__rust_begin_short_backtrace::<test[aada8e7e76ba119b]::run_test::{closure#1}, ()>
[INFO] [stdout]   23:     0x5e18963cf712 - <std[617be2ca0a6fd877]::thread::lifecycle::spawn_unchecked<test[aada8e7e76ba119b]::run_test::{closure#1}, ()>::{closure#1} as core[a373ad73a504971]::ops::function::FnOnce<()>>::call_once::{shim:vtable#0}
[INFO] [stdout]   24:     0x5e189645f39f - <std[617be2ca0a6fd877]::sys::thread::unix::Thread>::new::thread_start
[INFO] [stdout]   25:     0x7f86f9ab9dfa - <unknown>
[INFO] [stdout]   26:     0x7f86f9b4d3d4 - clone
[INFO] [stdout]   27:                0x0 - <unknown>
[INFO] [stdout] 
[INFO] [stdout] thread 'runner::test::test_infinite_loop_with_timeouts' (468) panicked at src/runner.rs:311:14:
[INFO] [stdout] To have a message
[INFO] [stdout] stack backtrace:
[INFO] [stdout]    0:     0x5e189645fb81 - <<std[617be2ca0a6fd877]::sys::backtrace::BacktraceLock>::print::DisplayBacktrace as core[a373ad73a504971]::fmt::Display>::fmt
[INFO] [stdout]    1:     0x5e1896473d1a - core[a373ad73a504971]::fmt::write
[INFO] [stdout]    2:     0x5e1896463f3c - <alloc[2e1b2a31b91974c5]::vec::Vec<u8> as core[a373ad73a504971]::io::write::Write>::write_fmt
[INFO] [stdout]    3:     0x5e189643b486 - std[617be2ca0a6fd877]::panicking::default_hook::{closure#0}
[INFO] [stdout]    4:     0x5e1896457e29 - std[617be2ca0a6fd877]::panicking::default_hook
[INFO] [stdout]    5:     0x5e18963cc060 - test[aada8e7e76ba119b]::test_main_inner::{closure#0}
[INFO] [stdout]    6:     0x5e1896458152 - std[617be2ca0a6fd877]::panicking::panic_with_hook
[INFO] [stdout]    7:     0x5e189643b532 - std[617be2ca0a6fd877]::panicking::panic_handler::{closure#0}
[INFO] [stdout]    8:     0x5e1896434199 - std[617be2ca0a6fd877]::sys::backtrace::__rust_end_short_backtrace::<std[617be2ca0a6fd877]::panicking::panic_handler::{closure#0}, !>
[INFO] [stdout]    9:     0x5e189643c13d - __rustc[ea4f61d10b84890b]::rust_begin_unwind
[INFO] [stdout]   10:     0x5e189647447c - core[a373ad73a504971]::panicking::panic_fmt
[INFO] [stdout]   11:     0x5e18964741d4 - core[a373ad73a504971]::option::expect_failed
[INFO] [stdout]   12:     0x5e18963b7e3b - ej_io[d528e22e80eb4b2e]::runner::test::test_infinite_loop_with_timeouts::{closure#0}
[INFO] [stdout]   13:     0x5e18963b3e58 - <tokio[90964c84bd3b4a27]::runtime::context::scoped::Scoped<tokio[90964c84bd3b4a27]::runtime::scheduler::Context>>::set::<<tokio[90964c84bd3b4a27]::runtime::scheduler::current_thread::CoreGuard>::enter<<tokio[90964c84bd3b4a27]::runtime::scheduler::current_thread::CoreGuard>::block_on<core[a373ad73a504971]::pin::Pin<&mut core[a373ad73a504971]::pin::Pin<&mut dyn core[a373ad73a504971]::future::future::Future<Output = ()>>>>::{closure#0}, core[a373ad73a504971]::option::Option<()>>::{closure#0}, (alloc[2e1b2a31b91974c5]::boxed::Box<tokio[90964c84bd3b4a27]::runtime::scheduler::current_thread::Core>, core[a373ad73a504971]::option::Option<()>)>
[INFO] [stdout]   14:     0x5e18963b46ad - <tokio[90964c84bd3b4a27]::runtime::scheduler::current_thread::CoreGuard>::block_on::<core[a373ad73a504971]::pin::Pin<&mut core[a373ad73a504971]::pin::Pin<&mut dyn core[a373ad73a504971]::future::future::Future<Output = ()>>>>
[INFO] [stdout]   15:     0x5e18963b363d - tokio[90964c84bd3b4a27]::runtime::context::runtime::enter_runtime::<<tokio[90964c84bd3b4a27]::runtime::scheduler::current_thread::CurrentThread>::block_on<core[a373ad73a504971]::pin::Pin<&mut dyn core[a373ad73a504971]::future::future::Future<Output = ()>>>::{closure#0}, ()>
[INFO] [stdout]   16:     0x5e18963b20be - <tokio[90964c84bd3b4a27]::runtime::runtime::Runtime>::block_on::<core[a373ad73a504971]::pin::Pin<&mut dyn core[a373ad73a504971]::future::future::Future<Output = ()>>>
[INFO] [stdout]   17:     0x5e18963b8a2e - <ej_io[d528e22e80eb4b2e]::runner::test::test_infinite_loop_with_timeouts::{closure#0} as core[a373ad73a504971]::ops::function::FnOnce<()>>::call_once
[INFO] [stdout]   18:     0x5e18963bf4ab - test[aada8e7e76ba119b]::__rust_begin_short_backtrace::<core[a373ad73a504971]::result::Result<(), alloc[2e1b2a31b91974c5]::string::String>, fn() -> core[a373ad73a504971]::result::Result<(), alloc[2e1b2a31b91974c5]::string::String>>
[INFO] [stdout]   19:     0x5e18963cc685 - test[aada8e7e76ba119b]::run_test::{closure#0}
[INFO] [stdout]   20:     0x5e18963c5f74 - std[617be2ca0a6fd877]::sys::backtrace::__rust_begin_short_backtrace::<test[aada8e7e76ba119b]::run_test::{closure#1}, ()>
[INFO] [stdout]   21:     0x5e18963cf712 - <std[617be2ca0a6fd877]::thread::lifecycle::spawn_unchecked<test[aada8e7e76ba119b]::run_test::{closure#1}, ()>::{closure#1} as core[a373ad73a504971]::ops::function::FnOnce<()>>::call_once::{shim:vtable#0}
[INFO] [stdout]   22:     0x5e189645f39f - <std[617be2ca0a6fd877]::sys::thread::unix::Thread>::new::thread_start
[INFO] [stdout]   23:     0x7f86f9ab9dfa - <unknown>
[INFO] [stdout]   24:     0x7f86f9b4d3d4 - clone
[INFO] [stdout]   25:                0x0 - <unknown>
[INFO] [stdout] 
[INFO] [stdout] ---- runner::test::test_infinite_loop_with_sig_mapped stdout ----
[INFO] [stdout] 
[INFO] [stdout] thread 'runner::test::test_infinite_loop_with_sig_mapped' (467) panicked at src/runner.rs:248:17:
[INFO] [stdout] assertion failed: exit.is_some()
[INFO] [stdout] stack backtrace:
[INFO] [stdout]    0:     0x5e189645fb81 - <<std[617be2ca0a6fd877]::sys::backtrace::BacktraceLock>::print::DisplayBacktrace as core[a373ad73a504971]::fmt::Display>::fmt
[INFO] [stdout]    1:     0x5e1896473d1a - core[a373ad73a504971]::fmt::write
[INFO] [stdout]    2:     0x5e1896463f3c - <alloc[2e1b2a31b91974c5]::vec::Vec<u8> as core[a373ad73a504971]::io::write::Write>::write_fmt
[INFO] [stdout]    3:     0x5e189643b486 - std[617be2ca0a6fd877]::panicking::default_hook::{closure#0}
[INFO] [stdout]    4:     0x5e1896457e29 - std[617be2ca0a6fd877]::panicking::default_hook
[INFO] [stdout]    5:     0x5e18963cc060 - test[aada8e7e76ba119b]::test_main_inner::{closure#0}
[INFO] [stdout]    6:     0x5e1896458152 - std[617be2ca0a6fd877]::panicking::panic_with_hook
[INFO] [stdout]    7:     0x5e189643b564 - std[617be2ca0a6fd877]::panicking::panic_handler::{closure#0}
[INFO] [stdout]    8:     0x5e1896434199 - std[617be2ca0a6fd877]::sys::backtrace::__rust_end_short_backtrace::<std[617be2ca0a6fd877]::panicking::panic_handler::{closure#0}, !>
[INFO] [stdout]    9:     0x5e189643c13d - __rustc[ea4f61d10b84890b]::rust_begin_unwind
[INFO] [stdout]   10:     0x5e189647447c - core[a373ad73a504971]::panicking::panic_fmt
[INFO] [stdout]   11:     0x5e1896474442 - core[a373ad73a504971]::panicking::panic
[INFO] [stdout]   12:     0x5e18963ae56e - ej_io[d528e22e80eb4b2e]::runner::test::launch_program::{closure#0}::{closure#0}
[INFO] [stdout]   13:     0x5e18963afd47 - <tokio[90964c84bd3b4a27]::runtime::task::core::Core<ej_io[d528e22e80eb4b2e]::runner::test::launch_program::{closure#0}::{closure#0}, alloc[2e1b2a31b91974c5]::sync::Arc<tokio[90964c84bd3b4a27]::runtime::scheduler::multi_thread::handle::Handle>>>::poll
[INFO] [stdout]   14:     0x5e18963a9ebf - <tokio[90964c84bd3b4a27]::runtime::task::harness::Harness<ej_io[d528e22e80eb4b2e]::runner::test::launch_program::{closure#0}::{closure#0}, alloc[2e1b2a31b91974c5]::sync::Arc<tokio[90964c84bd3b4a27]::runtime::scheduler::current_thread::Handle>>>::poll
[INFO] [stdout]   15:     0x5e18963b3f59 - <tokio[90964c84bd3b4a27]::runtime::context::scoped::Scoped<tokio[90964c84bd3b4a27]::runtime::scheduler::Context>>::set::<<tokio[90964c84bd3b4a27]::runtime::scheduler::current_thread::CoreGuard>::enter<<tokio[90964c84bd3b4a27]::runtime::scheduler::current_thread::CoreGuard>::block_on<core[a373ad73a504971]::pin::Pin<&mut core[a373ad73a504971]::pin::Pin<&mut dyn core[a373ad73a504971]::future::future::Future<Output = ()>>>>::{closure#0}, core[a373ad73a504971]::option::Option<()>>::{closure#0}, (alloc[2e1b2a31b91974c5]::boxed::Box<tokio[90964c84bd3b4a27]::runtime::scheduler::current_thread::Core>, core[a373ad73a504971]::option::Option<()>)>
[INFO] [stdout]   16:     0x5e18963b46ad - <tokio[90964c84bd3b4a27]::runtime::scheduler::current_thread::CoreGuard>::block_on::<core[a373ad73a504971]::pin::Pin<&mut core[a373ad73a504971]::pin::Pin<&mut dyn core[a373ad73a504971]::future::future::Future<Output = ()>>>>
[INFO] [stdout]   17:     0x5e18963b363d - tokio[90964c84bd3b4a27]::runtime::context::runtime::enter_runtime::<<tokio[90964c84bd3b4a27]::runtime::scheduler::current_thread::CurrentThread>::block_on<core[a373ad73a504971]::pin::Pin<&mut dyn core[a373ad73a504971]::future::future::Future<Output = ()>>>::{closure#0}, ()>
[INFO] [stdout]   18:     0x5e18963b20be - <tokio[90964c84bd3b4a27]::runtime::runtime::Runtime>::block_on::<core[a373ad73a504971]::pin::Pin<&mut dyn core[a373ad73a504971]::future::future::Future<Output = ()>>>
[INFO] [stdout]   19:     0x5e18963b8b8e - <ej_io[d528e22e80eb4b2e]::runner::test::test_infinite_loop_with_sig_mapped::{closure#0} as core[a373ad73a504971]::ops::function::FnOnce<()>>::call_once
[INFO] [stdout]   20:     0x5e18963bf4ab - test[aada8e7e76ba119b]::__rust_begin_short_backtrace::<core[a373ad73a504971]::result::Result<(), alloc[2e1b2a31b91974c5]::string::String>, fn() -> core[a373ad73a504971]::result::Result<(), alloc[2e1b2a31b91974c5]::string::String>>
[INFO] [stdout]   21:     0x5e18963cc685 - test[aada8e7e76ba119b]::run_test::{closure#0}
[INFO] [stdout]   22:     0x5e18963c5f74 - std[617be2ca0a6fd877]::sys::backtrace::__rust_begin_short_backtrace::<test[aada8e7e76ba119b]::run_test::{closure#1}, ()>
[INFO] [stdout]   23:     0x5e18963cf712 - <std[617be2ca0a6fd877]::thread::lifecycle::spawn_unchecked<test[aada8e7e76ba119b]::run_test::{closure#1}, ()>::{closure#1} as core[a373ad73a504971]::ops::function::FnOnce<()>>::call_once::{shim:vtable#0}
[INFO] [stdout]   24:     0x5e189645f39f - <std[617be2ca0a6fd877]::sys::thread::unix::Thread>::new::thread_start
[INFO] [stdout]   25:     0x7f86f9ab9dfa - <unknown>
[INFO] [stdout]   26:     0x7f86f9b4d3d4 - clone
[INFO] [stdout]   27:                0x0 - <unknown>
[INFO] [stdout] 
[INFO] [stdout] thread 'runner::test::test_infinite_loop_with_sig_mapped' (467) panicked at src/runner.rs:262:14:
[INFO] [stdout] Couldn't join thread: JoinError::Panic(Id(4), "assertion failed: exit.is_some()", ...)
[INFO] [stdout] stack backtrace:
[INFO] [stdout]    0:     0x5e189645fb81 - <<std[617be2ca0a6fd877]::sys::backtrace::BacktraceLock>::print::DisplayBacktrace as core[a373ad73a504971]::fmt::Display>::fmt
[INFO] [stdout]    1:     0x5e1896473d1a - core[a373ad73a504971]::fmt::write
[INFO] [stdout]    2:     0x5e1896463f3c - <alloc[2e1b2a31b91974c5]::vec::Vec<u8> as core[a373ad73a504971]::io::write::Write>::write_fmt
[INFO] [stdout]    3:     0x5e189643b486 - std[617be2ca0a6fd877]::panicking::default_hook::{closure#0}
[INFO] [stdout]    4:     0x5e1896457e29 - std[617be2ca0a6fd877]::panicking::default_hook
[INFO] [stdout]    5:     0x5e18963cc060 - test[aada8e7e76ba119b]::test_main_inner::{closure#0}
[INFO] [stdout]    6:     0x5e1896458152 - std[617be2ca0a6fd877]::panicking::panic_with_hook
[INFO] [stdout]    7:     0x5e189643b532 - std[617be2ca0a6fd877]::panicking::panic_handler::{closure#0}
[INFO] [stdout]    8:     0x5e1896434199 - std[617be2ca0a6fd877]::sys::backtrace::__rust_end_short_backtrace::<std[617be2ca0a6fd877]::panicking::panic_handler::{closure#0}, !>
[INFO] [stdout]    9:     0x5e189643c13d - __rustc[ea4f61d10b84890b]::rust_begin_unwind
[INFO] [stdout]   10:     0x5e189647447c - core[a373ad73a504971]::panicking::panic_fmt
[INFO] [stdout]   11:     0x5e1896474252 - core[a373ad73a504971]::result::unwrap_failed
[INFO] [stdout]   12:     0x5e18963b7743 - ej_io[d528e22e80eb4b2e]::runner::test::compile_and_run_blocking_program::{closure#0}
[INFO] [stdout]   13:     0x5e18963b85cf - ej_io[d528e22e80eb4b2e]::runner::test::test_infinite_loop_with_sig_mapped::{closure#0}
[INFO] [stdout]   14:     0x5e18963b3e58 - <tokio[90964c84bd3b4a27]::runtime::context::scoped::Scoped<tokio[90964c84bd3b4a27]::runtime::scheduler::Context>>::set::<<tokio[90964c84bd3b4a27]::runtime::scheduler::current_thread::CoreGuard>::enter<<tokio[90964c84bd3b4a27]::runtime::scheduler::current_thread::CoreGuard>::block_on<core[a373ad73a504971]::pin::Pin<&mut core[a373ad73a504971]::pin::Pin<&mut dyn core[a373ad73a504971]::future::future::Future<Output = ()>>>>::{closure#0}, core[a373ad73a504971]::option::Option<()>>::{closure#0}, (alloc[2e1b2a31b91974c5]::boxed::Box<tokio[90964c84bd3b4a27]::runtime::scheduler::current_thread::Core>, core[a373ad73a504971]::option::Option<()>)>
[INFO] [stdout]   15:     0x5e18963b46ad - <tokio[90964c84bd3b4a27]::runtime::scheduler::current_thread::CoreGuard>::block_on::<core[a373ad73a504971]::pin::Pin<&mut core[a373ad73a504971]::pin::Pin<&mut dyn core[a373ad73a504971]::future::future::Future<Output = ()>>>>
[INFO] [stdout]   16:     0x5e18963b363d - tokio[90964c84bd3b4a27]::runtime::context::runtime::enter_runtime::<<tokio[90964c84bd3b4a27]::runtime::scheduler::current_thread::CurrentThread>::block_on<core[a373ad73a504971]::pin::Pin<&mut dyn core[a373ad73a504971]::future::future::Future<Output = ()>>>::{closure#0}, ()>
[INFO] [stdout]   17:     0x5e18963b20be - <tokio[90964c84bd3b4a27]::runtime::runtime::Runtime>::block_on::<core[a373ad73a504971]::pin::Pin<&mut dyn core[a373ad73a504971]::future::future::Future<Output = ()>>>
[INFO] [stdout]   18:     0x5e18963b8b8e - <ej_io[d528e22e80eb4b2e]::runner::test::test_infinite_loop_with_sig_mapped::{closure#0} as core[a373ad73a504971]::ops::function::FnOnce<()>>::call_once
[INFO] [stdout]   19:     0x5e18963bf4ab - test[aada8e7e76ba119b]::__rust_begin_short_backtrace::<core[a373ad73a504971]::result::Result<(), alloc[2e1b2a31b91974c5]::string::String>, fn() -> core[a373ad73a504971]::result::Result<(), alloc[2e1b2a31b91974c5]::string::String>>
[INFO] [stdout]   20:     0x5e18963cc685 - test[aada8e7e76ba119b]::run_test::{closure#0}
[INFO] [stdout]   21:     0x5e18963c5f74 - std[617be2ca0a6fd877]::sys::backtrace::__rust_begin_short_backtrace::<test[aada8e7e76ba119b]::run_test::{closure#1}, ()>
[INFO] [stdout]   22:     0x5e18963cf712 - <std[617be2ca0a6fd877]::thread::lifecycle::spawn_unchecked<test[aada8e7e76ba119b]::run_test::{closure#1}, ()>::{closure#1} as core[a373ad73a504971]::ops::function::FnOnce<()>>::call_once::{shim:vtable#0}
[INFO] [stdout]   23:     0x5e189645f39f - <std[617be2ca0a6fd877]::sys::thread::unix::Thread>::new::thread_start
[INFO] [stdout]   24:     0x7f86f9ab9dfa - <unknown>
[INFO] [stdout]   25:     0x7f86f9b4d3d4 - clone
[INFO] [stdout]   26:                0x0 - <unknown>
[INFO] [stdout] 
[INFO] [stdout] 
[INFO] [stdout] failures:
[INFO] [stdout]     runner::test::test_infinite_loop
[INFO] [stdout]     runner::test::test_infinite_loop_with_sig_mapped
[INFO] [stdout]     runner::test::test_infinite_loop_with_timeouts
[INFO] [stdout]     runner::test::test_stuck_stdin
[INFO] [stdout] 
[INFO] [stdout] test result: FAILED. 0 passed; 4 failed; 0 ignored; 0 measured; 0 filtered out; finished in 1.13s
[INFO] [stdout] 
[INFO] [stderr] error: test failed, to rerun pass `--lib`
[INFO] running `Command { std: "docker" "inspect" "72ebe25a0f3b25a3af143e8ef0d1898ff82a6791aa4f6537e55065e3968616fb", kill_on_drop: false }`
[INFO] running `Command { std: "docker" "rm" "-f" "72ebe25a0f3b25a3af143e8ef0d1898ff82a6791aa4f6537e55065e3968616fb", kill_on_drop: false }`
[INFO] [stdout] 72ebe25a0f3b25a3af143e8ef0d1898ff82a6791aa4f6537e55065e3968616fb
