[INFO] fetching crate egui_xml_parser 0.1.2...
[INFO] testing egui_xml_parser-0.1.2 against 1.99.0-beta.8+cargoflags=--release for beta-release-1.100-2
[INFO] extracting crate egui_xml_parser 0.1.2 into /workspace/builds/worker-7-tc1/source
[INFO] started tweaking crates.io crate egui_xml_parser 0.1.2
[INFO] finished tweaking crates.io crate egui_xml_parser 0.1.2
[INFO] tweaked toml for crates.io crate egui_xml_parser 0.1.2 written to /workspace/builds/worker-7-tc1/source/Cargo.toml
[INFO] validating manifest of crates.io crate egui_xml_parser 0.1.2 on toolchain 1.99.0-beta.8
[INFO] running `Command { std: CARGO_HOME="/workspace/cargo-home" RUSTUP_HOME="/workspace/rustup-home" "/workspace/cargo-home/bin/cargo" "+1.99.0-beta.8" "metadata" "--manifest-path" "Cargo.toml" "--no-deps", kill_on_drop: false }`
[INFO] running `Command { std: CARGO_HOME="/workspace/cargo-home" RUSTUP_HOME="/workspace/rustup-home" "/workspace/cargo-home/bin/cargo" "+1.99.0-beta.8" "generate-lockfile" "--manifest-path" "Cargo.toml", kill_on_drop: false }`
[INFO] [stderr]     Updating crates.io index
[INFO] [stderr]      Locking 5 packages to highest compatible versions
[INFO] [stderr]       Adding quick-xml v0.31.0 (available: v0.42.0)
[INFO] running `Command { std: CARGO_HOME="/workspace/cargo-home" RUSTUP_HOME="/workspace/rustup-home" "/workspace/cargo-home/bin/cargo" "+1.99.0-beta.8" "fetch" "--manifest-path" "Cargo.toml", kill_on_drop: false }`
[INFO] [stderr]  Downloading crates ...
[INFO] [stderr]   Downloaded quick-xml v0.31.0
[INFO] running `Command { std: "docker" "create" "-v" "/var/lib/crater-agent-workspace/builds/worker-7-tc1/source:/opt/rustwide/workdir:ro,Z" "-v" "/var/lib/crater-agent-workspace/builds/worker-7-tc1/target:/opt/rustwide/target:rw,Z" "-v" "/var/lib/crater-agent-workspace/cargo-home:/opt/rustwide/cargo-home:ro,Z" "-v" "/var/lib/crater-agent-workspace/rustup-home:/opt/rustwide/rustup-home:ro,Z" "-m" "1610612736" "--network" "none" "ghcr.io/rust-lang/crates-build-env/linux@sha256:77db811e55d90add9212f6832c23229e3de5f1c1f9905e8cb07319ea15df73ac" "sleep" "infinity", kill_on_drop: false }`
[INFO] [stdout] 1d91b3b54879ee7600912c7270ed43f56d8220adff69e6203b6e7b7cbd9f48d5
[INFO] running `Command { std: "docker" "start" "1d91b3b54879ee7600912c7270ed43f56d8220adff69e6203b6e7b7cbd9f48d5", kill_on_drop: false }`
[INFO] running `Command { std: "docker" "inspect" "1d91b3b54879ee7600912c7270ed43f56d8220adff69e6203b6e7b7cbd9f48d5", kill_on_drop: false }`
[INFO] running `Command { std: "docker" "exec" "-e" "SOURCE_DIR=/opt/rustwide/workdir" "-e" "CARGO_HOME=/opt/rustwide/cargo-home" "-e" "RUSTUP_HOME=/opt/rustwide/rustup-home" "-e" "CARGO_TARGET_DIR=/opt/rustwide/target" "-w" "/opt/rustwide/workdir" "--user" "0:0" "1d91b3b54879ee7600912c7270ed43f56d8220adff69e6203b6e7b7cbd9f48d5" "/opt/rustwide/cargo-home/bin/cargo" "+1.99.0-beta.8" "metadata" "--no-deps" "--format-version=1", kill_on_drop: false }`
[INFO] running `Command { std: "docker" "inspect" "1d91b3b54879ee7600912c7270ed43f56d8220adff69e6203b6e7b7cbd9f48d5", kill_on_drop: false }`
[INFO] running `Command { std: "docker" "exec" "-e" "SOURCE_DIR=/opt/rustwide/workdir" "-e" "CARGO_HOME=/opt/rustwide/cargo-home" "-e" "RUSTUP_HOME=/opt/rustwide/rustup-home" "-e" "CARGO_TARGET_DIR=/opt/rustwide/target" "-e" "CARGO_INCREMENTAL=0" "-e" "RUST_BACKTRACE=full" "-e" "RUSTFLAGS=--cap-lints=warn" "-e" "RUSTDOCFLAGS=--cap-lints=warn" "-w" "/opt/rustwide/workdir" "--user" "0:0" "1d91b3b54879ee7600912c7270ed43f56d8220adff69e6203b6e7b7cbd9f48d5" "/opt/rustwide/cargo-home/bin/cargo" "+1.99.0-beta.8" "build" "--frozen" "--message-format=json" "--release", kill_on_drop: false }`
[INFO] [stderr]    Compiling proc-macro2 v1.0.107
[INFO] [stderr]    Compiling quick-xml v0.31.0
[INFO] [stderr]    Compiling quote v1.0.47
[INFO] [stderr]    Compiling egui_xml_parser v0.1.2 (/opt/rustwide/workdir)
[INFO] [stderr]     Finished `release` profile [optimized] target(s) in 6.03s
[INFO] running `Command { std: "docker" "inspect" "1d91b3b54879ee7600912c7270ed43f56d8220adff69e6203b6e7b7cbd9f48d5", kill_on_drop: false }`
[INFO] running `Command { std: "docker" "exec" "-e" "SOURCE_DIR=/opt/rustwide/workdir" "-e" "CARGO_HOME=/opt/rustwide/cargo-home" "-e" "RUSTUP_HOME=/opt/rustwide/rustup-home" "-e" "CARGO_TARGET_DIR=/opt/rustwide/target" "-e" "CARGO_INCREMENTAL=0" "-e" "RUST_BACKTRACE=full" "-e" "RUSTFLAGS=--cap-lints=warn" "-e" "RUSTDOCFLAGS=--cap-lints=warn" "-w" "/opt/rustwide/workdir" "--user" "0:0" "1d91b3b54879ee7600912c7270ed43f56d8220adff69e6203b6e7b7cbd9f48d5" "/opt/rustwide/cargo-home/bin/cargo" "+1.99.0-beta.8" "test" "--frozen" "--no-run" "--message-format=json" "--release", kill_on_drop: false }`
[INFO] [stderr]    Compiling egui_xml_parser v0.1.2 (/opt/rustwide/workdir)
[INFO] [stderr]     Finished `release` profile [optimized] target(s) in 1.56s
[INFO] running `Command { std: "docker" "inspect" "1d91b3b54879ee7600912c7270ed43f56d8220adff69e6203b6e7b7cbd9f48d5", kill_on_drop: false }`
[INFO] running `Command { std: "docker" "exec" "-e" "SOURCE_DIR=/opt/rustwide/workdir" "-e" "CARGO_HOME=/opt/rustwide/cargo-home" "-e" "RUSTUP_HOME=/opt/rustwide/rustup-home" "-e" "CARGO_TARGET_DIR=/opt/rustwide/target" "-e" "CARGO_INCREMENTAL=0" "-e" "RUST_BACKTRACE=full" "-e" "RUSTFLAGS=--cap-lints=warn" "-e" "RUSTDOCFLAGS=--cap-lints=warn" "-w" "/opt/rustwide/workdir" "--user" "0:0" "1d91b3b54879ee7600912c7270ed43f56d8220adff69e6203b6e7b7cbd9f48d5" "/opt/rustwide/cargo-home/bin/cargo" "+1.99.0-beta.8" "test" "--frozen" "--release", kill_on_drop: false }`
[INFO] [stderr]     Finished `release` profile [optimized] target(s) in 0.02s
[INFO] [stderr]      Running unittests src/lib.rs (/opt/rustwide/target/release/deps/egui_xml_parser-9f233be10cde0d27)
[INFO] [stdout] 
[INFO] [stdout] running 2 tests
[INFO] [stdout] test core::test::test ... FAILED
[INFO] [stdout] test fmt::test::test_fmt ... FAILED
[INFO] [stdout] 
[INFO] [stdout] failures:
[INFO] [stdout] 
[INFO] [stdout] ---- core::test::test stdout ----
[INFO] [stdout] 
[INFO] [stdout] thread 'core::test::test' (208) panicked at src/core.rs:237:29:
[INFO] [stdout] Not a Node "Form"
[INFO] [stdout] stack backtrace:
[INFO] [stdout]    0:     0x5f179cffcaa1 - <<std[70759c8f55707aa4]::sys::backtrace::BacktraceLock>::print::DisplayBacktrace as core[df12db4294e9bfd3]::fmt::Display>::fmt
[INFO] [stdout]    1:     0x5f179d01174a - core[df12db4294e9bfd3]::fmt::write
[INFO] [stdout]    2:     0x5f179d000f3c - <alloc[2182bb758b4b3781]::vec::Vec<u8> as core[df12db4294e9bfd3]::io::write::Write>::write_fmt
[INFO] [stdout]    3:     0x5f179cfd9096 - std[70759c8f55707aa4]::panicking::default_hook::{closure#0}
[INFO] [stdout]    4:     0x5f179cff5209 - std[70759c8f55707aa4]::panicking::default_hook
[INFO] [stdout]    5:     0x5f179cf8ef80 - test[9d35eded1c95d3be]::test_main_inner::<test[9d35eded1c95d3be]::test_main_static::{closure#0}>::{closure#0}
[INFO] [stdout]    6:     0x5f179cff53c2 - std[70759c8f55707aa4]::panicking::panic_with_hook
[INFO] [stdout]    7:     0x5f179cfd9142 - std[70759c8f55707aa4]::panicking::panic_handler::{closure#0}
[INFO] [stdout]    8:     0x5f179cfd1ec9 - std[70759c8f55707aa4]::sys::backtrace::__rust_end_short_backtrace::<std[70759c8f55707aa4]::panicking::panic_handler::{closure#0}, !>
[INFO] [stdout]    9:     0x5f179cfd9d3d - __rustc[8fa7c3cbc660c2b3]::rust_begin_unwind
[INFO] [stdout]   10:     0x5f179d011eac - core[df12db4294e9bfd3]::panicking::panic_fmt
[INFO] [stdout]   11:     0x5f179cf806b3 - <egui_xml_parser[7b9e84ea96ebd56d]::core::XMLForm as core[df12db4294e9bfd3]::convert::TryFrom<alloc[2182bb758b4b3781]::string::String>>::try_from
[INFO] [stdout]   12:     0x5f179cf7be31 - egui_xml_parser[7b9e84ea96ebd56d]::core::test::test
[INFO] [stdout]   13:     0x5f179cf821f9 - <egui_xml_parser[7b9e84ea96ebd56d]::core::test::test::{closure#0} as core[df12db4294e9bfd3]::ops::function::FnOnce<()>>::call_once
[INFO] [stdout]   14:     0x5f179cf8226b - test[9d35eded1c95d3be]::__rust_begin_short_backtrace::<core[df12db4294e9bfd3]::result::Result<(), alloc[2182bb758b4b3781]::string::String>, fn() -> core[df12db4294e9bfd3]::result::Result<(), alloc[2182bb758b4b3781]::string::String>>
[INFO] [stdout]   15:     0x5f179cf8f8d5 - test[9d35eded1c95d3be]::run_test::{closure#0}
[INFO] [stdout]   16:     0x5f179cf89194 - std[70759c8f55707aa4]::sys::backtrace::__rust_begin_short_backtrace::<test[9d35eded1c95d3be]::run_test::{closure#1}, ()>
[INFO] [stdout]   17:     0x5f179cf92a32 - <std[70759c8f55707aa4]::thread::lifecycle::spawn_unchecked<test[9d35eded1c95d3be]::run_test::{closure#1}, ()>::{closure#1} as core[df12db4294e9bfd3]::ops::function::FnOnce<()>>::call_once::{shim:vtable#0}
[INFO] [stdout]   18:     0x5f179cffc379 - <std[70759c8f55707aa4]::sys::thread::unix::Thread>::new::thread_start
[INFO] [stdout]   19:     0x7ea7544c0dfa - <unknown>
[INFO] [stdout]   20:     0x7ea7545543d4 - clone
[INFO] [stdout]   21:                0x0 - <unknown>
[INFO] [stdout] 
[INFO] [stdout] ---- fmt::test::test_fmt stdout ----
[INFO] [stdout] 
[INFO] [stdout] thread 'fmt::test::test_fmt' (209) panicked at src/core.rs:237:29:
[INFO] [stdout] Not a Node "Form"
[INFO] [stdout] stack backtrace:
[INFO] [stdout]    0:     0x5f179cffcaa1 - <<std[70759c8f55707aa4]::sys::backtrace::BacktraceLock>::print::DisplayBacktrace as core[df12db4294e9bfd3]::fmt::Display>::fmt
[INFO] [stdout]    1:     0x5f179d01174a - core[df12db4294e9bfd3]::fmt::write
[INFO] [stdout]    2:     0x5f179d000f3c - <alloc[2182bb758b4b3781]::vec::Vec<u8> as core[df12db4294e9bfd3]::io::write::Write>::write_fmt
[INFO] [stdout]    3:     0x5f179cfd9096 - std[70759c8f55707aa4]::panicking::default_hook::{closure#0}
[INFO] [stdout]    4:     0x5f179cff5209 - std[70759c8f55707aa4]::panicking::default_hook
[INFO] [stdout]    5:     0x5f179cf8ef80 - test[9d35eded1c95d3be]::test_main_inner::<test[9d35eded1c95d3be]::test_main_static::{closure#0}>::{closure#0}
[INFO] [stdout]    6:     0x5f179cff53c2 - std[70759c8f55707aa4]::panicking::panic_with_hook
[INFO] [stdout]    7:     0x5f179cfd9142 - std[70759c8f55707aa4]::panicking::panic_handler::{closure#0}
[INFO] [stdout]    8:     0x5f179cfd1ec9 - std[70759c8f55707aa4]::sys::backtrace::__rust_end_short_backtrace::<std[70759c8f55707aa4]::panicking::panic_handler::{closure#0}, !>
[INFO] [stdout]    9:     0x5f179cfd9d3d - __rustc[8fa7c3cbc660c2b3]::rust_begin_unwind
[INFO] [stdout]   10:     0x5f179d011eac - core[df12db4294e9bfd3]::panicking::panic_fmt
[INFO] [stdout]   11:     0x5f179cf806b3 - <egui_xml_parser[7b9e84ea96ebd56d]::core::XMLForm as core[df12db4294e9bfd3]::convert::TryFrom<alloc[2182bb758b4b3781]::string::String>>::try_from
[INFO] [stdout]   12:     0x5f179cf7a767 - egui_xml_parser[7b9e84ea96ebd56d]::fmt::test::test_fmt
[INFO] [stdout]   13:     0x5f179cf821d9 - <egui_xml_parser[7b9e84ea96ebd56d]::fmt::test::test_fmt::{closure#0} as core[df12db4294e9bfd3]::ops::function::FnOnce<()>>::call_once
[INFO] [stdout]   14:     0x5f179cf8226b - test[9d35eded1c95d3be]::__rust_begin_short_backtrace::<core[df12db4294e9bfd3]::result::Result<(), alloc[2182bb758b4b3781]::string::String>, fn() -> core[df12db4294e9bfd3]::result::Result<(), alloc[2182bb758b4b3781]::string::String>>
[INFO] [stdout]   15:     0x5f179cf8f8d5 - test[9d35eded1c95d3be]::run_test::{closure#0}
[INFO] [stdout]   16:     0x5f179cf89194 - std[70759c8f55707aa4]::sys::backtrace::__rust_begin_short_backtrace::<test[9d35eded1c95d3be]::run_test::{closure#1}, ()>
[INFO] [stdout]   17:     0x5f179cf92a32 - <std[70759c8f55707aa4]::thread::lifecycle::spawn_unchecked<test[9d35eded1c95d3be]::run_test::{closure#1}, ()>::{closure#1} as core[df12db4294e9bfd3]::ops::function::FnOnce<()>>::call_once::{shim:vtable#0}
[INFO] [stdout]   18:     0x5f179cffc379 - <std[70759c8f55707aa4]::sys::thread::unix::Thread>::new::thread_start
[INFO] [stdout]   19:     0x7ea7544c0dfa - <unknown>
[INFO] [stdout]   20:     0x7ea7545543d4 - clone
[INFO] [stdout]   21:                0x0 - <unknown>
[INFO] [stdout] 
[INFO] [stdout] 
[INFO] [stdout] failures:
[INFO] [stdout]     core::test::test
[INFO] [stdout]     fmt::test::test_fmt
[INFO] [stdout] 
[INFO] [stdout] test result: FAILED. 0 passed; 2 failed; 0 ignored; 0 measured; 0 filtered out; finished in 0.02s
[INFO] [stdout] 
[INFO] [stderr] error: test failed, to rerun pass `--lib`
[INFO] running `Command { std: "docker" "inspect" "1d91b3b54879ee7600912c7270ed43f56d8220adff69e6203b6e7b7cbd9f48d5", kill_on_drop: false }`
[INFO] running `Command { std: "docker" "rm" "-f" "1d91b3b54879ee7600912c7270ed43f56d8220adff69e6203b6e7b7cbd9f48d5", kill_on_drop: false }`
[INFO] [stdout] 1d91b3b54879ee7600912c7270ed43f56d8220adff69e6203b6e7b7cbd9f48d5
