[INFO] fetching crate egui_struct 0.4.2...
[INFO] testing egui_struct-0.4.2 against 1.99.0-beta.8+cargoflags=--release for beta-release-1.100-2
[INFO] extracting crate egui_struct 0.4.2 into /workspace/builds/worker-6-tc1/source
[INFO] started tweaking crates.io crate egui_struct 0.4.2
[INFO] finished tweaking crates.io crate egui_struct 0.4.2
[INFO] tweaked toml for crates.io crate egui_struct 0.4.2 written to /workspace/builds/worker-6-tc1/source/Cargo.toml
[INFO] validating manifest of crates.io crate egui_struct 0.4.2 on toolchain 1.99.0-beta.8
[INFO] running `Command { std: CARGO_HOME="/workspace/cargo-home" RUSTUP_HOME="/workspace/rustup-home" "/workspace/cargo-home/bin/cargo" "+1.99.0-beta.8" "metadata" "--manifest-path" "Cargo.toml" "--no-deps", kill_on_drop: false }`
[INFO] running `Command { std: CARGO_HOME="/workspace/cargo-home" RUSTUP_HOME="/workspace/rustup-home" "/workspace/cargo-home/bin/cargo" "+1.99.0-beta.8" "generate-lockfile" "--manifest-path" "Cargo.toml", kill_on_drop: false }`
[INFO] [stderr]     Updating crates.io index
[INFO] [stderr]      Locking 69 packages to highest compatible versions
[INFO] [stderr]       Adding egui v0.21.0 (available: v0.37.0)
[INFO] [stderr]       Adding egui v0.22.0 (available: v0.37.0)
[INFO] [stderr]       Adding egui v0.23.0 (available: v0.37.0)
[INFO] [stderr]       Adding egui v0.24.1 (available: v0.37.0)
[INFO] [stderr]       Adding egui v0.25.0 (available: v0.37.0)
[INFO] [stderr]       Adding egui v0.26.2 (available: v0.37.0)
[INFO] [stderr]       Adding egui v0.27.2 (available: v0.37.0)
[INFO] [stderr]       Adding egui v0.28.1 (available: v0.37.0)
[INFO] running `Command { std: CARGO_HOME="/workspace/cargo-home" RUSTUP_HOME="/workspace/rustup-home" "/workspace/cargo-home/bin/cargo" "+1.99.0-beta.8" "fetch" "--manifest-path" "Cargo.toml", kill_on_drop: false }`
[INFO] [stderr]  Downloading crates ...
[INFO] [stderr]   Downloaded egui_struct_macros v0.4.2
[INFO] [stderr]   Downloaded ecolor v0.28.1
[INFO] [stderr]   Downloaded emath v0.28.1
[INFO] [stderr]   Downloaded ecolor v0.25.0
[INFO] [stderr]   Downloaded atomic_refcell v0.1.14
[INFO] [stderr]   Downloaded ecolor v0.21.0
[INFO] [stderr]   Downloaded ecolor v0.27.2
[INFO] [stderr]   Downloaded ecolor v0.26.2
[INFO] [stderr]   Downloaded ecolor v0.22.0
[INFO] [stderr]   Downloaded ecolor v0.24.1
[INFO] [stderr]   Downloaded ecolor v0.23.0
[INFO] [stderr]   Downloaded emath v0.22.0
[INFO] [stderr]   Downloaded emath v0.21.0
[INFO] [stderr]   Downloaded emath v0.27.2
[INFO] [stderr]   Downloaded emath v0.26.2
[INFO] [stderr]   Downloaded emath v0.25.0
[INFO] [stderr]   Downloaded emath v0.24.1
[INFO] [stderr]   Downloaded emath v0.23.0
[INFO] [stderr]   Downloaded egui v0.25.0
[INFO] [stderr]   Downloaded egui v0.23.0
[INFO] [stderr]   Downloaded egui v0.21.0
[INFO] [stderr]   Downloaded egui v0.24.1
[INFO] [stderr]   Downloaded egui v0.22.0
[INFO] [stderr]   Downloaded egui v0.27.2
[INFO] [stderr]   Downloaded egui v0.26.2
[INFO] [stderr]   Downloaded egui v0.28.1
[INFO] [stderr]   Downloaded epaint v0.28.1
[INFO] [stderr]   Downloaded epaint v0.26.2
[INFO] [stderr]   Downloaded epaint v0.25.0
[INFO] [stderr]   Downloaded epaint v0.22.0
[INFO] [stderr]   Downloaded epaint v0.27.2
[INFO] [stderr]   Downloaded epaint v0.24.1
[INFO] [stderr]   Downloaded epaint v0.23.0
[INFO] [stderr]   Downloaded epaint v0.21.0
[INFO] running `Command { std: "docker" "create" "-v" "/var/lib/crater-agent-workspace/builds/worker-6-tc1/source:/opt/rustwide/workdir:ro,Z" "-v" "/var/lib/crater-agent-workspace/builds/worker-6-tc1/target:/opt/rustwide/target:rw,Z" "-v" "/var/lib/crater-agent-workspace/cargo-home:/opt/rustwide/cargo-home:ro,Z" "-v" "/var/lib/crater-agent-workspace/rustup-home:/opt/rustwide/rustup-home:ro,Z" "-m" "1610612736" "--network" "none" "ghcr.io/rust-lang/crates-build-env/linux@sha256:77db811e55d90add9212f6832c23229e3de5f1c1f9905e8cb07319ea15df73ac" "sleep" "infinity", kill_on_drop: false }`
[INFO] [stdout] 220e4c1320f2481a5c1cbfdae4b9dcb5977e5d2e58d1e0495fcd16086731d9f1
[INFO] running `Command { std: "docker" "start" "220e4c1320f2481a5c1cbfdae4b9dcb5977e5d2e58d1e0495fcd16086731d9f1", kill_on_drop: false }`
[INFO] running `Command { std: "docker" "inspect" "220e4c1320f2481a5c1cbfdae4b9dcb5977e5d2e58d1e0495fcd16086731d9f1", kill_on_drop: false }`
[INFO] running `Command { std: "docker" "exec" "-e" "SOURCE_DIR=/opt/rustwide/workdir" "-e" "CARGO_HOME=/opt/rustwide/cargo-home" "-e" "RUSTUP_HOME=/opt/rustwide/rustup-home" "-e" "CARGO_TARGET_DIR=/opt/rustwide/target" "-w" "/opt/rustwide/workdir" "--user" "0:0" "220e4c1320f2481a5c1cbfdae4b9dcb5977e5d2e58d1e0495fcd16086731d9f1" "/opt/rustwide/cargo-home/bin/cargo" "+1.99.0-beta.8" "metadata" "--no-deps" "--format-version=1", kill_on_drop: false }`
[INFO] running `Command { std: "docker" "inspect" "220e4c1320f2481a5c1cbfdae4b9dcb5977e5d2e58d1e0495fcd16086731d9f1", kill_on_drop: false }`
[INFO] running `Command { std: "docker" "exec" "-e" "SOURCE_DIR=/opt/rustwide/workdir" "-e" "CARGO_HOME=/opt/rustwide/cargo-home" "-e" "RUSTUP_HOME=/opt/rustwide/rustup-home" "-e" "CARGO_TARGET_DIR=/opt/rustwide/target" "-e" "CARGO_INCREMENTAL=0" "-e" "RUST_BACKTRACE=full" "-e" "RUSTFLAGS=--cap-lints=warn" "-e" "RUSTDOCFLAGS=--cap-lints=warn" "-w" "/opt/rustwide/workdir" "--user" "0:0" "220e4c1320f2481a5c1cbfdae4b9dcb5977e5d2e58d1e0495fcd16086731d9f1" "/opt/rustwide/cargo-home/bin/cargo" "+1.99.0-beta.8" "build" "--frozen" "--message-format=json" "--release", kill_on_drop: false }`
[INFO] [stderr]    Compiling libc v0.2.191
[INFO] [stderr]    Compiling zerocopy v0.8.63
[INFO] [stderr]    Compiling smallvec v1.16.3
[INFO] [stderr]    Compiling ahash v0.8.12
[INFO] [stderr]    Compiling syn v2.0.119
[INFO] [stderr]    Compiling ttf-parser v0.25.1
[INFO] [stderr]    Compiling ab_glyph_rasterizer v0.1.10
[INFO] [stderr]    Compiling once_cell v1.21.4
[INFO] [stderr]    Compiling emath v0.28.1
[INFO] [stderr]    Compiling nohash-hasher v0.2.0
[INFO] [stderr]    Compiling convert_case v0.6.0
[INFO] [stderr]    Compiling ecolor v0.28.1
[INFO] [stderr]    Compiling parking_lot_core v0.9.12
[INFO] [stderr]    Compiling parking_lot v0.12.5
[INFO] [stderr]    Compiling owned_ttf_parser v0.25.1
[INFO] [stderr]    Compiling ab_glyph v0.2.32
[INFO] [stderr]    Compiling darling_core v0.20.11
[INFO] [stderr]    Compiling epaint v0.28.1
[INFO] [stderr]    Compiling darling_macro v0.20.11
[INFO] [stderr]    Compiling darling v0.20.11
[INFO] [stderr]    Compiling egui_struct_macros v0.4.2
[INFO] [stderr]    Compiling egui v0.28.1
[INFO] [stderr]    Compiling egui_struct v0.4.2 (/opt/rustwide/workdir)
[INFO] [stderr]     Finished `release` profile [optimized] target(s) in 36.31s
[INFO] running `Command { std: "docker" "inspect" "220e4c1320f2481a5c1cbfdae4b9dcb5977e5d2e58d1e0495fcd16086731d9f1", kill_on_drop: false }`
[INFO] running `Command { std: "docker" "exec" "-e" "SOURCE_DIR=/opt/rustwide/workdir" "-e" "CARGO_HOME=/opt/rustwide/cargo-home" "-e" "RUSTUP_HOME=/opt/rustwide/rustup-home" "-e" "CARGO_TARGET_DIR=/opt/rustwide/target" "-e" "CARGO_INCREMENTAL=0" "-e" "RUST_BACKTRACE=full" "-e" "RUSTFLAGS=--cap-lints=warn" "-e" "RUSTDOCFLAGS=--cap-lints=warn" "-w" "/opt/rustwide/workdir" "--user" "0:0" "220e4c1320f2481a5c1cbfdae4b9dcb5977e5d2e58d1e0495fcd16086731d9f1" "/opt/rustwide/cargo-home/bin/cargo" "+1.99.0-beta.8" "test" "--frozen" "--no-run" "--message-format=json" "--release", kill_on_drop: false }`
[INFO] [stderr]    Compiling egui_struct v0.4.2 (/opt/rustwide/workdir)
[INFO] [stderr]     Finished `release` profile [optimized] target(s) in 0.37s
[INFO] running `Command { std: "docker" "inspect" "220e4c1320f2481a5c1cbfdae4b9dcb5977e5d2e58d1e0495fcd16086731d9f1", kill_on_drop: false }`
[INFO] running `Command { std: "docker" "exec" "-e" "SOURCE_DIR=/opt/rustwide/workdir" "-e" "CARGO_HOME=/opt/rustwide/cargo-home" "-e" "RUSTUP_HOME=/opt/rustwide/rustup-home" "-e" "CARGO_TARGET_DIR=/opt/rustwide/target" "-e" "CARGO_INCREMENTAL=0" "-e" "RUST_BACKTRACE=full" "-e" "RUSTFLAGS=--cap-lints=warn" "-e" "RUSTDOCFLAGS=--cap-lints=warn" "-w" "/opt/rustwide/workdir" "--user" "0:0" "220e4c1320f2481a5c1cbfdae4b9dcb5977e5d2e58d1e0495fcd16086731d9f1" "/opt/rustwide/cargo-home/bin/cargo" "+1.99.0-beta.8" "test" "--frozen" "--release", kill_on_drop: false }`
[INFO] [stderr]     Finished `release` profile [optimized] target(s) in 0.06s
[INFO] [stderr]      Running unittests src/lib.rs (/opt/rustwide/target/release/deps/egui_struct-84771df6dda4a26d)
[INFO] [stdout] 
[INFO] [stdout] running 0 tests
[INFO] [stdout] 
[INFO] [stdout] test result: ok. 0 passed; 0 failed; 0 ignored; 0 measured; 0 filtered out; finished in 0.00s
[INFO] [stdout] 
[INFO] [stderr]    Doc-tests egui_struct
[INFO] [stdout] 
[INFO] [stdout] running 1 test
[INFO] [stdout] test src/lib.rs - impl_eeqclone (line 262) ... FAILED
[INFO] [stderr] error: doctest failed, to rerun pass `--doc`
[INFO] [stdout] 
[INFO] [stdout] failures:
[INFO] [stdout] 
[INFO] [stdout] ---- src/lib.rs - impl_eeqclone (line 262) stdout ----
[INFO] [stdout] error: macros that expand to items must be delimited with braces or followed by a semicolon
[INFO] [stdout]    --> src/lib.rs:263:15
[INFO] [stdout]     |
[INFO] [stdout] 263 | impl_eeqclone!(MyType)
[INFO] [stdout]     |               ^^^^^^^^
[INFO] [stdout]     |
[INFO] [stdout] help: change the delimiters to curly braces
[INFO] [stdout]     |
[INFO] [stdout] 263 - impl_eeqclone!(MyType)
[INFO] [stdout] 263 + impl_eeqclone!{MyType}
[INFO] [stdout]     |
[INFO] [stdout] help: add a semicolon
[INFO] [stdout]     |
[INFO] [stdout] 263 | impl_eeqclone!(MyType);
[INFO] [stdout]     |                       +
[INFO] [stdout] 
[INFO] [stdout] error: macros that expand to items must be delimited with braces or followed by a semicolon
[INFO] [stdout]    --> src/lib.rs:264:15
[INFO] [stdout]     |
[INFO] [stdout] 264 | impl_eeqclone!([T], MyType2) //for MyType2<T>
[INFO] [stdout]     |               ^^^^^^^^^^^^^^
[INFO] [stdout]     |
[INFO] [stdout] help: change the delimiters to curly braces
[INFO] [stdout]     |
[INFO] [stdout] 264 - impl_eeqclone!([T], MyType2) //for MyType2<T>
[INFO] [stdout] 264 + impl_eeqclone!{[T], MyType2} //for MyType2<T>
[INFO] [stdout]     |
[INFO] [stdout] help: add a semicolon
[INFO] [stdout]     |
[INFO] [stdout] 264 | impl_eeqclone!([T], MyType2); //for MyType2<T>
[INFO] [stdout]     |                             +
[INFO] [stdout] 
[INFO] [stdout] error: cannot find macro `impl_eeqclone` in this scope
[INFO] [stdout]    --> src/lib.rs:264:1
[INFO] [stdout]     |
[INFO] [stdout] 264 | impl_eeqclone!([T], MyType2) //for MyType2<T>
[INFO] [stdout]     | ^^^^^^^^^^^^^
[INFO] [stdout] 
[INFO] [stdout] error: cannot find macro `impl_eeqclone` in this scope
[INFO] [stdout]    --> src/lib.rs:263:1
[INFO] [stdout]     |
[INFO] [stdout] 263 | impl_eeqclone!(MyType)
[INFO] [stdout]     | ^^^^^^^^^^^^^
[INFO] [stdout] 
[INFO] [stdout] error[E0601]: `main` function not found in crate `rust_out`
[INFO] [stdout]    --> src/lib.rs:264:29
[INFO] [stdout]     |
[INFO] [stdout] 264 | impl_eeqclone!([T], MyType2) //for MyType2<T>
[INFO] [stdout]     |                             ^ consider adding a `main` function to `src/lib.rs`
[INFO] [stdout] 
[INFO] [stdout] error: aborting due to 5 previous errors
[INFO] [stdout] 
[INFO] [stdout] For more information about this error, try `rustc --explain E0601`.
[INFO] [stdout] Couldn't compile the test.
[INFO] [stdout] 
[INFO] [stdout] failures:
[INFO] [stdout]     src/lib.rs - impl_eeqclone (line 262)
[INFO] [stdout] 
[INFO] [stdout] test result: FAILED. 0 passed; 1 failed; 0 ignored; 0 measured; 0 filtered out; finished in 0.12s
[INFO] [stdout] 
[INFO] running `Command { std: "docker" "inspect" "220e4c1320f2481a5c1cbfdae4b9dcb5977e5d2e58d1e0495fcd16086731d9f1", kill_on_drop: false }`
[INFO] running `Command { std: "docker" "rm" "-f" "220e4c1320f2481a5c1cbfdae4b9dcb5977e5d2e58d1e0495fcd16086731d9f1", kill_on_drop: false }`
[INFO] [stdout] 220e4c1320f2481a5c1cbfdae4b9dcb5977e5d2e58d1e0495fcd16086731d9f1
