[INFO] fetching crate egui-winit-ash-integration 0.6.0...
[INFO] testing egui-winit-ash-integration-0.6.0 against 1.99.0-beta.8+cargoflags=--release for beta-release-1.100-2
[INFO] extracting crate egui-winit-ash-integration 0.6.0 into /workspace/builds/worker-2-tc1/source
[INFO] started tweaking crates.io crate egui-winit-ash-integration 0.6.0
[INFO] finished tweaking crates.io crate egui-winit-ash-integration 0.6.0
[INFO] tweaked toml for crates.io crate egui-winit-ash-integration 0.6.0 written to /workspace/builds/worker-2-tc1/source/Cargo.toml
[INFO] validating manifest of crates.io crate egui-winit-ash-integration 0.6.0 on toolchain 1.99.0-beta.8
[INFO] running `Command { std: CARGO_HOME="/workspace/cargo-home" RUSTUP_HOME="/workspace/rustup-home" "/workspace/cargo-home/bin/cargo" "+1.99.0-beta.8" "metadata" "--manifest-path" "Cargo.toml" "--no-deps", kill_on_drop: false }`
[INFO] crate crates.io crate egui-winit-ash-integration 0.6.0 already has a lockfile, it will not be regenerated
[INFO] running `Command { std: CARGO_HOME="/workspace/cargo-home" RUSTUP_HOME="/workspace/rustup-home" "/workspace/cargo-home/bin/cargo" "+1.99.0-beta.8" "fetch" "--manifest-path" "Cargo.toml", kill_on_drop: false }`
[INFO] [stderr]     Updating crates.io index
[INFO] [stderr]  Downloading crates ...
[INFO] [stderr]   Downloaded serde_derive v1.0.188
[INFO] [stderr]   Downloaded serde v1.0.188
[INFO] [stderr]   Downloaded dlib v0.5.2
[INFO] [stderr]   Downloaded tobj v4.0.0
[INFO] [stderr]   Downloaded ahash v0.8.3
[INFO] [stderr]   Downloaded proc-macro2 v1.0.69
[INFO] [stderr]   Downloaded arrayref v0.3.7
[INFO] [stderr]   Downloaded wayland-cursor v0.29.5
[INFO] [stderr]   Downloaded ab_glyph_rasterizer v0.1.8
[INFO] [stderr]   Downloaded downcast-rs v1.2.0
[INFO] [stderr]   Downloaded serde_repr v0.1.16
[INFO] [stderr]   Downloaded thiserror-impl v1.0.49
[INFO] [stderr]   Downloaded slab v0.4.9
[INFO] [stderr]   Downloaded event-listener v2.5.3
[INFO] [stderr]   Downloaded egui-winit v0.23.0
[INFO] [stderr]   Downloaded xcursor v0.3.4
[INFO] [stderr]   Downloaded accesskit_consumer v0.15.2
[INFO] [stderr]   Downloaded cpufeatures v0.2.9
[INFO] [stderr]   Downloaded atspi-macros v0.2.0
[INFO] [stderr]   Downloaded wayland-sys v0.29.5
[INFO] [stderr]   Downloaded block2 v0.2.0-alpha.6
[INFO] [stderr]   Downloaded core-graphics-types v0.1.2
[INFO] [stderr]   Downloaded async-task v4.4.1
[INFO] [stderr]   Downloaded async-lock v2.8.0
[INFO] [stderr]   Downloaded num_enum_derive v0.6.1
[INFO] [stderr]   Downloaded errno v0.3.5
[INFO] [stderr]   Downloaded parking v2.1.1
[INFO] [stderr]   Downloaded async-channel v1.9.0
[INFO] [stderr]   Downloaded zvariant_utils v1.0.1
[INFO] [stderr]   Downloaded async-recursion v1.0.5
[INFO] [stderr]   Downloaded zvariant_derive v3.15.0
[INFO] [stderr]   Downloaded xdg-home v1.0.0
[INFO] [stderr]   Downloaded cocoa-foundation v0.1.2
[INFO] [stderr]   Downloaded crevice-derive v0.10.0
[INFO] [stderr]   Downloaded raw-window-metal v0.3.1
[INFO] [stderr]   Downloaded num_enum_derive v0.5.11
[INFO] [stderr]   Downloaded hermit-abi v0.3.3
[INFO] [stderr]   Downloaded fastrand v2.0.1
[INFO] [stderr]   Downloaded piper v0.2.1
[INFO] [stderr]   Downloaded web-time v0.2.2
[INFO] [stderr]   Downloaded waker-fn v1.1.1
[INFO] [stderr]   Downloaded enumflags2 v0.7.8
[INFO] [stderr]   Downloaded winapi-util v0.1.6
[INFO] [stderr]   Downloaded async-signal v0.2.4
[INFO] [stderr]   Downloaded uds_windows v1.0.2
[INFO] [stderr]   Downloaded blocking v1.4.1
[INFO] [stderr]   Downloaded async-process v1.8.1
[INFO] [stderr]   Downloaded polling v2.8.0
[INFO] [stderr]   Downloaded crevice v0.14.0
[INFO] [stderr]   Downloaded ash-window v0.12.0
[INFO] [stderr]   Downloaded ecolor v0.23.0
[INFO] [stderr]   Downloaded tempfile v3.8.0
[INFO] [stderr]   Downloaded concurrent-queue v2.3.0
[INFO] [stderr]   Downloaded async-trait v0.1.73
[INFO] [stderr]   Downloaded async-io v1.13.0
[INFO] [stderr]   Downloaded async-executor v1.5.4
[INFO] [stderr]   Downloaded async-broadcast v0.5.1
[INFO] [stderr]   Downloaded accesskit_macos v0.9.0
[INFO] [stderr]   Downloaded approx v0.4.0
[INFO] [stderr]   Downloaded enumn v0.1.12
[INFO] [stderr]   Downloaded bitflags v2.4.0
[INFO] [stderr]   Downloaded futures-lite v1.13.0
[INFO] [stderr]   Downloaded async-fs v1.6.0
[INFO] [stderr]   Downloaded cocoa v0.24.1
[INFO] [stderr]   Downloaded windows-interface v0.48.0
[INFO] [stderr]   Downloaded event-listener v3.0.0
[INFO] [stderr]   Downloaded atspi v0.10.1
[INFO] [stderr]   Downloaded cgmath v0.18.0
[INFO] [stderr]   Downloaded clipboard-win v4.5.0
[INFO] [stderr]   Downloaded thiserror v1.0.49
[INFO] [stderr]   Downloaded windows-implement v0.48.0
[INFO] [stderr]   Downloaded num-rational v0.4.1
[INFO] [stderr]   Downloaded regex v1.10.0
[INFO] [stderr]   Downloaded objc-sys v0.2.0-beta.2
[INFO] [stderr]   Downloaded jobserver v0.1.27
[INFO] [stderr]   Downloaded objc2-encode v2.0.0-pre.2
[INFO] [stderr]   Downloaded rustix v0.37.24
[INFO] [stderr]   Downloaded rustix v0.38.18
[INFO] [stderr]   Downloaded regex-syntax v0.8.1
[INFO] [stderr]   Downloaded fdeflate v0.3.0
[INFO] [stderr]   Downloaded bytemuck_derive v1.5.0
[INFO] [stderr]   Downloaded ab_glyph v0.2.22
[INFO] [stderr]   Downloaded enumflags2_derive v0.7.8
[INFO] [stderr]   Downloaded zbus_names v2.6.0
[INFO] [stderr]   Downloaded regex-automata v0.4.1
[INFO] [stderr]   Downloaded libloading v0.8.1
[INFO] [stderr]   Downloaded block-sys v0.1.0-beta.1
[INFO] [stderr]   Downloaded raw-window-handle v0.5.2
[INFO] [stderr]   Downloaded wayland-scanner v0.29.5
[INFO] [stderr]   Downloaded walkdir v2.4.0
[INFO] [stderr]   Downloaded num_enum v0.6.1
[INFO] [stderr]   Downloaded num_enum v0.5.11
[INFO] [stderr]   Downloaded smithay-clipboard v0.6.6
[INFO] [stderr]   Downloaded puffin v0.16.0
[INFO] [stderr]   Downloaded accesskit_winit v0.14.4
[INFO] [stderr]   Downloaded accesskit v0.11.2
[INFO] [stderr]   Downloaded linux-raw-sys v0.4.10
[INFO] [stderr]   Downloaded paste v1.0.14
[INFO] [stderr]   Downloaded log v0.4.20
[INFO] [stderr]   Downloaded webbrowser v0.8.12
[INFO] [stderr]   Downloaded gpu-allocator v0.23.0
[INFO] [stderr]   Downloaded zbus_macros v3.14.1
[INFO] [stderr]   Downloaded memmap2 v0.5.10
[INFO] [stderr]   Downloaded tiny-skia-path v0.8.4
[INFO] [stderr]   Downloaded emath v0.23.0
[INFO] [stderr]   Downloaded accesskit_windows v0.14.3
[INFO] [stderr]   Downloaded arboard v3.2.1
[INFO] [stderr]   Downloaded sctk-adwaita v0.5.4
[INFO] [stderr]   Downloaded num-traits v0.2.17
[INFO] [stderr]   Downloaded half v2.2.1
[INFO] [stderr]   Downloaded accesskit_unix v0.5.2
[INFO] [stderr]   Downloaded indexmap v2.0.2
[INFO] [stderr]   Downloaded wayland-commons v0.29.5
[INFO] [stderr]   Downloaded ndk v0.7.0
[INFO] [stderr]   Downloaded bytemuck v1.14.0
[INFO] [stderr]   Downloaded calloop v0.10.6
[INFO] [stderr]   Downloaded xml-rs v0.8.19
[INFO] [stderr]   Downloaded bytes v1.5.0
[INFO] [stderr]   Downloaded anyhow v1.0.75
[INFO] [stderr]   Downloaded cc v1.0.83
[INFO] [stderr]   Downloaded rayon-core v1.12.0
[INFO] [stderr]   Downloaded flume v0.11.0
[INFO] [stderr]   Downloaded backtrace v0.3.69
[INFO] [stderr]   Downloaded addr2line v0.21.0
[INFO] [stderr]   Downloaded wayland-client v0.29.5
[INFO] [stderr]   Downloaded png v0.17.10
[INFO] [stderr]   Downloaded flate2 v1.0.27
[INFO] [stderr]   Downloaded bumpalo v3.14.0
[INFO] [stderr]   Downloaded zvariant v3.15.0
[INFO] [stderr]   Downloaded smithay-client-toolkit v0.16.1
[INFO] [stderr]   Downloaded combine v4.6.6
[INFO] [stderr]   Downloaded wayland-protocols v0.29.5
[INFO] [stderr]   Downloaded owned_ttf_parser v0.19.0
[INFO] [stderr]   Downloaded winnow v0.5.16
[INFO] [stderr]   Downloaded hashbrown v0.14.1
[INFO] [stderr]   Downloaded zbus v3.14.1
[INFO] [stderr]   Downloaded rayon v1.8.0
[INFO] [stderr]   Downloaded objc2 v0.3.0-beta.3.patch-leaks.3
[INFO] [stderr]   Downloaded ttf-parser v0.19.2
[INFO] [stderr]   Downloaded tiny-skia v0.8.4
[INFO] [stderr]   Downloaded exr v1.71.0
[INFO] [stderr]   Downloaded x11rb v0.10.1
[INFO] [stderr]   Downloaded android-activity v0.4.3
[INFO] [stderr]   Downloaded object v0.32.1
[INFO] [stderr]   Downloaded nix v0.24.3
[INFO] [stderr]   Downloaded egui v0.23.0
[INFO] [stderr]   Downloaded nix v0.25.1
[INFO] [stderr]   Downloaded image v0.24.7
[INFO] [stderr]   Downloaded ndk-sys v0.4.1+23.1.7779620
[INFO] [stderr]   Downloaded gimli v0.28.0
[INFO] [stderr]   Downloaded winit v0.28.7
[INFO] [stderr]   Downloaded x11rb-protocol v0.10.0
[INFO] [stderr]   Downloaded ash v0.37.3+1.3.251
[INFO] [stderr]   Downloaded libc v0.2.149
[INFO] [stderr]   Downloaded jpeg-decoder v0.3.0
[INFO] [stderr]   Downloaded epaint v0.23.0
[INFO] [stderr]   Downloaded orbclient v0.3.46
[INFO] [stderr]   Downloaded tiff v0.9.0
[INFO] running `Command { std: "docker" "create" "-v" "/var/lib/crater-agent-workspace/builds/worker-2-tc1/source:/opt/rustwide/workdir:ro,Z" "-v" "/var/lib/crater-agent-workspace/builds/worker-2-tc1/target:/opt/rustwide/target:rw,Z" "-v" "/var/lib/crater-agent-workspace/cargo-home:/opt/rustwide/cargo-home:ro,Z" "-v" "/var/lib/crater-agent-workspace/rustup-home:/opt/rustwide/rustup-home:ro,Z" "-m" "1610612736" "--network" "none" "ghcr.io/rust-lang/crates-build-env/linux@sha256:77db811e55d90add9212f6832c23229e3de5f1c1f9905e8cb07319ea15df73ac" "sleep" "infinity", kill_on_drop: false }`
[INFO] [stdout] b0a1986b719a5ab5c53dc789ba2411f83fede30616984a7d6cb1dfcf573300d4
[INFO] running `Command { std: "docker" "start" "b0a1986b719a5ab5c53dc789ba2411f83fede30616984a7d6cb1dfcf573300d4", kill_on_drop: false }`
[INFO] running `Command { std: "docker" "inspect" "b0a1986b719a5ab5c53dc789ba2411f83fede30616984a7d6cb1dfcf573300d4", kill_on_drop: false }`
[INFO] running `Command { std: "docker" "exec" "-e" "SOURCE_DIR=/opt/rustwide/workdir" "-e" "CARGO_HOME=/opt/rustwide/cargo-home" "-e" "RUSTUP_HOME=/opt/rustwide/rustup-home" "-e" "CARGO_TARGET_DIR=/opt/rustwide/target" "-w" "/opt/rustwide/workdir" "--user" "0:0" "b0a1986b719a5ab5c53dc789ba2411f83fede30616984a7d6cb1dfcf573300d4" "/opt/rustwide/cargo-home/bin/cargo" "+1.99.0-beta.8" "metadata" "--no-deps" "--format-version=1", kill_on_drop: false }`
[INFO] running `Command { std: "docker" "inspect" "b0a1986b719a5ab5c53dc789ba2411f83fede30616984a7d6cb1dfcf573300d4", kill_on_drop: false }`
[INFO] running `Command { std: "docker" "exec" "-e" "SOURCE_DIR=/opt/rustwide/workdir" "-e" "CARGO_HOME=/opt/rustwide/cargo-home" "-e" "RUSTUP_HOME=/opt/rustwide/rustup-home" "-e" "CARGO_TARGET_DIR=/opt/rustwide/target" "-e" "CARGO_INCREMENTAL=0" "-e" "RUST_BACKTRACE=full" "-e" "RUSTFLAGS=--cap-lints=warn" "-e" "RUSTDOCFLAGS=--cap-lints=warn" "-w" "/opt/rustwide/workdir" "--user" "0:0" "b0a1986b719a5ab5c53dc789ba2411f83fede30616984a7d6cb1dfcf573300d4" "/opt/rustwide/cargo-home/bin/cargo" "+1.99.0-beta.8" "build" "--frozen" "--message-format=json" "--release", kill_on_drop: false }`
[INFO] [stderr]    Compiling libc v0.2.149
[INFO] [stderr]    Compiling proc-macro2 v1.0.69
[INFO] [stderr]    Compiling autocfg v1.1.0
[INFO] [stderr]    Compiling bitflags v1.3.2
[INFO] [stderr]    Compiling pkg-config v0.3.27
[INFO] [stderr]    Compiling xml-rs v0.8.19
[INFO] [stderr]    Compiling version_check v0.9.4
[INFO] [stderr]    Compiling smallvec v1.11.1
[INFO] [stderr]    Compiling once_cell v1.18.0
[INFO] [stderr]    Compiling log v0.4.20
[INFO] [stderr]    Compiling memoffset v0.6.5
[INFO] [stderr]    Compiling libloading v0.8.1
[INFO] [stderr]    Compiling memchr v2.6.4
[INFO] [stderr]    Compiling wayland-sys v0.29.5
[INFO] [stderr]    Compiling thiserror v1.0.49
[INFO] [stderr]    Compiling dlib v0.5.2
[INFO] [stderr]    Compiling simd-adler32 v0.3.7
[INFO] [stderr]    Compiling adler v1.0.2
[INFO] [stderr]    Compiling quote v1.0.33
[INFO] [stderr]    Compiling slotmap v1.0.6
[INFO] [stderr]    Compiling minimal-lexical v0.2.1
[INFO] [stderr]    Compiling miniz_oxide v0.7.1
[INFO] [stderr]    Compiling wayland-scanner v0.29.5
[INFO] [stderr]    Compiling syn v2.0.38
[INFO] [stderr]    Compiling downcast-rs v1.2.0
[INFO] [stderr]    Compiling crc32fast v1.3.2
[INFO] [stderr]    Compiling nom v7.1.3
[INFO] [stderr]    Compiling lock_api v0.4.10
[INFO] [stderr]    Compiling parking_lot_core v0.9.8
[INFO] [stderr]    Compiling ttf-parser v0.19.2
[INFO] [stderr]    Compiling nix v0.24.3
[INFO] [stderr]    Compiling wayland-client v0.29.5
[INFO] [stderr]    Compiling wayland-protocols v0.29.5
[INFO] [stderr]    Compiling nix v0.25.1
[INFO] [stderr]    Compiling smithay-client-toolkit v0.16.1
[INFO] [stderr]    Compiling ab_glyph_rasterizer v0.1.8
[INFO] [stderr]    Compiling vec_map v0.8.2
[INFO] [stderr]    Compiling tinyvec v1.6.0
[INFO] [stderr]    Compiling xcursor v0.3.4
[INFO] [stderr]    Compiling flate2 v1.0.27
[INFO] [stderr]    Compiling thiserror-impl v1.0.49
[INFO] [stderr]    Compiling owned_ttf_parser v0.19.0
[INFO] [stderr]    Compiling ab_glyph v0.2.22
[INFO] [stderr]    Compiling memmap2 v0.5.10
[INFO] [stderr]    Compiling fdeflate v0.3.0
[INFO] [stderr]    Compiling calloop v0.10.6
[INFO] [stderr]    Compiling ahash v0.8.3
[INFO] [stderr]    Compiling percent-encoding v2.3.0
[INFO] [stderr]    Compiling strict-num v0.1.1
[INFO] [stderr]    Compiling bytemuck v1.14.0
[INFO] [stderr]    Compiling arrayref v0.3.7
[INFO] [stderr]    Compiling cc v1.0.83
[INFO] [stderr]    Compiling tiny-skia-path v0.8.4
[INFO] [stderr]    Compiling png v0.17.10
[INFO] [stderr]    Compiling parking_lot v0.12.1
[INFO] [stderr]    Compiling unicode-normalization v0.1.22
[INFO] [stderr]    Compiling x11-dl v2.21.0
[INFO] [stderr]    Compiling wayland-commons v0.29.5
[INFO] [stderr]    Compiling unicode-bidi v0.3.13
[INFO] [stderr]    Compiling arrayvec v0.7.4
[INFO] [stderr]    Compiling cfg_aliases v0.1.1
[INFO] [stderr]    Compiling winit v0.28.7
[INFO] [stderr]    Compiling tiny-skia v0.8.4
[INFO] [stderr]    Compiling idna v0.4.0
[INFO] [stderr]    Compiling x11rb-protocol v0.10.0
[INFO] [stderr]    Compiling backtrace v0.3.69
[INFO] [stderr]    Compiling form_urlencoded v1.2.0
[INFO] [stderr]    Compiling wayland-cursor v0.29.5
[INFO] [stderr]    Compiling gethostname v0.2.3
[INFO] [stderr]    Compiling ash v0.37.3+1.3.251
[INFO] [stderr]    Compiling ecolor v0.23.0
[INFO] [stderr]    Compiling gimli v0.28.0
[INFO] [stderr]    Compiling nohash-hasher v0.2.0
[INFO] [stderr]    Compiling emath v0.23.0
[INFO] [stderr]    Compiling url v2.4.1
[INFO] [stderr]    Compiling epaint v0.23.0
[INFO] [stderr]    Compiling addr2line v0.21.0
[INFO] [stderr]    Compiling mio v0.8.8
[INFO] [stderr]    Compiling object v0.32.1
[INFO] [stderr]    Compiling instant v0.1.12
[INFO] [stderr]    Compiling home v0.5.5
[INFO] [stderr]    Compiling anyhow v1.0.75
[INFO] [stderr]    Compiling raw-window-handle v0.5.2
[INFO] [stderr]    Compiling rustc-demangle v0.1.23
[INFO] [stderr]    Compiling webbrowser v0.8.12
[INFO] [stderr]    Compiling x11rb v0.10.1
[INFO] [stderr]    Compiling egui v0.23.0
[INFO] [stderr]    Compiling arboard v3.2.1
[INFO] [stderr]    Compiling web-time v0.2.2
[INFO] [stderr]    Compiling presser v0.3.1
[INFO] [stderr]    Compiling sctk-adwaita v0.5.4
[INFO] [stderr]    Compiling smithay-clipboard v0.6.6
[INFO] [stderr]    Compiling egui-winit v0.23.0
[INFO] [stderr]    Compiling gpu-allocator v0.23.0
[INFO] [stderr]    Compiling egui-winit-ash-integration v0.6.0 (/opt/rustwide/workdir)
[INFO] [stdout] warning: unused import: `crate::gpu_allocator::*`
[INFO] [stdout]   --> src/lib.rs:66:9
[INFO] [stdout]    |
[INFO] [stdout] 66 | pub use crate::gpu_allocator::*;
[INFO] [stdout]    |         ^^^^^^^^^^^^^^^^^^^^^^^
[INFO] [stdout]    |
[INFO] [stdout]    = note: `#[warn(unused_imports)]` (part of `#[warn(unused)]`) on by default
[INFO] [stdout] 
[INFO] [stdout] 
[INFO] [stderr]     Finished `release` profile [optimized] target(s) in 3m 39s
[INFO] running `Command { std: "docker" "inspect" "b0a1986b719a5ab5c53dc789ba2411f83fede30616984a7d6cb1dfcf573300d4", kill_on_drop: false }`
[INFO] running `Command { std: "docker" "exec" "-e" "SOURCE_DIR=/opt/rustwide/workdir" "-e" "CARGO_HOME=/opt/rustwide/cargo-home" "-e" "RUSTUP_HOME=/opt/rustwide/rustup-home" "-e" "CARGO_TARGET_DIR=/opt/rustwide/target" "-e" "CARGO_INCREMENTAL=0" "-e" "RUST_BACKTRACE=full" "-e" "RUSTFLAGS=--cap-lints=warn" "-e" "RUSTDOCFLAGS=--cap-lints=warn" "-w" "/opt/rustwide/workdir" "--user" "0:0" "b0a1986b719a5ab5c53dc789ba2411f83fede30616984a7d6cb1dfcf573300d4" "/opt/rustwide/cargo-home/bin/cargo" "+1.99.0-beta.8" "test" "--frozen" "--no-run" "--message-format=json" "--release", kill_on_drop: false }`
[INFO] [stderr]    Compiling memoffset v0.9.0
[INFO] [stderr]    Compiling crossbeam-utils v0.8.16
[INFO] [stderr]    Compiling crossbeam-epoch v0.9.15
[INFO] [stderr]    Compiling bytemuck v1.14.0
[INFO] [stderr]    Compiling ahash v0.8.3
[INFO] [stderr]    Compiling num-traits v0.2.17
[INFO] [stderr]    Compiling rayon-core v1.12.0
[INFO] [stderr]    Compiling getrandom v0.2.10
[INFO] [stderr]    Compiling ash v0.37.3+1.3.251
[INFO] [stderr]    Compiling num-integer v0.1.45
[INFO] [stderr]    Compiling syn v1.0.109
[INFO] [stderr]    Compiling either v1.9.0
[INFO] [stderr]    Compiling tiny-skia-path v0.8.4
[INFO] [stderr]    Compiling spin v0.9.8
[INFO] [stderr]    Compiling num-rational v0.4.1
[INFO] [stderr]    Compiling weezl v0.1.7
[INFO] [stderr]    Compiling flume v0.11.0
[INFO] [stderr]    Compiling epaint v0.23.0
[INFO] [stderr]    Compiling zune-inflate v0.2.54
[INFO] [stderr]    Compiling crossbeam-deque v0.8.3
[INFO] [stderr]    Compiling tiny-skia v0.8.4
[INFO] [stderr]    Compiling cgmath v0.18.0
[INFO] [stderr]    Compiling bit_field v0.10.2
[INFO] [stderr]    Compiling color_quant v1.1.0
[INFO] [stderr]    Compiling lebe v0.5.2
[INFO] [stderr]    Compiling egui v0.23.0
[INFO] [stderr]    Compiling rayon v1.8.0
[INFO] [stderr]    Compiling half v2.2.1
[INFO] [stderr]    Compiling exr v1.71.0
[INFO] [stderr]    Compiling crevice-derive v0.10.0
[INFO] [stderr]    Compiling sctk-adwaita v0.5.4
[INFO] [stderr]    Compiling winit v0.28.7
[INFO] [stderr]    Compiling jpeg-decoder v0.3.0
[INFO] [stderr]    Compiling gif v0.12.0
[INFO] [stderr]    Compiling tiff v0.9.0
[INFO] [stderr]    Compiling egui-winit v0.23.0
[INFO] [stderr]    Compiling approx v0.4.0
[INFO] [stderr]    Compiling qoi v0.4.1
[INFO] [stderr]    Compiling byteorder v1.5.0
[INFO] [stderr]    Compiling image v0.24.7
[INFO] [stderr]    Compiling crevice v0.14.0
[INFO] [stderr]    Compiling tobj v4.0.0
[INFO] [stderr]    Compiling gpu-allocator v0.23.0
[INFO] [stderr]    Compiling ash-window v0.12.0
[INFO] [stderr]    Compiling egui-winit-ash-integration v0.6.0 (/opt/rustwide/workdir)
[INFO] [stdout] warning: unused import: `crate::gpu_allocator::*`
[INFO] [stdout]   --> src/lib.rs:66:9
[INFO] [stdout]    |
[INFO] [stdout] 66 | pub use crate::gpu_allocator::*;
[INFO] [stdout]    |         ^^^^^^^^^^^^^^^^^^^^^^^
[INFO] [stdout]    |
[INFO] [stdout]    = note: `#[warn(unused_imports)]` (part of `#[warn(unused)]`) on by default
[INFO] [stdout] 
[INFO] [stdout] 
[INFO] [stdout] warning: unused import: `crate::gpu_allocator::*`
[INFO] [stdout]   --> src/lib.rs:66:9
[INFO] [stdout]    |
[INFO] [stdout] 66 | pub use crate::gpu_allocator::*;
[INFO] [stdout]    |         ^^^^^^^^^^^^^^^^^^^^^^^
[INFO] [stdout]    |
[INFO] [stdout]    = note: `#[warn(unused_imports)]` (part of `#[warn(unused)]`) on by default
[INFO] [stdout] 
[INFO] [stdout] 
[INFO] [stderr]     Finished `release` profile [optimized] target(s) in 2m 20s
[INFO] running `Command { std: "docker" "inspect" "b0a1986b719a5ab5c53dc789ba2411f83fede30616984a7d6cb1dfcf573300d4", kill_on_drop: false }`
[INFO] running `Command { std: "docker" "exec" "-e" "SOURCE_DIR=/opt/rustwide/workdir" "-e" "CARGO_HOME=/opt/rustwide/cargo-home" "-e" "RUSTUP_HOME=/opt/rustwide/rustup-home" "-e" "CARGO_TARGET_DIR=/opt/rustwide/target" "-e" "CARGO_INCREMENTAL=0" "-e" "RUST_BACKTRACE=full" "-e" "RUSTFLAGS=--cap-lints=warn" "-e" "RUSTDOCFLAGS=--cap-lints=warn" "-w" "/opt/rustwide/workdir" "--user" "0:0" "b0a1986b719a5ab5c53dc789ba2411f83fede30616984a7d6cb1dfcf573300d4" "/opt/rustwide/cargo-home/bin/cargo" "+1.99.0-beta.8" "test" "--frozen" "--release", kill_on_drop: false }`
[INFO] [stderr] warning: unused import: `crate::gpu_allocator::*`
[INFO] [stderr]   --> src/lib.rs:66:9
[INFO] [stderr]    |
[INFO] [stderr] 66 | pub use crate::gpu_allocator::*;
[INFO] [stderr]    |         ^^^^^^^^^^^^^^^^^^^^^^^
[INFO] [stderr]    |
[INFO] [stderr]    = note: `#[warn(unused_imports)]` (part of `#[warn(unused)]`) on by default
[INFO] [stderr] 
[INFO] [stderr] warning: `egui-winit-ash-integration` (lib) generated 1 warning (run `cargo fix --lib -p egui-winit-ash-integration` to apply 1 suggestion)
[INFO] [stderr] warning: `egui-winit-ash-integration` (lib test) generated 1 warning (1 duplicate)
[INFO] [stderr]     Finished `release` profile [optimized] target(s) in 0.29s
[INFO] [stderr]      Running unittests src/lib.rs (/opt/rustwide/target/release/deps/egui_winit_ash_integration-c5f8528524f58622)
[INFO] [stdout] 
[INFO] [stdout] running 0 tests
[INFO] [stdout] 
[INFO] [stdout] test result: ok. 0 passed; 0 failed; 0 ignored; 0 measured; 0 filtered out; finished in 0.00s
[INFO] [stdout] 
[INFO] [stderr]    Doc-tests egui_winit_ash_integration
[INFO] [stdout] 
[INFO] [stdout] running 1 test
[INFO] [stdout] test src/lib.rs - (line 18) ... FAILED
[INFO] [stderr] error: doctest failed, to rerun pass `--doc`
[INFO] [stdout] 
[INFO] [stdout] failures:
[INFO] [stdout] 
[INFO] [stdout] ---- src/lib.rs - (line 18) stdout ----
[INFO] [stdout] error[E0433]: cannot find type `ControlFlow` in this scope
[INFO] [stdout]   --> src/lib.rs:25:25
[INFO] [stdout]    |
[INFO] [stdout] 25 |         *control_flow = ControlFlow::Poll;
[INFO] [stdout]    |                         ^^^^^^^^^^^ use of undeclared type `ControlFlow`
[INFO] [stdout]    |
[INFO] [stdout] help: consider importing this enum
[INFO] [stdout]    |
[INFO] [stdout] 19 + use std::ops::ControlFlow;
[INFO] [stdout]    |
[INFO] [stdout] 
[INFO] [stdout] error[E0433]: cannot find type `ControlFlow` in this scope
[INFO] [stdout]   --> src/lib.rs:32:34
[INFO] [stdout]    |
[INFO] [stdout] 32 |             } => *control_flow = ControlFlow::Exit,
[INFO] [stdout]    |                                  ^^^^^^^^^^^ use of undeclared type `ControlFlow`
[INFO] [stdout]    |
[INFO] [stdout] help: consider importing this enum
[INFO] [stdout]    |
[INFO] [stdout] 19 + use std::ops::ControlFlow;
[INFO] [stdout]    |
[INFO] [stdout] 
[INFO] [stdout] error[E0107]: enum takes 2 generic arguments but 1 generic argument was supplied
[INFO] [stdout]   --> src/lib.rs:19:14
[INFO] [stdout]    |
[INFO] [stdout] 19 | fn main() -> Result<()> {
[INFO] [stdout]    |              ^^^^^^ -- supplied 1 generic argument
[INFO] [stdout]    |              |
[INFO] [stdout]    |              expected 2 generic arguments
[INFO] [stdout]    |
[INFO] [stdout] help: add missing generic argument
[INFO] [stdout]    |
[INFO] [stdout] 19 | fn main() -> Result<(), E> {
[INFO] [stdout]    |                       +++
[INFO] [stdout] 
[INFO] [stdout] error[E0433]: cannot find type `EventLoop` in this scope
[INFO] [stdout]   --> src/lib.rs:20:22
[INFO] [stdout]    |
[INFO] [stdout] 20 |     let event_loop = EventLoop::new();
[INFO] [stdout]    |                      ^^^^^^^^^ use of undeclared type `EventLoop`
[INFO] [stdout] 
[INFO] [stdout] error[E0433]: cannot find type `App` in this scope
[INFO] [stdout]   --> src/lib.rs:22:19
[INFO] [stdout]    |
[INFO] [stdout] 22 |     let mut app = App::new(&event_loop)?;
[INFO] [stdout]    |                   ^^^ use of undeclared type `App`
[INFO] [stdout] 
[INFO] [stdout] error[E0433]: cannot find type `Event` in this scope
[INFO] [stdout]   --> src/lib.rs:41:13
[INFO] [stdout]    |
[INFO] [stdout] 41 |             Event::RedrawRequested(_window_id) => {
[INFO] [stdout]    |             ^^^^^ use of undeclared type `Event`
[INFO] [stdout] 
[INFO] [stdout] error[E0433]: cannot find type `Event` in this scope
[INFO] [stdout]   --> src/lib.rs:40:13
[INFO] [stdout]    |
[INFO] [stdout] 40 |             Event::MainEventsCleared => app.window.request_redraw(),
[INFO] [stdout]    |             ^^^^^ use of undeclared type `Event`
[INFO] [stdout] 
[INFO] [stdout] error[E0433]: cannot find type `Event` in this scope
[INFO] [stdout]   --> src/lib.rs:29:13
[INFO] [stdout]    |
[INFO] [stdout] 29 |             Event::WindowEvent {
[INFO] [stdout]    |             ^^^^^ use of undeclared type `Event`
[INFO] [stdout] 
[INFO] [stdout] error[E0433]: cannot find type `WindowEvent` in this scope
[INFO] [stdout]   --> src/lib.rs:30:24
[INFO] [stdout]    |
[INFO] [stdout] 30 |                 event: WindowEvent::CloseRequested,
[INFO] [stdout]    |                        ^^^^^^^^^^^ use of undeclared type `WindowEvent`
[INFO] [stdout] 
[INFO] [stdout] error[E0433]: cannot find type `Event` in this scope
[INFO] [stdout]   --> src/lib.rs:33:13
[INFO] [stdout]    |
[INFO] [stdout] 33 |             Event::WindowEvent {
[INFO] [stdout]    |             ^^^^^ use of undeclared type `Event`
[INFO] [stdout] 
[INFO] [stdout] error[E0433]: cannot find type `WindowEvent` in this scope
[INFO] [stdout]   --> src/lib.rs:34:24
[INFO] [stdout]    |
[INFO] [stdout] 34 |                 event: WindowEvent::Resized(_),
[INFO] [stdout]    |                        ^^^^^^^^^^^ use of undeclared type `WindowEvent`
[INFO] [stdout] 
[INFO] [stdout] error: aborting due to 11 previous errors
[INFO] [stdout] 
[INFO] [stdout] Some errors have detailed explanations: E0107, E0433.
[INFO] [stdout] For more information about an error, try `rustc --explain E0107`.
[INFO] [stdout] Couldn't compile the test.
[INFO] [stdout] 
[INFO] [stdout] failures:
[INFO] [stdout]     src/lib.rs - (line 18)
[INFO] [stdout] 
[INFO] [stdout] test result: FAILED. 0 passed; 1 failed; 0 ignored; 0 measured; 0 filtered out; finished in 0.20s
[INFO] [stdout] 
[INFO] running `Command { std: "docker" "inspect" "b0a1986b719a5ab5c53dc789ba2411f83fede30616984a7d6cb1dfcf573300d4", kill_on_drop: false }`
[INFO] running `Command { std: "docker" "rm" "-f" "b0a1986b719a5ab5c53dc789ba2411f83fede30616984a7d6cb1dfcf573300d4", kill_on_drop: false }`
[INFO] [stdout] b0a1986b719a5ab5c53dc789ba2411f83fede30616984a7d6cb1dfcf573300d4
