[INFO] fetching crate egregore 0.0.2...
[INFO] testing egregore-0.0.2 against 1.100.0-beta.1+cargoflags=--release for beta-release-1.100-2
[INFO] extracting crate egregore 0.0.2 into /workspace/builds/worker-0-tc2/source
[INFO] started tweaking crates.io crate egregore 0.0.2
[INFO] finished tweaking crates.io crate egregore 0.0.2
[INFO] tweaked toml for crates.io crate egregore 0.0.2 written to /workspace/builds/worker-0-tc2/source/Cargo.toml
[INFO] validating manifest of crates.io crate egregore 0.0.2 on toolchain 1.100.0-beta.1
[INFO] running `Command { std: CARGO_HOME="/workspace/cargo-home" RUSTUP_HOME="/workspace/rustup-home" "/workspace/cargo-home/bin/cargo" "+1.100.0-beta.1" "metadata" "--manifest-path" "Cargo.toml" "--no-deps", kill_on_drop: false }`
[INFO] crate crates.io crate egregore 0.0.2 already has a lockfile, it will not be regenerated
[INFO] running `Command { std: CARGO_HOME="/workspace/cargo-home" RUSTUP_HOME="/workspace/rustup-home" "/workspace/cargo-home/bin/cargo" "+1.100.0-beta.1" "fetch" "--manifest-path" "Cargo.toml", kill_on_drop: false }`
[INFO] [stderr] warning: `package.homepage` is redundant with `package.repository`
[INFO] [stderr]   --> Cargo.toml:47:12
[INFO] [stderr]    |
[INFO] [stderr] 47 | homepage = "https://github.com/tidepool-heavy-industries/egregore"
[INFO] [stderr]    |            ^^^^^^^^^^^^^^^^^^^^^^^^^^^^^^^^^^^^^^^^^^^^^^^^^^^^^^^
[INFO] [stderr] ...
[INFO] [stderr] 52 | repository = "https://github.com/tidepool-heavy-industries/egregore"
[INFO] [stderr]    |              -------------------------------------------------------
[INFO] [stderr]    |
[INFO] [stderr]    = note: `cargo::redundant_homepage` is set to `warn` by default
[INFO] [stderr] help: consider removing `package.homepage`
[INFO] [stderr] warning: `egregore` (manifest) generated 1 warning
[INFO] running `Command { std: "docker" "create" "-v" "/var/lib/crater-agent-workspace/builds/worker-0-tc2/source:/opt/rustwide/workdir:ro,Z" "-v" "/var/lib/crater-agent-workspace/builds/worker-0-tc2/target:/opt/rustwide/target:rw,Z" "-v" "/var/lib/crater-agent-workspace/cargo-home:/opt/rustwide/cargo-home:ro,Z" "-v" "/var/lib/crater-agent-workspace/rustup-home:/opt/rustwide/rustup-home:ro,Z" "-m" "1610612736" "--network" "none" "ghcr.io/rust-lang/crates-build-env/linux@sha256:77db811e55d90add9212f6832c23229e3de5f1c1f9905e8cb07319ea15df73ac" "sleep" "infinity", kill_on_drop: false }`
[INFO] [stdout] b73e867c9625072801803418a85ecbada3eb6e7e16b90a96bc67993fd84ef00e
[INFO] running `Command { std: "docker" "start" "b73e867c9625072801803418a85ecbada3eb6e7e16b90a96bc67993fd84ef00e", kill_on_drop: false }`
[INFO] running `Command { std: "docker" "inspect" "b73e867c9625072801803418a85ecbada3eb6e7e16b90a96bc67993fd84ef00e", kill_on_drop: false }`
[INFO] running `Command { std: "docker" "exec" "-e" "SOURCE_DIR=/opt/rustwide/workdir" "-e" "CARGO_HOME=/opt/rustwide/cargo-home" "-e" "RUSTUP_HOME=/opt/rustwide/rustup-home" "-e" "CARGO_TARGET_DIR=/opt/rustwide/target" "-w" "/opt/rustwide/workdir" "--user" "0:0" "b73e867c9625072801803418a85ecbada3eb6e7e16b90a96bc67993fd84ef00e" "/opt/rustwide/cargo-home/bin/cargo" "+1.100.0-beta.1" "metadata" "--no-deps" "--format-version=1", kill_on_drop: false }`
[INFO] running `Command { std: "docker" "inspect" "b73e867c9625072801803418a85ecbada3eb6e7e16b90a96bc67993fd84ef00e", kill_on_drop: false }`
[INFO] running `Command { std: "docker" "exec" "-e" "SOURCE_DIR=/opt/rustwide/workdir" "-e" "CARGO_HOME=/opt/rustwide/cargo-home" "-e" "RUSTUP_HOME=/opt/rustwide/rustup-home" "-e" "CARGO_TARGET_DIR=/opt/rustwide/target" "-e" "CARGO_INCREMENTAL=0" "-e" "RUST_BACKTRACE=full" "-e" "RUSTFLAGS=--cap-lints=warn" "-e" "RUSTDOCFLAGS=--cap-lints=warn" "-w" "/opt/rustwide/workdir" "--user" "0:0" "b73e867c9625072801803418a85ecbada3eb6e7e16b90a96bc67993fd84ef00e" "/opt/rustwide/cargo-home/bin/cargo" "+1.100.0-beta.1" "build" "--frozen" "--message-format=json" "--release", kill_on_drop: false }`
[INFO] [stderr] warning: `package.homepage` is redundant with `package.repository`
[INFO] [stderr]   --> Cargo.toml:47:12
[INFO] [stderr]    |
[INFO] [stderr] 47 | homepage = "https://github.com/tidepool-heavy-industries/egregore"
[INFO] [stderr]    |            ^^^^^^^^^^^^^^^^^^^^^^^^^^^^^^^^^^^^^^^^^^^^^^^^^^^^^^^
[INFO] [stderr] ...
[INFO] [stderr] 52 | repository = "https://github.com/tidepool-heavy-industries/egregore"
[INFO] [stderr]    |              -------------------------------------------------------
[INFO] [stderr]    |
[INFO] [stderr]    = note: `cargo::redundant_homepage` is set to `warn` by default
[INFO] [stderr] help: consider removing `package.homepage`
[INFO] [stderr] warning: `egregore` (manifest) generated 1 warning
[INFO] [stderr]    Compiling quote v1.0.44
[INFO] [stderr]    Compiling proc-macro2 v1.0.106
[INFO] [stderr]    Compiling cc v1.2.55
[INFO] [stderr]    Compiling http v1.4.0
[INFO] [stderr]    Compiling openssl v0.10.75
[INFO] [stderr]    Compiling socket2 v0.6.2
[INFO] [stderr]    Compiling zerocopy v0.8.39
[INFO] [stderr]    Compiling getrandom v0.3.4
[INFO] [stderr]    Compiling tracing v0.1.44
[INFO] [stderr]    Compiling indexmap v2.13.0
[INFO] [stderr]    Compiling zmij v1.0.19
[INFO] [stderr]    Compiling ryu v1.0.22
[INFO] [stderr]    Compiling sha1 v0.10.6
[INFO] [stderr]    Compiling iri-string v0.7.10
[INFO] [stderr]    Compiling data-encoding v2.10.0
[INFO] [stderr]    Compiling urlencoding v2.1.3
[INFO] [stderr]    Compiling rand_core v0.9.5
[INFO] [stderr]    Compiling serde_json v1.0.149
[INFO] [stderr]    Compiling syn v2.0.114
[INFO] [stderr]    Compiling http-body v1.0.1
[INFO] [stderr]    Compiling http-body-util v0.1.3
[INFO] [stderr]    Compiling openssl-sys v0.9.111
[INFO] [stderr]    Compiling native-tls v0.2.14
[INFO] [stderr]    Compiling ppv-lite86 v0.2.21
[INFO] [stderr]    Compiling synstructure v0.13.2
[INFO] [stderr]    Compiling rand_chacha v0.9.0
[INFO] [stderr]    Compiling rand v0.9.2
[INFO] [stderr]    Compiling zerofrom-derive v0.1.6
[INFO] [stderr]    Compiling yoke-derive v0.8.1
[INFO] [stderr]    Compiling zerovec-derive v0.11.2
[INFO] [stderr]    Compiling displaydoc v0.2.5
[INFO] [stderr]    Compiling tokio-macros v2.6.0
[INFO] [stderr]    Compiling futures-macro v0.3.31
[INFO] [stderr]    Compiling openssl-macros v0.1.1
[INFO] [stderr]    Compiling serde_derive v1.0.228
[INFO] [stderr]    Compiling thiserror-impl v2.0.18
[INFO] [stderr]    Compiling tokio v1.49.0
[INFO] [stderr]    Compiling zerofrom v0.1.6
[INFO] [stderr]    Compiling yoke v0.8.1
[INFO] [stderr]    Compiling futures-util v0.3.31
[INFO] [stderr]    Compiling zerotrie v0.2.3
[INFO] [stderr]    Compiling zerovec v0.11.5
[INFO] [stderr]    Compiling thiserror v2.0.18
[INFO] [stderr]    Compiling tinystr v0.8.2
[INFO] [stderr]    Compiling potential_utf v0.1.4
[INFO] [stderr]    Compiling icu_collections v2.1.1
[INFO] [stderr]    Compiling icu_locale_core v2.1.1
[INFO] [stderr]    Compiling icu_provider v2.1.1
[INFO] [stderr]    Compiling icu_properties v2.1.2
[INFO] [stderr]    Compiling icu_normalizer v2.1.1
[INFO] [stderr]    Compiling serde v1.0.228
[INFO] [stderr]    Compiling tungstenite v0.28.0
[INFO] [stderr]    Compiling idna_adapter v1.2.1
[INFO] [stderr]    Compiling idna v1.1.0
[INFO] [stderr]    Compiling serde_urlencoded v0.7.1
[INFO] [stderr]    Compiling chrono v0.4.43
[INFO] [stderr]    Compiling url v2.5.8
[INFO] [stderr]    Compiling tokio-util v0.7.18
[INFO] [stderr]    Compiling tokio-native-tls v0.3.1
[INFO] [stderr]    Compiling tower v0.5.3
[INFO] [stderr]    Compiling tokio-tungstenite v0.28.0
[INFO] [stderr]    Compiling h2 v0.4.13
[INFO] [stderr]    Compiling tower-http v0.6.8
[INFO] [stderr]    Compiling hyper v1.8.1
[INFO] [stderr]    Compiling hyper-util v0.1.20
[INFO] [stderr]    Compiling hyper-tls v0.6.0
[INFO] [stderr]    Compiling reqwest v0.12.28
[INFO] [stderr]    Compiling egregore v0.0.2 (/opt/rustwide/workdir)
[INFO] [stderr]     Finished `release` profile [optimized] target(s) in 1m 13s
[INFO] running `Command { std: "docker" "inspect" "b73e867c9625072801803418a85ecbada3eb6e7e16b90a96bc67993fd84ef00e", kill_on_drop: false }`
[INFO] running `Command { std: "docker" "exec" "-e" "SOURCE_DIR=/opt/rustwide/workdir" "-e" "CARGO_HOME=/opt/rustwide/cargo-home" "-e" "RUSTUP_HOME=/opt/rustwide/rustup-home" "-e" "CARGO_TARGET_DIR=/opt/rustwide/target" "-e" "CARGO_INCREMENTAL=0" "-e" "RUST_BACKTRACE=full" "-e" "RUSTFLAGS=--cap-lints=warn" "-e" "RUSTDOCFLAGS=--cap-lints=warn" "-w" "/opt/rustwide/workdir" "--user" "0:0" "b73e867c9625072801803418a85ecbada3eb6e7e16b90a96bc67993fd84ef00e" "/opt/rustwide/cargo-home/bin/cargo" "+1.100.0-beta.1" "test" "--frozen" "--no-run" "--message-format=json" "--release", kill_on_drop: false }`
[INFO] [stderr] warning: `package.homepage` is redundant with `package.repository`
[INFO] [stderr]   --> Cargo.toml:47:12
[INFO] [stderr]    |
[INFO] [stderr] 47 | homepage = "https://github.com/tidepool-heavy-industries/egregore"
[INFO] [stderr]    |            ^^^^^^^^^^^^^^^^^^^^^^^^^^^^^^^^^^^^^^^^^^^^^^^^^^^^^^^
[INFO] [stderr] ...
[INFO] [stderr] 52 | repository = "https://github.com/tidepool-heavy-industries/egregore"
[INFO] [stderr]    |              -------------------------------------------------------
[INFO] [stderr]    |
[INFO] [stderr]    = note: `cargo::redundant_homepage` is set to `warn` by default
[INFO] [stderr] help: consider removing `package.homepage`
[INFO] [stderr] warning: `egregore` (manifest) generated 1 warning
[INFO] [stderr]    Compiling egregore v0.0.2 (/opt/rustwide/workdir)
[INFO] [stderr]     Finished `release` profile [optimized] target(s) in 5.54s
[INFO] running `Command { std: "docker" "inspect" "b73e867c9625072801803418a85ecbada3eb6e7e16b90a96bc67993fd84ef00e", kill_on_drop: false }`
[INFO] running `Command { std: "docker" "exec" "-e" "SOURCE_DIR=/opt/rustwide/workdir" "-e" "CARGO_HOME=/opt/rustwide/cargo-home" "-e" "RUSTUP_HOME=/opt/rustwide/rustup-home" "-e" "CARGO_TARGET_DIR=/opt/rustwide/target" "-e" "CARGO_INCREMENTAL=0" "-e" "RUST_BACKTRACE=full" "-e" "RUSTFLAGS=--cap-lints=warn" "-e" "RUSTDOCFLAGS=--cap-lints=warn" "-w" "/opt/rustwide/workdir" "--user" "0:0" "b73e867c9625072801803418a85ecbada3eb6e7e16b90a96bc67993fd84ef00e" "/opt/rustwide/cargo-home/bin/cargo" "+1.100.0-beta.1" "test" "--frozen" "--release", kill_on_drop: false }`
[INFO] [stderr] warning: `package.homepage` is redundant with `package.repository`
[INFO] [stderr]   --> Cargo.toml:47:12
[INFO] [stderr]    |
[INFO] [stderr] 47 | homepage = "https://github.com/tidepool-heavy-industries/egregore"
[INFO] [stderr]    |            ^^^^^^^^^^^^^^^^^^^^^^^^^^^^^^^^^^^^^^^^^^^^^^^^^^^^^^^
[INFO] [stderr] ...
[INFO] [stderr] 52 | repository = "https://github.com/tidepool-heavy-industries/egregore"
[INFO] [stderr]    |              -------------------------------------------------------
[INFO] [stderr]    |
[INFO] [stderr]    = note: `cargo::redundant_homepage` is set to `warn` by default
[INFO] [stderr] help: consider removing `package.homepage`
[INFO] [stderr] warning: `egregore` (manifest) generated 1 warning
[INFO] [stderr]     Finished `release` profile [optimized] target(s) in 0.20s
[INFO] [stderr]      Running unittests src/lib.rs (/opt/rustwide/target/release/build/egregore/53500d6e8a90bf20/out/egregore-53500d6e8a90bf20)
[INFO] [stdout] 
[INFO] [stdout] running 9 tests
[INFO] [stdout] test jetstream::tests::test_parse_non_create_ignored ... ok
[INFO] [stdout] test jetstream::tests::test_parse_irrelevant_collection_ignored ... ok
[INFO] [stdout] test types::tests::test_signal_roundtrip ... ok
[INFO] [stdout] test types::tests::test_signal_content_discriminated_union ... ok
[INFO] [stdout] test jetstream::tests::test_parse_signal_event ... ok
[INFO] [stdout] test discovery::tests::test_resolve_nonexistent_handle ... ok
[INFO] [stdout] test discovery::tests::test_full_discovery ... FAILED
[INFO] [stdout] test discovery::tests::test_resolve_known_handle ... FAILED
[INFO] [stdout] test discovery::tests::test_resolve_did_to_pds ... FAILED
[INFO] [stdout] 
[INFO] [stdout] failures:
[INFO] [stdout] 
[INFO] [stdout] ---- discovery::tests::test_full_discovery stdout ----
[INFO] [stdout] 
[INFO] [stdout] thread 'discovery::tests::test_full_discovery' (1443) panicked at src/discovery.rs:174:59:
[INFO] [stdout] called `Result::unwrap()` on an `Err` value: Other("Could not resolve handle: bsky.app")
[INFO] [stdout] stack backtrace:
[INFO] [stdout]    0:     0x61f30d8b88a1 - <<std[617be2ca0a6fd877]::sys::backtrace::BacktraceLock>::print::DisplayBacktrace as core[a373ad73a504971]::fmt::Display>::fmt
[INFO] [stdout]    1:     0x61f30d8ce4fa - core[a373ad73a504971]::fmt::write
[INFO] [stdout]    2:     0x61f30d8bd20c - <alloc[2e1b2a31b91974c5]::vec::Vec<u8> as core[a373ad73a504971]::io::write::Write>::write_fmt
[INFO] [stdout]    3:     0x61f30d8938e6 - std[617be2ca0a6fd877]::panicking::default_hook::{closure#0}
[INFO] [stdout]    4:     0x61f30d8b0779 - std[617be2ca0a6fd877]::panicking::default_hook
[INFO] [stdout]    5:     0x61f30d6f8b30 - test[aada8e7e76ba119b]::test_main_inner::{closure#0}
[INFO] [stdout]    6:     0x61f30d8b0aa2 - std[617be2ca0a6fd877]::panicking::panic_with_hook
[INFO] [stdout]    7:     0x61f30d893992 - std[617be2ca0a6fd877]::panicking::panic_handler::{closure#0}
[INFO] [stdout]    8:     0x61f30d88c5c9 - std[617be2ca0a6fd877]::sys::backtrace::__rust_end_short_backtrace::<std[617be2ca0a6fd877]::panicking::panic_handler::{closure#0}, !>
[INFO] [stdout]    9:     0x61f30d89478d - __rustc[ea4f61d10b84890b]::rust_begin_unwind
[INFO] [stdout]   10:     0x61f30d8cec5c - core[a373ad73a504971]::panicking::panic_fmt
[INFO] [stdout]   11:     0x61f30d8cea32 - core[a373ad73a504971]::result::unwrap_failed
[INFO] [stdout]   12:     0x61f30d6caa58 - egregore[469443969488be98]::discovery::tests::test_full_discovery::{closure#0}
[INFO] [stdout]   13:     0x61f30d6d7f08 - <tokio[8ff0b8d64e1ca9b6]::runtime::context::scoped::Scoped<tokio[8ff0b8d64e1ca9b6]::runtime::scheduler::Context>>::set::<<tokio[8ff0b8d64e1ca9b6]::runtime::scheduler::current_thread::CoreGuard>::enter<<tokio[8ff0b8d64e1ca9b6]::runtime::scheduler::current_thread::CoreGuard>::block_on<core[a373ad73a504971]::pin::Pin<&mut core[a373ad73a504971]::pin::Pin<&mut dyn core[a373ad73a504971]::future::future::Future<Output = ()>>>>::{closure#0}, core[a373ad73a504971]::option::Option<()>>::{closure#0}, (alloc[2e1b2a31b91974c5]::boxed::Box<tokio[8ff0b8d64e1ca9b6]::runtime::scheduler::current_thread::Core>, core[a373ad73a504971]::option::Option<()>)>
[INFO] [stdout]   14:     0x61f30d6d835d - <tokio[8ff0b8d64e1ca9b6]::runtime::scheduler::current_thread::CoreGuard>::block_on::<core[a373ad73a504971]::pin::Pin<&mut core[a373ad73a504971]::pin::Pin<&mut dyn core[a373ad73a504971]::future::future::Future<Output = ()>>>>
[INFO] [stdout]   15:     0x61f30d6ebc7d - tokio[8ff0b8d64e1ca9b6]::runtime::context::runtime::enter_runtime::<<tokio[8ff0b8d64e1ca9b6]::runtime::scheduler::current_thread::CurrentThread>::block_on<core[a373ad73a504971]::pin::Pin<&mut dyn core[a373ad73a504971]::future::future::Future<Output = ()>>>::{closure#0}, ()>
[INFO] [stdout]   16:     0x61f30d6ddd95 - <tokio[8ff0b8d64e1ca9b6]::runtime::runtime::Runtime>::block_on::<core[a373ad73a504971]::pin::Pin<&mut dyn core[a373ad73a504971]::future::future::Future<Output = ()>>>
[INFO] [stdout]   17:     0x61f30d6cb52e - <egregore[469443969488be98]::discovery::tests::test_full_discovery::{closure#0} as core[a373ad73a504971]::ops::function::FnOnce<()>>::call_once
[INFO] [stdout]   18:     0x61f30d6ebf7b - test[aada8e7e76ba119b]::__rust_begin_short_backtrace::<core[a373ad73a504971]::result::Result<(), alloc[2e1b2a31b91974c5]::string::String>, fn() -> core[a373ad73a504971]::result::Result<(), alloc[2e1b2a31b91974c5]::string::String>>
[INFO] [stdout]   19:     0x61f30d6f9155 - test[aada8e7e76ba119b]::run_test::{closure#0}
[INFO] [stdout]   20:     0x61f30d6f2a44 - std[617be2ca0a6fd877]::sys::backtrace::__rust_begin_short_backtrace::<test[aada8e7e76ba119b]::run_test::{closure#1}, ()>
[INFO] [stdout]   21:     0x61f30d6fc1e2 - <std[617be2ca0a6fd877]::thread::lifecycle::spawn_unchecked<test[aada8e7e76ba119b]::run_test::{closure#1}, ()>::{closure#1} as core[a373ad73a504971]::ops::function::FnOnce<()>>::call_once::{shim:vtable#0}
[INFO] [stdout]   22:     0x61f30d8b7d4f - <std[617be2ca0a6fd877]::sys::thread::unix::Thread>::new::thread_start
[INFO] [stdout]   23:     0x72bff1837dfa - <unknown>
[INFO] [stdout]   24:     0x72bff18cb3d4 - clone
[INFO] [stdout]   25:                0x0 - <unknown>
[INFO] [stdout] 
[INFO] [stdout] ---- discovery::tests::test_resolve_known_handle stdout ----
[INFO] [stdout] 
[INFO] [stdout] thread 'discovery::tests::test_resolve_known_handle' (1445) panicked at src/discovery.rs:156:62:
[INFO] [stdout] called `Result::unwrap()` on an `Err` value: Other("Could not resolve handle: bsky.app")
[INFO] [stdout] stack backtrace:
[INFO] [stdout]    0:     0x61f30d8b88a1 - <<std[617be2ca0a6fd877]::sys::backtrace::BacktraceLock>::print::DisplayBacktrace as core[a373ad73a504971]::fmt::Display>::fmt
[INFO] [stdout]    1:     0x61f30d8ce4fa - core[a373ad73a504971]::fmt::write
[INFO] [stdout]    2:     0x61f30d8bd20c - <alloc[2e1b2a31b91974c5]::vec::Vec<u8> as core[a373ad73a504971]::io::write::Write>::write_fmt
[INFO] [stdout]    3:     0x61f30d8938e6 - std[617be2ca0a6fd877]::panicking::default_hook::{closure#0}
[INFO] [stdout]    4:     0x61f30d8b0779 - std[617be2ca0a6fd877]::panicking::default_hook
[INFO] [stdout]    5:     0x61f30d6f8b30 - test[aada8e7e76ba119b]::test_main_inner::{closure#0}
[INFO] [stdout]    6:     0x61f30d8b0aa2 - std[617be2ca0a6fd877]::panicking::panic_with_hook
[INFO] [stdout]    7:     0x61f30d893992 - std[617be2ca0a6fd877]::panicking::panic_handler::{closure#0}
[INFO] [stdout]    8:     0x61f30d88c5c9 - std[617be2ca0a6fd877]::sys::backtrace::__rust_end_short_backtrace::<std[617be2ca0a6fd877]::panicking::panic_handler::{closure#0}, !>
[INFO] [stdout]    9:     0x61f30d89478d - __rustc[ea4f61d10b84890b]::rust_begin_unwind
[INFO] [stdout]   10:     0x61f30d8cec5c - core[a373ad73a504971]::panicking::panic_fmt
[INFO] [stdout]   11:     0x61f30d8cea32 - core[a373ad73a504971]::result::unwrap_failed
[INFO] [stdout]   12:     0x61f30d6cb025 - egregore[469443969488be98]::discovery::tests::test_resolve_known_handle::{closure#0}
[INFO] [stdout]   13:     0x61f30d6d7f08 - <tokio[8ff0b8d64e1ca9b6]::runtime::context::scoped::Scoped<tokio[8ff0b8d64e1ca9b6]::runtime::scheduler::Context>>::set::<<tokio[8ff0b8d64e1ca9b6]::runtime::scheduler::current_thread::CoreGuard>::enter<<tokio[8ff0b8d64e1ca9b6]::runtime::scheduler::current_thread::CoreGuard>::block_on<core[a373ad73a504971]::pin::Pin<&mut core[a373ad73a504971]::pin::Pin<&mut dyn core[a373ad73a504971]::future::future::Future<Output = ()>>>>::{closure#0}, core[a373ad73a504971]::option::Option<()>>::{closure#0}, (alloc[2e1b2a31b91974c5]::boxed::Box<tokio[8ff0b8d64e1ca9b6]::runtime::scheduler::current_thread::Core>, core[a373ad73a504971]::option::Option<()>)>
[INFO] [stdout]   14:     0x61f30d6d835d - <tokio[8ff0b8d64e1ca9b6]::runtime::scheduler::current_thread::CoreGuard>::block_on::<core[a373ad73a504971]::pin::Pin<&mut core[a373ad73a504971]::pin::Pin<&mut dyn core[a373ad73a504971]::future::future::Future<Output = ()>>>>
[INFO] [stdout]   15:     0x61f30d6ebc7d - tokio[8ff0b8d64e1ca9b6]::runtime::context::runtime::enter_runtime::<<tokio[8ff0b8d64e1ca9b6]::runtime::scheduler::current_thread::CurrentThread>::block_on<core[a373ad73a504971]::pin::Pin<&mut dyn core[a373ad73a504971]::future::future::Future<Output = ()>>>::{closure#0}, ()>
[INFO] [stderr] error: test failed, to rerun pass `--lib`
[INFO] [stdout]   16:     0x61f30d6ddd95 - <tokio[8ff0b8d64e1ca9b6]::runtime::runtime::Runtime>::block_on::<core[a373ad73a504971]::pin::Pin<&mut dyn core[a373ad73a504971]::future::future::Future<Output = ()>>>
[INFO] [stdout]   17:     0x61f30d6cb86e - <egregore[469443969488be98]::discovery::tests::test_resolve_known_handle::{closure#0} as core[a373ad73a504971]::ops::function::FnOnce<()>>::call_once
[INFO] [stdout]   18:     0x61f30d6ebf7b - test[aada8e7e76ba119b]::__rust_begin_short_backtrace::<core[a373ad73a504971]::result::Result<(), alloc[2e1b2a31b91974c5]::string::String>, fn() -> core[a373ad73a504971]::result::Result<(), alloc[2e1b2a31b91974c5]::string::String>>
[INFO] [stdout]   19:     0x61f30d6f9155 - test[aada8e7e76ba119b]::run_test::{closure#0}
[INFO] [stdout]   20:     0x61f30d6f2a44 - std[617be2ca0a6fd877]::sys::backtrace::__rust_begin_short_backtrace::<test[aada8e7e76ba119b]::run_test::{closure#1}, ()>
[INFO] [stdout]   21:     0x61f30d6fc1e2 - <std[617be2ca0a6fd877]::thread::lifecycle::spawn_unchecked<test[aada8e7e76ba119b]::run_test::{closure#1}, ()>::{closure#1} as core[a373ad73a504971]::ops::function::FnOnce<()>>::call_once::{shim:vtable#0}
[INFO] [stdout]   22:     0x61f30d8b7d4f - <std[617be2ca0a6fd877]::sys::thread::unix::Thread>::new::thread_start
[INFO] [stdout]   23:     0x72bff1837dfa - <unknown>
[INFO] [stdout]   24:     0x72bff18cb3d4 - clone
[INFO] [stdout]   25:                0x0 - <unknown>
[INFO] [stdout] 
[INFO] [stdout] ---- discovery::tests::test_resolve_did_to_pds stdout ----
[INFO] [stdout] 
[INFO] [stdout] thread 'discovery::tests::test_resolve_did_to_pds' (1444) panicked at src/discovery.rs:167:14:
[INFO] [stdout] called `Result::unwrap()` on an `Err` value: Network(reqwest::Error { kind: Request, url: "https://plc.directory/did:plc:z72i7hdynmk6r22z27h6tvur", source: hyper_util::client::legacy::Error(Connect, ConnectError("dns error", Custom { kind: Uncategorized, error: "failed to lookup address information: Temporary failure in name resolution" })) })
[INFO] [stdout] stack backtrace:
[INFO] [stdout]    0:     0x61f30d8b88a1 - <<std[617be2ca0a6fd877]::sys::backtrace::BacktraceLock>::print::DisplayBacktrace as core[a373ad73a504971]::fmt::Display>::fmt
[INFO] [stdout]    1:     0x61f30d8ce4fa - core[a373ad73a504971]::fmt::write
[INFO] [stdout]    2:     0x61f30d8bd20c - <alloc[2e1b2a31b91974c5]::vec::Vec<u8> as core[a373ad73a504971]::io::write::Write>::write_fmt
[INFO] [stdout]    3:     0x61f30d8938e6 - std[617be2ca0a6fd877]::panicking::default_hook::{closure#0}
[INFO] [stdout]    4:     0x61f30d8b0779 - std[617be2ca0a6fd877]::panicking::default_hook
[INFO] [stdout]    5:     0x61f30d6f8b30 - test[aada8e7e76ba119b]::test_main_inner::{closure#0}
[INFO] [stdout]    6:     0x61f30d8b0aa2 - std[617be2ca0a6fd877]::panicking::panic_with_hook
[INFO] [stdout]    7:     0x61f30d893992 - std[617be2ca0a6fd877]::panicking::panic_handler::{closure#0}
[INFO] [stdout]    8:     0x61f30d88c5c9 - std[617be2ca0a6fd877]::sys::backtrace::__rust_end_short_backtrace::<std[617be2ca0a6fd877]::panicking::panic_handler::{closure#0}, !>
[INFO] [stdout]    9:     0x61f30d89478d - __rustc[ea4f61d10b84890b]::rust_begin_unwind
[INFO] [stdout]   10:     0x61f30d8cec5c - core[a373ad73a504971]::panicking::panic_fmt
[INFO] [stdout]   11:     0x61f30d8cea32 - core[a373ad73a504971]::result::unwrap_failed
[INFO] [stdout]   12:     0x61f30d6cae3f - egregore[469443969488be98]::discovery::tests::test_resolve_did_to_pds::{closure#0}
[INFO] [stdout]   13:     0x61f30d6d7f08 - <tokio[8ff0b8d64e1ca9b6]::runtime::context::scoped::Scoped<tokio[8ff0b8d64e1ca9b6]::runtime::scheduler::Context>>::set::<<tokio[8ff0b8d64e1ca9b6]::runtime::scheduler::current_thread::CoreGuard>::enter<<tokio[8ff0b8d64e1ca9b6]::runtime::scheduler::current_thread::CoreGuard>::block_on<core[a373ad73a504971]::pin::Pin<&mut core[a373ad73a504971]::pin::Pin<&mut dyn core[a373ad73a504971]::future::future::Future<Output = ()>>>>::{closure#0}, core[a373ad73a504971]::option::Option<()>>::{closure#0}, (alloc[2e1b2a31b91974c5]::boxed::Box<tokio[8ff0b8d64e1ca9b6]::runtime::scheduler::current_thread::Core>, core[a373ad73a504971]::option::Option<()>)>
[INFO] [stdout]   14:     0x61f30d6d835d - <tokio[8ff0b8d64e1ca9b6]::runtime::scheduler::current_thread::CoreGuard>::block_on::<core[a373ad73a504971]::pin::Pin<&mut core[a373ad73a504971]::pin::Pin<&mut dyn core[a373ad73a504971]::future::future::Future<Output = ()>>>>
[INFO] [stdout]   15:     0x61f30d6ebc7d - tokio[8ff0b8d64e1ca9b6]::runtime::context::runtime::enter_runtime::<<tokio[8ff0b8d64e1ca9b6]::runtime::scheduler::current_thread::CurrentThread>::block_on<core[a373ad73a504971]::pin::Pin<&mut dyn core[a373ad73a504971]::future::future::Future<Output = ()>>>::{closure#0}, ()>
[INFO] [stdout]   16:     0x61f30d6ddd95 - <tokio[8ff0b8d64e1ca9b6]::runtime::runtime::Runtime>::block_on::<core[a373ad73a504971]::pin::Pin<&mut dyn core[a373ad73a504971]::future::future::Future<Output = ()>>>
[INFO] [stdout]   17:     0x61f30d6cb6ce - <egregore[469443969488be98]::discovery::tests::test_resolve_did_to_pds::{closure#0} as core[a373ad73a504971]::ops::function::FnOnce<()>>::call_once
[INFO] [stdout]   18:     0x61f30d6ebf7b - test[aada8e7e76ba119b]::__rust_begin_short_backtrace::<core[a373ad73a504971]::result::Result<(), alloc[2e1b2a31b91974c5]::string::String>, fn() -> core[a373ad73a504971]::result::Result<(), alloc[2e1b2a31b91974c5]::string::String>>
[INFO] [stdout]   19:     0x61f30d6f9155 - test[aada8e7e76ba119b]::run_test::{closure#0}
[INFO] [stdout]   20:     0x61f30d6f2a44 - std[617be2ca0a6fd877]::sys::backtrace::__rust_begin_short_backtrace::<test[aada8e7e76ba119b]::run_test::{closure#1}, ()>
[INFO] [stdout]   21:     0x61f30d6fc1e2 - <std[617be2ca0a6fd877]::thread::lifecycle::spawn_unchecked<test[aada8e7e76ba119b]::run_test::{closure#1}, ()>::{closure#1} as core[a373ad73a504971]::ops::function::FnOnce<()>>::call_once::{shim:vtable#0}
[INFO] [stdout]   22:     0x61f30d8b7d4f - <std[617be2ca0a6fd877]::sys::thread::unix::Thread>::new::thread_start
[INFO] [stdout]   23:     0x72bff1837dfa - <unknown>
[INFO] [stdout]   24:     0x72bff18cb3d4 - clone
[INFO] [stdout]   25:                0x0 - <unknown>
[INFO] [stdout] 
[INFO] [stdout] 
[INFO] [stdout] failures:
[INFO] [stdout]     discovery::tests::test_full_discovery
[INFO] [stdout]     discovery::tests::test_resolve_did_to_pds
[INFO] [stdout]     discovery::tests::test_resolve_known_handle
[INFO] [stdout] 
[INFO] [stdout] test result: FAILED. 6 passed; 3 failed; 0 ignored; 0 measured; 0 filtered out; finished in 0.12s
[INFO] [stdout] 
[INFO] running `Command { std: "docker" "inspect" "b73e867c9625072801803418a85ecbada3eb6e7e16b90a96bc67993fd84ef00e", kill_on_drop: false }`
[INFO] running `Command { std: "docker" "rm" "-f" "b73e867c9625072801803418a85ecbada3eb6e7e16b90a96bc67993fd84ef00e", kill_on_drop: false }`
[INFO] [stdout] b73e867c9625072801803418a85ecbada3eb6e7e16b90a96bc67993fd84ef00e
