[INFO] fetching crate egide-storage-postgres 0.1.0...
[INFO] testing egide-storage-postgres-0.1.0 against 1.99.0-beta.8+cargoflags=--release for beta-release-1.100-2
[INFO] extracting crate egide-storage-postgres 0.1.0 into /workspace/builds/worker-5-tc1/source
[INFO] started tweaking crates.io crate egide-storage-postgres 0.1.0
[INFO] finished tweaking crates.io crate egide-storage-postgres 0.1.0
[INFO] tweaked toml for crates.io crate egide-storage-postgres 0.1.0 written to /workspace/builds/worker-5-tc1/source/Cargo.toml
[INFO] validating manifest of crates.io crate egide-storage-postgres 0.1.0 on toolchain 1.99.0-beta.8
[INFO] running `Command { std: CARGO_HOME="/workspace/cargo-home" RUSTUP_HOME="/workspace/rustup-home" "/workspace/cargo-home/bin/cargo" "+1.99.0-beta.8" "metadata" "--manifest-path" "Cargo.toml" "--no-deps", kill_on_drop: false }`
[INFO] crate crates.io crate egide-storage-postgres 0.1.0 already has a lockfile, it will not be regenerated
[INFO] running `Command { std: CARGO_HOME="/workspace/cargo-home" RUSTUP_HOME="/workspace/rustup-home" "/workspace/cargo-home/bin/cargo" "+1.99.0-beta.8" "fetch" "--manifest-path" "Cargo.toml", kill_on_drop: false }`
[INFO] [stderr]     Updating crates.io index
[INFO] [stderr]  Downloading crates ...
[INFO] [stderr]   Downloaded testcontainers v0.27.3
[INFO] [stderr]   Downloaded structmeta-derive v0.3.0
[INFO] [stderr]   Downloaded docker_credential v1.4.0
[INFO] [stderr]   Downloaded hyper-named-pipe v0.1.0
[INFO] [stderr]   Downloaded etcetera v0.11.0
[INFO] [stderr]   Downloaded tonic-prost v0.14.6
[INFO] [stderr]   Downloaded time-macros v0.2.31
[INFO] [stderr]   Downloaded parse-display v0.9.1
[INFO] [stderr]   Downloaded structmeta v0.3.0
[INFO] [stderr]   Downloaded hyperlocal v0.9.1
[INFO] [stderr]   Downloaded egide-storage v0.1.0
[INFO] [stderr]   Downloaded parse-display-derive v0.9.1
[INFO] [stderr]   Downloaded crossbeam-queue v0.3.13
[INFO] [stderr]   Downloaded md-5 v0.11.0
[INFO] [stderr]   Downloaded sqlx-macros v0.9.0
[INFO] [stderr]   Downloaded serde_with_macros v3.21.0
[INFO] [stderr]   Downloaded whoami v2.1.2
[INFO] [stderr]   Downloaded hybrid-array v0.4.13
[INFO] [stderr]   Downloaded ferroid v2.0.0
[INFO] [stderr]   Downloaded sqlx-macros-core v0.9.0
[INFO] [stderr]   Downloaded flume v0.12.0
[INFO] [stderr]   Downloaded bollard-buildkit-proto v0.7.0
[INFO] [stderr]   Downloaded sqlx-sqlite v0.9.0
[INFO] [stderr]   Downloaded astral-tokio-tar v0.6.3
[INFO] [stderr]   Downloaded bollard-stubs v1.52.1-rc.29.1.3
[INFO] [stderr]   Downloaded bollard v0.20.2
[INFO] [stderr]   Downloaded hyper v1.10.1
[INFO] [stderr]   Downloaded h2 v0.4.15
[INFO] [stderr]   Downloaded testcontainers-modules v0.15.0
[INFO] [stderr]   Downloaded sqlx-core v0.9.0
[INFO] [stderr]   Downloaded sqlx-postgres v0.9.0
[INFO] [stderr]   Downloaded hkdf v0.13.0
[INFO] [stderr]   Downloaded serde_with v3.21.0
[INFO] [stderr]   Downloaded sqlx v0.9.0
[INFO] [stderr]   Downloaded time v0.3.53
[INFO] [stderr]   Downloaded libsqlite3-sys v0.37.0
[INFO] running `Command { std: "docker" "create" "-v" "/var/lib/crater-agent-workspace/builds/worker-5-tc1/source:/opt/rustwide/workdir:ro,Z" "-v" "/var/lib/crater-agent-workspace/builds/worker-5-tc1/target:/opt/rustwide/target:rw,Z" "-v" "/var/lib/crater-agent-workspace/cargo-home:/opt/rustwide/cargo-home:ro,Z" "-v" "/var/lib/crater-agent-workspace/rustup-home:/opt/rustwide/rustup-home:ro,Z" "-m" "1610612736" "--network" "none" "ghcr.io/rust-lang/crates-build-env/linux@sha256:77db811e55d90add9212f6832c23229e3de5f1c1f9905e8cb07319ea15df73ac" "sleep" "infinity", kill_on_drop: false }`
[INFO] [stdout] 2cd2d994589b883450e50cecd9756668b1aa9024e881f4e4227f18b3ff2c9305
[INFO] running `Command { std: "docker" "start" "2cd2d994589b883450e50cecd9756668b1aa9024e881f4e4227f18b3ff2c9305", kill_on_drop: false }`
[INFO] running `Command { std: "docker" "inspect" "2cd2d994589b883450e50cecd9756668b1aa9024e881f4e4227f18b3ff2c9305", kill_on_drop: false }`
[INFO] running `Command { std: "docker" "exec" "-e" "SOURCE_DIR=/opt/rustwide/workdir" "-e" "CARGO_HOME=/opt/rustwide/cargo-home" "-e" "RUSTUP_HOME=/opt/rustwide/rustup-home" "-e" "CARGO_TARGET_DIR=/opt/rustwide/target" "-w" "/opt/rustwide/workdir" "--user" "0:0" "2cd2d994589b883450e50cecd9756668b1aa9024e881f4e4227f18b3ff2c9305" "/opt/rustwide/cargo-home/bin/cargo" "+1.99.0-beta.8" "metadata" "--no-deps" "--format-version=1", kill_on_drop: false }`
[INFO] running `Command { std: "docker" "inspect" "2cd2d994589b883450e50cecd9756668b1aa9024e881f4e4227f18b3ff2c9305", kill_on_drop: false }`
[INFO] running `Command { std: "docker" "exec" "-e" "SOURCE_DIR=/opt/rustwide/workdir" "-e" "CARGO_HOME=/opt/rustwide/cargo-home" "-e" "RUSTUP_HOME=/opt/rustwide/rustup-home" "-e" "CARGO_TARGET_DIR=/opt/rustwide/target" "-e" "CARGO_INCREMENTAL=0" "-e" "RUST_BACKTRACE=full" "-e" "RUSTFLAGS=--cap-lints=warn" "-e" "RUSTDOCFLAGS=--cap-lints=warn" "-w" "/opt/rustwide/workdir" "--user" "0:0" "2cd2d994589b883450e50cecd9756668b1aa9024e881f4e4227f18b3ff2c9305" "/opt/rustwide/cargo-home/bin/cargo" "+1.99.0-beta.8" "build" "--frozen" "--message-format=json" "--release", kill_on_drop: false }`
[INFO] [stderr]    Compiling smallvec v1.15.2
[INFO] [stderr]    Compiling hybrid-array v0.4.13
[INFO] [stderr]    Compiling crossbeam-utils v0.8.22
[INFO] [stderr]    Compiling futures-sink v0.3.32
[INFO] [stderr]    Compiling cmov v0.5.4
[INFO] [stderr]    Compiling icu_properties v2.2.0
[INFO] [stderr]    Compiling num-traits v0.2.19
[INFO] [stderr]    Compiling mio v1.2.1
[INFO] [stderr]    Compiling socket2 v0.6.4
[INFO] [stderr]    Compiling tokio-macros v2.7.0
[INFO] [stderr]    Compiling ctutils v0.4.2
[INFO] [stderr]    Compiling parking_lot_core v0.9.12
[INFO] [stderr]    Compiling block-buffer v0.12.1
[INFO] [stderr]    Compiling crypto-common v0.2.2
[INFO] [stderr]    Compiling parking_lot v0.12.5
[INFO] [stderr]    Compiling icu_normalizer v2.2.0
[INFO] [stderr]    Compiling bytes v1.12.0
[INFO] [stderr]    Compiling memchr v2.8.2
[INFO] [stderr]    Compiling concurrent-queue v2.5.0
[INFO] [stderr]    Compiling rand_core v0.10.1
[INFO] [stderr]    Compiling crc-catalog v2.5.0
[INFO] [stderr]    Compiling hashbrown v0.17.1
[INFO] [stderr]    Compiling getrandom v0.4.3
[INFO] [stderr]    Compiling tokio v1.52.3
[INFO] [stderr]    Compiling digest v0.11.3
[INFO] [stderr]    Compiling idna_adapter v1.2.2
[INFO] [stderr]    Compiling idna v1.1.0
[INFO] [stderr]    Compiling futures-util v0.3.32
[INFO] [stderr]    Compiling indexmap v2.14.0
[INFO] [stderr]    Compiling tinyvec v1.11.0
[INFO] [stderr]    Compiling url v2.5.8
[INFO] [stderr]    Compiling tracing v0.1.44
[INFO] [stderr]    Compiling crc v3.4.0
[INFO] [stderr]    Compiling libsqlite3-sys v0.37.0
[INFO] [stderr]    Compiling event-listener v5.4.1
[INFO] [stderr]    Compiling futures-intrusive v0.5.0
[INFO] [stderr]    Compiling hashlink v0.11.1
[INFO] [stderr]    Compiling crossbeam-queue v0.3.13
[INFO] [stderr]    Compiling base64 v0.22.1
[INFO] [stderr]    Compiling either v1.16.0
[INFO] [stderr]    Compiling unicode-normalization v0.1.25
[INFO] [stderr]    Compiling atoi v2.0.0
[INFO] [stderr]    Compiling hmac v0.13.0
[INFO] [stderr]    Compiling chacha20 v0.10.1
[INFO] [stderr]    Compiling futures-channel v0.3.32
[INFO] [stderr]    Compiling spin v0.9.8
[INFO] [stderr]    Compiling unicode-properties v0.1.4
[INFO] [stderr]    Compiling unicode-bidi v0.3.18
[INFO] [stderr]    Compiling flume v0.12.0
[INFO] [stderr]    Compiling rand v0.10.2
[INFO] [stderr]    Compiling hkdf v0.13.0
[INFO] [stderr]    Compiling md-5 v0.11.0
[INFO] [stderr]    Compiling sha2 v0.11.0
[INFO] [stderr]    Compiling stringprep v0.1.5
[INFO] [stderr]    Compiling dotenvy v0.15.7
[INFO] [stderr]    Compiling whoami v2.1.2
[INFO] [stderr]    Compiling futures-executor v0.3.32
[INFO] [stderr]    Compiling byteorder v1.5.0
[INFO] [stderr]    Compiling egide-storage v0.1.0
[INFO] [stderr]    Compiling tokio-stream v0.1.18
[INFO] [stderr]    Compiling sqlx-core v0.9.0
[INFO] [stderr]    Compiling sqlx-postgres v0.9.0
[INFO] [stderr]    Compiling sqlx-sqlite v0.9.0
[INFO] [stderr]    Compiling sqlx v0.9.0
[INFO] [stderr]    Compiling egide-storage-postgres v0.1.0 (/opt/rustwide/workdir)
[INFO] [stderr]     Finished `release` profile [optimized] target(s) in 3m 17s
[INFO] running `Command { std: "docker" "inspect" "2cd2d994589b883450e50cecd9756668b1aa9024e881f4e4227f18b3ff2c9305", kill_on_drop: false }`
[INFO] running `Command { std: "docker" "exec" "-e" "SOURCE_DIR=/opt/rustwide/workdir" "-e" "CARGO_HOME=/opt/rustwide/cargo-home" "-e" "RUSTUP_HOME=/opt/rustwide/rustup-home" "-e" "CARGO_TARGET_DIR=/opt/rustwide/target" "-e" "CARGO_INCREMENTAL=0" "-e" "RUST_BACKTRACE=full" "-e" "RUSTFLAGS=--cap-lints=warn" "-e" "RUSTDOCFLAGS=--cap-lints=warn" "-w" "/opt/rustwide/workdir" "--user" "0:0" "2cd2d994589b883450e50cecd9756668b1aa9024e881f4e4227f18b3ff2c9305" "/opt/rustwide/cargo-home/bin/cargo" "+1.99.0-beta.8" "test" "--frozen" "--no-run" "--message-format=json" "--release", kill_on_drop: false }`
[INFO] [stderr]    Compiling futures-sink v0.3.32
[INFO] [stderr]    Compiling serde_core v1.0.228
[INFO] [stderr]    Compiling tokio v1.52.3
[INFO] [stderr]    Compiling futures-macro v0.3.32
[INFO] [stderr]    Compiling http v1.4.2
[INFO] [stderr]    Compiling num-traits v0.2.19
[INFO] [stderr]    Compiling ring v0.17.14
[INFO] [stderr]    Compiling httpdate v1.0.3
[INFO] [stderr]    Compiling futures-channel v0.3.32
[INFO] [stderr]    Compiling rustls-pki-types v1.15.0
[INFO] [stderr]    Compiling icu_normalizer v2.2.0
[INFO] [stderr]    Compiling futures-util v0.3.32
[INFO] [stderr]    Compiling http-body v1.0.1
[INFO] [stderr]    Compiling getrandom v0.2.17
[INFO] [stderr]    Compiling anyhow v1.0.103
[INFO] [stderr]    Compiling http-body-util v0.1.3
[INFO] [stderr]    Compiling idna_adapter v1.2.2
[INFO] [stderr]    Compiling rustls v0.23.41
[INFO] [stderr]    Compiling either v1.16.0
[INFO] [stderr]    Compiling sync_wrapper v1.0.2
[INFO] [stderr]    Compiling idna v1.1.0
[INFO] [stderr]    Compiling itertools v0.14.0
[INFO] [stderr]    Compiling axum-core v0.5.6
[INFO] [stderr]    Compiling pin-project-internal v1.1.13
[INFO] [stderr]    Compiling serde v1.0.228
[INFO] [stderr]    Compiling matchit v0.8.4
[INFO] [stderr]    Compiling prost-derive v0.14.4
[INFO] [stderr]    Compiling url v2.5.8
[INFO] [stderr]    Compiling pin-project v1.1.13
[INFO] [stderr]    Compiling num-integer v0.1.46
[INFO] [stderr]    Compiling memchr v2.8.2
[INFO] [stderr]    Compiling darling_core v0.23.0
[INFO] [stderr]    Compiling getrandom v0.3.4
[INFO] [stderr]    Compiling futures-executor v0.3.32
[INFO] [stderr]    Compiling aho-corasick v1.1.4
[INFO] [stderr]    Compiling ureq-proto v0.6.0
[INFO] [stderr]    Compiling prost v0.14.4
[INFO] [stderr]    Compiling utf8-zero v0.8.1
[INFO] [stderr]    Compiling rustix v1.1.4
[INFO] [stderr]    Compiling portable-atomic v1.13.1
[INFO] [stderr]    Compiling bollard-buildkit-proto v0.7.0
[INFO] [stderr]    Compiling prost-types v0.14.4
[INFO] [stderr]    Compiling rand_core v0.9.5
[INFO] [stderr]    Compiling serde_json v1.0.150
[INFO] [stderr]    Compiling tokio-util v0.7.18
[INFO] [stderr]    Compiling tokio-stream v0.1.18
[INFO] [stderr]    Compiling h2 v0.4.15
[INFO] [stderr]    Compiling tower v0.5.3
[INFO] [stderr]    Compiling darling_macro v0.23.0
[INFO] [stderr]    Compiling regex-automata v0.4.14
[INFO] [stderr]    Compiling ppv-lite86 v0.2.21
[INFO] [stderr]    Compiling num-bigint v0.4.8
[INFO] [stderr]    Compiling axum v0.8.9
[INFO] [stderr]    Compiling deranged v0.5.8
[INFO] [stderr]    Compiling futures-intrusive v0.5.0
[INFO] [stderr]    Compiling structmeta-derive v0.3.0
[INFO] [stderr]    Compiling rustix v0.38.44
[INFO] [stderr]    Compiling time-core v0.1.9
[INFO] [stderr]    Compiling num-conv v0.2.2
[INFO] [stderr]    Compiling time v0.3.53
[INFO] [stderr]    Compiling hyper v1.10.1
[INFO] [stderr]    Compiling rustls-webpki v0.103.13
[INFO] [stderr]    Compiling structmeta v0.3.0
[INFO] [stderr]    Compiling regex v1.12.4
[INFO] [stderr]    Compiling hyper-util v0.1.20
[INFO] [stderr]    Compiling num-rational v0.4.2
[INFO] [stderr]    Compiling sqlx-core v0.9.0
[INFO] [stderr]    Compiling hyper-timeout v0.5.2
[INFO] [stderr]    Compiling tonic v0.14.6
[INFO] [stderr]    Compiling rand_chacha v0.9.0
[INFO] [stderr]    Compiling darling v0.23.0
[INFO] [stderr]    Compiling num-iter v0.1.45
[INFO] [stderr]    Compiling num-complex v0.4.6
[INFO] [stderr]    Compiling atoi v2.0.0
[INFO] [stderr]    Compiling async-stream-impl v0.3.6
[INFO] [stderr]    Compiling rustls-native-certs v0.8.4
[INFO] [stderr]    Compiling async-stream v0.3.6
[INFO] [stderr]    Compiling serde_urlencoded v0.7.1
[INFO] [stderr]    Compiling num v0.4.3
[INFO] [stderr]    Compiling flume v0.12.0
[INFO] [stderr]    Compiling rand v0.9.4
[INFO] [stderr]    Compiling serde_with_macros v3.21.0
[INFO] [stderr]    Compiling hyperlocal v0.9.1
[INFO] [stderr]    Compiling parse-display-derive v0.9.1
[INFO] [stderr]    Compiling xattr v1.6.1
[INFO] [stderr]    Compiling ureq v3.3.0
[INFO] [stderr]    Compiling tonic-prost v0.14.6
[INFO] [stderr]    Compiling tokio-rustls v0.26.4
[INFO] [stderr]    Compiling hyper-rustls v0.27.9
[INFO] [stderr]    Compiling home v0.5.12
[INFO] [stderr]    Compiling rustc-hash v2.1.3
[INFO] [stderr]    Compiling sqlx-postgres v0.9.0
[INFO] [stderr]    Compiling astral-tokio-tar v0.6.3
[INFO] [stderr]    Compiling parse-display v0.9.1
[INFO] [stderr]    Compiling serde_with v3.21.0
[INFO] [stderr]    Compiling sqlx-sqlite v0.9.0
[INFO] [stderr]    Compiling ferroid v2.0.0
[INFO] [stderr]    Compiling bollard-stubs v1.52.1-rc.29.1.3
[INFO] [stderr]    Compiling docker_credential v1.4.0
[INFO] [stderr]    Compiling futures v0.3.32
[INFO] [stderr]    Compiling etcetera v0.11.0
[INFO] [stderr]    Compiling sqlx v0.9.0
[INFO] [stderr]    Compiling egide-storage-postgres v0.1.0 (/opt/rustwide/workdir)
[INFO] [stderr]    Compiling bollard v0.20.2
[INFO] [stderr]    Compiling testcontainers v0.27.3
[INFO] [stderr]    Compiling testcontainers-modules v0.15.0
[INFO] [stderr]     Finished `release` profile [optimized] target(s) in 7m 19s
[INFO] running `Command { std: "docker" "inspect" "2cd2d994589b883450e50cecd9756668b1aa9024e881f4e4227f18b3ff2c9305", kill_on_drop: false }`
[INFO] running `Command { std: "docker" "exec" "-e" "SOURCE_DIR=/opt/rustwide/workdir" "-e" "CARGO_HOME=/opt/rustwide/cargo-home" "-e" "RUSTUP_HOME=/opt/rustwide/rustup-home" "-e" "CARGO_TARGET_DIR=/opt/rustwide/target" "-e" "CARGO_INCREMENTAL=0" "-e" "RUST_BACKTRACE=full" "-e" "RUSTFLAGS=--cap-lints=warn" "-e" "RUSTDOCFLAGS=--cap-lints=warn" "-w" "/opt/rustwide/workdir" "--user" "0:0" "2cd2d994589b883450e50cecd9756668b1aa9024e881f4e4227f18b3ff2c9305" "/opt/rustwide/cargo-home/bin/cargo" "+1.99.0-beta.8" "test" "--frozen" "--release", kill_on_drop: false }`
[INFO] [stderr]     Finished `release` profile [optimized] target(s) in 0.38s
[INFO] [stderr]      Running unittests src/lib.rs (/opt/rustwide/target/release/deps/egide_storage_postgres-1bb0eb1919e61bae)
[INFO] [stdout] 
[INFO] [stdout] running 13 tests
[INFO] [stdout] test tests::test_delete_nonexistent_is_ok ... FAILED
[INFO] [stdout] test tests::test_tenant_validation_empty ... ok
[INFO] [stdout] test tests::test_list_all ... FAILED
[INFO] [stdout] test tests::test_tenant_validation_invalid_chars ... ok
[INFO] [stdout] test tests::test_tenant_validation_too_long ... ok
[INFO] [stdout] test tests::test_history_records_operations ... FAILED
[INFO] [stdout] test tests::test_tenant_isolation ... FAILED
[INFO] [stdout] test tests::test_binary_data ... FAILED
[INFO] [stdout] test tests::test_list_prefix ... FAILED
[INFO] [stdout] test tests::test_delete_roundtrip ... FAILED
[INFO] [stdout] test tests::test_crud_roundtrip ... FAILED
[INFO] [stdout] test tests::test_version_increments ... FAILED
[INFO] [stdout] test tests::test_with_actor ... FAILED
[INFO] [stdout] 
[INFO] [stdout] failures:
[INFO] [stdout] 
[INFO] [stdout] ---- tests::test_delete_nonexistent_is_ok stdout ----
[INFO] [stdout] 
[INFO] [stdout] thread 'tests::test_delete_nonexistent_is_ok' (3145) panicked at src/lib.rs:328:54:
[INFO] [stdout] called `Result::unwrap()` on an `Err` value: Client(Init(SocketNotFoundError("/var/run/docker.sock")))
[INFO] [stdout] stack backtrace:
[INFO] [stdout]    0:     0x5e57c8ac68a1 - <<std[70759c8f55707aa4]::sys::backtrace::BacktraceLock>::print::DisplayBacktrace as core[df12db4294e9bfd3]::fmt::Display>::fmt
[INFO] [stdout]    1:     0x5e57c8adddba - core[df12db4294e9bfd3]::fmt::write
[INFO] [stdout]    2:     0x5e57c8acb88c - <alloc[2182bb758b4b3781]::vec::Vec<u8> as core[df12db4294e9bfd3]::io::write::Write>::write_fmt
[INFO] [stdout]    3:     0x5e57c8aa04e6 - std[70759c8f55707aa4]::panicking::default_hook::{closure#0}
[INFO] [stdout]    4:     0x5e57c8abdd09 - std[70759c8f55707aa4]::panicking::default_hook
[INFO] [stdout]    5:     0x5e57c868ed00 - test[9d35eded1c95d3be]::test_main_inner::<test[9d35eded1c95d3be]::test_main_static::{closure#0}>::{closure#0}
[INFO] [stdout]    6:     0x5e57c8abe032 - std[70759c8f55707aa4]::panicking::panic_with_hook
[INFO] [stdout]    7:     0x5e57c8aa0592 - std[70759c8f55707aa4]::panicking::panic_handler::{closure#0}
[INFO] [stdout]    8:     0x5e57c8a99009 - std[70759c8f55707aa4]::sys::backtrace::__rust_end_short_backtrace::<std[70759c8f55707aa4]::panicking::panic_handler::{closure#0}, !>
[INFO] [stdout]    9:     0x5e57c8aa137d - __rustc[8fa7c3cbc660c2b3]::rust_begin_unwind
[INFO] [stdout]   10:     0x5e57c8ade59c - core[df12db4294e9bfd3]::panicking::panic_fmt
[INFO] [stdout]   11:     0x5e57c8ade372 - core[df12db4294e9bfd3]::result::unwrap_failed
[INFO] [stdout]   12:     0x5e57c865725b - egide_storage_postgres[3a741164e196c45f]::tests::start_postgres::{closure#0}
[INFO] [stdout]   13:     0x5e57c86574f3 - egide_storage_postgres[3a741164e196c45f]::tests::setup::{closure#0}
[INFO] [stdout]   14:     0x5e57c865db7f - egide_storage_postgres[3a741164e196c45f]::tests::test_delete_nonexistent_is_ok::{closure#0}
[INFO] [stdout]   15:     0x5e57c854db47 - <tokio[97e43bf25451e882]::runtime::scheduler::current_thread::CurrentThread>::block_on::<core[df12db4294e9bfd3]::pin::Pin<&mut dyn core[df12db4294e9bfd3]::future::future::Future<Output = ()>>>
[INFO] [stdout]   16:     0x5e57c856a622 - <tokio[97e43bf25451e882]::runtime::runtime::Runtime>::block_on::<core[df12db4294e9bfd3]::pin::Pin<&mut dyn core[df12db4294e9bfd3]::future::future::Future<Output = ()>>>
[INFO] [stdout]   17:     0x5e57c8664549 - egide_storage_postgres[3a741164e196c45f]::tests::test_delete_nonexistent_is_ok
[INFO] [stdout]   18:     0x5e57c856a349 - <egide_storage_postgres[3a741164e196c45f]::tests::test_delete_nonexistent_is_ok::{closure#0} as core[df12db4294e9bfd3]::ops::function::FnOnce<()>>::call_once
[INFO] [stdout]   19:     0x5e57c8681feb - test[9d35eded1c95d3be]::__rust_begin_short_backtrace::<core[df12db4294e9bfd3]::result::Result<(), alloc[2182bb758b4b3781]::string::String>, fn() -> core[df12db4294e9bfd3]::result::Result<(), alloc[2182bb758b4b3781]::string::String>>
[INFO] [stdout]   20:     0x5e57c868f655 - test[9d35eded1c95d3be]::run_test::{closure#0}
[INFO] [stdout]   21:     0x5e57c8688f14 - std[70759c8f55707aa4]::sys::backtrace::__rust_begin_short_backtrace::<test[9d35eded1c95d3be]::run_test::{closure#1}, ()>
[INFO] [stdout]   22:     0x5e57c86927b2 - <std[70759c8f55707aa4]::thread::lifecycle::spawn_unchecked<test[9d35eded1c95d3be]::run_test::{closure#1}, ()>::{closure#1} as core[df12db4294e9bfd3]::ops::function::FnOnce<()>>::call_once::{shim:vtable#0}
[INFO] [stdout]   23:     0x5e57c8ac5739 - <std[70759c8f55707aa4]::sys::thread::unix::Thread>::new::thread_start
[INFO] [stdout]   24:     0x707d38208dfa - <unknown>
[INFO] [stdout]   25:     0x707d3829c3d4 - clone
[INFO] [stdout]   26:                0x0 - <unknown>
[INFO] [stdout] 
[INFO] [stdout] ---- tests::test_list_all stdout ----
[INFO] [stdout] 
[INFO] [stdout] thread 'tests::test_list_all' (3148) panicked at src/lib.rs:328:54:
[INFO] [stdout] called `Result::unwrap()` on an `Err` value: Client(Init(SocketNotFoundError("/var/run/docker.sock")))
[INFO] [stdout] stack backtrace:
[INFO] [stdout]    0:     0x5e57c8ac68a1 - <<std[70759c8f55707aa4]::sys::backtrace::BacktraceLock>::print::DisplayBacktrace as core[df12db4294e9bfd3]::fmt::Display>::fmt
[INFO] [stdout]    1:     0x5e57c8adddba - core[df12db4294e9bfd3]::fmt::write
[INFO] [stdout]    2:     0x5e57c8acb88c - <alloc[2182bb758b4b3781]::vec::Vec<u8> as core[df12db4294e9bfd3]::io::write::Write>::write_fmt
[INFO] [stdout]    3:     0x5e57c8aa04e6 - std[70759c8f55707aa4]::panicking::default_hook::{closure#0}
[INFO] [stdout]    4:     0x5e57c8abdd09 - std[70759c8f55707aa4]::panicking::default_hook
[INFO] [stdout]    5:     0x5e57c868ed00 - test[9d35eded1c95d3be]::test_main_inner::<test[9d35eded1c95d3be]::test_main_static::{closure#0}>::{closure#0}
[INFO] [stdout]    6:     0x5e57c8abe032 - std[70759c8f55707aa4]::panicking::panic_with_hook
[INFO] [stdout]    7:     0x5e57c8aa0592 - std[70759c8f55707aa4]::panicking::panic_handler::{closure#0}
[INFO] [stdout]    8:     0x5e57c8a99009 - std[70759c8f55707aa4]::sys::backtrace::__rust_end_short_backtrace::<std[70759c8f55707aa4]::panicking::panic_handler::{closure#0}, !>
[INFO] [stdout]    9:     0x5e57c8aa137d - __rustc[8fa7c3cbc660c2b3]::rust_begin_unwind
[INFO] [stdout]   10:     0x5e57c8ade59c - core[df12db4294e9bfd3]::panicking::panic_fmt
[INFO] [stdout]   11:     0x5e57c8ade372 - core[df12db4294e9bfd3]::result::unwrap_failed
[INFO] [stdout]   12:     0x5e57c865725b - egide_storage_postgres[3a741164e196c45f]::tests::start_postgres::{closure#0}
[INFO] [stdout]   13:     0x5e57c86574f3 - egide_storage_postgres[3a741164e196c45f]::tests::setup::{closure#0}
[INFO] [stdout]   14:     0x5e57c86577be - egide_storage_postgres[3a741164e196c45f]::tests::test_list_all::{closure#0}
[INFO] [stdout]   15:     0x5e57c854db47 - <tokio[97e43bf25451e882]::runtime::scheduler::current_thread::CurrentThread>::block_on::<core[df12db4294e9bfd3]::pin::Pin<&mut dyn core[df12db4294e9bfd3]::future::future::Future<Output = ()>>>
[INFO] [stdout]   16:     0x5e57c856a622 - <tokio[97e43bf25451e882]::runtime::runtime::Runtime>::block_on::<core[df12db4294e9bfd3]::pin::Pin<&mut dyn core[df12db4294e9bfd3]::future::future::Future<Output = ()>>>
[INFO] [stdout]   17:     0x5e57c8663849 - egide_storage_postgres[3a741164e196c45f]::tests::test_list_all
[INFO] [stdout]   18:     0x5e57c856a229 - <egide_storage_postgres[3a741164e196c45f]::tests::test_list_all::{closure#0} as core[df12db4294e9bfd3]::ops::function::FnOnce<()>>::call_once
[INFO] [stdout]   19:     0x5e57c8681feb - test[9d35eded1c95d3be]::__rust_begin_short_backtrace::<core[df12db4294e9bfd3]::result::Result<(), alloc[2182bb758b4b3781]::string::String>, fn() -> core[df12db4294e9bfd3]::result::Result<(), alloc[2182bb758b4b3781]::string::String>>
[INFO] [stdout]   20:     0x5e57c868f655 - test[9d35eded1c95d3be]::run_test::{closure#0}
[INFO] [stdout]   21:     0x5e57c8688f14 - std[70759c8f55707aa4]::sys::backtrace::__rust_begin_short_backtrace::<test[9d35eded1c95d3be]::run_test::{closure#1}, ()>
[INFO] [stdout]   22:     0x5e57c86927b2 - <std[70759c8f55707aa4]::thread::lifecycle::spawn_unchecked<test[9d35eded1c95d3be]::run_test::{closure#1}, ()>::{closure#1} as core[df12db4294e9bfd3]::ops::function::FnOnce<()>>::call_once::{shim:vtable#0}
[INFO] [stdout]   23:     0x5e57c8ac5739 - <std[70759c8f55707aa4]::sys::thread::unix::Thread>::new::thread_start
[INFO] [stdout]   24:     0x707d38208dfa - <unknown>
[INFO] [stdout]   25:     0x707d3829c3d4 - clone
[INFO] [stdout]   26:                0x0 - <unknown>
[INFO] [stdout] 
[INFO] [stdout] ---- tests::test_history_records_operations stdout ----
[INFO] [stdout] 
[INFO] [stdout] thread 'tests::test_history_records_operations' (3147) panicked at src/lib.rs:328:54:
[INFO] [stdout] called `Result::unwrap()` on an `Err` value: Client(Init(SocketNotFoundError("/var/run/docker.sock")))
[INFO] [stdout] stack backtrace:
[INFO] [stdout]    0:     0x5e57c8ac68a1 - <<std[70759c8f55707aa4]::sys::backtrace::BacktraceLock>::print::DisplayBacktrace as core[df12db4294e9bfd3]::fmt::Display>::fmt
[INFO] [stdout]    1:     0x5e57c8adddba - core[df12db4294e9bfd3]::fmt::write
[INFO] [stdout]    2:     0x5e57c8acb88c - <alloc[2182bb758b4b3781]::vec::Vec<u8> as core[df12db4294e9bfd3]::io::write::Write>::write_fmt
[INFO] [stdout]    3:     0x5e57c8aa04e6 - std[70759c8f55707aa4]::panicking::default_hook::{closure#0}
[INFO] [stdout]    4:     0x5e57c8abdd09 - std[70759c8f55707aa4]::panicking::default_hook
[INFO] [stdout]    5:     0x5e57c868ed00 - test[9d35eded1c95d3be]::test_main_inner::<test[9d35eded1c95d3be]::test_main_static::{closure#0}>::{closure#0}
[INFO] [stdout]    6:     0x5e57c8abe032 - std[70759c8f55707aa4]::panicking::panic_with_hook
[INFO] [stdout]    7:     0x5e57c8aa0592 - std[70759c8f55707aa4]::panicking::panic_handler::{closure#0}
[INFO] [stdout]    8:     0x5e57c8a99009 - std[70759c8f55707aa4]::sys::backtrace::__rust_end_short_backtrace::<std[70759c8f55707aa4]::panicking::panic_handler::{closure#0}, !>
[INFO] [stdout]    9:     0x5e57c8aa137d - __rustc[8fa7c3cbc660c2b3]::rust_begin_unwind
[INFO] [stdout]   10:     0x5e57c8ade59c - core[df12db4294e9bfd3]::panicking::panic_fmt
[INFO] [stdout]   11:     0x5e57c8ade372 - core[df12db4294e9bfd3]::result::unwrap_failed
[INFO] [stdout]   12:     0x5e57c865725b - egide_storage_postgres[3a741164e196c45f]::tests::start_postgres::{closure#0}
[INFO] [stdout]   13:     0x5e57c86574f3 - egide_storage_postgres[3a741164e196c45f]::tests::setup::{closure#0}
[INFO] [stdout]   14:     0x5e57c865de86 - egide_storage_postgres[3a741164e196c45f]::tests::test_history_records_operations::{closure#0}
[INFO] [stdout]   15:     0x5e57c854db47 - <tokio[97e43bf25451e882]::runtime::scheduler::current_thread::CurrentThread>::block_on::<core[df12db4294e9bfd3]::pin::Pin<&mut dyn core[df12db4294e9bfd3]::future::future::Future<Output = ()>>>
[INFO] [stdout]   16:     0x5e57c856a622 - <tokio[97e43bf25451e882]::runtime::runtime::Runtime>::block_on::<core[df12db4294e9bfd3]::pin::Pin<&mut dyn core[df12db4294e9bfd3]::future::future::Future<Output = ()>>>
[INFO] [stdout]   17:     0x5e57c86646b9 - egide_storage_postgres[3a741164e196c45f]::tests::test_history_records_operations
[INFO] [stdout]   18:     0x5e57c856a369 - <egide_storage_postgres[3a741164e196c45f]::tests::test_history_records_operations::{closure#0} as core[df12db4294e9bfd3]::ops::function::FnOnce<()>>::call_once
[INFO] [stdout]   19:     0x5e57c8681feb - test[9d35eded1c95d3be]::__rust_begin_short_backtrace::<core[df12db4294e9bfd3]::result::Result<(), alloc[2182bb758b4b3781]::string::String>, fn() -> core[df12db4294e9bfd3]::result::Result<(), alloc[2182bb758b4b3781]::string::String>>
[INFO] [stdout]   20:     0x5e57c868f655 - test[9d35eded1c95d3be]::run_test::{closure#0}
[INFO] [stdout]   21:     0x5e57c8688f14 - std[70759c8f55707aa4]::sys::backtrace::__rust_begin_short_backtrace::<test[9d35eded1c95d3be]::run_test::{closure#1}, ()>
[INFO] [stdout]   22:     0x5e57c86927b2 - <std[70759c8f55707aa4]::thread::lifecycle::spawn_unchecked<test[9d35eded1c95d3be]::run_test::{closure#1}, ()>::{closure#1} as core[df12db4294e9bfd3]::ops::function::FnOnce<()>>::call_once::{shim:vtable#0}
[INFO] [stdout]   23:     0x5e57c8ac5739 - <std[70759c8f55707aa4]::sys::thread::unix::Thread>::new::thread_start
[INFO] [stdout]   24:     0x707d38208dfa - <unknown>
[INFO] [stdout]   25:     0x707d3829c3d4 - clone
[INFO] [stdout]   26:                0x0 - <unknown>
[INFO] [stdout] 
[INFO] [stdout] ---- tests::test_tenant_isolation stdout ----
[INFO] [stdout] 
[INFO] [stdout] thread 'tests::test_tenant_isolation' (3150) panicked at src/lib.rs:328:54:
[INFO] [stdout] called `Result::unwrap()` on an `Err` value: Client(Init(SocketNotFoundError("/var/run/docker.sock")))
[INFO] [stdout] stack backtrace:
[INFO] [stdout]    0:     0x5e57c8ac68a1 - <<std[70759c8f55707aa4]::sys::backtrace::BacktraceLock>::print::DisplayBacktrace as core[df12db4294e9bfd3]::fmt::Display>::fmt
[INFO] [stdout]    1:     0x5e57c8adddba - core[df12db4294e9bfd3]::fmt::write
[INFO] [stdout]    2:     0x5e57c8acb88c - <alloc[2182bb758b4b3781]::vec::Vec<u8> as core[df12db4294e9bfd3]::io::write::Write>::write_fmt
[INFO] [stdout]    3:     0x5e57c8aa04e6 - std[70759c8f55707aa4]::panicking::default_hook::{closure#0}
[INFO] [stdout]    4:     0x5e57c8abdd09 - std[70759c8f55707aa4]::panicking::default_hook
[INFO] [stdout]    5:     0x5e57c868ed00 - test[9d35eded1c95d3be]::test_main_inner::<test[9d35eded1c95d3be]::test_main_static::{closure#0}>::{closure#0}
[INFO] [stdout]    6:     0x5e57c8abe032 - std[70759c8f55707aa4]::panicking::panic_with_hook
[INFO] [stdout]    7:     0x5e57c8aa0592 - std[70759c8f55707aa4]::panicking::panic_handler::{closure#0}
[INFO] [stdout]    8:     0x5e57c8a99009 - std[70759c8f55707aa4]::sys::backtrace::__rust_end_short_backtrace::<std[70759c8f55707aa4]::panicking::panic_handler::{closure#0}, !>
[INFO] [stdout]    9:     0x5e57c8aa137d - __rustc[8fa7c3cbc660c2b3]::rust_begin_unwind
[INFO] [stdout]   10:     0x5e57c8ade59c - core[df12db4294e9bfd3]::panicking::panic_fmt
[INFO] [stdout]   11:     0x5e57c8ade372 - core[df12db4294e9bfd3]::result::unwrap_failed
[INFO] [stdout]   12:     0x5e57c865725b - egide_storage_postgres[3a741164e196c45f]::tests::start_postgres::{closure#0}
[INFO] [stdout]   13:     0x5e57c865bc9e - egide_storage_postgres[3a741164e196c45f]::tests::test_tenant_isolation::{closure#0}
[INFO] [stdout]   14:     0x5e57c854db47 - <tokio[97e43bf25451e882]::runtime::scheduler::current_thread::CurrentThread>::block_on::<core[df12db4294e9bfd3]::pin::Pin<&mut dyn core[df12db4294e9bfd3]::future::future::Future<Output = ()>>>
[INFO] [stdout]   15:     0x5e57c856a622 - <tokio[97e43bf25451e882]::runtime::runtime::Runtime>::block_on::<core[df12db4294e9bfd3]::pin::Pin<&mut dyn core[df12db4294e9bfd3]::future::future::Future<Output = ()>>>
[INFO] [stdout]   16:     0x5e57c86640e9 - egide_storage_postgres[3a741164e196c45f]::tests::test_tenant_isolation
[INFO] [stdout]   17:     0x5e57c856a2e9 - <egide_storage_postgres[3a741164e196c45f]::tests::test_tenant_isolation::{closure#0} as core[df12db4294e9bfd3]::ops::function::FnOnce<()>>::call_once
[INFO] [stdout]   18:     0x5e57c8681feb - test[9d35eded1c95d3be]::__rust_begin_short_backtrace::<core[df12db4294e9bfd3]::result::Result<(), alloc[2182bb758b4b3781]::string::String>, fn() -> core[df12db4294e9bfd3]::result::Result<(), alloc[2182bb758b4b3781]::string::String>>
[INFO] [stdout]   19:     0x5e57c868f655 - test[9d35eded1c95d3be]::run_test::{closure#0}
[INFO] [stdout]   20:     0x5e57c8688f14 - std[70759c8f55707aa4]::sys::backtrace::__rust_begin_short_backtrace::<test[9d35eded1c95d3be]::run_test::{closure#1}, ()>
[INFO] [stdout]   21:     0x5e57c86927b2 - <std[70759c8f55707aa4]::thread::lifecycle::spawn_unchecked<test[9d35eded1c95d3be]::run_test::{closure#1}, ()>::{closure#1} as core[df12db4294e9bfd3]::ops::function::FnOnce<()>>::call_once::{shim:vtable#0}
[INFO] [stdout]   22:     0x5e57c8ac5739 - <std[70759c8f55707aa4]::sys::thread::unix::Thread>::new::thread_start
[INFO] [stdout]   23:     0x707d38208dfa - <unknown>
[INFO] [stdout]   24:     0x707d3829c3d4 - clone
[INFO] [stdout]   25:                0x0 - <unknown>
[INFO] [stdout] 
[INFO] [stdout] ---- tests::test_binary_data stdout ----
[INFO] [stdout] 
[INFO] [stdout] thread 'tests::test_binary_data' (3143) panicked at src/lib.rs:328:54:
[INFO] [stdout] called `Result::unwrap()` on an `Err` value: Client(Init(SocketNotFoundError("/var/run/docker.sock")))
[INFO] [stdout] stack backtrace:
[INFO] [stdout]    0:     0x5e57c8ac68a1 - <<std[70759c8f55707aa4]::sys::backtrace::BacktraceLock>::print::DisplayBacktrace as core[df12db4294e9bfd3]::fmt::Display>::fmt
[INFO] [stdout]    1:     0x5e57c8adddba - core[df12db4294e9bfd3]::fmt::write
[INFO] [stdout]    2:     0x5e57c8acb88c - <alloc[2182bb758b4b3781]::vec::Vec<u8> as core[df12db4294e9bfd3]::io::write::Write>::write_fmt
[INFO] [stdout]    3:     0x5e57c8aa04e6 - std[70759c8f55707aa4]::panicking::default_hook::{closure#0}
[INFO] [stdout]    4:     0x5e57c8abdd09 - std[70759c8f55707aa4]::panicking::default_hook
[INFO] [stdout]    5:     0x5e57c868ed00 - test[9d35eded1c95d3be]::test_main_inner::<test[9d35eded1c95d3be]::test_main_static::{closure#0}>::{closure#0}
[INFO] [stdout]    6:     0x5e57c8abe032 - std[70759c8f55707aa4]::panicking::panic_with_hook
[INFO] [stdout]    7:     0x5e57c8aa0592 - std[70759c8f55707aa4]::panicking::panic_handler::{closure#0}
[INFO] [stdout]    8:     0x5e57c8a99009 - std[70759c8f55707aa4]::sys::backtrace::__rust_end_short_backtrace::<std[70759c8f55707aa4]::panicking::panic_handler::{closure#0}, !>
[INFO] [stdout]    9:     0x5e57c8aa137d - __rustc[8fa7c3cbc660c2b3]::rust_begin_unwind
[INFO] [stdout]   10:     0x5e57c8ade59c - core[df12db4294e9bfd3]::panicking::panic_fmt
[INFO] [stdout]   11:     0x5e57c8ade372 - core[df12db4294e9bfd3]::result::unwrap_failed
[INFO] [stdout]   12:     0x5e57c865725b - egide_storage_postgres[3a741164e196c45f]::tests::start_postgres::{closure#0}
[INFO] [stdout]   13:     0x5e57c86574f3 - egide_storage_postgres[3a741164e196c45f]::tests::setup::{closure#0}
[INFO] [stdout]   14:     0x5e57c8658d42 - egide_storage_postgres[3a741164e196c45f]::tests::test_binary_data::{closure#0}
[INFO] [stdout]   15:     0x5e57c854db47 - <tokio[97e43bf25451e882]::runtime::scheduler::current_thread::CurrentThread>::block_on::<core[df12db4294e9bfd3]::pin::Pin<&mut dyn core[df12db4294e9bfd3]::future::future::Future<Output = ()>>>
[INFO] [stdout]   16:     0x5e57c856a622 - <tokio[97e43bf25451e882]::runtime::runtime::Runtime>::block_on::<core[df12db4294e9bfd3]::pin::Pin<&mut dyn core[df12db4294e9bfd3]::future::future::Future<Output = ()>>>
[INFO] [stdout]   17:     0x5e57c8663b29 - egide_storage_postgres[3a741164e196c45f]::tests::test_binary_data
[INFO] [stdout]   18:     0x5e57c856a269 - <egide_storage_postgres[3a741164e196c45f]::tests::test_binary_data::{closure#0} as core[df12db4294e9bfd3]::ops::function::FnOnce<()>>::call_once
[INFO] [stdout]   19:     0x5e57c8681feb - test[9d35eded1c95d3be]::__rust_begin_short_backtrace::<core[df12db4294e9bfd3]::result::Result<(), alloc[2182bb758b4b3781]::string::String>, fn() -> core[df12db4294e9bfd3]::result::Result<(), alloc[2182bb758b4b3781]::string::String>>
[INFO] [stdout]   20:     0x5e57c868f655 - test[9d35eded1c95d3be]::run_test::{closure#0}
[INFO] [stdout]   21:     0x5e57c8688f14 - std[70759c8f55707aa4]::sys::backtrace::__rust_begin_short_backtrace::<test[9d35eded1c95d3be]::run_test::{closure#1}, ()>
[INFO] [stdout]   22:     0x5e57c86927b2 - <std[70759c8f55707aa4]::thread::lifecycle::spawn_unchecked<test[9d35eded1c95d3be]::run_test::{closure#1}, ()>::{closure#1} as core[df12db4294e9bfd3]::ops::function::FnOnce<()>>::call_once::{shim:vtable#0}
[INFO] [stdout]   23:     0x5e57c8ac5739 - <std[70759c8f55707aa4]::sys::thread::unix::Thread>::new::thread_start
[INFO] [stdout]   24:     0x707d38208dfa - <unknown>
[INFO] [stdout]   25:     0x707d3829c3d4 - clone
[INFO] [stdout]   26:                0x0 - <unknown>
[INFO] [stdout] 
[INFO] [stdout] ---- tests::test_list_prefix stdout ----
[INFO] [stdout] 
[INFO] [stdout] thread 'tests::test_list_prefix' (3149) panicked at src/lib.rs:328:54:
[INFO] [stdout] called `Result::unwrap()` on an `Err` value: Client(Init(SocketNotFoundError("/var/run/docker.sock")))
[INFO] [stdout] stack backtrace:
[INFO] [stdout]    0:     0x5e57c8ac68a1 - <<std[70759c8f55707aa4]::sys::backtrace::BacktraceLock>::print::DisplayBacktrace as core[df12db4294e9bfd3]::fmt::Display>::fmt
[INFO] [stdout]    1:     0x5e57c8adddba - core[df12db4294e9bfd3]::fmt::write
[INFO] [stdout]    2:     0x5e57c8acb88c - <alloc[2182bb758b4b3781]::vec::Vec<u8> as core[df12db4294e9bfd3]::io::write::Write>::write_fmt
[INFO] [stdout]    3:     0x5e57c8aa04e6 - std[70759c8f55707aa4]::panicking::default_hook::{closure#0}
[INFO] [stdout]    4:     0x5e57c8abdd09 - std[70759c8f55707aa4]::panicking::default_hook
[INFO] [stdout]    5:     0x5e57c868ed00 - test[9d35eded1c95d3be]::test_main_inner::<test[9d35eded1c95d3be]::test_main_static::{closure#0}>::{closure#0}
[INFO] [stdout]    6:     0x5e57c8abe032 - std[70759c8f55707aa4]::panicking::panic_with_hook
[INFO] [stdout]    7:     0x5e57c8aa0592 - std[70759c8f55707aa4]::panicking::panic_handler::{closure#0}
[INFO] [stdout]    8:     0x5e57c8a99009 - std[70759c8f55707aa4]::sys::backtrace::__rust_end_short_backtrace::<std[70759c8f55707aa4]::panicking::panic_handler::{closure#0}, !>
[INFO] [stdout]    9:     0x5e57c8aa137d - __rustc[8fa7c3cbc660c2b3]::rust_begin_unwind
[INFO] [stdout]   10:     0x5e57c8ade59c - core[df12db4294e9bfd3]::panicking::panic_fmt
[INFO] [stdout]   11:     0x5e57c8ade372 - core[df12db4294e9bfd3]::result::unwrap_failed
[INFO] [stdout]   12:     0x5e57c865725b - egide_storage_postgres[3a741164e196c45f]::tests::start_postgres::{closure#0}
[INFO] [stdout]   13:     0x5e57c86574f3 - egide_storage_postgres[3a741164e196c45f]::tests::setup::{closure#0}
[INFO] [stdout]   14:     0x5e57c865947e - egide_storage_postgres[3a741164e196c45f]::tests::test_list_prefix::{closure#0}
[INFO] [stdout]   15:     0x5e57c854db47 - <tokio[97e43bf25451e882]::runtime::scheduler::current_thread::CurrentThread>::block_on::<core[df12db4294e9bfd3]::pin::Pin<&mut dyn core[df12db4294e9bfd3]::future::future::Future<Output = ()>>>
[INFO] [stdout]   16:     0x5e57c856a622 - <tokio[97e43bf25451e882]::runtime::runtime::Runtime>::block_on::<core[df12db4294e9bfd3]::pin::Pin<&mut dyn core[df12db4294e9bfd3]::future::future::Future<Output = ()>>>
[INFO] [stdout]   17:     0x5e57c8663c99 - egide_storage_postgres[3a741164e196c45f]::tests::test_list_prefix
[INFO] [stdout]   18:     0x5e57c856a289 - <egide_storage_postgres[3a741164e196c45f]::tests::test_list_prefix::{closure#0} as core[df12db4294e9bfd3]::ops::function::FnOnce<()>>::call_once
[INFO] [stdout]   19:     0x5e57c8681feb - test[9d35eded1c95d3be]::__rust_begin_short_backtrace::<core[df12db4294e9bfd3]::result::Result<(), alloc[2182bb758b4b3781]::string::String>, fn() -> core[df12db4294e9bfd3]::result::Result<(), alloc[2182bb758b4b3781]::string::String>>
[INFO] [stdout]   20:     0x5e57c868f655 - test[9d35eded1c95d3be]::run_test::{closure#0}
[INFO] [stdout]   21:     0x5e57c8688f14 - std[70759c8f55707aa4]::sys::backtrace::__rust_begin_short_backtrace::<test[9d35eded1c95d3be]::run_test::{closure#1}, ()>
[INFO] [stdout]   22:     0x5e57c86927b2 - <std[70759c8f55707aa4]::thread::lifecycle::spawn_unchecked<test[9d35eded1c95d3be]::run_test::{closure#1}, ()>::{closure#1} as core[df12db4294e9bfd3]::ops::function::FnOnce<()>>::call_once::{shim:vtable#0}
[INFO] [stdout]   23:     0x5e57c8ac5739 - <std[70759c8f55707aa4]::sys::thread::unix::Thread>::new::thread_start
[INFO] [stdout]   24:     0x707d38208dfa - <unknown>
[INFO] [stdout]   25:     0x707d3829c3d4 - clone
[INFO] [stdout]   26:                0x0 - <unknown>
[INFO] [stdout] 
[INFO] [stdout] ---- tests::test_delete_roundtrip stdout ----
[INFO] [stdout] 
[INFO] [stdout] thread 'tests::test_delete_roundtrip' (3146) panicked at src/lib.rs:328:54:
[INFO] [stdout] called `Result::unwrap()` on an `Err` value: Client(Init(SocketNotFoundError("/var/run/docker.sock")))
[INFO] [stdout] stack backtrace:
[INFO] [stdout]    0:     0x5e57c8ac68a1 - <<std[70759c8f55707aa4]::sys::backtrace::BacktraceLock>::print::DisplayBacktrace as core[df12db4294e9bfd3]::fmt::Display>::fmt
[INFO] [stdout]    1:     0x5e57c8adddba - core[df12db4294e9bfd3]::fmt::write
[INFO] [stdout]    2:     0x5e57c8acb88c - <alloc[2182bb758b4b3781]::vec::Vec<u8> as core[df12db4294e9bfd3]::io::write::Write>::write_fmt
[INFO] [stdout]    3:     0x5e57c8aa04e6 - std[70759c8f55707aa4]::panicking::default_hook::{closure#0}
[INFO] [stdout]    4:     0x5e57c8abdd09 - std[70759c8f55707aa4]::panicking::default_hook
[INFO] [stdout]    5:     0x5e57c868ed00 - test[9d35eded1c95d3be]::test_main_inner::<test[9d35eded1c95d3be]::test_main_static::{closure#0}>::{closure#0}
[INFO] [stdout]    6:     0x5e57c8abe032 - std[70759c8f55707aa4]::panicking::panic_with_hook
[INFO] [stdout]    7:     0x5e57c8aa0592 - std[70759c8f55707aa4]::panicking::panic_handler::{closure#0}
[INFO] [stdout]    8:     0x5e57c8a99009 - std[70759c8f55707aa4]::sys::backtrace::__rust_end_short_backtrace::<std[70759c8f55707aa4]::panicking::panic_handler::{closure#0}, !>
[INFO] [stdout]    9:     0x5e57c8aa137d - __rustc[8fa7c3cbc660c2b3]::rust_begin_unwind
[INFO] [stdout]   10:     0x5e57c8ade59c - core[df12db4294e9bfd3]::panicking::panic_fmt
[INFO] [stdout]   11:     0x5e57c8ade372 - core[df12db4294e9bfd3]::result::unwrap_failed
[INFO] [stdout]   12:     0x5e57c865725b - egide_storage_postgres[3a741164e196c45f]::tests::start_postgres::{closure#0}
[INFO] [stdout]   13:     0x5e57c86574f3 - egide_storage_postgres[3a741164e196c45f]::tests::setup::{closure#0}
[INFO] [stdout]   14:     0x5e57c865b60c - egide_storage_postgres[3a741164e196c45f]::tests::test_delete_roundtrip::{closure#0}
[INFO] [stdout]   15:     0x5e57c854db47 - <tokio[97e43bf25451e882]::runtime::scheduler::current_thread::CurrentThread>::block_on::<core[df12db4294e9bfd3]::pin::Pin<&mut dyn core[df12db4294e9bfd3]::future::future::Future<Output = ()>>>
[INFO] [stdout]   16:     0x5e57c856a622 - <tokio[97e43bf25451e882]::runtime::runtime::Runtime>::block_on::<core[df12db4294e9bfd3]::pin::Pin<&mut dyn core[df12db4294e9bfd3]::future::future::Future<Output = ()>>>
[INFO] [stdout]   17:     0x5e57c8663f79 - egide_storage_postgres[3a741164e196c45f]::tests::test_delete_roundtrip
[INFO] [stdout]   18:     0x5e57c856a2c9 - <egide_storage_postgres[3a741164e196c45f]::tests::test_delete_roundtrip::{closure#0} as core[df12db4294e9bfd3]::ops::function::FnOnce<()>>::call_once
[INFO] [stdout]   19:     0x5e57c8681feb - test[9d35eded1c95d3be]::__rust_begin_short_backtrace::<core[df12db4294e9bfd3]::result::Result<(), alloc[2182bb758b4b3781]::string::String>, fn() -> core[df12db4294e9bfd3]::result::Result<(), alloc[2182bb758b4b3781]::string::String>>
[INFO] [stdout]   20:     0x5e57c868f655 - test[9d35eded1c95d3be]::run_test::{closure#0}
[INFO] [stdout]   21:     0x5e57c8688f14 - std[70759c8f55707aa4]::sys::backtrace::__rust_begin_short_backtrace::<test[9d35eded1c95d3be]::run_test::{closure#1}, ()>
[INFO] [stdout]   22:     0x5e57c86927b2 - <std[70759c8f55707aa4]::thread::lifecycle::spawn_unchecked<test[9d35eded1c95d3be]::run_test::{closure#1}, ()>::{closure#1} as core[df12db4294e9bfd3]::ops::function::FnOnce<()>>::call_once::{shim:vtable#0}
[INFO] [stdout]   23:     0x5e57c8ac5739 - <std[70759c8f55707aa4]::sys::thread::unix::Thread>::new::thread_start
[INFO] [stdout]   24:     0x707d38208dfa - <unknown>
[INFO] [stdout]   25:     0x707d3829c3d4 - clone
[INFO] [stdout]   26:                0x0 - <unknown>
[INFO] [stdout] 
[INFO] [stdout] ---- tests::test_crud_roundtrip stdout ----
[INFO] [stdout] 
[INFO] [stdout] thread 'tests::test_crud_roundtrip' (3144) panicked at src/lib.rs:328:54:
[INFO] [stdout] called `Result::unwrap()` on an `Err` value: Client(Init(SocketNotFoundError("/var/run/docker.sock")))
[INFO] [stdout] stack backtrace:
[INFO] [stdout]    0:     0x5e57c8ac68a1 - <<std[70759c8f55707aa4]::sys::backtrace::BacktraceLock>::print::DisplayBacktrace as core[df12db4294e9bfd3]::fmt::Display>::fmt
[INFO] [stdout]    1:     0x5e57c8adddba - core[df12db4294e9bfd3]::fmt::write
[INFO] [stdout]    2:     0x5e57c8acb88c - <alloc[2182bb758b4b3781]::vec::Vec<u8> as core[df12db4294e9bfd3]::io::write::Write>::write_fmt
[INFO] [stdout]    3:     0x5e57c8aa04e6 - std[70759c8f55707aa4]::panicking::default_hook::{closure#0}
[INFO] [stdout]    4:     0x5e57c8abdd09 - std[70759c8f55707aa4]::panicking::default_hook
[INFO] [stdout]    5:     0x5e57c868ed00 - test[9d35eded1c95d3be]::test_main_inner::<test[9d35eded1c95d3be]::test_main_static::{closure#0}>::{closure#0}
[INFO] [stdout]    6:     0x5e57c8abe032 - std[70759c8f55707aa4]::panicking::panic_with_hook
[INFO] [stdout]    7:     0x5e57c8aa0592 - std[70759c8f55707aa4]::panicking::panic_handler::{closure#0}
[INFO] [stdout]    8:     0x5e57c8a99009 - std[70759c8f55707aa4]::sys::backtrace::__rust_end_short_backtrace::<std[70759c8f55707aa4]::panicking::panic_handler::{closure#0}, !>
[INFO] [stdout]    9:     0x5e57c8aa137d - __rustc[8fa7c3cbc660c2b3]::rust_begin_unwind
[INFO] [stdout]   10:     0x5e57c8ade59c - core[df12db4294e9bfd3]::panicking::panic_fmt
[INFO] [stdout]   11:     0x5e57c8ade372 - core[df12db4294e9bfd3]::result::unwrap_failed
[INFO] [stdout]   12:     0x5e57c865725b - egide_storage_postgres[3a741164e196c45f]::tests::start_postgres::{closure#0}
[INFO] [stdout]   13:     0x5e57c86574f3 - egide_storage_postgres[3a741164e196c45f]::tests::setup::{closure#0}
[INFO] [stdout]   14:     0x5e57c865a7fe - egide_storage_postgres[3a741164e196c45f]::tests::test_crud_roundtrip::{closure#0}
[INFO] [stdout]   15:     0x5e57c854db47 - <tokio[97e43bf25451e882]::runtime::scheduler::current_thread::CurrentThread>::block_on::<core[df12db4294e9bfd3]::pin::Pin<&mut dyn core[df12db4294e9bfd3]::future::future::Future<Output = ()>>>
[INFO] [stdout]   16:     0x5e57c856a622 - <tokio[97e43bf25451e882]::runtime::runtime::Runtime>::block_on::<core[df12db4294e9bfd3]::pin::Pin<&mut dyn core[df12db4294e9bfd3]::future::future::Future<Output = ()>>>
[INFO] [stdout]   17:     0x5e57c8663e09 - egide_storage_postgres[3a741164e196c45f]::tests::test_crud_roundtrip
[INFO] [stdout]   18:     0x5e57c856a2a9 - <egide_storage_postgres[3a741164e196c45f]::tests::test_crud_roundtrip::{closure#0} as core[df12db4294e9bfd3]::ops::function::FnOnce<()>>::call_once
[INFO] [stdout]   19:     0x5e57c8681feb - test[9d35eded1c95d3be]::__rust_begin_short_backtrace::<core[df12db4294e9bfd3]::result::Result<(), alloc[2182bb758b4b3781]::string::String>, fn() -> core[df12db4294e9bfd3]::result::Result<(), alloc[2182bb758b4b3781]::string::String>>
[INFO] [stdout]   20:     0x5e57c868f655 - test[9d35eded1c95d3be]::run_test::{closure#0}
[INFO] [stdout]   21:     0x5e57c8688f14 - std[70759c8f55707aa4]::sys::backtrace::__rust_begin_short_backtrace::<test[9d35eded1c95d3be]::run_test::{closure#1}, ()>
[INFO] [stdout]   22:     0x5e57c86927b2 - <std[70759c8f55707aa4]::thread::lifecycle::spawn_unchecked<test[9d35eded1c95d3be]::run_test::{closure#1}, ()>::{closure#1} as core[df12db4294e9bfd3]::ops::function::FnOnce<()>>::call_once::{shim:vtable#0}
[INFO] [stdout]   23:     0x5e57c8ac5739 - <std[70759c8f55707aa4]::sys::thread::unix::Thread>::new::thread_start
[INFO] [stdout]   24:     0x707d38208dfa - <unknown>
[INFO] [stdout]   25:     0x707d3829c3d4 - clone
[INFO] [stdout]   26:                0x0 - <unknown>
[INFO] [stdout] 
[INFO] [stdout] ---- tests::test_version_increments stdout ----
[INFO] [stdout] 
[INFO] [stdout] thread 'tests::test_version_increments' (3158) panicked at src/lib.rs:328:54:
[INFO] [stdout] called `Result::unwrap()` on an `Err` value: Client(Init(SocketNotFoundError("/var/run/docker.sock")))
[INFO] [stdout] stack backtrace:
[INFO] [stdout]    0:     0x5e57c8ac68a1 - <<std[70759c8f55707aa4]::sys::backtrace::BacktraceLock>::print::DisplayBacktrace as core[df12db4294e9bfd3]::fmt::Display>::fmt
[INFO] [stdout]    1:     0x5e57c8adddba - core[df12db4294e9bfd3]::fmt::write
[INFO] [stdout]    2:     0x5e57c8acb88c - <alloc[2182bb758b4b3781]::vec::Vec<u8> as core[df12db4294e9bfd3]::io::write::Write>::write_fmt
[INFO] [stdout]    3:     0x5e57c8aa04e6 - std[70759c8f55707aa4]::panicking::default_hook::{closure#0}
[INFO] [stdout]    4:     0x5e57c8abdd09 - std[70759c8f55707aa4]::panicking::default_hook
[INFO] [stdout]    5:     0x5e57c868ed00 - test[9d35eded1c95d3be]::test_main_inner::<test[9d35eded1c95d3be]::test_main_static::{closure#0}>::{closure#0}
[INFO] [stdout]    6:     0x5e57c8abe032 - std[70759c8f55707aa4]::panicking::panic_with_hook
[INFO] [stdout]    7:     0x5e57c8aa0592 - std[70759c8f55707aa4]::panicking::panic_handler::{closure#0}
[INFO] [stdout]    8:     0x5e57c8a99009 - std[70759c8f55707aa4]::sys::backtrace::__rust_end_short_backtrace::<std[70759c8f55707aa4]::panicking::panic_handler::{closure#0}, !>
[INFO] [stdout]    9:     0x5e57c8aa137d - __rustc[8fa7c3cbc660c2b3]::rust_begin_unwind
[INFO] [stdout]   10:     0x5e57c8ade59c - core[df12db4294e9bfd3]::panicking::panic_fmt
[INFO] [stdout]   11:     0x5e57c8ade372 - core[df12db4294e9bfd3]::result::unwrap_failed
[INFO] [stdout]   12:     0x5e57c865725b - egide_storage_postgres[3a741164e196c45f]::tests::start_postgres::{closure#0}
[INFO] [stdout]   13:     0x5e57c86574f3 - egide_storage_postgres[3a741164e196c45f]::tests::setup::{closure#0}
[INFO] [stdout]   14:     0x5e57c865ca9d - egide_storage_postgres[3a741164e196c45f]::tests::test_version_increments::{closure#0}
[INFO] [stdout]   15:     0x5e57c854db47 - <tokio[97e43bf25451e882]::runtime::scheduler::current_thread::CurrentThread>::block_on::<core[df12db4294e9bfd3]::pin::Pin<&mut dyn core[df12db4294e9bfd3]::future::future::Future<Output = ()>>>
[INFO] [stdout]   16:     0x5e57c856a622 - <tokio[97e43bf25451e882]::runtime::runtime::Runtime>::block_on::<core[df12db4294e9bfd3]::pin::Pin<&mut dyn core[df12db4294e9bfd3]::future::future::Future<Output = ()>>>
[INFO] [stdout]   17:     0x5e57c8664259 - egide_storage_postgres[3a741164e196c45f]::tests::test_version_increments
[INFO] [stdout]   18:     0x5e57c856a309 - <egide_storage_postgres[3a741164e196c45f]::tests::test_version_increments::{closure#0} as core[df12db4294e9bfd3]::ops::function::FnOnce<()>>::call_once
[INFO] [stdout]   19:     0x5e57c8681feb - test[9d35eded1c95d3be]::__rust_begin_short_backtrace::<core[df12db4294e9bfd3]::result::Result<(), alloc[2182bb758b4b3781]::string::String>, fn() -> core[df12db4294e9bfd3]::result::Result<(), alloc[2182bb758b4b3781]::string::String>>
[INFO] [stdout]   20:     0x5e57c868f655 - test[9d35eded1c95d3be]::run_test::{closure#0}
[INFO] [stdout]   21:     0x5e57c8688f14 - std[70759c8f55707aa4]::sys::backtrace::__rust_begin_short_backtrace::<test[9d35eded1c95d3be]::run_test::{closure#1}, ()>
[INFO] [stdout]   22:     0x5e57c86927b2 - <std[70759c8f55707aa4]::thread::lifecycle::spawn_unchecked<test[9d35eded1c95d3be]::run_test::{closure#1}, ()>::{closure#1} as core[df12db4294e9bfd3]::ops::function::FnOnce<()>>::call_once::{shim:vtable#0}
[INFO] [stdout]   23:     0x5e57c8ac5739 - <std[70759c8f55707aa4]::sys::thread::unix::Thread>::new::thread_start
[INFO] [stdout]   24:     0x707d38208dfa - <unknown>
[INFO] [stdout]   25:     0x707d3829c3d4 - clone
[INFO] [stdout]   26:                0x0 - <unknown>
[INFO] [stdout] 
[INFO] [stdout] ---- tests::test_with_actor stdout ----
[INFO] [stdout] 
[INFO] [stdout] thread 'tests::test_with_actor' (3159) panicked at src/lib.rs:328:54:
[INFO] [stdout] called `Result::unwrap()` on an `Err` value: Client(Init(SocketNotFoundError("/var/run/docker.sock")))
[INFO] [stdout] stack backtrace:
[INFO] [stdout]    0:     0x5e57c8ac68a1 - <<std[70759c8f55707aa4]::sys::backtrace::BacktraceLock>::print::DisplayBacktrace as core[df12db4294e9bfd3]::fmt::Display>::fmt
[INFO] [stdout]    1:     0x5e57c8adddba - core[df12db4294e9bfd3]::fmt::write
[INFO] [stdout]    2:     0x5e57c8acb88c - <alloc[2182bb758b4b3781]::vec::Vec<u8> as core[df12db4294e9bfd3]::io::write::Write>::write_fmt
[INFO] [stdout]    3:     0x5e57c8aa04e6 - std[70759c8f55707aa4]::panicking::default_hook::{closure#0}
[INFO] [stdout]    4:     0x5e57c8abdd09 - std[70759c8f55707aa4]::panicking::default_hook
[INFO] [stdout]    5:     0x5e57c868ed00 - test[9d35eded1c95d3be]::test_main_inner::<test[9d35eded1c95d3be]::test_main_static::{closure#0}>::{closure#0}
[INFO] [stdout]    6:     0x5e57c8abe032 - std[70759c8f55707aa4]::panicking::panic_with_hook
[INFO] [stdout]    7:     0x5e57c8aa0592 - std[70759c8f55707aa4]::panicking::panic_handler::{closure#0}
[INFO] [stdout]    8:     0x5e57c8a99009 - std[70759c8f55707aa4]::sys::backtrace::__rust_end_short_backtrace::<std[70759c8f55707aa4]::panicking::panic_handler::{closure#0}, !>
[INFO] [stdout]    9:     0x5e57c8aa137d - __rustc[8fa7c3cbc660c2b3]::rust_begin_unwind
[INFO] [stdout]   10:     0x5e57c8ade59c - core[df12db4294e9bfd3]::panicking::panic_fmt
[INFO] [stdout]   11:     0x5e57c8ade372 - core[df12db4294e9bfd3]::result::unwrap_failed
[INFO] [stdout]   12:     0x5e57c865725b - egide_storage_postgres[3a741164e196c45f]::tests::start_postgres::{closure#0}
[INFO] [stdout]   13:     0x5e57c86574f3 - egide_storage_postgres[3a741164e196c45f]::tests::setup::{closure#0}
[INFO] [stdout]   14:     0x5e57c86580a4 - egide_storage_postgres[3a741164e196c45f]::tests::test_with_actor::{closure#0}
[INFO] [stdout]   15:     0x5e57c854db47 - <tokio[97e43bf25451e882]::runtime::scheduler::current_thread::CurrentThread>::block_on::<core[df12db4294e9bfd3]::pin::Pin<&mut dyn core[df12db4294e9bfd3]::future::future::Future<Output = ()>>>
[INFO] [stdout]   16:     0x5e57c856a622 - <tokio[97e43bf25451e882]::runtime::runtime::Runtime>::block_on::<core[df12db4294e9bfd3]::pin::Pin<&mut dyn core[df12db4294e9bfd3]::future::future::Future<Output = ()>>>
[INFO] [stdout]   17:     0x5e57c86639b9 - egide_storage_postgres[3a741164e196c45f]::tests::test_with_actor
[INFO] [stdout]   18:     0x5e57c856a249 - <egide_storage_postgres[3a741164e196c45f]::tests::test_with_actor::{closure#0} as core[df12db4294e9bfd3]::ops::function::FnOnce<()>>::call_once
[INFO] [stdout]   19:     0x5e57c8681feb - test[9d35eded1c95d3be]::__rust_begin_short_backtrace::<core[df12db4294e9bfd3]::result::Result<(), alloc[2182bb758b4b3781]::string::String>, fn() -> core[df12db4294e9bfd3]::result::Result<(), alloc[2182bb758b4b3781]::string::String>>
[INFO] [stdout]   20:     0x5e57c868f655 - test[9d35eded1c95d3be]::run_test::{closure#0}
[INFO] [stdout]   21:     0x5e57c8688f14 - std[70759c8f55707aa4]::sys::backtrace::__rust_begin_short_backtrace::<test[9d35eded1c95d3be]::run_test::{closure#1}, ()>
[INFO] [stdout]   22:     0x5e57c86927b2 - <std[70759c8f55707aa4]::thread::lifecycle::spawn_unchecked<test[9d35eded1c95d3be]::run_test::{closure#1}, ()>::{closure#1} as core[df12db4294e9bfd3]::ops::function::FnOnce<()>>::call_once::{shim:vtable#0}
[INFO] [stdout]   23:     0x5e57c8ac5739 - <std[70759c8f55707aa4]::sys::thread::unix::Thread>::new::thread_start
[INFO] [stdout]   24:     0x707d38208dfa - <unknown>
[INFO] [stdout]   25:     0x707d3829c3d4 - clone
[INFO] [stdout]   26:                0x0 - <unknown>
[INFO] [stdout] 
[INFO] [stdout] 
[INFO] [stdout] failures:
[INFO] [stdout]     tests::test_binary_data
[INFO] [stdout]     tests::test_crud_roundtrip
[INFO] [stdout]     tests::test_delete_nonexistent_is_ok
[INFO] [stdout]     tests::test_delete_roundtrip
[INFO] [stdout]     tests::test_history_records_operations
[INFO] [stdout]     tests::test_list_all
[INFO] [stdout]     tests::test_list_prefix
[INFO] [stdout]     tests::test_tenant_isolation
[INFO] [stdout]     tests::test_version_increments
[INFO] [stdout]     tests::test_with_actor
[INFO] [stdout] 
[INFO] [stdout] test result: FAILED. 3 passed; 10 failed; 0 ignored; 0 measured; 0 filtered out; finished in 0.02s
[INFO] [stdout] 
[INFO] [stderr] error: test failed, to rerun pass `--lib`
[INFO] running `Command { std: "docker" "inspect" "2cd2d994589b883450e50cecd9756668b1aa9024e881f4e4227f18b3ff2c9305", kill_on_drop: false }`
[INFO] running `Command { std: "docker" "rm" "-f" "2cd2d994589b883450e50cecd9756668b1aa9024e881f4e4227f18b3ff2c9305", kill_on_drop: false }`
[INFO] [stdout] 2cd2d994589b883450e50cecd9756668b1aa9024e881f4e4227f18b3ff2c9305
