[INFO] fetching crate eggup-curl 0.1.2...
[INFO] testing eggup-curl-0.1.2 against 1.99.0-beta.8+cargoflags=--release for beta-release-1.100-2
[INFO] extracting crate eggup-curl 0.1.2 into /workspace/builds/worker-4-tc1/source
[INFO] started tweaking crates.io crate eggup-curl 0.1.2
[INFO] removed 0 missing examples
[INFO] finished tweaking crates.io crate eggup-curl 0.1.2
[INFO] tweaked toml for crates.io crate eggup-curl 0.1.2 written to /workspace/builds/worker-4-tc1/source/Cargo.toml
[INFO] validating manifest of crates.io crate eggup-curl 0.1.2 on toolchain 1.99.0-beta.8
[INFO] running `Command { std: CARGO_HOME="/workspace/cargo-home" RUSTUP_HOME="/workspace/rustup-home" "/workspace/cargo-home/bin/cargo" "+1.99.0-beta.8" "metadata" "--manifest-path" "Cargo.toml" "--no-deps", kill_on_drop: false }`
[INFO] crate crates.io crate eggup-curl 0.1.2 already has a lockfile, it will not be regenerated
[INFO] running `Command { std: CARGO_HOME="/workspace/cargo-home" RUSTUP_HOME="/workspace/rustup-home" "/workspace/cargo-home/bin/cargo" "+1.99.0-beta.8" "fetch" "--manifest-path" "Cargo.toml", kill_on_drop: false }`
[INFO] [stderr]     Updating crates.io index
[INFO] [stderr]  Downloading crates ...
[INFO] [stderr]   Downloaded eggup-acquisition v0.1.2
[INFO] running `Command { std: "docker" "create" "-v" "/var/lib/crater-agent-workspace/builds/worker-4-tc1/source:/opt/rustwide/workdir:ro,Z" "-v" "/var/lib/crater-agent-workspace/builds/worker-4-tc1/target:/opt/rustwide/target:rw,Z" "-v" "/var/lib/crater-agent-workspace/cargo-home:/opt/rustwide/cargo-home:ro,Z" "-v" "/var/lib/crater-agent-workspace/rustup-home:/opt/rustwide/rustup-home:ro,Z" "-m" "1610612736" "--network" "none" "ghcr.io/rust-lang/crates-build-env/linux@sha256:77db811e55d90add9212f6832c23229e3de5f1c1f9905e8cb07319ea15df73ac" "sleep" "infinity", kill_on_drop: false }`
[INFO] [stdout] 4c56b2295b414fbf95a15c6e604e448dc43be62473d7d37845c008e7e486d5c9
[INFO] running `Command { std: "docker" "start" "4c56b2295b414fbf95a15c6e604e448dc43be62473d7d37845c008e7e486d5c9", kill_on_drop: false }`
[INFO] running `Command { std: "docker" "inspect" "4c56b2295b414fbf95a15c6e604e448dc43be62473d7d37845c008e7e486d5c9", kill_on_drop: false }`
[INFO] running `Command { std: "docker" "exec" "-e" "SOURCE_DIR=/opt/rustwide/workdir" "-e" "CARGO_HOME=/opt/rustwide/cargo-home" "-e" "RUSTUP_HOME=/opt/rustwide/rustup-home" "-e" "CARGO_TARGET_DIR=/opt/rustwide/target" "-w" "/opt/rustwide/workdir" "--user" "0:0" "4c56b2295b414fbf95a15c6e604e448dc43be62473d7d37845c008e7e486d5c9" "/opt/rustwide/cargo-home/bin/cargo" "+1.99.0-beta.8" "metadata" "--no-deps" "--format-version=1", kill_on_drop: false }`
[INFO] running `Command { std: "docker" "inspect" "4c56b2295b414fbf95a15c6e604e448dc43be62473d7d37845c008e7e486d5c9", kill_on_drop: false }`
[INFO] running `Command { std: "docker" "exec" "-e" "SOURCE_DIR=/opt/rustwide/workdir" "-e" "CARGO_HOME=/opt/rustwide/cargo-home" "-e" "RUSTUP_HOME=/opt/rustwide/rustup-home" "-e" "CARGO_TARGET_DIR=/opt/rustwide/target" "-e" "CARGO_INCREMENTAL=0" "-e" "RUST_BACKTRACE=full" "-e" "RUSTFLAGS=--cap-lints=warn" "-e" "RUSTDOCFLAGS=--cap-lints=warn" "-w" "/opt/rustwide/workdir" "--user" "0:0" "4c56b2295b414fbf95a15c6e604e448dc43be62473d7d37845c008e7e486d5c9" "/opt/rustwide/cargo-home/bin/cargo" "+1.99.0-beta.8" "build" "--frozen" "--message-format=json" "--release", kill_on_drop: false }`
[INFO] [stderr]    Compiling eggup-acquisition v0.1.2
[INFO] [stderr]    Compiling eggup-curl v0.1.2 (/opt/rustwide/workdir)
[INFO] [stderr]     Finished `release` profile [optimized] target(s) in 2.40s
[INFO] running `Command { std: "docker" "inspect" "4c56b2295b414fbf95a15c6e604e448dc43be62473d7d37845c008e7e486d5c9", kill_on_drop: false }`
[INFO] running `Command { std: "docker" "exec" "-e" "SOURCE_DIR=/opt/rustwide/workdir" "-e" "CARGO_HOME=/opt/rustwide/cargo-home" "-e" "RUSTUP_HOME=/opt/rustwide/rustup-home" "-e" "CARGO_TARGET_DIR=/opt/rustwide/target" "-e" "CARGO_INCREMENTAL=0" "-e" "RUST_BACKTRACE=full" "-e" "RUSTFLAGS=--cap-lints=warn" "-e" "RUSTDOCFLAGS=--cap-lints=warn" "-w" "/opt/rustwide/workdir" "--user" "0:0" "4c56b2295b414fbf95a15c6e604e448dc43be62473d7d37845c008e7e486d5c9" "/opt/rustwide/cargo-home/bin/cargo" "+1.99.0-beta.8" "test" "--frozen" "--no-run" "--message-format=json" "--release", kill_on_drop: false }`
[INFO] [stderr]    Compiling eggup-curl v0.1.2 (/opt/rustwide/workdir)
[INFO] [stderr]     Finished `release` profile [optimized] target(s) in 3.14s
[INFO] running `Command { std: "docker" "inspect" "4c56b2295b414fbf95a15c6e604e448dc43be62473d7d37845c008e7e486d5c9", kill_on_drop: false }`
[INFO] running `Command { std: "docker" "exec" "-e" "SOURCE_DIR=/opt/rustwide/workdir" "-e" "CARGO_HOME=/opt/rustwide/cargo-home" "-e" "RUSTUP_HOME=/opt/rustwide/rustup-home" "-e" "CARGO_TARGET_DIR=/opt/rustwide/target" "-e" "CARGO_INCREMENTAL=0" "-e" "RUST_BACKTRACE=full" "-e" "RUSTFLAGS=--cap-lints=warn" "-e" "RUSTDOCFLAGS=--cap-lints=warn" "-w" "/opt/rustwide/workdir" "--user" "0:0" "4c56b2295b414fbf95a15c6e604e448dc43be62473d7d37845c008e7e486d5c9" "/opt/rustwide/cargo-home/bin/cargo" "+1.99.0-beta.8" "test" "--frozen" "--release", kill_on_drop: false }`
[INFO] [stderr]     Finished `release` profile [optimized] target(s) in 0.04s
[INFO] [stderr]      Running unittests src/lib.rs (/opt/rustwide/target/release/deps/eggup_curl-83031e70f957aac6)
[INFO] [stdout] 
[INFO] [stdout] running 24 tests
[INFO] [stdout] test tests::cancellation_before_spawn_cleans_temp ... ok
[INFO] [stdout] test tests::build_curl_args_passes_decimal_deadlines_never_above_ceiling ... ok
[INFO] [stdout] test tests::diagnostic_bound_never_splits_multibyte_code_points ... ok
[INFO] [stdout] test tests::composition_with_fixture_falls_back_from_unavailable_curl ... ok
[INFO] [stdout] test tests::duration_decimal_seconds_serializes_sub_second_inputs_truthfully ... ok
[INFO] [stdout] test tests::executable_selection_and_discovery_are_explicit ... ok
[INFO] [stdout] test tests::exit_28_is_labelled_total_when_connect_and_total_ceilings_coincide ... ok
[INFO] [stdout] test tests::https_request_never_allows_a_cleartext_redirect_target ... ok
[INFO] [stdout] test tests::invalid_limits_fail_before_spawn ... ok
[INFO] [stdout] test tests::build_curl_args_passes_sub_second_deadlines_to_fake_curl ... ok
[INFO] [stdout] test tests::missing_executable_and_spawn_failure_are_unavailable ... ok
[INFO] [stdout] test tests::credential_material_is_redacted ... ok
[INFO] [stdout] test tests::artifact_temp_is_owner_private_and_no_clobber ... ok
[INFO] [stdout] test tests::proxy_custom_env_is_explicit ... ok
[INFO] [stdout] test tests::connect_and_total_timeouts_are_typed ... FAILED
[INFO] [stdout] test tests::metadata_and_artifact_size_overflow ... ok
[INFO] [stdout] test tests::proxy_disabled_uses_noproxy_and_cleared_env ... ok
[INFO] [stdout] test tests::metadata_success_not_found_and_server_error ... ok
[INFO] [stdout] test tests::artifact_success_not_found_and_server_error ... ok
[INFO] [stdout] test tests::tls_like_process_failure_is_transport_not_unavailable ... ok
[INFO] [stdout] test tests::cancellation_during_body_stream_kills_and_reaps_child ... ok
[INFO] [stdout] test tests::redirect_follow_and_reject ... ok
[INFO] [stdout] test tests::truncated_transfer_is_hard_failure_without_promotion ... ok
[INFO] [stdout] test tests::sub_second_total_timeout_kills_child_promptly ... ok
[INFO] [stdout] 
[INFO] [stdout] failures:
[INFO] [stdout] 
[INFO] [stdout] ---- tests::connect_and_total_timeouts_are_typed stdout ----
[INFO] [stdout] 
[INFO] [stdout] thread 'tests::connect_and_total_timeouts_are_typed' (194) panicked at src/lib.rs:1198:9:
[INFO] [stdout] expected timeout, got acquisition transport failed: curl transfer failed (exit 7) for http://10.255.255.1:81/unreachable
[INFO] [stdout] stack backtrace:
[INFO] [stdout]    0:     0x5933fa5e2b91 - <<std[70759c8f55707aa4]::sys::backtrace::BacktraceLock>::print::DisplayBacktrace as core[df12db4294e9bfd3]::fmt::Display>::fmt
[INFO] [stdout]    1:     0x5933fa5f897a - core[df12db4294e9bfd3]::fmt::write
[INFO] [stdout]    2:     0x5933fa5e774c - <alloc[2182bb758b4b3781]::vec::Vec<u8> as core[df12db4294e9bfd3]::io::write::Write>::write_fmt
[INFO] [stdout]    3:     0x5933fa5bb5a6 - std[70759c8f55707aa4]::panicking::default_hook::{closure#0}
[INFO] [stdout]    4:     0x5933fa5d9619 - std[70759c8f55707aa4]::panicking::default_hook
[INFO] [stdout]    5:     0x5933fa56ea60 - test[9d35eded1c95d3be]::test_main_inner::<test[9d35eded1c95d3be]::test_main_static::{closure#0}>::{closure#0}
[INFO] [stdout]    6:     0x5933fa5d97d2 - std[70759c8f55707aa4]::panicking::panic_with_hook
[INFO] [stdout]    7:     0x5933fa5bb652 - std[70759c8f55707aa4]::panicking::panic_handler::{closure#0}
[INFO] [stdout]    8:     0x5933fa5b3f69 - std[70759c8f55707aa4]::sys::backtrace::__rust_end_short_backtrace::<std[70759c8f55707aa4]::panicking::panic_handler::{closure#0}, !>
[INFO] [stdout]    9:     0x5933fa5bc5ed - __rustc[8fa7c3cbc660c2b3]::rust_begin_unwind
[INFO] [stdout]   10:     0x5933fa5f90ac - core[df12db4294e9bfd3]::panicking::panic_fmt
[INFO] [stdout]   11:     0x5933fa549838 - eggup_curl[10d946bb54c4537d]::tests::connect_and_total_timeouts_are_typed
[INFO] [stdout]   12:     0x5933fa559b69 - <eggup_curl[10d946bb54c4537d]::tests::connect_and_total_timeouts_are_typed::{closure#0} as core[df12db4294e9bfd3]::ops::function::FnOnce<()>>::call_once
[INFO] [stdout]   13:     0x5933fa561d4b - test[9d35eded1c95d3be]::__rust_begin_short_backtrace::<core[df12db4294e9bfd3]::result::Result<(), alloc[2182bb758b4b3781]::string::String>, fn() -> core[df12db4294e9bfd3]::result::Result<(), alloc[2182bb758b4b3781]::string::String>>
[INFO] [stdout]   14:     0x5933fa56f3b5 - test[9d35eded1c95d3be]::run_test::{closure#0}
[INFO] [stdout]   15:     0x5933fa568c74 - std[70759c8f55707aa4]::sys::backtrace::__rust_begin_short_backtrace::<test[9d35eded1c95d3be]::run_test::{closure#1}, ()>
[INFO] [stdout]   16:     0x5933fa572512 - <std[70759c8f55707aa4]::thread::lifecycle::spawn_unchecked<test[9d35eded1c95d3be]::run_test::{closure#1}, ()>::{closure#1} as core[df12db4294e9bfd3]::ops::function::FnOnce<()>>::call_once::{shim:vtable#0}
[INFO] [stdout]   17:     0x5933fa5e1629 - <std[70759c8f55707aa4]::sys::thread::unix::Thread>::new::thread_start
[INFO] [stdout]   18:     0x7f00be055dfa - <unknown>
[INFO] [stdout]   19:     0x7f00be0e93d4 - clone
[INFO] [stdout]   20:                0x0 - <unknown>
[INFO] [stdout] 
[INFO] [stdout] 
[INFO] [stdout] failures:
[INFO] [stdout]     tests::connect_and_total_timeouts_are_typed
[INFO] [stdout] 
[INFO] [stdout] test result: FAILED. 23 passed; 1 failed; 0 ignored; 0 measured; 0 filtered out; finished in 0.36s
[INFO] [stdout] 
[INFO] [stderr] error: test failed, to rerun pass `--lib`
[INFO] running `Command { std: "docker" "inspect" "4c56b2295b414fbf95a15c6e604e448dc43be62473d7d37845c008e7e486d5c9", kill_on_drop: false }`
[INFO] running `Command { std: "docker" "rm" "-f" "4c56b2295b414fbf95a15c6e604e448dc43be62473d7d37845c008e7e486d5c9", kill_on_drop: false }`
[INFO] [stdout] 4c56b2295b414fbf95a15c6e604e448dc43be62473d7d37845c008e7e486d5c9
