[INFO] fetching crate eggfetch-cli 0.2.2...
[INFO] testing eggfetch-cli-0.2.2 against 1.99.0-beta.8+cargoflags=--release for beta-release-1.100-2
[INFO] extracting crate eggfetch-cli 0.2.2 into /workspace/builds/worker-1-tc1/source
[INFO] started tweaking crates.io crate eggfetch-cli 0.2.2
[INFO] removed 0 missing tests
[INFO] finished tweaking crates.io crate eggfetch-cli 0.2.2
[INFO] tweaked toml for crates.io crate eggfetch-cli 0.2.2 written to /workspace/builds/worker-1-tc1/source/Cargo.toml
[INFO] validating manifest of crates.io crate eggfetch-cli 0.2.2 on toolchain 1.99.0-beta.8
[INFO] running `Command { std: CARGO_HOME="/workspace/cargo-home" RUSTUP_HOME="/workspace/rustup-home" "/workspace/cargo-home/bin/cargo" "+1.99.0-beta.8" "metadata" "--manifest-path" "Cargo.toml" "--no-deps", kill_on_drop: false }`
[INFO] crate crates.io crate eggfetch-cli 0.2.2 already has a lockfile, it will not be regenerated
[INFO] running `Command { std: CARGO_HOME="/workspace/cargo-home" RUSTUP_HOME="/workspace/rustup-home" "/workspace/cargo-home/bin/cargo" "+1.99.0-beta.8" "fetch" "--manifest-path" "Cargo.toml", kill_on_drop: false }`
[INFO] [stderr]     Updating crates.io index
[INFO] [stderr]  Downloading crates ...
[INFO] [stderr]   Downloaded eggfetch-http-connect v0.2.2
[INFO] [stderr]   Downloaded pem-rfc7468 v0.1.1
[INFO] [stderr]   Downloaded clap_complete v4.6.7
[INFO] [stderr]   Downloaded eggfetch-core v0.2.2
[INFO] running `Command { std: "docker" "create" "-v" "/var/lib/crater-agent-workspace/builds/worker-1-tc1/source:/opt/rustwide/workdir:ro,Z" "-v" "/var/lib/crater-agent-workspace/builds/worker-1-tc1/target:/opt/rustwide/target:rw,Z" "-v" "/var/lib/crater-agent-workspace/cargo-home:/opt/rustwide/cargo-home:ro,Z" "-v" "/var/lib/crater-agent-workspace/rustup-home:/opt/rustwide/rustup-home:ro,Z" "-m" "1610612736" "--network" "none" "ghcr.io/rust-lang/crates-build-env/linux@sha256:77db811e55d90add9212f6832c23229e3de5f1c1f9905e8cb07319ea15df73ac" "sleep" "infinity", kill_on_drop: false }`
[INFO] [stdout] e49f2319103118213214d888db7fd2880a9a2a11861e8564686a99084e51f4f7
[INFO] running `Command { std: "docker" "start" "e49f2319103118213214d888db7fd2880a9a2a11861e8564686a99084e51f4f7", kill_on_drop: false }`
[INFO] running `Command { std: "docker" "inspect" "e49f2319103118213214d888db7fd2880a9a2a11861e8564686a99084e51f4f7", kill_on_drop: false }`
[INFO] running `Command { std: "docker" "exec" "-e" "SOURCE_DIR=/opt/rustwide/workdir" "-e" "CARGO_HOME=/opt/rustwide/cargo-home" "-e" "RUSTUP_HOME=/opt/rustwide/rustup-home" "-e" "CARGO_TARGET_DIR=/opt/rustwide/target" "-w" "/opt/rustwide/workdir" "--user" "0:0" "e49f2319103118213214d888db7fd2880a9a2a11861e8564686a99084e51f4f7" "/opt/rustwide/cargo-home/bin/cargo" "+1.99.0-beta.8" "metadata" "--no-deps" "--format-version=1", kill_on_drop: false }`
[INFO] running `Command { std: "docker" "inspect" "e49f2319103118213214d888db7fd2880a9a2a11861e8564686a99084e51f4f7", kill_on_drop: false }`
[INFO] running `Command { std: "docker" "exec" "-e" "SOURCE_DIR=/opt/rustwide/workdir" "-e" "CARGO_HOME=/opt/rustwide/cargo-home" "-e" "RUSTUP_HOME=/opt/rustwide/rustup-home" "-e" "CARGO_TARGET_DIR=/opt/rustwide/target" "-e" "CARGO_INCREMENTAL=0" "-e" "RUST_BACKTRACE=full" "-e" "RUSTFLAGS=--cap-lints=warn" "-e" "RUSTDOCFLAGS=--cap-lints=warn" "-w" "/opt/rustwide/workdir" "--user" "0:0" "e49f2319103118213214d888db7fd2880a9a2a11861e8564686a99084e51f4f7" "/opt/rustwide/cargo-home/bin/cargo" "+1.99.0-beta.8" "build" "--frozen" "--message-format=json" "--release", kill_on_drop: false }`
[INFO] [stderr]    Compiling zeroize v1.9.0
[INFO] [stderr]    Compiling smallvec v1.15.2
[INFO] [stderr]    Compiling writeable v0.6.3
[INFO] [stderr]    Compiling litemap v0.8.2
[INFO] [stderr]    Compiling icu_properties_data v2.2.0
[INFO] [stderr]    Compiling icu_normalizer_data v2.2.0
[INFO] [stderr]    Compiling http v1.4.2
[INFO] [stderr]    Compiling ring v0.17.14
[INFO] [stderr]    Compiling syn v2.0.118
[INFO] [stderr]    Compiling rustls v0.23.45
[INFO] [stderr]    Compiling rustix v1.1.4
[INFO] [stderr]    Compiling futures-channel v0.3.32
[INFO] [stderr]    Compiling num-conv v0.2.2
[INFO] [stderr]    Compiling time-core v0.1.9
[INFO] [stderr]    Compiling cookie v0.18.1
[INFO] [stderr]    Compiling deranged v0.5.8
[INFO] [stderr]    Compiling serde_core v1.0.228
[INFO] [stderr]    Compiling rustls-pki-types v1.15.0
[INFO] [stderr]    Compiling anyhow v1.0.103
[INFO] [stderr]    Compiling pem-rfc7468 v0.1.1
[INFO] [stderr]    Compiling time-macros v0.2.31
[INFO] [stderr]    Compiling webpki-roots v1.0.8
[INFO] [stderr]    Compiling rustls-native-certs v0.8.4
[INFO] [stderr]    Compiling webpki-roots v0.26.11
[INFO] [stderr]    Compiling http-body v1.0.1
[INFO] [stderr]    Compiling http-body-util v0.1.3
[INFO] [stderr]    Compiling terminal_size v0.4.4
[INFO] [stderr]    Compiling clap_builder v4.6.0
[INFO] [stderr]    Compiling time v0.3.53
[INFO] [stderr]    Compiling serde_json v1.0.150
[INFO] [stderr]    Compiling synstructure v0.13.2
[INFO] [stderr]    Compiling zerofrom-derive v0.1.7
[INFO] [stderr]    Compiling yoke-derive v0.8.2
[INFO] [stderr]    Compiling zerovec-derive v0.11.3
[INFO] [stderr]    Compiling displaydoc v0.2.6
[INFO] [stderr]    Compiling tokio-macros v2.7.0
[INFO] [stderr]    Compiling futures-macro v0.3.32
[INFO] [stderr]    Compiling thiserror-impl v2.0.18
[INFO] [stderr]    Compiling clap_derive v4.6.1
[INFO] [stderr]    Compiling tokio v1.52.3
[INFO] [stderr]    Compiling zerofrom v0.1.8
[INFO] [stderr]    Compiling yoke v0.8.3
[INFO] [stderr]    Compiling futures-util v0.3.32
[INFO] [stderr]    Compiling thiserror v2.0.18
[INFO] [stderr]    Compiling zerovec v0.11.6
[INFO] [stderr]    Compiling zerotrie v0.2.4
[INFO] [stderr]    Compiling tinystr v0.8.3
[INFO] [stderr]    Compiling potential_utf v0.1.5
[INFO] [stderr]    Compiling icu_collections v2.2.0
[INFO] [stderr]    Compiling clap v4.6.1
[INFO] [stderr]    Compiling icu_locale_core v2.2.0
[INFO] [stderr]    Compiling clap_complete v4.6.7
[INFO] [stderr]    Compiling icu_provider v2.2.0
[INFO] [stderr]    Compiling icu_normalizer v2.2.0
[INFO] [stderr]    Compiling icu_properties v2.2.0
[INFO] [stderr]    Compiling idna_adapter v1.2.2
[INFO] [stderr]    Compiling idna v1.1.0
[INFO] [stderr]    Compiling url v2.5.8
[INFO] [stderr]    Compiling hyper v1.10.1
[INFO] [stderr]    Compiling eggfetch-http-connect v0.2.2
[INFO] [stderr]    Compiling rustls-webpki v0.103.15
[INFO] [stderr]    Compiling hyper-util v0.1.20
[INFO] [stderr]    Compiling tokio-rustls v0.26.4
[INFO] [stderr]    Compiling hyper-rustls v0.27.9
[INFO] [stderr]    Compiling eggfetch-core v0.2.2
[INFO] [stderr]    Compiling eggfetch-cli v0.2.2 (/opt/rustwide/workdir)
[INFO] [stderr]     Finished `release` profile [optimized] target(s) in 1m 30s
[INFO] running `Command { std: "docker" "inspect" "e49f2319103118213214d888db7fd2880a9a2a11861e8564686a99084e51f4f7", kill_on_drop: false }`
[INFO] running `Command { std: "docker" "exec" "-e" "SOURCE_DIR=/opt/rustwide/workdir" "-e" "CARGO_HOME=/opt/rustwide/cargo-home" "-e" "RUSTUP_HOME=/opt/rustwide/rustup-home" "-e" "CARGO_TARGET_DIR=/opt/rustwide/target" "-e" "CARGO_INCREMENTAL=0" "-e" "RUST_BACKTRACE=full" "-e" "RUSTFLAGS=--cap-lints=warn" "-e" "RUSTDOCFLAGS=--cap-lints=warn" "-w" "/opt/rustwide/workdir" "--user" "0:0" "e49f2319103118213214d888db7fd2880a9a2a11861e8564686a99084e51f4f7" "/opt/rustwide/cargo-home/bin/cargo" "+1.99.0-beta.8" "test" "--frozen" "--no-run" "--message-format=json" "--release", kill_on_drop: false }`
[INFO] [stderr]    Compiling rustix v1.1.4
[INFO] [stderr]    Compiling simd-adler32 v0.3.9
[INFO] [stderr]    Compiling getrandom v0.4.3
[INFO] [stderr]    Compiling miniz_oxide v0.8.9
[INFO] [stderr]    Compiling flate2 v1.1.9
[INFO] [stderr]    Compiling terminal_size v0.4.4
[INFO] [stderr]    Compiling tempfile v3.27.0
[INFO] [stderr]    Compiling clap_builder v4.6.0
[INFO] [stderr]    Compiling clap v4.6.1
[INFO] [stderr]    Compiling clap_complete v4.6.7
[INFO] [stderr]    Compiling eggfetch-cli v0.2.2 (/opt/rustwide/workdir)
[INFO] [stderr]     Finished `release` profile [optimized] target(s) in 45.64s
[INFO] running `Command { std: "docker" "inspect" "e49f2319103118213214d888db7fd2880a9a2a11861e8564686a99084e51f4f7", kill_on_drop: false }`
[INFO] running `Command { std: "docker" "exec" "-e" "SOURCE_DIR=/opt/rustwide/workdir" "-e" "CARGO_HOME=/opt/rustwide/cargo-home" "-e" "RUSTUP_HOME=/opt/rustwide/rustup-home" "-e" "CARGO_TARGET_DIR=/opt/rustwide/target" "-e" "CARGO_INCREMENTAL=0" "-e" "RUST_BACKTRACE=full" "-e" "RUSTFLAGS=--cap-lints=warn" "-e" "RUSTDOCFLAGS=--cap-lints=warn" "-w" "/opt/rustwide/workdir" "--user" "0:0" "e49f2319103118213214d888db7fd2880a9a2a11861e8564686a99084e51f4f7" "/opt/rustwide/cargo-home/bin/cargo" "+1.99.0-beta.8" "test" "--frozen" "--release", kill_on_drop: false }`
[INFO] [stderr]     Finished `release` profile [optimized] target(s) in 0.13s
[INFO] [stderr]      Running unittests src/main.rs (/opt/rustwide/target/release/deps/eggfetch-e03465b59b20282d)
[INFO] [stdout] 
[INFO] [stdout] running 26 tests
[INFO] [stdout] test tests::is_secret_header_detection ... ok
[INFO] [stdout] test tests::follow_default_behavior ... ok
[INFO] [stdout] test tests::parse_form_valid ... ok
[INFO] [stdout] test tests::parse_file_part_windows_path_with_filename ... ok
[INFO] [stdout] test tests::parse_file_part_basic ... ok
[INFO] [stdout] test tests::parse_header_empty_value ... ok
[INFO] [stdout] test tests::base64_encode_works ... ok
[INFO] [stdout] test tests::detect_method_explicit ... ok
[INFO] [stdout] test tests::parse_file_part_with_filename ... ok
[INFO] [stdout] test tests::parse_query_valid ... ok
[INFO] [stdout] test tests::parse_file_part_no_at ... ok
[INFO] [stdout] test tests::exit_code_mapping ... ok
[INFO] [stdout] test tests::parse_file_part_windows_path ... ok
[INFO] [stdout] test tests::safe_url_for_display_strips_secrets ... ok
[INFO] [stdout] test tests::format_header_value_redaction ... ok
[INFO] [stdout] test tests::sanitize_filename_rejects_invalid_device_names_and_nul ... ok
[INFO] [stdout] test tests::sanitize_filename_rejects_dot_names ... ok
[INFO] [stdout] test tests::parse_header_valid ... ok
[INFO] [stdout] test tests::unknown_error_mapping_uses_types_not_substrings ... ok
[INFO] [stdout] test tests::no_follow_overrides_follow ... ok
[INFO] [stdout] test tests::version_string_works ... ok
[INFO] [stdout] test tests::parse_header_no_colon ... ok
[INFO] [stdout] test tests::detect_method_default_get ... ok
[INFO] [stdout] test tests::sanitize_filename_strips_path_components ... ok
[INFO] [stdout] test tests::detect_method_body_implies_post ... ok
[INFO] [stdout] test tests::parse_query_no_equals ... ok
[INFO] [stdout] 
[INFO] [stdout] test result: ok. 26 passed; 0 failed; 0 ignored; 0 measured; 0 filtered out; finished in 0.01s
[INFO] [stdout] 
[INFO] [stderr]      Running tests/integration.rs (/opt/rustwide/target/release/deps/integration-1f17ea09780b5922)
[INFO] [stdout] 
[INFO] [stdout] running 69 tests
[INFO] [stdout] test test_body_file_not_found ... ok
[INFO] [stdout] test test_body_source_error_explains_multipart_exception ... ok
[INFO] [stdout] test test_check_status_headers_only_500 ... ok
[INFO] [stdout] test test_body_file_stdin ... ok
[INFO] [stdout] test test_basic_auth_required ... ok
[INFO] [stdout] test test_basic_get ... ok
[INFO] [stdout] test test_connect_timeout ... ok
[INFO] [stdout] test test_check_status_no_body_500 ... ok
[INFO] [stdout] test test_body_from_file_flag ... ok
[INFO] [stdout] test test_check_status_headers_only_200 ... ok
[INFO] [stdout] test test_check_status_with_json_output ... ok
[INFO] [stdout] test test_cookie_flag ... ok
[INFO] [stdout] test test_check_status_500 ... ok
[INFO] [stdout] test test_download_no_clobber ... FAILED
[INFO] [stdout] test test_download_filename ... ok
[INFO] [stdout] test test_basic_and_bearer_auth_conflict ... ok
[INFO] [stdout] test test_basic_auth ... ok
[INFO] [stdout] test test_download_mode ... ok
[INFO] [stdout] test test_explicit_method ... ok
[INFO] [stdout] test test_env_var_auth ... ok
[INFO] [stdout] test test_check_status_404 ... ok
[INFO] [stdout] test test_help_output ... ok
[INFO] [stdout] test test_chunked_response ... ok
[INFO] [stdout] test test_invalid_json_body ... ok
[INFO] [stdout] test test_headers_echo ... ok
[INFO] [stdout] test test_invalid_method ... ok
[INFO] [stdout] test test_check_status_200 ... ok
[INFO] [stdout] test test_include_redacts_secrets ... ok
[INFO] [stdout] test test_invalid_url ... ok
[INFO] [stdout] test test_form_urlencoded ... ok
[INFO] [stdout] test test_file_upload ... ok
[INFO] [stdout] test test_include_headers ... ok
[INFO] [stdout] test test_include_headers_with_body ... ok
[INFO] [stdout] test test_json_body ... ok
[INFO] [stdout] test test_file_upload_implies_post ... ok
[INFO] [stdout] test test_json_output ... ok
[INFO] [stdout] test test_body_file_path ... ok
[INFO] [stdout] test test_json_output_with_base64 ... ok
[INFO] [stdout] test test_json_output_and_ndjson_conflict ... ok
[INFO] [stdout] test test_json_output_base64 ... ok
[INFO] [stdout] test test_bearer_auth ... ok
[INFO] [stdout] test test_invalid_header ... ok
[INFO] [stdout] test test_mutual_exclusive_body ... ok
[INFO] [stdout] test test_json_output_to_file ... ok
[INFO] [stdout] test test_json_output_history ... ok
[INFO] [stdout] test test_json_output_errors_field ... ok
[INFO] [stdout] test test_no_proxy_without_proxy ... ok
[INFO] [stdout] test test_headers_only ... ok
[INFO] [stdout] test test_ndjson_redirect_records_are_chronological ... ok
[INFO] [stdout] test test_max_redirects_exceeded ... ok
[INFO] [stdout] test test_ndjson_does_not_double_report_redirects ... ok
[INFO] [stdout] test test_headers_only_to_file ... ok
[INFO] [stdout] test test_no_body ... ok
[INFO] [stdout] test test_large_download_to_file ... ok
[INFO] [stdout] test test_no_clobber ... ok
[INFO] [stdout] test test_no_follow_returns_302 ... ok
[INFO] [stdout] test test_multiple_headers ... ok
[INFO] [stdout] test test_output_file ... ok
[INFO] [stdout] test test_post_body ... ok
[INFO] [stdout] test test_ndjson_output_to_file ... ok
[INFO] [stdout] test test_proxy_auth_without_proxy ... ok
[INFO] [stdout] test test_max_body_size ... ok
[INFO] [stdout] test test_ndjson_output ... ok
[INFO] [stdout] test test_redirect_follow ... ok
[INFO] [stdout] test test_query_params ... ok
[INFO] [stdout] test test_version_output ... ok
[INFO] [stdout] test test_redirect_no_follow ... ok
[INFO] [stdout] test test_verbose_output ... ok
[INFO] [stdout] test test_status_404 ... ok
[INFO] [stdout] 
[INFO] [stdout] failures:
[INFO] [stdout] 
[INFO] [stdout] ---- test_download_no_clobber stdout ----
[INFO] [stdout] 
[INFO] [stdout] thread 'test_download_no_clobber' (2313) panicked at tests/integration.rs:873:46:
[INFO] [stdout] called `Result::unwrap()` on an `Err` value: Os { code: 2, kind: NotFound, message: "No such file or directory" }
[INFO] [stdout] stack backtrace:
[INFO] [stdout]    0:     0x5fa4d132f331 - <<std[70759c8f55707aa4]::sys::backtrace::BacktraceLock>::print::DisplayBacktrace as core[df12db4294e9bfd3]::fmt::Display>::fmt
[INFO] [stdout]    1:     0x5fa4d1345e6a - core[df12db4294e9bfd3]::fmt::write
[INFO] [stdout]    2:     0x5fa4d13340cc - <alloc[2182bb758b4b3781]::vec::Vec<u8> as core[df12db4294e9bfd3]::io::write::Write>::write_fmt
[INFO] [stdout]    3:     0x5fa4d1307916 - std[70759c8f55707aa4]::panicking::default_hook::{closure#0}
[INFO] [stdout]    4:     0x5fa4d1325f09 - std[70759c8f55707aa4]::panicking::default_hook
[INFO] [stdout]    5:     0x5fa4d12b83e0 - test[9d35eded1c95d3be]::test_main_inner::<test[9d35eded1c95d3be]::test_main_static::{closure#0}>::{closure#0}
[INFO] [stdout]    6:     0x5fa4d13260c2 - std[70759c8f55707aa4]::panicking::panic_with_hook
[INFO] [stdout]    7:     0x5fa4d13079c2 - std[70759c8f55707aa4]::panicking::panic_handler::{closure#0}
[INFO] [stdout]    8:     0x5fa4d13002b9 - std[70759c8f55707aa4]::sys::backtrace::__rust_end_short_backtrace::<std[70759c8f55707aa4]::panicking::panic_handler::{closure#0}, !>
[INFO] [stdout]    9:     0x5fa4d13087ad - __rustc[8fa7c3cbc660c2b3]::rust_begin_unwind
[INFO] [stdout]   10:     0x5fa4d134659c - core[df12db4294e9bfd3]::panicking::panic_fmt
[INFO] [stdout]   11:     0x5fa4d1346372 - core[df12db4294e9bfd3]::result::unwrap_failed
[INFO] [stdout]   12:     0x5fa4d128ede4 - <integration[a8c8445e8816ae9]::test_download_no_clobber::{closure#0} as core[df12db4294e9bfd3]::ops::function::FnOnce<()>>::call_once
[INFO] [stdout]   13:     0x5fa4d12ab6cb - test[9d35eded1c95d3be]::__rust_begin_short_backtrace::<core[df12db4294e9bfd3]::result::Result<(), alloc[2182bb758b4b3781]::string::String>, fn() -> core[df12db4294e9bfd3]::result::Result<(), alloc[2182bb758b4b3781]::string::String>>
[INFO] [stdout]   14:     0x5fa4d12b8d35 - test[9d35eded1c95d3be]::run_test::{closure#0}
[INFO] [stdout]   15:     0x5fa4d12b25f4 - std[70759c8f55707aa4]::sys::backtrace::__rust_begin_short_backtrace::<test[9d35eded1c95d3be]::run_test::{closure#1}, ()>
[INFO] [stdout]   16:     0x5fa4d12bbe92 - <std[70759c8f55707aa4]::thread::lifecycle::spawn_unchecked<test[9d35eded1c95d3be]::run_test::{closure#1}, ()>::{closure#1} as core[df12db4294e9bfd3]::ops::function::FnOnce<()>>::call_once::{shim:vtable#0}
[INFO] [stdout]   17:     0x5fa4d132dc19 - <std[70759c8f55707aa4]::sys::thread::unix::Thread>::new::thread_start
[INFO] [stdout]   18:     0x70a3d9441dfa - <unknown>
[INFO] [stdout]   19:     0x70a3d94d53d4 - clone
[INFO] [stdout]   20:                0x0 - <unknown>
[INFO] [stdout] 
[INFO] [stdout] 
[INFO] [stdout] failures:
[INFO] [stdout]     test_download_no_clobber
[INFO] [stdout] 
[INFO] [stdout] test result: FAILED. 68 passed; 1 failed; 0 ignored; 0 measured; 0 filtered out; finished in 0.18s
[INFO] [stdout] 
[INFO] [stderr] error: test failed, to rerun pass `--test integration`
[INFO] running `Command { std: "docker" "inspect" "e49f2319103118213214d888db7fd2880a9a2a11861e8564686a99084e51f4f7", kill_on_drop: false }`
[INFO] running `Command { std: "docker" "rm" "-f" "e49f2319103118213214d888db7fd2880a9a2a11861e8564686a99084e51f4f7", kill_on_drop: false }`
[INFO] [stdout] e49f2319103118213214d888db7fd2880a9a2a11861e8564686a99084e51f4f7
