[INFO] fetching crate ege 0.1.1...
[INFO] testing ege-0.1.1 against 1.99.0-beta.8+cargoflags=--release for beta-release-1.100-2
[INFO] extracting crate ege 0.1.1 into /workspace/builds/worker-3-tc1/source
[INFO] started tweaking crates.io crate ege 0.1.1
[INFO] removed 0 missing examples
[INFO] finished tweaking crates.io crate ege 0.1.1
[INFO] tweaked toml for crates.io crate ege 0.1.1 written to /workspace/builds/worker-3-tc1/source/Cargo.toml
[INFO] validating manifest of crates.io crate ege 0.1.1 on toolchain 1.99.0-beta.8
[INFO] running `Command { std: CARGO_HOME="/workspace/cargo-home" RUSTUP_HOME="/workspace/rustup-home" "/workspace/cargo-home/bin/cargo" "+1.99.0-beta.8" "metadata" "--manifest-path" "Cargo.toml" "--no-deps", kill_on_drop: false }`
[INFO] crate crates.io crate ege 0.1.1 already has a lockfile, it will not be regenerated
[INFO] running `Command { std: CARGO_HOME="/workspace/cargo-home" RUSTUP_HOME="/workspace/rustup-home" "/workspace/cargo-home/bin/cargo" "+1.99.0-beta.8" "fetch" "--manifest-path" "Cargo.toml", kill_on_drop: false }`
[INFO] [stderr]     Updating crates.io index
[INFO] [stderr]  Downloading crates ...
[INFO] [stderr]   Downloaded x11 v2.21.0
[INFO] [stderr]   Downloaded pkg-config v0.3.32
[INFO] [stderr]   Downloaded simd-adler32 v0.3.7
[INFO] [stderr]   Downloaded zune-core v0.5.0
[INFO] [stderr]   Downloaded crunchy v0.2.4
[INFO] [stderr]   Downloaded simd_helpers v0.1.0
[INFO] [stderr]   Downloaded new_debug_unreachable v1.0.6
[INFO] [stderr]   Downloaded loop9 v0.1.5
[INFO] [stderr]   Downloaded byteorder-lite v0.1.0
[INFO] [stderr]   Downloaded wasm-bindgen-macro v0.2.105
[INFO] [stderr]   Downloaded bit_field v0.10.3
[INFO] [stderr]   Downloaded zune-core v0.4.12
[INFO] [stderr]   Downloaded quick-error v2.0.1
[INFO] [stderr]   Downloaded fax v0.2.6
[INFO] [stderr]   Downloaded either v1.15.0
[INFO] [stderr]   Downloaded wasm-bindgen-shared v0.2.105
[INFO] [stderr]   Downloaded equator v0.4.2
[INFO] [stderr]   Downloaded equator-macro v0.4.2
[INFO] [stderr]   Downloaded num-derive v0.4.2
[INFO] [stderr]   Downloaded interpolate_name v0.2.4
[INFO] [stderr]   Downloaded y4m v0.8.0
[INFO] [stderr]   Downloaded avif-serialize v0.8.6
[INFO] [stderr]   Downloaded fdeflate v0.3.7
[INFO] [stderr]   Downloaded device_query v4.0.1
[INFO] [stderr]   Downloaded readkey v0.2.2
[INFO] [stderr]   Downloaded macos-accessibility-client v0.0.1
[INFO] [stderr]   Downloaded itoa v1.0.15
[INFO] [stderr]   Downloaded fax_derive v0.2.0
[INFO] [stderr]   Downloaded noop_proc_macro v0.3.0
[INFO] [stderr]   Downloaded arg_enum_proc_macro v0.3.4
[INFO] [stderr]   Downloaded color_quant v1.1.0
[INFO] [stderr]   Downloaded aligned-vec v0.6.4
[INFO] [stderr]   Downloaded aligned v0.4.2
[INFO] [stderr]   Downloaded weezl v0.1.12
[INFO] [stderr]   Downloaded crossbeam-deque v0.8.6
[INFO] [stderr]   Downloaded thiserror v2.0.17
[INFO] [stderr]   Downloaded profiling-procmacros v1.0.17
[INFO] [stderr]   Downloaded pastey v0.1.1
[INFO] [stderr]   Downloaded as-slice v0.2.1
[INFO] [stderr]   Downloaded lebe v0.5.3
[INFO] [stderr]   Downloaded readmouse v0.2.1
[INFO] [stderr]   Downloaded quote v1.0.42
[INFO] [stderr]   Downloaded rgb v0.8.52
[INFO] [stderr]   Downloaded ravif v0.12.0
[INFO] [stderr]   Downloaded v_frame v0.3.9
[INFO] [stderr]   Downloaded thiserror-impl v2.0.17
[INFO] [stderr]   Downloaded paste v1.0.15
[INFO] [stderr]   Downloaded maybe-rayon v0.1.1
[INFO] [stderr]   Downloaded find-msvc-tools v0.1.5
[INFO] [stderr]   Downloaded num-rational v0.4.2
[INFO] [stderr]   Downloaded rand_core v0.9.3
[INFO] [stderr]   Downloaded crossbeam-epoch v0.9.18
[INFO] [stderr]   Downloaded core2 v0.4.0
[INFO] [stderr]   Downloaded av1-grain v0.2.5
[INFO] [stderr]   Downloaded gif v0.14.0
[INFO] [stderr]   Downloaded log v0.4.28
[INFO] [stderr]   Downloaded zune-jpeg v0.5.5
[INFO] [stderr]   Downloaded half v2.7.1
[INFO] [stderr]   Downloaded wasm-bindgen v0.2.105
[INFO] [stderr]   Downloaded arbitrary v1.4.2
[INFO] [stderr]   Downloaded built v0.8.0
[INFO] [stderr]   Downloaded anyhow v1.0.100
[INFO] [stderr]   Downloaded bitflags v2.10.0
[INFO] [stderr]   Downloaded image-webp v0.2.4
[INFO] [stderr]   Downloaded zune-inflate v0.2.54
[INFO] [stderr]   Downloaded unicode-ident v1.0.22
[INFO] [stderr]   Downloaded proc-macro2 v1.0.103
[INFO] [stderr]   Downloaded ryu v1.0.20
[INFO] [stderr]   Downloaded wit-bindgen v0.46.0
[INFO] [stderr]   Downloaded zune-jpeg v0.4.21
[INFO] [stderr]   Downloaded flate2 v1.1.5
[INFO] [stderr]   Downloaded wasm-bindgen-macro-support v0.2.105
[INFO] [stderr]   Downloaded bitstream-io v4.9.0
[INFO] [stderr]   Downloaded imgref v1.12.0
[INFO] [stderr]   Downloaded qoi v0.4.1
[INFO] [stderr]   Downloaded serde_json v1.0.145
[INFO] [stderr]   Downloaded memchr v2.7.6
[INFO] [stderr]   Downloaded rayon-core v1.13.0
[INFO] [stderr]   Downloaded bumpalo v3.19.0
[INFO] [stderr]   Downloaded cc v1.2.47
[INFO] [stderr]   Downloaded bytemuck v1.24.0
[INFO] [stderr]   Downloaded rand v0.9.2
[INFO] [stderr]   Downloaded zerocopy-derive v0.8.28
[INFO] [stderr]   Downloaded png v0.18.0
[INFO] [stderr]   Downloaded libfuzzer-sys v0.4.10
[INFO] [stderr]   Downloaded wasip2 v1.0.1+wasi-0.2.4
[INFO] [stderr]   Downloaded itertools v0.14.0
[INFO] [stderr]   Downloaded rayon v1.11.0
[INFO] [stderr]   Downloaded nom v8.0.0
[INFO] [stderr]   Downloaded syn v2.0.110
[INFO] [stderr]   Downloaded moxcms v0.7.9
[INFO] [stderr]   Downloaded zerocopy v0.8.28
[INFO] [stderr]   Downloaded exr v1.74.0
[INFO] [stderr]   Downloaded image v0.25.9
[INFO] [stderr]   Downloaded av-scenechange v0.14.1
[INFO] [stderr]   Downloaded libc v0.2.177
[INFO] [stderr]   Downloaded pxfm v0.1.25
[INFO] [stderr]   Downloaded tiff v0.10.3
[INFO] [stderr]   Downloaded rav1e v0.8.1
[INFO] [stderr]   Downloaded windows v0.48.0
[INFO] running `Command { std: "docker" "create" "-v" "/var/lib/crater-agent-workspace/builds/worker-3-tc1/source:/opt/rustwide/workdir:ro,Z" "-v" "/var/lib/crater-agent-workspace/builds/worker-3-tc1/target:/opt/rustwide/target:rw,Z" "-v" "/var/lib/crater-agent-workspace/cargo-home:/opt/rustwide/cargo-home:ro,Z" "-v" "/var/lib/crater-agent-workspace/rustup-home:/opt/rustwide/rustup-home:ro,Z" "-m" "1610612736" "--network" "none" "ghcr.io/rust-lang/crates-build-env/linux@sha256:77db811e55d90add9212f6832c23229e3de5f1c1f9905e8cb07319ea15df73ac" "sleep" "infinity", kill_on_drop: false }`
[INFO] [stdout] db53b0261cfa5c07f47182fd52ea3b51022b96a8fc473e062768a3ca68fd65f0
[INFO] running `Command { std: "docker" "start" "db53b0261cfa5c07f47182fd52ea3b51022b96a8fc473e062768a3ca68fd65f0", kill_on_drop: false }`
[INFO] running `Command { std: "docker" "inspect" "db53b0261cfa5c07f47182fd52ea3b51022b96a8fc473e062768a3ca68fd65f0", kill_on_drop: false }`
[INFO] running `Command { std: "docker" "exec" "-e" "SOURCE_DIR=/opt/rustwide/workdir" "-e" "CARGO_HOME=/opt/rustwide/cargo-home" "-e" "RUSTUP_HOME=/opt/rustwide/rustup-home" "-e" "CARGO_TARGET_DIR=/opt/rustwide/target" "-w" "/opt/rustwide/workdir" "--user" "0:0" "db53b0261cfa5c07f47182fd52ea3b51022b96a8fc473e062768a3ca68fd65f0" "/opt/rustwide/cargo-home/bin/cargo" "+1.99.0-beta.8" "metadata" "--no-deps" "--format-version=1", kill_on_drop: false }`
[INFO] running `Command { std: "docker" "inspect" "db53b0261cfa5c07f47182fd52ea3b51022b96a8fc473e062768a3ca68fd65f0", kill_on_drop: false }`
[INFO] running `Command { std: "docker" "exec" "-e" "SOURCE_DIR=/opt/rustwide/workdir" "-e" "CARGO_HOME=/opt/rustwide/cargo-home" "-e" "RUSTUP_HOME=/opt/rustwide/rustup-home" "-e" "CARGO_TARGET_DIR=/opt/rustwide/target" "-e" "CARGO_INCREMENTAL=0" "-e" "RUST_BACKTRACE=full" "-e" "RUSTFLAGS=--cap-lints=warn" "-e" "RUSTDOCFLAGS=--cap-lints=warn" "-w" "/opt/rustwide/workdir" "--user" "0:0" "db53b0261cfa5c07f47182fd52ea3b51022b96a8fc473e062768a3ca68fd65f0" "/opt/rustwide/cargo-home/bin/cargo" "+1.99.0-beta.8" "build" "--frozen" "--message-format=json" "--release", kill_on_drop: false }`
[INFO] [stderr]    Compiling proc-macro2 v1.0.103
[INFO] [stderr]    Compiling unicode-ident v1.0.22
[INFO] [stderr]    Compiling quote v1.0.42
[INFO] [stderr]    Compiling cfg-if v1.0.4
[INFO] [stderr]    Compiling autocfg v1.5.0
[INFO] [stderr]    Compiling crossbeam-utils v0.8.21
[INFO] [stderr]    Compiling libc v0.2.177
[INFO] [stderr]    Compiling rayon-core v1.13.0
[INFO] [stderr]    Compiling zerocopy v0.8.28
[INFO] [stderr]    Compiling memchr v2.7.6
[INFO] [stderr]    Compiling simd-adler32 v0.3.7
[INFO] [stderr]    Compiling anyhow v1.0.100
[INFO] [stderr]    Compiling num-traits v0.2.19
[INFO] [stderr]    Compiling either v1.15.0
[INFO] [stderr]    Compiling thiserror v2.0.17
[INFO] [stderr]    Compiling arrayvec v0.7.6
[INFO] [stderr]    Compiling crossbeam-epoch v0.9.18
[INFO] [stderr]    Compiling crc32fast v1.5.0
[INFO] [stderr]    Compiling stable_deref_trait v1.2.1
[INFO] [stderr]    Compiling pkg-config v0.3.32
[INFO] [stderr]    Compiling adler2 v2.0.1
[INFO] [stderr]    Compiling miniz_oxide v0.8.9
[INFO] [stderr]    Compiling syn v2.0.110
[INFO] [stderr]    Compiling crossbeam-deque v0.8.6
[INFO] [stderr]    Compiling as-slice v0.2.1
[INFO] [stderr]    Compiling av-scenechange v0.14.1
[INFO] [stderr]    Compiling built v0.8.0
[INFO] [stderr]    Compiling paste v1.0.15
[INFO] [stderr]    Compiling getrandom v0.3.4
[INFO] [stderr]    Compiling log v0.4.28
[INFO] [stderr]    Compiling num-integer v0.1.46
[INFO] [stderr]    Compiling aligned v0.4.2
[INFO] [stderr]    Compiling nom v8.0.0
[INFO] [stderr]    Compiling rav1e v0.8.1
[INFO] [stderr]    Compiling rayon v1.11.0
[INFO] [stderr]    Compiling core2 v0.4.0
[INFO] [stderr]    Compiling quick-error v2.0.1
[INFO] [stderr]    Compiling pastey v0.1.1
[INFO] [stderr]    Compiling serde_core v1.0.228
[INFO] [stderr]    Compiling num-bigint v0.4.6
[INFO] [stderr]    Compiling y4m v0.8.0
[INFO] [stderr]    Compiling bitstream-io v4.9.0
[INFO] [stderr]    Compiling flate2 v1.1.5
[INFO] [stderr]    Compiling x11 v2.21.0
[INFO] [stderr]    Compiling simd_helpers v0.1.0
[INFO] [stderr]    Compiling itertools v0.14.0
[INFO] [stderr]    Compiling zune-core v0.4.12
[INFO] [stderr]    Compiling imgref v1.12.0
[INFO] [stderr]    Compiling new_debug_unreachable v1.0.6
[INFO] [stderr]    Compiling weezl v0.1.12
[INFO] [stderr]    Compiling noop_proc_macro v0.3.0
[INFO] [stderr]    Compiling zune-jpeg v0.4.21
[INFO] [stderr]    Compiling loop9 v0.1.5
[INFO] [stderr]    Compiling rand_core v0.9.3
[INFO] [stderr]    Compiling num-rational v0.4.2
[INFO] [stderr]    Compiling pxfm v0.1.25
[INFO] [stderr]    Compiling maybe-rayon v0.1.1
[INFO] [stderr]    Compiling device_query v4.0.1
[INFO] [stderr]    Compiling avif-serialize v0.8.6
[INFO] [stderr]    Compiling zune-inflate v0.2.54
[INFO] [stderr]    Compiling fdeflate v0.3.7
[INFO] [stderr]    Compiling zune-core v0.5.0
[INFO] [stderr]    Compiling smallvec v1.15.1
[INFO] [stderr]    Compiling bit_field v0.10.3
[INFO] [stderr]    Compiling serde v1.0.228
[INFO] [stderr]    Compiling byteorder-lite v0.1.0
[INFO] [stderr]    Compiling lebe v0.5.3
[INFO] [stderr]    Compiling rgb v0.8.52
[INFO] [stderr]    Compiling bitflags v2.10.0
[INFO] [stderr]    Compiling serde_json v1.0.145
[INFO] [stderr]    Compiling bytemuck v1.24.0
[INFO] [stderr]    Compiling color_quant v1.1.0
[INFO] [stderr]    Compiling gif v0.14.0
[INFO] [stderr]    Compiling qoi v0.4.1
[INFO] [stderr]    Compiling png v0.18.0
[INFO] [stderr]    Compiling image-webp v0.2.4
[INFO] [stderr]    Compiling zune-jpeg v0.5.5
[INFO] [stderr]    Compiling equator-macro v0.4.2
[INFO] [stderr]    Compiling zerocopy-derive v0.8.28
[INFO] [stderr]    Compiling thiserror-impl v2.0.17
[INFO] [stderr]    Compiling equator v0.4.2
[INFO] [stderr]    Compiling aligned-vec v0.6.4
[INFO] [stderr]    Compiling v_frame v0.3.9
[INFO] [stderr]    Compiling arg_enum_proc_macro v0.3.4
[INFO] [stderr]    Compiling profiling-procmacros v1.0.17
[INFO] [stderr]    Compiling profiling v1.0.17
[INFO] [stderr]    Compiling av1-grain v0.2.5
[INFO] [stderr]    Compiling num-derive v0.4.2
[INFO] [stderr]    Compiling fax_derive v0.2.0
[INFO] [stderr]    Compiling fax v0.2.6
[INFO] [stderr]    Compiling moxcms v0.7.9
[INFO] [stderr]    Compiling serde_derive v1.0.228
[INFO] [stderr]    Compiling half v2.7.1
[INFO] [stderr]    Compiling ppv-lite86 v0.2.21
[INFO] [stderr]    Compiling itoa v1.0.15
[INFO] [stderr]    Compiling ryu v1.0.20
[INFO] [stderr]    Compiling rand_chacha v0.9.0
[INFO] [stderr]    Compiling tiff v0.10.3
[INFO] [stderr]    Compiling exr v1.74.0
[INFO] [stderr]    Compiling rand v0.9.2
[INFO] [stderr]    Compiling ravif v0.12.0
[INFO] [stderr]    Compiling image v0.25.9
[INFO] [stderr]    Compiling ege v0.1.1 (/opt/rustwide/workdir)
[INFO] [stdout] warning: use of deprecated module `std::u64`: all constants in this module replaced by associated constants on the type
[INFO] [stdout]  --> src/entity/mod.rs:1:21
[INFO] [stdout]   |
[INFO] [stdout] 1 | use std::{any::Any, u64};
[INFO] [stdout]   |                     ^^^
[INFO] [stdout]   |
[INFO] [stdout]   = note: `#[warn(deprecated)]` on by default
[INFO] [stdout] 
[INFO] [stdout] 
[INFO] [stdout] warning: use of deprecated constant `std::u64::MAX`: replaced by the `MAX` associated constant on this type
[INFO] [stdout]   --> src/entity/mod.rs:23:43
[INFO] [stdout]    |
[INFO] [stdout] 23 |         let id = rng.random_range(0..u64::MAX);
[INFO] [stdout]    |                                           ^^^
[INFO] [stdout] 
[INFO] [stdout] 
[INFO] [stdout] warning: function pointer comparisons do not produce meaningful results since their addresses are not guaranteed to be unique
[INFO] [stdout]   --> src/events/mod.rs:13:15
[INFO] [stdout]    |
[INFO] [stdout]  7 | #[derive(Debug, Copy, Clone, PartialEq)]
[INFO] [stdout]    |                              --------- in this derive macro expansion
[INFO] [stdout] ...
[INFO] [stdout] 13 |     Condition(fn(&mut App) -> bool),
[INFO] [stdout]    |               ^^^^^^^^^^^^^^^^^^^^
[INFO] [stdout]    |
[INFO] [stdout]    = note: the address of the same function can vary between different codegen units
[INFO] [stdout]    = note: furthermore, different functions could have the same address after being merged together
[INFO] [stdout]    = note: for more information visit <https://doc.rust-lang.org/nightly/core/ptr/fn.fn_addr_eq.html>
[INFO] [stdout]    = note: `#[warn(unpredictable_function_pointer_comparisons)]` on by default
[INFO] [stdout] 
[INFO] [stdout] 
[INFO] [stderr]     Finished `release` profile [optimized] target(s) in 3m 58s
[INFO] running `Command { std: "docker" "inspect" "db53b0261cfa5c07f47182fd52ea3b51022b96a8fc473e062768a3ca68fd65f0", kill_on_drop: false }`
[INFO] running `Command { std: "docker" "exec" "-e" "SOURCE_DIR=/opt/rustwide/workdir" "-e" "CARGO_HOME=/opt/rustwide/cargo-home" "-e" "RUSTUP_HOME=/opt/rustwide/rustup-home" "-e" "CARGO_TARGET_DIR=/opt/rustwide/target" "-e" "CARGO_INCREMENTAL=0" "-e" "RUST_BACKTRACE=full" "-e" "RUSTFLAGS=--cap-lints=warn" "-e" "RUSTDOCFLAGS=--cap-lints=warn" "-w" "/opt/rustwide/workdir" "--user" "0:0" "db53b0261cfa5c07f47182fd52ea3b51022b96a8fc473e062768a3ca68fd65f0" "/opt/rustwide/cargo-home/bin/cargo" "+1.99.0-beta.8" "test" "--frozen" "--no-run" "--message-format=json" "--release", kill_on_drop: false }`
[INFO] [stderr]    Compiling ege v0.1.1 (/opt/rustwide/workdir)
[INFO] [stdout] warning: use of deprecated module `std::u64`: all constants in this module replaced by associated constants on the type
[INFO] [stdout]  --> src/entity/mod.rs:1:21
[INFO] [stdout]   |
[INFO] [stdout] 1 | use std::{any::Any, u64};
[INFO] [stdout]   |                     ^^^
[INFO] [stdout]   |
[INFO] [stdout]   = note: `#[warn(deprecated)]` on by default
[INFO] [stdout] 
[INFO] [stdout] 
[INFO] [stdout] warning: use of deprecated constant `std::u64::MAX`: replaced by the `MAX` associated constant on this type
[INFO] [stdout]   --> src/entity/mod.rs:23:43
[INFO] [stdout]    |
[INFO] [stdout] 23 |         let id = rng.random_range(0..u64::MAX);
[INFO] [stdout]    |                                           ^^^
[INFO] [stdout] 
[INFO] [stdout] 
[INFO] [stdout] warning: function pointer comparisons do not produce meaningful results since their addresses are not guaranteed to be unique
[INFO] [stdout]   --> src/events/mod.rs:13:15
[INFO] [stdout]    |
[INFO] [stdout]  7 | #[derive(Debug, Copy, Clone, PartialEq)]
[INFO] [stdout]    |                              --------- in this derive macro expansion
[INFO] [stdout] ...
[INFO] [stdout] 13 |     Condition(fn(&mut App) -> bool),
[INFO] [stdout]    |               ^^^^^^^^^^^^^^^^^^^^
[INFO] [stdout]    |
[INFO] [stdout]    = note: the address of the same function can vary between different codegen units
[INFO] [stdout]    = note: furthermore, different functions could have the same address after being merged together
[INFO] [stdout]    = note: for more information visit <https://doc.rust-lang.org/nightly/core/ptr/fn.fn_addr_eq.html>
[INFO] [stdout]    = note: `#[warn(unpredictable_function_pointer_comparisons)]` on by default
[INFO] [stdout] 
[INFO] [stdout] 
[INFO] [stdout] warning: use of deprecated module `std::u64`: all constants in this module replaced by associated constants on the type
[INFO] [stdout]  --> src/entity/mod.rs:1:21
[INFO] [stdout]   |
[INFO] [stdout] 1 | use std::{any::Any, u64};
[INFO] [stdout]   |                     ^^^
[INFO] [stdout]   |
[INFO] [stdout]   = note: `#[warn(deprecated)]` on by default
[INFO] [stdout] 
[INFO] [stdout] 
[INFO] [stdout] warning: use of deprecated constant `std::u64::MAX`: replaced by the `MAX` associated constant on this type
[INFO] [stdout]   --> src/entity/mod.rs:23:43
[INFO] [stdout]    |
[INFO] [stdout] 23 |         let id = rng.random_range(0..u64::MAX);
[INFO] [stdout]    |                                           ^^^
[INFO] [stdout] 
[INFO] [stdout] 
[INFO] [stdout] warning: function pointer comparisons do not produce meaningful results since their addresses are not guaranteed to be unique
[INFO] [stdout]   --> src/events/mod.rs:13:15
[INFO] [stdout]    |
[INFO] [stdout]  7 | #[derive(Debug, Copy, Clone, PartialEq)]
[INFO] [stdout]    |                              --------- in this derive macro expansion
[INFO] [stdout] ...
[INFO] [stdout] 13 |     Condition(fn(&mut App) -> bool),
[INFO] [stdout]    |               ^^^^^^^^^^^^^^^^^^^^
[INFO] [stdout]    |
[INFO] [stdout]    = note: the address of the same function can vary between different codegen units
[INFO] [stdout]    = note: furthermore, different functions could have the same address after being merged together
[INFO] [stdout]    = note: for more information visit <https://doc.rust-lang.org/nightly/core/ptr/fn.fn_addr_eq.html>
[INFO] [stdout]    = note: `#[warn(unpredictable_function_pointer_comparisons)]` on by default
[INFO] [stdout] 
[INFO] [stdout] 
[INFO] [stderr]     Finished `release` profile [optimized] target(s) in 3.42s
[INFO] running `Command { std: "docker" "inspect" "db53b0261cfa5c07f47182fd52ea3b51022b96a8fc473e062768a3ca68fd65f0", kill_on_drop: false }`
[INFO] running `Command { std: "docker" "exec" "-e" "SOURCE_DIR=/opt/rustwide/workdir" "-e" "CARGO_HOME=/opt/rustwide/cargo-home" "-e" "RUSTUP_HOME=/opt/rustwide/rustup-home" "-e" "CARGO_TARGET_DIR=/opt/rustwide/target" "-e" "CARGO_INCREMENTAL=0" "-e" "RUST_BACKTRACE=full" "-e" "RUSTFLAGS=--cap-lints=warn" "-e" "RUSTDOCFLAGS=--cap-lints=warn" "-w" "/opt/rustwide/workdir" "--user" "0:0" "db53b0261cfa5c07f47182fd52ea3b51022b96a8fc473e062768a3ca68fd65f0" "/opt/rustwide/cargo-home/bin/cargo" "+1.99.0-beta.8" "test" "--frozen" "--release", kill_on_drop: false }`
[INFO] [stderr] warning: use of deprecated module `std::u64`: all constants in this module replaced by associated constants on the type
[INFO] [stderr]  --> src/entity/mod.rs:1:21
[INFO] [stderr]   |
[INFO] [stderr] 1 | use std::{any::Any, u64};
[INFO] [stderr]   |                     ^^^
[INFO] [stderr]   |
[INFO] [stderr]   = note: `#[warn(deprecated)]` on by default
[INFO] [stderr] 
[INFO] [stderr] warning: use of deprecated constant `std::u64::MAX`: replaced by the `MAX` associated constant on this type
[INFO] [stderr]   --> src/entity/mod.rs:23:43
[INFO] [stderr]    |
[INFO] [stderr] 23 |         let id = rng.random_range(0..u64::MAX);
[INFO] [stderr]    |                                           ^^^
[INFO] [stderr] 
[INFO] [stderr] warning: function pointer comparisons do not produce meaningful results since their addresses are not guaranteed to be unique
[INFO] [stderr]   --> src/events/mod.rs:13:15
[INFO] [stderr]    |
[INFO] [stderr]  7 | #[derive(Debug, Copy, Clone, PartialEq)]
[INFO] [stderr]    |                              --------- in this derive macro expansion
[INFO] [stderr] ...
[INFO] [stderr] 13 |     Condition(fn(&mut App) -> bool),
[INFO] [stderr]    |               ^^^^^^^^^^^^^^^^^^^^
[INFO] [stderr]    |
[INFO] [stderr]    = note: the address of the same function can vary between different codegen units
[INFO] [stderr]    = note: furthermore, different functions could have the same address after being merged together
[INFO] [stderr]    = note: for more information visit <https://doc.rust-lang.org/nightly/core/ptr/fn.fn_addr_eq.html>
[INFO] [stderr]    = note: `#[warn(unpredictable_function_pointer_comparisons)]` on by default
[INFO] [stderr] 
[INFO] [stderr] warning: `ege` (lib) generated 3 warnings
[INFO] [stderr] warning: `ege` (lib test) generated 3 warnings (3 duplicates)
[INFO] [stderr]     Finished `release` profile [optimized] target(s) in 0.16s
[INFO] [stderr]      Running unittests src/lib.rs (/opt/rustwide/target/release/deps/ege-356bbeb421283815)
[INFO] [stdout] 
[INFO] [stdout] running 6 tests
[INFO] [stdout] test tests::enitites::add_entites ... ok
[INFO] [stdout] test tests::math::s::S449 ... ok
[INFO] [stdout] test tests::events::handlers::test_sort_handlers ... ok
[INFO] [stdout] test tests::events::handlers::test_equal_handlers ... FAILED
[INFO] [stdout] test tests::events::condition::test_condition ... FAILED
[INFO] [stdout] test tests::events::timed::test_timed_events ... FAILED
[INFO] [stdout] 
[INFO] [stdout] failures:
[INFO] [stdout] 
[INFO] [stdout] ---- tests::events::handlers::test_equal_handlers stdout ----
[INFO] [stdout] 
[INFO] [stdout] thread 'tests::events::handlers::test_equal_handlers' (2092) panicked at src/tests/events/handlers.rs:31:5:
[INFO] [stdout] assertion `left != right` failed
[INFO] [stdout]   left: EventHandler { event_type: Loop, interval: None, handler_fn: 0x583bfa7b44c9 }
[INFO] [stdout]  right: EventHandler { event_type: Loop, interval: None, handler_fn: 0x583bfa7b44c9 }
[INFO] [stdout] stack backtrace:
[INFO] [stdout]    0:     0x583bfa839481 - <<std[70759c8f55707aa4]::sys::backtrace::BacktraceLock>::print::DisplayBacktrace as core[df12db4294e9bfd3]::fmt::Display>::fmt
[INFO] [stdout]    1:     0x583bfa84df3a - core[df12db4294e9bfd3]::fmt::write
[INFO] [stdout]    2:     0x583bfa83d9cc - <alloc[2182bb758b4b3781]::vec::Vec<u8> as core[df12db4294e9bfd3]::io::write::Write>::write_fmt
[INFO] [stdout]    3:     0x583bfa815896 - std[70759c8f55707aa4]::panicking::default_hook::{closure#0}
[INFO] [stdout]    4:     0x583bfa831a69 - std[70759c8f55707aa4]::panicking::default_hook
[INFO] [stdout]    5:     0x583bfa7c4430 - test[9d35eded1c95d3be]::test_main_inner::<test[9d35eded1c95d3be]::test_main_static::{closure#0}>::{closure#0}
[INFO] [stdout]    6:     0x583bfa831c22 - std[70759c8f55707aa4]::panicking::panic_with_hook
[INFO] [stdout]    7:     0x583bfa815942 - std[70759c8f55707aa4]::panicking::panic_handler::{closure#0}
[INFO] [stdout]    8:     0x583bfa80e699 - std[70759c8f55707aa4]::sys::backtrace::__rust_end_short_backtrace::<std[70759c8f55707aa4]::panicking::panic_handler::{closure#0}, !>
[INFO] [stdout]    9:     0x583bfa81653d - __rustc[8fa7c3cbc660c2b3]::rust_begin_unwind
[INFO] [stdout]   10:     0x583bfa84e66c - core[df12db4294e9bfd3]::panicking::panic_fmt
[INFO] [stdout]   11:     0x583bfa84e583 - core[df12db4294e9bfd3]::panicking::assert_failed_inner
[INFO] [stdout]   12:     0x583bfa7aebd6 - core[df12db4294e9bfd3]::panicking::assert_failed::<ege[80b878bebaf0360e]::events::handler::EventHandler, ege[80b878bebaf0360e]::events::handler::EventHandler>
[INFO] [stdout]   13:     0x583bfa7b070f - <ege[80b878bebaf0360e]::tests::events::handlers::test_equal_handlers::{closure#0} as core[df12db4294e9bfd3]::ops::function::FnOnce<()>>::call_once
[INFO] [stdout]   14:     0x583bfa7b771b - test[9d35eded1c95d3be]::__rust_begin_short_backtrace::<core[df12db4294e9bfd3]::result::Result<(), alloc[2182bb758b4b3781]::string::String>, fn() -> core[df12db4294e9bfd3]::result::Result<(), alloc[2182bb758b4b3781]::string::String>>
[INFO] [stdout]   15:     0x583bfa7c4d85 - test[9d35eded1c95d3be]::run_test::{closure#0}
[INFO] [stdout]   16:     0x583bfa7be644 - std[70759c8f55707aa4]::sys::backtrace::__rust_begin_short_backtrace::<test[9d35eded1c95d3be]::run_test::{closure#1}, ()>
[INFO] [stdout]   17:     0x583bfa7c7ee2 - <std[70759c8f55707aa4]::thread::lifecycle::spawn_unchecked<test[9d35eded1c95d3be]::run_test::{closure#1}, ()>::{closure#1} as core[df12db4294e9bfd3]::ops::function::FnOnce<()>>::call_once::{shim:vtable#0}
[INFO] [stdout]   18:     0x583bfa838d59 - <std[70759c8f55707aa4]::sys::thread::unix::Thread>::new::thread_start
[INFO] [stdout]   19:     0x70d0027dcdfa - <unknown>
[INFO] [stdout]   20:     0x70d0028703d4 - clone
[INFO] [stdout]   21:                0x0 - <unknown>
[INFO] [stdout] 
[INFO] [stdout] ---- tests::events::condition::test_condition stdout ----
[INFO] [stdout] INFO src/app/mod.rs:146 Starting conditions...
[INFO] [stdout] INFO src/app/mod.rs:147 To disable logging use ``logging_disabled`` feature
[INFO] [stdout] INFO src/app/mod.rs:149 Sorting timed events...
[INFO] [stdout] INFO src/app/mod.rs:152 Running Setup events...
[INFO] [stdout] 
[INFO] [stdout] thread 'tests::events::condition::test_condition' (2091) panicked at /opt/rustwide/cargo-home/registry/src/index.crates.io-1949cf8c6b5b557f/device_query-4.0.1/src/device_state/linux/mod.rs:38:17:
[INFO] [stdout] Could not connect to a X display
[INFO] [stdout] stack backtrace:
[INFO] [stdout]    0:     0x583bfa839481 - <<std[70759c8f55707aa4]::sys::backtrace::BacktraceLock>::print::DisplayBacktrace as core[df12db4294e9bfd3]::fmt::Display>::fmt
[INFO] [stdout]    1:     0x583bfa84df3a - core[df12db4294e9bfd3]::fmt::write
[INFO] [stdout]    2:     0x583bfa83d9cc - <alloc[2182bb758b4b3781]::vec::Vec<u8> as core[df12db4294e9bfd3]::io::write::Write>::write_fmt
[INFO] [stdout]    3:     0x583bfa815896 - std[70759c8f55707aa4]::panicking::default_hook::{closure#0}
[INFO] [stdout]    4:     0x583bfa831a69 - std[70759c8f55707aa4]::panicking::default_hook
[INFO] [stdout]    5:     0x583bfa7c4430 - test[9d35eded1c95d3be]::test_main_inner::<test[9d35eded1c95d3be]::test_main_static::{closure#0}>::{closure#0}
[INFO] [stdout]    6:     0x583bfa831c22 - std[70759c8f55707aa4]::panicking::panic_with_hook
[INFO] [stdout]    7:     0x583bfa814efc - std[70759c8f55707aa4]::panicking::begin_panic::<&str>::{closure#0}
[INFO] [stdout]    8:     0x583bfa80e679 - std[70759c8f55707aa4]::sys::backtrace::__rust_end_short_backtrace::<std[70759c8f55707aa4]::panicking::begin_panic<&str>::{closure#0}, !>
[INFO] [stdout]    9:     0x583bfa80b50b - std[70759c8f55707aa4]::panicking::begin_panic::<&str>
[INFO] [stdout]   10:     0x583bfa7fbef3 - <device_query[4058cf03bb22c216]::device_state::linux::DeviceState>::new
[INFO] [stdout]   11:     0x583bfa7b5f3a - <ege[80b878bebaf0360e]::app::App>::start
[INFO] [stdout]   12:     0x583bfa7b1b12 - ege[80b878bebaf0360e]::tests::events::condition::test_condition
[INFO] [stdout]   13:     0x583bfa7b0719 - <ege[80b878bebaf0360e]::tests::events::condition::test_condition::{closure#0} as core[df12db4294e9bfd3]::ops::function::FnOnce<()>>::call_once
[INFO] [stdout]   14:     0x583bfa7b771b - test[9d35eded1c95d3be]::__rust_begin_short_backtrace::<core[df12db4294e9bfd3]::result::Result<(), alloc[2182bb758b4b3781]::string::String>, fn() -> core[df12db4294e9bfd3]::result::Result<(), alloc[2182bb758b4b3781]::string::String>>
[INFO] [stdout]   15:     0x583bfa7c4d85 - test[9d35eded1c95d3be]::run_test::{closure#0}
[INFO] [stdout]   16:     0x583bfa7be644 - std[70759c8f55707aa4]::sys::backtrace::__rust_begin_short_backtrace::<test[9d35eded1c95d3be]::run_test::{closure#1}, ()>
[INFO] [stdout]   17:     0x583bfa7c7ee2 - <std[70759c8f55707aa4]::thread::lifecycle::spawn_unchecked<test[9d35eded1c95d3be]::run_test::{closure#1}, ()>::{closure#1} as core[df12db4294e9bfd3]::ops::function::FnOnce<()>>::call_once::{shim:vtable#0}
[INFO] [stdout]   18:     0x583bfa838d59 - <std[70759c8f55707aa4]::sys::thread::unix::Thread>::new::thread_start
[INFO] [stdout]   19:     0x70d0027dcdfa - <unknown>
[INFO] [stdout]   20:     0x70d0028703d4 - clone
[INFO] [stdout]   21:                0x0 - <unknown>
[INFO] [stdout] 
[INFO] [stdout] ---- tests::events::timed::test_timed_events stdout ----
[INFO] [stdout] WARN src/util/logging.rs:38 Logger already setup
[INFO] [stdout] INFO src/app/mod.rs:146 Starting time...
[INFO] [stdout] INFO src/app/mod.rs:147 To disable logging use ``logging_disabled`` feature
[INFO] [stdout] INFO src/app/mod.rs:149 Sorting timed events...
[INFO] [stdout] INFO src/app/mod.rs:152 Running Setup events...
[INFO] [stdout] ERROR src/app/mod.rs:216 Failed to get device input events
[INFO] [stdout] 
[INFO] [stdout] thread 'tests::events::timed::test_timed_events' (2094) panicked at /opt/rustwide/cargo-home/registry/src/index.crates.io-1949cf8c6b5b557f/device_query-4.0.1/src/device_state/linux/mod.rs:38:17:
[INFO] [stdout] Could not connect to a X display
[INFO] [stdout] stack backtrace:
[INFO] [stdout]    0:     0x583bfa839481 - <<std[70759c8f55707aa4]::sys::backtrace::BacktraceLock>::print::DisplayBacktrace as core[df12db4294e9bfd3]::fmt::Display>::fmt
[INFO] [stdout]    1:     0x583bfa84df3a - core[df12db4294e9bfd3]::fmt::write
[INFO] [stdout]    2:     0x583bfa83d9cc - <alloc[2182bb758b4b3781]::vec::Vec<u8> as core[df12db4294e9bfd3]::io::write::Write>::write_fmt
[INFO] [stdout]    3:     0x583bfa815896 - std[70759c8f55707aa4]::panicking::default_hook::{closure#0}
[INFO] [stdout]    4:     0x583bfa831a69 - std[70759c8f55707aa4]::panicking::default_hook
[INFO] [stdout]    5:     0x583bfa7c4430 - test[9d35eded1c95d3be]::test_main_inner::<test[9d35eded1c95d3be]::test_main_static::{closure#0}>::{closure#0}
[INFO] [stdout]    6:     0x583bfa831c22 - std[70759c8f55707aa4]::panicking::panic_with_hook
[INFO] [stdout]    7:     0x583bfa814efc - std[70759c8f55707aa4]::panicking::begin_panic::<&str>::{closure#0}
[INFO] [stdout]    8:     0x583bfa80e679 - std[70759c8f55707aa4]::sys::backtrace::__rust_end_short_backtrace::<std[70759c8f55707aa4]::panicking::begin_panic<&str>::{closure#0}, !>
[INFO] [stdout]    9:     0x583bfa80b50b - std[70759c8f55707aa4]::panicking::begin_panic::<&str>
[INFO] [stdout]   10:     0x583bfa7fbef3 - <device_query[4058cf03bb22c216]::device_state::linux::DeviceState>::new
[INFO] [stdout]   11:     0x583bfa7b5f3a - <ege[80b878bebaf0360e]::app::App>::start
[INFO] [stdout]   12:     0x583bfa7b05ea - <ege[80b878bebaf0360e]::tests::events::timed::test_timed_events::{closure#0} as core[df12db4294e9bfd3]::ops::function::FnOnce<()>>::call_once
[INFO] [stdout]   13:     0x583bfa7b771b - test[9d35eded1c95d3be]::__rust_begin_short_backtrace::<core[df12db4294e9bfd3]::result::Result<(), alloc[2182bb758b4b3781]::string::String>, fn() -> core[df12db4294e9bfd3]::result::Result<(), alloc[2182bb758b4b3781]::string::String>>
[INFO] [stdout]   14:     0x583bfa7c4d85 - test[9d35eded1c95d3be]::run_test::{closure#0}
[INFO] [stdout]   15:     0x583bfa7be644 - std[70759c8f55707aa4]::sys::backtrace::__rust_begin_short_backtrace::<test[9d35eded1c95d3be]::run_test::{closure#1}, ()>
[INFO] [stdout]   16:     0x583bfa7c7ee2 - <std[70759c8f55707aa4]::thread::lifecycle::spawn_unchecked<test[9d35eded1c95d3be]::run_test::{closure#1}, ()>::{closure#1} as core[df12db4294e9bfd3]::ops::function::FnOnce<()>>::call_once::{shim:vtable#0}
[INFO] [stdout]   17:     0x583bfa838d59 - <std[70759c8f55707aa4]::sys::thread::unix::Thread>::new::thread_start
[INFO] [stdout]   18:     0x70d0027dcdfa - <unknown>
[INFO] [stdout]   19:     0x70d0028703d4 - clone
[INFO] [stdout]   20:                0x0 - <unknown>
[INFO] [stdout] 
[INFO] [stdout] 
[INFO] [stdout] failures:
[INFO] [stdout]     tests::events::condition::test_condition
[INFO] [stdout]     tests::events::handlers::test_equal_handlers
[INFO] [stdout]     tests::events::timed::test_timed_events
[INFO] [stdout] 
[INFO] [stdout] test result: FAILED. 3 passed; 3 failed; 0 ignored; 0 measured; 0 filtered out; finished in 0.00s
[INFO] [stdout] 
[INFO] [stderr] error: test failed, to rerun pass `--lib`
[INFO] running `Command { std: "docker" "inspect" "db53b0261cfa5c07f47182fd52ea3b51022b96a8fc473e062768a3ca68fd65f0", kill_on_drop: false }`
[INFO] running `Command { std: "docker" "rm" "-f" "db53b0261cfa5c07f47182fd52ea3b51022b96a8fc473e062768a3ca68fd65f0", kill_on_drop: false }`
[INFO] [stdout] db53b0261cfa5c07f47182fd52ea3b51022b96a8fc473e062768a3ca68fd65f0
